{"id":227,"date":"2021-01-02T18:04:29","date_gmt":"2021-01-02T15:04:29","guid":{"rendered":"https:\/\/www.myvize.com.tr\/ispanya\/?page_id=227"},"modified":"2022-04-12T15:19:52","modified_gmt":"2022-04-12T12:19:52","slug":"gaziantep","status":"publish","type":"page","link":"https:\/\/www.myvize.com.tr\/ispanya\/subelerimiz\/gaziantep\/","title":{"rendered":"\u0130spanya Vizesi , Gaziantep"},"content":{"rendered":"<h2><strong><span style=\"font-family: Roboto; font-size: 27px;\">\u0130spanya Vize Ba\u015fvuru Merkezi , Gaziantep<\/span><\/strong><\/h2>\n<p><span style=\"font-family: Roboto; font-size: 14px;\">\u0130spanya\u2019ya belirli bir sebepten dolay\u0131 seyahat edecek olan ki\u015filerin seyahatlerini ger\u00e7ekle\u015ftirebilmek i\u00e7in \u0130spanya vizesi almal\u0131d\u0131r. \u0130spanya vizesi alacak olan ve Gaziantep \u00e7evresinde ikamet eden ki\u015filer, \u0130spanya vizesini Gaziantep\u2019ten yapman\u0131n bilgisini almak istemektedir. Bu yaz\u0131da \u0130spanya vizesi i\u015flemleri Gaziantep hakk\u0131nda bilgi verilmi\u015ftir.<\/span><\/p>\n<p><span style=\"font-family: Roboto; font-size: 14px;\">\u0130spanya vizesini Gaziantep\u2019ten alacak olan ki\u015filer,<strong> \u0130spanya vizesi i\u015flemlerini<\/strong> \u0130spanya vize ba\u015fvuru merkezlerine ve \u0130spanya temsilciliklerine yapabilmektedir. \u0130spanya vizesi al\u00e7ak olan ki\u015filer Gaziantep ba\u015fvurular\u0131n\u0131 a\u015fa\u011f\u0131daki gibi yapabilmektedir.<\/span><\/p>\n<ul>\n<li><span style=\"font-family: Roboto; font-size: 14px;\">Ba\u015fvuru i\u00e7in \u00f6ncelikle <strong>\u0130spanya vize t\u00fcr\u00fc<\/strong> belirlenmelidir.<\/span><\/li>\n<li><span style=\"font-family: Roboto; font-size: 14px;\">\u0130spanya vize t\u00fcr\u00fcn\u00fc belirleyen ki\u015filer, \u0130spanya vizesi i\u015flemleri Gaziantep i\u00e7in randevu almal\u0131d\u0131r. Randevular vize ba\u015fvurusunun yap\u0131laca\u011f\u0131 yerden al\u0131nmal\u0131d\u0131r.<\/span><\/li>\n<li><span style=\"font-family: Roboto; font-size: 14px;\"><span style=\"color: #2acec2;\"><strong><a style=\"color: #2acec2;\" href=\"https:\/\/www.myvize.com.tr\/ispanya\/vize-islemleri\/\" target=\"_blank\" rel=\"noopener\">\u0130spanya vize i\u015flemleri<\/a><\/strong><\/span> Gaziantep randevusu tarihine kadar <strong>\u0130spanya vize<\/strong> t\u00fcr\u00fcn\u00fcze uygun olan vize evraklar\u0131n\u0131 haz\u0131rlaman\u0131z gerekmektedir.<\/span><\/li>\n<li><span style=\"font-family: Roboto; font-size: 14px;\">Haz\u0131rlanan evraklar randevu tarihinde yetkililere teslim edilmelidir.<\/span><\/li>\n<li><span style=\"font-family: Roboto; font-size: 14px;\"><strong>\u0130spanya vizesi i\u015flemleri<\/strong> Gaziantep ba\u015fvurular\u0131n\u0131 inceleme ve de\u011ferlendirme yetkisi \u0130spanya temsilciliklerine aittir. Ba\u015fvurular ortalama olarak 7 g\u00fcn i\u00e7erisinde sonu\u00e7lanmaktad\u0131r.<\/span><\/li>\n<\/ul>\n<h2><span style=\"font-size: 27px;\"><strong><span style=\"font-family: Roboto;\">\u0130spanya Gaziantep Vize Randevusu<\/span><\/strong><\/span><\/h2>\n<p><span style=\"font-family: Roboto; font-size: 14px;\"><strong>\u0130spanya\u2019ya seyahat edecek<\/strong> olan ki\u015filer ve Gaziantep \u00e7evresinde ikamet eden ki\u015filer, \u0130spanya seyahatleri i\u00e7in vize almal\u0131d\u0131r. \u0130spanya Gaziantep vize ba\u015fvurusu yapacak olan ki\u015filerin ba\u015fvuruda bulunabilmek i\u00e7in randevu almas\u0131 gerekmektedir. Bu yaz\u0131da \u0130spanya vize ba\u015fvurusu yapacak olan ki\u015filer i\u00e7in \u0130spanya Gaziantep vize randevusu hakk\u0131nda bilgi verilmi\u015ftir.<\/span><\/p>\n<p><span style=\"font-family: Roboto; font-size: 14px;\"><strong>\u0130spanya Gaziantep vizesi alacak<\/strong> olan ki\u015filerin ba\u015fvuru yapaca\u011f\u0131 vize uzun s\u00fcreli vize ise ba\u015fvurular, \u0130spanya temsilcili\u011fine yap\u0131lmal\u0131d\u0131r. Ba\u015fvuru i\u00e7in randevular \u0130spanya temsilcilikleri ile ileti\u015fime ge\u00e7erek al\u0131nabilmektedir.<\/span><\/p>\n<p><span style=\"font-family: Roboto; font-size: 14px;\">K\u0131sa s\u00fcreli \u0130spanya Gaziantep vize ba\u015fvurusu yapacak olan ki\u015filer, BLS \u0130nternational isimli \u015firkete ba\u015fvuruda bulunmal\u0131d\u0131r. Randevular a\u015fa\u011f\u0131daki gibi al\u0131nmal\u0131d\u0131r.<\/span><\/p>\n<ul>\n<li><span style=\"font-family: Roboto; font-size: 14px;\">BLS \u0130nternational vize ba\u015fvurusu i\u00e7in randevu almak isteyen ki\u015filer <strong>BLS \u0130nternational internet<\/strong> sitesine kay\u0131t olmal\u0131d\u0131r.<\/span><\/li>\n<li><span style=\"font-family: Roboto; font-size: 14px;\">Kay\u0131t olduktan sonra \u201crandevu al\u201d butonu t\u0131klanmal\u0131d\u0131r.<\/span><\/li>\n<li><span style=\"font-family: Roboto; font-size: 14px;\">Bu a\u015famadan sonra \u00e7\u0131kacak olan bilgiler doldurulmal\u0131 ve devam et denmelidir.<\/span><\/li>\n<li><span style=\"font-family: Roboto; font-size: 14px;\">Ard\u0131ndan ise vize ba\u015fvurusu yap\u0131lacak randevu tarihi se\u00e7ilmelidir.<\/span><\/li>\n<\/ul>\n<h2><span style=\"font-size: 27px;\"><strong><span style=\"font-family: Roboto;\">\u0130spanya Gaziantep Vize Ba\u015fvurusu<\/span><\/strong><\/span><\/h2>\n<p><span style=\"font-family: Roboto; font-size: 14px;\">\u0130spanya\u2019ya seyahat edecek olan ki\u015filer ve Gaziantep \u00e7evresinde ikamet eden ki\u015filer, \u0130spanya vizesi almal\u0131d\u0131r. \u0130spanya vizesi alacak olan ki\u015filer, \u0130spanya Gaziantep vize ba\u015fvurusu hakk\u0131nda ara\u015ft\u0131rma yapmaktad\u0131r. Bu yaz\u0131da \u0130spanya vizesini Gaziantep\u2019ten alacak olan ki\u015filer i\u00e7in \u0130spanya Gaziantep vize ba\u015fvurusu hakk\u0131nda bilgi verilmi\u015ftir.<\/span><\/p>\n<ul>\n<li><span style=\"font-family: Roboto; font-size: 14px;\">\u0130spanya Gaziantep vize ba\u015fvurusu i\u00e7in \u00f6ncelikle \u0130spanya seyahat amac\u0131na uygun olan \u0130spanya vize t\u00fcr\u00fc belirlenmelidir.<\/span><\/li>\n<li><span style=\"font-family: Roboto; font-size: 14px;\">\u0130spanya Gaziantep vize ba\u015fvurusu i\u00e7in<strong> \u0130spanya vize t\u00fcr\u00fcn\u00fc<\/strong> belirleyen ki\u015filer vize ba\u015fvurusu i\u00e7in randevu almal\u0131d\u0131r. K\u0131sa s\u00fcreli 90 g\u00fcnden az olan vize ba\u015fvurular\u0131 \u0130spanya vize ba\u015fvuru merkezine ve \u0130spanya temsilciliklerine yap\u0131lmal\u0131d\u0131r.<\/span><\/li>\n<li><span style=\"font-family: Roboto; font-size: 14px;\">Randevu al\u0131nd\u0131ktan sonra \u0130spanya vize randevu tarihine kadar gerekli olan \u0130spanya vize evraklar\u0131 haz\u0131rlanmal\u0131d\u0131r.<\/span><\/li>\n<li><span style=\"font-family: Roboto; font-size: 14px;\">\u0130spanya Gaziantep vize ba\u015fvurusu yapacak olan ki\u015filer, randevu tarihinde gerekli olan evraklar\u0131 yetkililere teslim ederek ba\u015fvuru i\u015flemlerini ba\u015flatmal\u0131d\u0131r.<\/span><\/li>\n<li><span style=\"font-family: Roboto; font-size: 14px;\">\u0130spanya Gaziantep vize ba\u015fvurular\u0131n\u0131 inceleme yetkisi T\u00fcrkiye\u2019deki \u0130spanya temsilciliklerine aittir.<\/span><\/li>\n<\/ul>\n<h3><span style=\"font-size: 24px;\"><strong><span style=\"font-family: Roboto;\">\u0130spanya Vizenizi Gaziantep\u2019ten Alman\u0131z\u0131n Kolay Yolu<\/span><\/strong><\/span><\/h3>\n<p><span style=\"font-family: Roboto; font-size: 14px;\">E\u011fitim, turistik, k\u00fclt\u00fcrel, ticari, ziyaret, \u00e7al\u0131\u015fma, aile birle\u015fimi gibi ama\u00e7lardan dolay\u0131 gidecek olan ki\u015filerin \u0130spanya seyahat amac\u0131na uygun vize almas\u0131 gerekmektedir. \u0130spanya vizesini Gaziantep\u2019ten alacak olan ki\u015filer, \u0130spanya vizesini alman\u0131n kolay yolunu ara\u015ft\u0131rmaktad\u0131r. Bu yaz\u0131da <strong>\u0130spanya vizesi alacak<\/strong> olan ki\u015filer i\u00e7in \u0130spanya vizenizi Gaziantep\u2019ten alman\u0131z\u0131n kolay yolu hakk\u0131nda bilgi verilmi\u015ftir.<\/span><\/p>\n<p><span style=\"font-family: Roboto; font-size: 14px;\">\u0130spanya vizesini Gaziantep\u2019ten alacak olan ki\u015filer, <strong>\u0130spanya vize ba\u015fvurusu<\/strong> a\u015famalar\u0131n\u0131 eksiksiz olarak ve s\u0131ras\u0131 ile yerine getirmelidir. \u0130spanya vize ba\u015fvurusu yapacak olan ki\u015filer, \u0130spanya vize ba\u015fvurusu i\u00e7in profesyonel destek alabilir.<\/span><\/p>\n<p><span style=\"font-family: Roboto; font-size: 14px;\">My Vize olarak \u0130spanya vizesi alacak olan ki\u015filere destek sa\u011flanmaktad\u0131r. My Vize olarak<strong> \u0130spanya vizesi alacak<\/strong> olan ki\u015filere a\u015fa\u011f\u0131daki destekler verilmektedir.<\/span><\/p>\n<ul>\n<li><span style=\"font-family: Roboto; font-size: 14px;\">\u0130spanya vizesi evraklar\u0131n\u0131n haz\u0131rlanmas\u0131<\/span><\/li>\n<li><span style=\"font-family: Roboto; font-size: 14px;\"><span style=\"color: #2acec2;\"><strong><a style=\"color: #2acec2;\" href=\"https:\/\/www.myvize.com.tr\/ispanya\/vize-islemleri\/ispanya-vize-basvurusu\/\" target=\"_blank\" rel=\"noopener\">\u0130spanya vize ba\u015fvurusu<\/a> <\/strong><\/span>i\u00e7in randevu al\u0131nmas\u0131<\/span><\/li>\n<li><span style=\"font-family: Roboto; font-size: 14px;\">\u0130spanya Gaziantep vize ba\u015fvurusu i\u00e7in rezervasyonlar\u0131n yap\u0131lmas\u0131<\/span><\/li>\n<li><span style=\"font-family: Roboto; font-size: 14px;\">\u0130spanya Gaziantep vize ba\u015fvurusu i\u00e7in belge temini<\/span><\/li>\n<li><span style=\"font-family: Roboto; font-size: 14px;\">\u0130spanya\u2019da ge\u00e7erli seyahat sa\u011fl\u0131k sigortas\u0131n\u0131n yap\u0131lmas\u0131<\/span><\/li>\n<li><span style=\"font-family: Roboto; font-size: 14px;\">Ba\u015fvuru s\u00fcreci takibi<\/span><\/li>\n<li><span style=\"font-family: Roboto; font-size: 14px;\">K\u0131sacas\u0131 <strong>\u0130spanya vizesi alacak olan ki\u015filere<\/strong> evraklar\u0131n haz\u0131rlanmas\u0131ndan ba\u015fvuru sonu\u00e7lanana kadar her a\u015famada desek sa\u011flanmaktad\u0131r.<\/span><\/li>\n<\/ul>\n","protected":false},"excerpt":{"rendered":"<p>\u0130spanya Vize Ba\u015fvuru Merkezi , Gaziantep \u0130spanya\u2019ya belirli bir sebepten dolay\u0131 seyahat edecek olan ki\u015filerin seyahatlerini ger\u00e7ekle\u015ftirebilmek i\u00e7in \u0130spanya vizesi almal\u0131d\u0131r. \u0130spanya vizesi alacak olan ve Gaziantep \u00e7evresinde ikamet eden ki\u015filer, \u0130spanya vizesini Gaziantep\u2019ten yapman\u0131n bilgisini almak istemektedir. Bu yaz\u0131da \u0130spanya vizesi i\u015flemleri Gaziantep hakk\u0131nda bilgi verilmi\u015ftir. \u0130spanya vizesini Gaziantep\u2019ten alacak olan ki\u015filer, \u0130spanya vizesi<\/p>\n","protected":false},"author":1,"featured_media":0,"parent":222,"menu_order":0,"comment_status":"open","ping_status":"closed","template":"","meta":{"footnotes":""},"class_list":["post-227","page","type-page","status-publish","hentry"],"yoast_head":"<!-- This site is optimized with the Yoast SEO plugin v24.0 - https:\/\/yoast.com\/wordpress\/plugins\/seo\/ -->\n<title>\u0130spanya Vize Ba\u015fvuru Merkezimiz Gaziantep - MyVize<\/title>\n<meta name=\"description\" content=\"\u0130spanya vizesi Gaziantep ofisimiz, hangi \u00fclkeye seyahat etmek isterseniz gerekli b\u00fct\u00fcn bilgilere ula\u015fabilirsiniz: 0850 346 84 93\" \/>\n<meta name=\"robots\" content=\"index, follow, max-snippet:-1, max-image-preview:large, max-video-preview:-1\" \/>\n<link rel=\"canonical\" href=\"https:\/\/www.myvize.com.tr\/ispanya\/subelerimiz\/gaziantep\/\" \/>\n<meta property=\"og:locale\" content=\"tr_TR\" \/>\n<meta property=\"og:type\" content=\"article\" \/>\n<meta property=\"og:title\" content=\"\u0130spanya Vize Ba\u015fvuru Merkezimiz Gaziantep - MyVize\" \/>\n<meta property=\"og:description\" content=\"\u0130spanya vizesi Gaziantep ofisimiz, hangi \u00fclkeye seyahat etmek isterseniz gerekli b\u00fct\u00fcn bilgilere ula\u015fabilirsiniz: 0850 346 84 93\" \/>\n<meta property=\"og:url\" content=\"https:\/\/www.myvize.com.tr\/ispanya\/subelerimiz\/gaziantep\/\" \/>\n<meta property=\"og:site_name\" content=\"\u0130spanya Vizesi\" \/>\n<meta property=\"article:modified_time\" content=\"2022-04-12T12:19:52+00:00\" \/>\n<meta name=\"twitter:card\" content=\"summary_large_image\" \/>\n<meta name=\"twitter:label1\" content=\"Tahmini okuma s\u00fcresi\" \/>\n\t<meta name=\"twitter:data1\" content=\"3 dakika\" \/>\n<script type=\"application\/ld+json\" class=\"yoast-schema-graph\">{\"@context\":\"https:\/\/schema.org\",\"@graph\":[{\"@type\":\"WebPage\",\"@id\":\"https:\/\/www.myvize.com.tr\/ispanya\/subelerimiz\/gaziantep\/\",\"url\":\"https:\/\/www.myvize.com.tr\/ispanya\/subelerimiz\/gaziantep\/\",\"name\":\"\u0130spanya Vize Ba\u015fvuru Merkezimiz Gaziantep - MyVize\",\"isPartOf\":{\"@id\":\"https:\/\/www.myvize.com.tr\/ispanya\/#website\"},\"datePublished\":\"2021-01-02T15:04:29+00:00\",\"dateModified\":\"2022-04-12T12:19:52+00:00\",\"description\":\"\u0130spanya vizesi Gaziantep ofisimiz, hangi \u00fclkeye seyahat etmek isterseniz gerekli b\u00fct\u00fcn bilgilere ula\u015fabilirsiniz: 0850 346 84 93\",\"breadcrumb\":{\"@id\":\"https:\/\/www.myvize.com.tr\/ispanya\/subelerimiz\/gaziantep\/#breadcrumb\"},\"inLanguage\":\"tr\",\"potentialAction\":[{\"@type\":\"ReadAction\",\"target\":[\"https:\/\/www.myvize.com.tr\/ispanya\/subelerimiz\/gaziantep\/\"]}]},{\"@type\":\"BreadcrumbList\",\"@id\":\"https:\/\/www.myvize.com.tr\/ispanya\/subelerimiz\/gaziantep\/#breadcrumb\",\"itemListElement\":[{\"@type\":\"ListItem\",\"position\":1,\"name\":\"Anasayfa\",\"item\":\"https:\/\/www.myvize.com.tr\/ispanya\/\"},{\"@type\":\"ListItem\",\"position\":2,\"name\":\"\u015eUBELER\u0130M\u0130Z\",\"item\":\"https:\/\/www.myvize.com.tr\/ispanya\/subelerimiz\/\"},{\"@type\":\"ListItem\",\"position\":3,\"name\":\"\u0130spanya Vizesi , Gaziantep\"}]},{\"@type\":\"WebSite\",\"@id\":\"https:\/\/www.myvize.com.tr\/ispanya\/#website\",\"url\":\"https:\/\/www.myvize.com.tr\/ispanya\/\",\"name\":\"\u0130spanya Vizesi\",\"description\":\"\",\"potentialAction\":[{\"@type\":\"SearchAction\",\"target\":{\"@type\":\"EntryPoint\",\"urlTemplate\":\"https:\/\/www.myvize.com.tr\/ispanya\/?s={search_term_string}\"},\"query-input\":{\"@type\":\"PropertyValueSpecification\",\"valueRequired\":true,\"valueName\":\"search_term_string\"}}],\"inLanguage\":\"tr\"}]}<\/script>\n<!-- \/ Yoast SEO plugin. -->","yoast_head_json":{"title":"\u0130spanya Vize Ba\u015fvuru Merkezimiz Gaziantep - MyVize","description":"\u0130spanya vizesi Gaziantep ofisimiz, hangi \u00fclkeye seyahat etmek isterseniz gerekli b\u00fct\u00fcn bilgilere ula\u015fabilirsiniz: 0850 346 84 93","robots":{"index":"index","follow":"follow","max-snippet":"max-snippet:-1","max-image-preview":"max-image-preview:large","max-video-preview":"max-video-preview:-1"},"canonical":"https:\/\/www.myvize.com.tr\/ispanya\/subelerimiz\/gaziantep\/","og_locale":"tr_TR","og_type":"article","og_title":"\u0130spanya Vize Ba\u015fvuru Merkezimiz Gaziantep - MyVize","og_description":"\u0130spanya vizesi Gaziantep ofisimiz, hangi \u00fclkeye seyahat etmek isterseniz gerekli b\u00fct\u00fcn bilgilere ula\u015fabilirsiniz: 0850 346 84 93","og_url":"https:\/\/www.myvize.com.tr\/ispanya\/subelerimiz\/gaziantep\/","og_site_name":"\u0130spanya Vizesi","article_modified_time":"2022-04-12T12:19:52+00:00","twitter_card":"summary_large_image","twitter_misc":{"Tahmini okuma s\u00fcresi":"3 dakika"},"schema":{"@context":"https:\/\/schema.org","@graph":[{"@type":"WebPage","@id":"https:\/\/www.myvize.com.tr\/ispanya\/subelerimiz\/gaziantep\/","url":"https:\/\/www.myvize.com.tr\/ispanya\/subelerimiz\/gaziantep\/","name":"\u0130spanya Vize Ba\u015fvuru Merkezimiz Gaziantep - MyVize","isPartOf":{"@id":"https:\/\/www.myvize.com.tr\/ispanya\/#website"},"datePublished":"2021-01-02T15:04:29+00:00","dateModified":"2022-04-12T12:19:52+00:00","description":"\u0130spanya vizesi Gaziantep ofisimiz, hangi \u00fclkeye seyahat etmek isterseniz gerekli b\u00fct\u00fcn bilgilere ula\u015fabilirsiniz: 0850 346 84 93","breadcrumb":{"@id":"https:\/\/www.myvize.com.tr\/ispanya\/subelerimiz\/gaziantep\/#breadcrumb"},"inLanguage":"tr","potentialAction":[{"@type":"ReadAction","target":["https:\/\/www.myvize.com.tr\/ispanya\/subelerimiz\/gaziantep\/"]}]},{"@type":"BreadcrumbList","@id":"https:\/\/www.myvize.com.tr\/ispanya\/subelerimiz\/gaziantep\/#breadcrumb","itemListElement":[{"@type":"ListItem","position":1,"name":"Anasayfa","item":"https:\/\/www.myvize.com.tr\/ispanya\/"},{"@type":"ListItem","position":2,"name":"\u015eUBELER\u0130M\u0130Z","item":"https:\/\/www.myvize.com.tr\/ispanya\/subelerimiz\/"},{"@type":"ListItem","position":3,"name":"\u0130spanya Vizesi , Gaziantep"}]},{"@type":"WebSite","@id":"https:\/\/www.myvize.com.tr\/ispanya\/#website","url":"https:\/\/www.myvize.com.tr\/ispanya\/","name":"\u0130spanya Vizesi","description":"","potentialAction":[{"@type":"SearchAction","target":{"@type":"EntryPoint","urlTemplate":"https:\/\/www.myvize.com.tr\/ispanya\/?s={search_term_string}"},"query-input":{"@type":"PropertyValueSpecification","valueRequired":true,"valueName":"search_term_string"}}],"inLanguage":"tr"}]}},"_links":{"self":[{"href":"https:\/\/www.myvize.com.tr\/ispanya\/wp-json\/wp\/v2\/pages\/227","targetHints":{"allow":["GET"]}}],"collection":[{"href":"https:\/\/www.myvize.com.tr\/ispanya\/wp-json\/wp\/v2\/pages"}],"about":[{"href":"https:\/\/www.myvize.com.tr\/ispanya\/wp-json\/wp\/v2\/types\/page"}],"author":[{"embeddable":true,"href":"https:\/\/www.myvize.com.tr\/ispanya\/wp-json\/wp\/v2\/users\/1"}],"replies":[{"embeddable":true,"href":"https:\/\/www.myvize.com.tr\/ispanya\/wp-json\/wp\/v2\/comments?post=227"}],"version-history":[{"count":8,"href":"https:\/\/www.myvize.com.tr\/ispanya\/wp-json\/wp\/v2\/pages\/227\/revisions"}],"predecessor-version":[{"id":998,"href":"https:\/\/www.myvize.com.tr\/ispanya\/wp-json\/wp\/v2\/pages\/227\/revisions\/998"}],"up":[{"embeddable":true,"href":"https:\/\/www.myvize.com.tr\/ispanya\/wp-json\/wp\/v2\/pages\/222"}],"wp:attachment":[{"href":"https:\/\/www.myvize.com.tr\/ispanya\/wp-json\/wp\/v2\/media?parent=227"}],"curies":[{"name":"wp","href":"https:\/\/api.w.org\/{rel}","templated":true}]}}