{"id":323,"date":"2021-07-01T12:00:00","date_gmt":"2021-07-01T09:00:00","guid":{"rendered":"https:\/\/www.myvize.com.tr\/ispanya\/?page_id=323"},"modified":"2022-08-20T13:32:18","modified_gmt":"2022-08-20T10:32:18","slug":"ispanya-transit-vize","status":"publish","type":"page","link":"https:\/\/www.myvize.com.tr\/ispanya\/ispanya-transit-vize\/","title":{"rendered":"\u0130spanya Transit Vize"},"content":{"rendered":"<p><span style=\"font-family: Roboto;\"><\/span><\/p>\r\n<p><span style=\"font-family: Roboto; font-size: 14px;\"><strong>\u0130spanya transit vize<\/strong>\u00a0evraklar\u0131 da di\u011fer \u00fclkelere g\u00f6re farkl\u0131l\u0131k g\u00f6stermektedir. Fakat transit vize almak i\u00e7in gerekli evraklar temelde ayn\u0131d\u0131r. Bu belgeler, transit vize ba\u015fvuru formu, Konsoloslu\u011fa yaz\u0131lm\u0131\u015f transit vize dilek\u00e7esi, Varsa davetiye, Otel rezervasyonu belgesi, Seyahat sa\u011fl\u0131k sigortas\u0131, 2 adet renkli ve son 3 ayda \u00e7ekilmi\u015f biyometrik foto\u011fraf, gidi\u015f ve d\u00f6n\u00fc\u015f u\u00e7ak bileti olarak s\u0131ralanabilir.\u00a0<strong>\u0130spanya transit vize<\/strong> ba\u015fvurusu yapabilmek i\u00e7in ki\u015finin gidece\u011fi \u00fclkenin ge\u00e7erli vizesine belgeleri aras\u0131nda yer vermesi gerekmektedir. \u00a0Ki\u015fi gidece\u011fi \u00fclkeye vizesiz giri\u015f yap\u0131yor olabilir. Bu durumda var\u0131\u015f \u00fclkesine gidi\u015f amac\u0131n\u0131 a\u00e7\u0131klayan kan\u0131tlar nitelikte belgeleri toplamal\u0131 ve bunlar\u0131 evraklar\u0131n aras\u0131nda bulundurmal\u0131d\u0131r. \u00a0Pasaport,<span style=\"color: #2acec2;\"><strong><a style=\"color: #2acec2;\" href=\"https:\/\/www.myvize.com.tr\/ispanya\/form-ve-dilekce\/ispanya-vize-basvuru-formu\/\" target=\"_blank\" rel=\"noopener\"> \u0130spanya vize ba\u015fvuru formu<\/a><\/strong><\/span>, vize talep dilek\u00e7esi ve gidilecek \u00fclkenin vizesi, <strong>\u0130spanya transit vize<\/strong>\u00a0i\u015flemlerine ihtiya\u00e7 duyan ki\u015filer taraf\u0131ndan edinilmelidir. Pasaport ve kimli\u011fin esas\u0131 de\u011fil fotokopisi ve ayr\u0131ca muvaffaka name belgesi de eklenmesi gereken belgeler aras\u0131nda yer almaktad\u0131r. Di\u011fer \u00fclkelerden farkl\u0131 olarak TIR \u015fof\u00f6rlerinin de\u00a0<strong>\u0130spanya transit vize<\/strong>\u00a0sahibi olmalar\u0131 gerekmektedir. Bu ki\u015filer i\u00e7in gerekli evraklar teminat yaz\u0131s\u0131, SGK i\u015fe giri\u015f belgesi, C2 belgesi, \u015eirketin ticaret odas\u0131 kayd\u0131, Davet mektubu ve seyahat sa\u011fl\u0131k sigortas\u0131 gibi ekstra belgelerdir. Toplanan t\u00fcm belgelerin g\u00fcncel olmas\u0131 \u015fartt\u0131r. Vize yetkilileri gerek g\u00f6rd\u00fckleri taktirde ek belge isteyebilirler. Arac\u0131n\u0131z ile seyahat edecekseniz\u00a0<strong>\u0130spanya transit vize<\/strong>\u00a0imkan\u0131ndan ancak arac\u0131n\u0131z i\u00e7in ye\u015fil sigorta yapt\u0131rman\u0131z durumunda yararlanman\u0131z m\u00fcmk\u00fcnd\u00fcr.<\/span><\/p>\r\n<p><img decoding=\"async\" src=\"https:\/\/www.myvize.com.tr\/ispanya\/wp-content\/uploads\/2021\/10\/9.jpg\" \/><\/p>\r\n<h2><span style=\"font-family: Roboto; font-size: 27px;\"><strong>\u0130spanya Transit Vize Nedir?<\/strong><\/span><\/h2>\r\n<p><span style=\"font-family: Roboto; font-size: 14px;\"><strong>\u0130spanya transit vize,<\/strong> T\u00fcrkiye\u2019 den yola \u00e7\u0131karak \u0130spanya aktarmal\u0131 olacak \u015fekilde farkl\u0131 bir \u00fclkeye ge\u00e7ilmesini gerektiren durumlarda al\u0131nmas\u0131 gereken k\u0131sa s\u00fcreli bir vize t\u00fcr\u00fcd\u00fcr. \u0130svi\u00e7re transit vizesi 24 saatlik bir vize olup 24 saatin sonunda bir ge\u00e7erlili\u011fi kalmamaktad\u0131r. Barselona\u2019 da bulunan hava alan\u0131ndan bir aktarma yap\u0131lacaksa 12 saatlik bekleme s\u00fcreleri i\u00e7in transit vize al\u0131nmas\u0131na gerek yoktur ancak 12 saatten 24 saate kadar olan beklemelerde transit vize al\u0131nmas\u0131 zorunlu k\u0131l\u0131nm\u0131\u015ft\u0131r.<\/span><\/p>\r\n<p><span style=\"font-family: Roboto; font-size: 14px;\">\u0130spanya transit vizeye ihtiya\u00e7 duyan bir T\u00fcrkiye Cumhuriyeti vatanda\u015f\u0131 e\u011fer Avrupa Birli\u011fi \u00fclkelerinden birinden ya da Avrupa Ekonomi \u00fclkelerinden birinden ge\u00e7erli bir oturum iznine sahipse veya bu \u00fclkelerin vatanda\u015f\u0131 olan bir yak\u0131nlar\u0131 var ise transit vize ba\u015fvurusunda bulunmalar\u0131n gerek yoktur. Ayr\u0131ca ABD, Kanada ve Japonya \u00fclkelerine ait ge\u00e7erli vizeleri olan T\u00fcrk vatanda\u015flar\u0131 da \u0130spanya transit vizesi almadan \u0130spanya \u00fczerinden aktarma yapabilirler.<\/span><\/p>\r\n<h2><span style=\"font-family: Roboto; font-size: 27px;\"><strong>\u0130spanya Transit Vize \u0130stiyor Mu?<\/strong><\/span><\/h2>\r\n<p><span style=\"font-family: Roboto; font-size: 14px;\">\u0130spanya transit vizesi, \u0130spanya \u00fczerinden Shengen \u00fclkelerinden biri olmayan farkl\u0131 bir \u00fclkeye aktarma yap\u0131lmas\u0131 gereken durumlar\u0131nda istenilen k\u0131sa s\u00fcreli bir vize t\u00fcr\u00fcd\u00fcr. \u0130spanya transit vizesi 24 saat \u0130spanya havaalan\u0131nda beklemeye olanak sa\u011flayan 24 saatin sonunda ge\u00e7erlili\u011fini yitiren bir vizedir. Vizeye ba\u015fvuru yap\u0131l\u0131rken aktarma yap\u0131lacak bilgileri verildi\u011finde u\u00e7a\u011f\u0131n kalma zaman\u0131n\u0131n 24 saati ge\u00e7memesi gerekmektedir. Transit vize al\u0131nd\u0131\u011f\u0131nda bu vize s\u00fcresince havaalan\u0131ndan \u00e7\u0131k\u0131lmas\u0131 yasaklanm\u0131\u015ft\u0131r ve aktarma yap\u0131lacak u\u00e7ak kalkana kadar havaalan\u0131nda beklenilmelidir. \u0130spanya transit vizesi sadece hava yolu ile yap\u0131lan transit ge\u00e7i\u015flerde de\u011fil di\u011fer yolculuk t\u00fcrlerinde de ba\u015fvuru yap\u0131lmas\u0131 gereken bir vize t\u00fcr\u00fcd\u00fcr<\/span><\/p>\r\n<p><span style=\"font-family: Roboto; font-size: 14px;\"><strong>\u0130spanya transit vize ba\u015fvurular\u0131<\/strong> i\u00e7in \u0130spanya Konsolosluklar\u0131ndan i\u015flem yap\u0131lamamaktad\u0131r. <strong>\u0130spanya Konsoloslu\u011fu<\/strong> taraf\u0131ndan g\u00f6revlendirilmi\u015f olan vize dan\u0131\u015fman\u0131 firmalardan yap\u0131labilir. Transit vize ba\u015fvurusunu yapmadan \u00f6nce bu vize i\u00e7in istenilen evraklar\u0131n tamamlanm\u0131\u015f olmas\u0131, yolculuk ile ilgili bilgileri eksiksiz olarak i\u00e7ermesi ve as\u0131l gidilmesi istenen \u00fclke i\u00e7in gerekli olan vize evraklar\u0131n\u0131n tam olmas\u0131yla vize ba\u015fvurusu yap\u0131labilir.<\/span><\/p>\r\n<h2><span style=\"font-family: Roboto; font-size: 27px;\"><strong>\u0130spanya Transit Vize Veriyor Mu?<\/strong><\/span><\/h2>\r\n<p><span style=\"font-family: Roboto; font-size: 14px;\">\u0130spanya transit vizesi \u0130spanya \u00fczerinden di\u011fer bir \u00fclkeye ge\u00e7i\u015f yap\u0131lmas\u0131 gereken durumlarda konsolosluklar taraf\u0131ndan verilen k\u0131sa s\u00fcreli bir vizedir. Transit vizenin s\u00fcresi 24 saat olup 24 saatin sonras\u0131nda ge\u00e7erlili\u011fini yitirmektedir. \u0130svi\u00e7re transit vizesi Shengen b\u00f6lgesinde yer alan \u00fclkelere ge\u00e7i\u015flerde, ABD, Kanada ve Japonya ve \u00fclkelerinden birinden ge\u00e7erli bir vizeye sahip olundu\u011funda ya da Avrupa Birli\u011fi \u00fclkelerinden birinden ya da Avrupa Ekonomi \u00fclkelerinden birinden ge\u00e7erli bir oturum izni varsa veya bu \u00fclkelerin vatanda\u015f\u0131 olan bir yak\u0131nlar\u0131 var ise bir oturum izni var ise ba\u015fvuru yap\u0131lmas\u0131na gerek duyulmamaktad\u0131r. Di\u011fer t\u00fcm seyahatlerde \u0130spanya \u00fczerinden bir aktarma yap\u0131lacaksa transit vize al\u0131nmas\u0131 zorunlu tutulmu\u015ftur. \u00a0\u0130spanya transit vizesi ba\u015fvurusunda bulunurken a\u015fa\u011f\u0131da belirtilen evraklar\u0131n da haz\u0131rlanmas\u0131 gerekir;<\/span><\/p>\r\n<ul>\r\n<li><span style=\"font-family: Roboto; font-size: 14px;\">\u0130spanya transit vize ba\u015fvuru formu,<\/span><\/li>\r\n<li><span style=\"font-family: Roboto; font-size: 14px;\">Pasaport; seyahatin bitiminden sonra 6 ay daha ge\u00e7erlili\u011fi olmal\u0131<\/span><\/li>\r\n<li><span style=\"font-family: Roboto; font-size: 14px;\">Biyometrik olarak \u00e7ekilmi\u015f 2 adet foto\u011fraf.<\/span><\/li>\r\n<li><span style=\"font-family: Roboto; font-size: 14px;\">Sa\u011fl\u0131k sigortas\u0131<\/span><\/li>\r\n<li><span style=\"font-family: Roboto; font-size: 14px;\">Ula\u015f\u0131m\u0131n nas\u0131l yap\u0131laca\u011f\u0131na ve as\u0131l gidilmesi hedeflenen \u00fclke i\u00e7in al\u0131nm\u0131\u015f olan vize ve u\u00e7ak biletleri<\/span><\/li>\r\n<\/ul>\r\n<h3><span style=\"font-family: Roboto; font-size: 24px;\"><strong>\u0130spanya Transit Vize Nas\u0131l Al\u0131n\u0131r?<\/strong><\/span><\/h3>\r\n<p><span style=\"font-family: Roboto; font-size: 14px;\">\u0130spanya transit vizesine ba\u015fvuruda bulunmak i\u00e7in <strong>\u0130spanya Konsoloslu\u011fu<\/strong> taraf\u0131ndan g\u00f6revlendirilen vize dan\u0131\u015fman\u0131 firmalar\u0131n arac\u0131l\u0131\u011f\u0131 ile i\u015flem yap\u0131lmas\u0131 gerekmektedir. \u0130spanya transit vizesini alabilmek i\u00e7in istenilen ba\u015fvuru evraklar\u0131 ba\u015fvuru merkezlerinde doldurulup biyometri i\u015flemleri de buralarda yap\u0131labilmektedir. \u0130spanya transit vize ba\u015fvurular\u0131nda ba\u015fvuru sahibi vize evraklar\u0131 ile birlikte vize dan\u0131\u015fman\u0131 firmalar\u0131n ofislerinde ba\u015fvuru i\u015flemlerini ba\u015flatabilirler. Transit vize ba\u015fvurular\u0131 i\u00e7in teslim edilmesi gereken evraklar \u015funlard\u0131r;<\/span><\/p>\r\n<ul>\r\n<li><span style=\"font-family: Roboto; font-size: 14px;\"><strong>Transit vize ba\u015fvuru formu<\/strong>, formun eksiksiz ve hatas\u0131z olarak doldurulup di\u011fer evraklar ile birebir \u00f6rt\u00fc\u015fmesi gerekir.<\/span><\/li>\r\n<li><span style=\"font-family: Roboto; font-size: 14px;\">Pasaport; ba\u015fvuruda kullan\u0131lan pasaportun 10 y\u0131ldan eski olmamas\u0131 ve seyahatin bitiminden sonra 6 ay daha ge\u00e7erlili\u011fi olmal\u0131<\/span><\/li>\r\n<li><span style=\"font-family: Roboto; font-size: 14px;\">Biyometrik olarak \u00e7ekilmi\u015f 2 adet foto\u011fraf.<\/span><\/li>\r\n<li><span style=\"font-family: Roboto; font-size: 14px;\">Sa\u011fl\u0131k sigortas\u0131<\/span><\/li>\r\n<li><span style=\"font-family: Roboto; font-size: 14px;\">Ula\u015f\u0131m\u0131n nas\u0131l sa\u011fland\u0131\u011f\u0131n\u0131 belirten evraklar, ara\u00e7 bilgisi veya as\u0131l gidilmesi planlanan \u00fclke i\u00e7in al\u0131nan u\u00e7ak bileti bilgileri.<\/span><\/li>\r\n<li><span style=\"font-family: Roboto; font-size: 14px;\">Seyahat plan\u0131n\u0131n i\u00e7eri\u011fini belirten dok\u00fcmanlar; seyahatin tamam\u0131 i\u00e7in al\u0131nana biletler ve as\u0131l gidilecek \u00fclkeye ait konaklama bilgileri.<\/span><\/li>\r\n<\/ul>\r\n<p><span style=\"font-family: Roboto; font-size: 14px;\">Transit vize ba\u015fvurusunda gerekli evraklar\u0131n vize dan\u0131\u015fman\u0131 firmalara tesliminden itibaren 145 g\u00fcn sonras\u0131nda ba\u015fvurunun sonucu belli olmaktad\u0131r.<\/span><\/p>\r\n<h3><span style=\"font-family: Roboto; font-size: 24px;\"><b>\u0130spanya Transit Vize Ba\u015fvurusu<\/b><\/span><\/h3>\r\n<p><span style=\"font-family: Roboto; font-size: 14px;\">Seyahatinizi \u0130spanya \u00fczerinden \u00fc\u00e7\u00fcnc\u00fc bir \u00fclkeye ger\u00e7ekle\u015ftirdi\u011finizde, \u0130spanya&#8217;n\u0131n havaliman\u0131 ve limanlar\u0131nda belirli bir s\u00fcreli\u011fine kalman\u0131z gerekti\u011finden,<strong>\u00a0transit vize<\/strong>\u00a0alman\u0131z gerekir. Ancak <strong>transit vize<\/strong> uygulamas\u0131 her \u00fclke i\u00e7in ge\u00e7erli de\u011fildir. Hangi \u00fclkeler i\u00e7in ge\u00e7erli oldu\u011funa dair g\u00fcncel bilgi i\u00e7in <strong>\u0130spanya Konsoloslu\u011fu<\/strong> veya \u0130spanya B\u00fcy\u00fckel\u00e7ili\u011fi&#8217;nden ula\u015f\u0131labilir. \u015eu an itibar\u0131yla transit vize almalar\u0131 istenenler \u015fu \u00fclke pasaportlar\u0131na sahip olan vatanda\u015flard\u0131r: Irak, \u0130ran, Sri Lanka, Suriye, Etiyopya, Banglade\u015f, Kongo (Demokratik Cumhuriyet), Somali, Afganistan, Pakistan, Eritre, Gana, Nijerya. \u00a0<\/span><\/p>\r\n<p><span style=\"font-family: Roboto; font-size: 14px;\">\u0130kamet etti\u011finiz b\u00f6lgeye g\u00f6re, <a href=\"https:\/\/www.myvize.com.tr\/ispanya\/vize-islemleri\/ispanya-vizesi\/\" target=\"_blank\" rel=\"noopener\"><span style=\"color: #2acec2;\"><strong>\u0130spanya vizesi<\/strong><\/span><\/a> evraklar\u0131nda farkl\u0131l\u0131k olu\u015fabilir. <strong>Transit vize<\/strong> al\u0131nabilmesi i\u00e7in \u00f6ncelikli \u015fart; hangi \u00fclkeye giri\u015f yap\u0131lacak ise, o \u00fclke i\u00e7in vizenin olmas\u0131d\u0131r. Sadece <strong>\u0130spanya transit vizesi<\/strong> ile, havaliman\u0131 veya liman b\u00f6lgesinden \u00e7\u0131karak Schengen B\u00f6lgesi&#8217;ne giri\u015f yap\u0131lmas\u0131 m\u00fcmk\u00fcn olmamaktad\u0131r.\u00a0<\/span><\/p>\r\n<h3><span style=\"font-family: Roboto; font-size: 24px;\"><strong>\u0130spanya Transit Vize \u0130\u00e7in Gerekli Evraklar<\/strong><\/span><\/h3>\r\n<ul>\r\n<li><span style=\"font-family: Roboto; font-size: 14px;\"><strong>Pasaport:\u00a0\u0130spanya vize<\/strong> etiketini basmak i\u00e7in, pasaportunuzda en az 2 adet bo\u015f sayfa olmal\u0131d\u0131r. Seyahatin biti\u015f tarihinden itibaren 3 ay sonraki tarihe kadar pasaportun ge\u00e7erlilik s\u00fcresi bulunmal\u0131d\u0131r.<\/span><\/li>\r\n<li><span style=\"font-family: Roboto; font-size: 14px;\"><strong>Vize Ba\u015fvuru Formu:<\/strong>\u00a0Ba\u015fvuru sahibinin el yaz\u0131s\u0131yla, b\u00fcy\u00fck harflerle doldurulmal\u0131d\u0131r. T\u00fcrk\u00e7e karakter kullan\u0131m\u0131na izin verilmez. 18 ya\u015f\u0131ndan b\u00fcy\u00fckler bizzat kendisi imzalamal\u0131d\u0131r. 18 ya\u015f\u0131ndan k\u00fc\u00e7\u00fcklerin anne- babalar\u0131, mahkemece tayin edilmi\u015f vasileri imzalayabilir.<\/span><\/li>\r\n<li><span style=\"font-family: Roboto; font-size: 14px;\"><strong>Vize Talep Dilek\u00e7esi:\u00a0<\/strong>\u0130spanya Konsoloslu\u011fu\u2019na hitaben seyahatinizin amac\u0131n\u0131 a\u00e7\u0131klayan bir dilek\u00e7e olmal\u0131d\u0131r.\u00a0\u00a0<\/span><\/li>\r\n<li><span style=\"font-family: Roboto; font-size: 14px;\"><strong>Biometrik Foto\u011fraf:<\/strong>\u00a0Daha \u00f6nceden <strong>Schengen vizesi<\/strong> al\u0131mlar\u0131nda kullanmad\u0131\u011f\u0131n\u0131z, 35*45mm \u00f6l\u00e7\u00fclerinde, arka fonu desensiz,d\u00fcz beyaz fonu olan biyometrik foto\u011fraf.<\/span><\/li>\r\n<li><span style=\"font-family: Roboto; font-size: 14px;\"><strong>Gidece\u011finiz \u00dclke Vizesi:\u00a0<\/strong>As\u0131l seyahat edece\u011finiz \u00fclkenin oturum izni veya seyahat izni verdi\u011fini g\u00f6steren belgeler<\/span><\/li>\r\n<li><span style=\"font-family: Roboto; font-size: 14px;\"><strong>Muvafakat name: <\/strong>\u00a018 ya\u015f\u0131ndan k\u00fc\u00e7\u00fcklerin ba\u015fvurular\u0131 i\u00e7in noterden onayl\u0131 muvafakat name gereklidir. Bu belge ebeveyn\/ yasal vasinin kimlik belgesi ile birlikte sunulur.<\/span><\/li>\r\n<li><span style=\"font-family: Roboto; font-size: 14px;\"><strong>Pasaport ve Kimlik Fotokopileri:<\/strong>\u00a0Eski Schengen, Kanada ve ABD vizelerinin fotokopileri istenmektedir. Ba\u015fvuru sahibinin kimlik kart\u0131\/ n\u00fcfus ka\u011f\u0131d\u0131n\u0131n \u00f6nl\u00fc\/ arkal\u0131 fotokopisi istenmektedir.<\/span><\/li>\r\n<\/ul>\r\n<p><span style=\"font-family: Roboto;\"><\/span><\/p>","protected":false},"excerpt":{"rendered":"<p>\u0130spanya transit vize\u00a0evraklar\u0131 da di\u011fer \u00fclkelere g\u00f6re farkl\u0131l\u0131k g\u00f6stermektedir. Fakat transit vize almak i\u00e7in gerekli evraklar temelde ayn\u0131d\u0131r. Bu belgeler, transit vize ba\u015fvuru formu, Konsoloslu\u011fa yaz\u0131lm\u0131\u015f transit vize dilek\u00e7esi, Varsa davetiye, Otel rezervasyonu belgesi, Seyahat sa\u011fl\u0131k sigortas\u0131, 2 adet renkli ve son 3 ayda \u00e7ekilmi\u015f biyometrik foto\u011fraf, gidi\u015f ve d\u00f6n\u00fc\u015f u\u00e7ak bileti olarak s\u0131ralanabilir.\u00a0\u0130spanya transit<\/p>\n","protected":false},"author":1,"featured_media":0,"parent":0,"menu_order":0,"comment_status":"open","ping_status":"closed","template":"","meta":{"footnotes":""},"class_list":["post-323","page","type-page","status-publish","hentry"],"yoast_head":"<!-- This site is optimized with the Yoast SEO plugin v24.0 - https:\/\/yoast.com\/wordpress\/plugins\/seo\/ -->\n<title>\u0130spanya Transit Vize - \u0130spanya Vizesi - MyVize<\/title>\n<meta name=\"description\" content=\"\u0130spanya transit vizesi i\u00e7in gerekli evraklar. \u0130spanya transit vize ba\u015fvuru i\u015flemleri. \u0130spanya transit vize s\u00fcresi ka\u00e7 g\u00fcnde \u00e7\u0131kar?\" \/>\n<meta name=\"robots\" content=\"index, follow, max-snippet:-1, max-image-preview:large, max-video-preview:-1\" \/>\n<link rel=\"canonical\" href=\"https:\/\/www.myvize.com.tr\/ispanya\/ispanya-transit-vize\/\" \/>\n<meta property=\"og:locale\" content=\"tr_TR\" \/>\n<meta property=\"og:type\" content=\"article\" \/>\n<meta property=\"og:title\" content=\"\u0130spanya Transit Vize - \u0130spanya Vizesi - MyVize\" \/>\n<meta property=\"og:description\" content=\"\u0130spanya transit vizesi i\u00e7in gerekli evraklar. \u0130spanya transit vize ba\u015fvuru i\u015flemleri. \u0130spanya transit vize s\u00fcresi ka\u00e7 g\u00fcnde \u00e7\u0131kar?\" \/>\n<meta property=\"og:url\" content=\"https:\/\/www.myvize.com.tr\/ispanya\/ispanya-transit-vize\/\" \/>\n<meta property=\"og:site_name\" content=\"\u0130spanya Vizesi\" \/>\n<meta property=\"article:modified_time\" content=\"2022-08-20T10:32:18+00:00\" \/>\n<meta property=\"og:image\" content=\"https:\/\/www.myvize.com.tr\/ispanya\/wp-content\/uploads\/2021\/10\/9.jpg\" \/>\n<meta name=\"twitter:card\" content=\"summary_large_image\" \/>\n<meta name=\"twitter:label1\" content=\"Tahmini okuma s\u00fcresi\" \/>\n\t<meta name=\"twitter:data1\" content=\"5 dakika\" \/>\n<script type=\"application\/ld+json\" class=\"yoast-schema-graph\">{\"@context\":\"https:\/\/schema.org\",\"@graph\":[{\"@type\":\"WebPage\",\"@id\":\"https:\/\/www.myvize.com.tr\/ispanya\/ispanya-transit-vize\/\",\"url\":\"https:\/\/www.myvize.com.tr\/ispanya\/ispanya-transit-vize\/\",\"name\":\"\u0130spanya Transit Vize - \u0130spanya Vizesi - MyVize\",\"isPartOf\":{\"@id\":\"https:\/\/www.myvize.com.tr\/ispanya\/#website\"},\"primaryImageOfPage\":{\"@id\":\"https:\/\/www.myvize.com.tr\/ispanya\/ispanya-transit-vize\/#primaryimage\"},\"image\":{\"@id\":\"https:\/\/www.myvize.com.tr\/ispanya\/ispanya-transit-vize\/#primaryimage\"},\"thumbnailUrl\":\"https:\/\/www.myvize.com.tr\/ispanya\/wp-content\/uploads\/2021\/10\/9.jpg\",\"datePublished\":\"2021-07-01T09:00:00+00:00\",\"dateModified\":\"2022-08-20T10:32:18+00:00\",\"description\":\"\u0130spanya transit vizesi i\u00e7in gerekli evraklar. \u0130spanya transit vize ba\u015fvuru i\u015flemleri. \u0130spanya transit vize s\u00fcresi ka\u00e7 g\u00fcnde \u00e7\u0131kar?\",\"breadcrumb\":{\"@id\":\"https:\/\/www.myvize.com.tr\/ispanya\/ispanya-transit-vize\/#breadcrumb\"},\"inLanguage\":\"tr\",\"potentialAction\":[{\"@type\":\"ReadAction\",\"target\":[\"https:\/\/www.myvize.com.tr\/ispanya\/ispanya-transit-vize\/\"]}]},{\"@type\":\"ImageObject\",\"inLanguage\":\"tr\",\"@id\":\"https:\/\/www.myvize.com.tr\/ispanya\/ispanya-transit-vize\/#primaryimage\",\"url\":\"https:\/\/www.myvize.com.tr\/ispanya\/wp-content\/uploads\/2021\/10\/9.jpg\",\"contentUrl\":\"https:\/\/www.myvize.com.tr\/ispanya\/wp-content\/uploads\/2021\/10\/9.jpg\",\"width\":800,\"height\":500,\"caption\":\"\u0130spanya Transit Vize\"},{\"@type\":\"BreadcrumbList\",\"@id\":\"https:\/\/www.myvize.com.tr\/ispanya\/ispanya-transit-vize\/#breadcrumb\",\"itemListElement\":[{\"@type\":\"ListItem\",\"position\":1,\"name\":\"Anasayfa\",\"item\":\"https:\/\/www.myvize.com.tr\/ispanya\/\"},{\"@type\":\"ListItem\",\"position\":2,\"name\":\"\u0130spanya Transit Vize\"}]},{\"@type\":\"WebSite\",\"@id\":\"https:\/\/www.myvize.com.tr\/ispanya\/#website\",\"url\":\"https:\/\/www.myvize.com.tr\/ispanya\/\",\"name\":\"\u0130spanya Vizesi\",\"description\":\"\",\"potentialAction\":[{\"@type\":\"SearchAction\",\"target\":{\"@type\":\"EntryPoint\",\"urlTemplate\":\"https:\/\/www.myvize.com.tr\/ispanya\/?s={search_term_string}\"},\"query-input\":{\"@type\":\"PropertyValueSpecification\",\"valueRequired\":true,\"valueName\":\"search_term_string\"}}],\"inLanguage\":\"tr\"}]}<\/script>\n<!-- \/ Yoast SEO plugin. -->","yoast_head_json":{"title":"\u0130spanya Transit Vize - \u0130spanya Vizesi - MyVize","description":"\u0130spanya transit vizesi i\u00e7in gerekli evraklar. \u0130spanya transit vize ba\u015fvuru i\u015flemleri. \u0130spanya transit vize s\u00fcresi ka\u00e7 g\u00fcnde \u00e7\u0131kar?","robots":{"index":"index","follow":"follow","max-snippet":"max-snippet:-1","max-image-preview":"max-image-preview:large","max-video-preview":"max-video-preview:-1"},"canonical":"https:\/\/www.myvize.com.tr\/ispanya\/ispanya-transit-vize\/","og_locale":"tr_TR","og_type":"article","og_title":"\u0130spanya Transit Vize - \u0130spanya Vizesi - MyVize","og_description":"\u0130spanya transit vizesi i\u00e7in gerekli evraklar. \u0130spanya transit vize ba\u015fvuru i\u015flemleri. \u0130spanya transit vize s\u00fcresi ka\u00e7 g\u00fcnde \u00e7\u0131kar?","og_url":"https:\/\/www.myvize.com.tr\/ispanya\/ispanya-transit-vize\/","og_site_name":"\u0130spanya Vizesi","article_modified_time":"2022-08-20T10:32:18+00:00","og_image":[{"url":"https:\/\/www.myvize.com.tr\/ispanya\/wp-content\/uploads\/2021\/10\/9.jpg","type":"","width":"","height":""}],"twitter_card":"summary_large_image","twitter_misc":{"Tahmini okuma s\u00fcresi":"5 dakika"},"schema":{"@context":"https:\/\/schema.org","@graph":[{"@type":"WebPage","@id":"https:\/\/www.myvize.com.tr\/ispanya\/ispanya-transit-vize\/","url":"https:\/\/www.myvize.com.tr\/ispanya\/ispanya-transit-vize\/","name":"\u0130spanya Transit Vize - \u0130spanya Vizesi - MyVize","isPartOf":{"@id":"https:\/\/www.myvize.com.tr\/ispanya\/#website"},"primaryImageOfPage":{"@id":"https:\/\/www.myvize.com.tr\/ispanya\/ispanya-transit-vize\/#primaryimage"},"image":{"@id":"https:\/\/www.myvize.com.tr\/ispanya\/ispanya-transit-vize\/#primaryimage"},"thumbnailUrl":"https:\/\/www.myvize.com.tr\/ispanya\/wp-content\/uploads\/2021\/10\/9.jpg","datePublished":"2021-07-01T09:00:00+00:00","dateModified":"2022-08-20T10:32:18+00:00","description":"\u0130spanya transit vizesi i\u00e7in gerekli evraklar. \u0130spanya transit vize ba\u015fvuru i\u015flemleri. \u0130spanya transit vize s\u00fcresi ka\u00e7 g\u00fcnde \u00e7\u0131kar?","breadcrumb":{"@id":"https:\/\/www.myvize.com.tr\/ispanya\/ispanya-transit-vize\/#breadcrumb"},"inLanguage":"tr","potentialAction":[{"@type":"ReadAction","target":["https:\/\/www.myvize.com.tr\/ispanya\/ispanya-transit-vize\/"]}]},{"@type":"ImageObject","inLanguage":"tr","@id":"https:\/\/www.myvize.com.tr\/ispanya\/ispanya-transit-vize\/#primaryimage","url":"https:\/\/www.myvize.com.tr\/ispanya\/wp-content\/uploads\/2021\/10\/9.jpg","contentUrl":"https:\/\/www.myvize.com.tr\/ispanya\/wp-content\/uploads\/2021\/10\/9.jpg","width":800,"height":500,"caption":"\u0130spanya Transit Vize"},{"@type":"BreadcrumbList","@id":"https:\/\/www.myvize.com.tr\/ispanya\/ispanya-transit-vize\/#breadcrumb","itemListElement":[{"@type":"ListItem","position":1,"name":"Anasayfa","item":"https:\/\/www.myvize.com.tr\/ispanya\/"},{"@type":"ListItem","position":2,"name":"\u0130spanya Transit Vize"}]},{"@type":"WebSite","@id":"https:\/\/www.myvize.com.tr\/ispanya\/#website","url":"https:\/\/www.myvize.com.tr\/ispanya\/","name":"\u0130spanya Vizesi","description":"","potentialAction":[{"@type":"SearchAction","target":{"@type":"EntryPoint","urlTemplate":"https:\/\/www.myvize.com.tr\/ispanya\/?s={search_term_string}"},"query-input":{"@type":"PropertyValueSpecification","valueRequired":true,"valueName":"search_term_string"}}],"inLanguage":"tr"}]}},"_links":{"self":[{"href":"https:\/\/www.myvize.com.tr\/ispanya\/wp-json\/wp\/v2\/pages\/323","targetHints":{"allow":["GET"]}}],"collection":[{"href":"https:\/\/www.myvize.com.tr\/ispanya\/wp-json\/wp\/v2\/pages"}],"about":[{"href":"https:\/\/www.myvize.com.tr\/ispanya\/wp-json\/wp\/v2\/types\/page"}],"author":[{"embeddable":true,"href":"https:\/\/www.myvize.com.tr\/ispanya\/wp-json\/wp\/v2\/users\/1"}],"replies":[{"embeddable":true,"href":"https:\/\/www.myvize.com.tr\/ispanya\/wp-json\/wp\/v2\/comments?post=323"}],"version-history":[{"count":7,"href":"https:\/\/www.myvize.com.tr\/ispanya\/wp-json\/wp\/v2\/pages\/323\/revisions"}],"predecessor-version":[{"id":637,"href":"https:\/\/www.myvize.com.tr\/ispanya\/wp-json\/wp\/v2\/pages\/323\/revisions\/637"}],"wp:attachment":[{"href":"https:\/\/www.myvize.com.tr\/ispanya\/wp-json\/wp\/v2\/media?parent=323"}],"curies":[{"name":"wp","href":"https:\/\/api.w.org\/{rel}","templated":true}]}}