{"id":45,"date":"2020-11-30T12:47:57","date_gmt":"2020-11-30T09:47:57","guid":{"rendered":"https:\/\/www.myvize.com.tr\/ispanya\/?page_id=45"},"modified":"2022-12-20T21:11:19","modified_gmt":"2022-12-20T18:11:19","slug":"ispanya-oturum-izni","status":"publish","type":"page","link":"https:\/\/www.myvize.com.tr\/ispanya\/vize-islemleri\/ispanya-oturum-izni\/","title":{"rendered":"\u0130spanya Oturum \u0130zni"},"content":{"rendered":"<h2><span style=\"font-family: Roboto; font-size: 27px;\"><strong>\u0130spanya Oturum \u0130zni Hakk\u0131nda<\/strong><\/span><\/h2>\n<p><span style=\"font-family: Roboto; font-size: 14px;\"><strong>\u0130spanya\u2019da ikamet etmek<\/strong> isteyen T\u00fcrkiye vatanda\u015flar\u0131 \u0130spanya oturum iznine sahip olmal\u0131d\u0131rlar. <strong>\u0130spanya oturum izni<\/strong> s\u00fcreli ya da s\u00fcresiz olabilmektedir.\u00a0<\/span><\/p>\n<p><span style=\"font-family: Roboto; font-size: 14px;\">90 g\u00fcnden fazla seyahat etmek i\u00e7in \u0130spanya&#8217;da oturum iznine ihtiyac\u0131n\u0131z olur. \u0130spanya oturum izni belgesi almak i\u00e7in \u0130spanya&#8217;da en fazla 5 y\u0131l \u00e7al\u0131\u015fman\u0131z ya da ya\u015faman\u0131z gerekir. \u0130spanyol vatanda\u015fl\u0131\u011f\u0131 alabilmek i\u00e7in \u0130spanya\u2019da on y\u0131l ya\u015fam\u0131\u015f olman\u0131z gerekir. Ba\u015fvuru i\u00e7in gerekli belgeler haz\u0131rland\u0131ktan sonra yurt d\u0131\u015f\u0131 temsilcili\u011fine ba\u015fvuru yap\u0131l\u0131r. Ba\u015fvuru sahiplerine doksan g\u00fcn s\u00fcreyle vize verilecektir. Vize sahibi \u0130spanya \u00fclkesine giri\u015f yapar.<\/span><\/p>\n<h2><span style=\"font-family: Roboto; font-size: 27px;\"><strong>\u0130spanya&#8217;ya Yerle\u015fmek \u0130stiyorum<\/strong><\/span><\/h2>\n<p><span style=\"font-family: Roboto; font-size: 14px;\">\u0130spanya \u00fclkesine yerle\u015fme karar\u0131n\u0131z var ise olduk\u00e7a \u015fansl\u0131 durumda oldu\u011funuzu s\u00f6ylemeliyiz. \u0130spanya e\u011fitim, k\u00fclt\u00fcr, sosyal ve maddi a\u00e7\u0131dan geli\u015fmi\u015f \u00fclkelerin ba\u015f\u0131nda yer al\u0131r. \u0130spanya\u2019da g\u00f6rece\u011finiz bir e\u011fitim ile i\u015f hayat\u0131na daha bilgili, g\u00fcvenilir ad\u0131mlar ile ba\u015flars\u0131n\u0131z. Oturma izni ba\u015fvurusu, \u0130spanya&#8217;ya giri\u015f tarihinden itibaren otuz g\u00fcn \u00a0s\u00fcre dahilinde yap\u0131lmal\u0131d\u0131r. \u0130spanya \u00fclkesinde \u00a0evlilik, \u00e7al\u0131\u015fma ve \u00e7al\u0131\u015fma izni gibi durumlarda da oturma izinleri al\u0131nabilmektedir. \u0130spanya&#8217;da okumak i\u00e7in y\u00fcz seksen g\u00fcn i\u00e7inde doksan g\u00fcnden fazla bir e\u011fitim kursuna vize ba\u015fvurusunda bulunman\u0131z gerekir. Avrupa vatanda\u015f\u0131 olmadan ve \u0130spanya da kal\u0131c\u0131 hayat s\u00fcrd\u00fcrmek istiyorsan\u0131z oturum iznine ba\u015fvuru yapman\u0131z gerekir. \u0130spanya oturum izni alman\u0131n baz\u0131 \u015fartlar\u0131 vard\u0131r. \u00d6rne\u011fin bu \u015fartlar aras\u0131nda \u00fclkede i\u015f kurmak, giri\u015fimci olmak, i\u015f\u00e7i olmak, aile yak\u0131nlar\u0131n\u0131n \u00fclkede ikamet etmesi, aile birle\u015fimi ile \u00fclkede ikamet etmek ve ya \u00fclkede belirli ko\u015fullar \u00e7er\u00e7evesinde e\u011fitim g\u00f6rmek gibi durumlar\u0131n\u0131z var ise \u0130spanya \u00fclkesi i\u00e7in oturum izni ba\u015fvurusunda bulundu\u011funuz takdirde ba\u015fvurunuz olumlu sonu\u00e7lan\u0131r.<\/span><\/p>\n<h2><span style=\"font-family: Roboto; font-size: 27px;\"><strong>\u0130spanya Oturum \u0130zni Alma<\/strong><\/span><\/h2>\n<p><span style=\"font-family: Roboto; font-size: 14px;\">\u00dclkede i\u015f kurmak, giri\u015fimci olmak, i\u015f\u00e7i olmak, aile yak\u0131nlar\u0131n\u0131n \u00fclkede ikamet etmesi, aile birle\u015fimi ile \u00fclkede ikamet etmek ve ya \u00fclkede belirli ko\u015fullar \u00e7er\u00e7evesinde e\u011fitim g\u00f6rmek gibi durumlar\u0131n\u0131z var ise \u0130spanya \u00fclkesi i\u00e7in oturum izni ba\u015fvurusunda bulunabilirsiniz. Oturum izni formu \u0130spanyolca dili ve ya \u0130ngilizce dili kullanarak \u00a0doldurmal\u0131s\u0131n\u0131z \u00a0ve verilen bilgilerin do\u011fru oldu\u011funu kontrol etmenizde fayda vard\u0131r. Bu belge, ba\u015fvuru sahipleri hakk\u0131nda bilgi toplar. Bu ama\u00e7la verilen bilgiler belgeler do\u011frultusunda kan\u0131tlanmal\u0131d\u0131r. \u00a0Ba\u015fvuru formunda girdi\u011finiz bilgilerin do\u011frulu\u011funu kontrol etmenizde fayda vard\u0131r \u00e7\u00fcnk\u00fc ad\u0131n\u0131za inceleme ba\u015flat\u0131ld\u0131\u011f\u0131nda s\u0131k\u0131nt\u0131lar\u0131n ya\u015fanmamas\u0131 ad\u0131na formu do\u011fru bilgiler ile doldurman\u0131z sizin ad\u0131n\u0131za avantaj sa\u011flar. \u0130spanya \u00fclkesi i\u00e7in oturum izni ba\u015fvurusunda en \u00f6nemli \u015fart ki\u015finin su\u00e7 kayd\u0131 olmamas\u0131d\u0131r. E\u011fitim amac\u0131 ile oturum izni talebinde bulunan ki\u015fi e\u011fitim veren okuldan davet mektubu almal\u0131d\u0131r. \u00dclkeye giri\u015f yapt\u0131ktan sonra en \u00e7ok otuz g\u00fcn i\u00e7inde oturum izni ba\u015fvurusunda bulunmak zorunludur.<\/span><\/p>\n<h2><span style=\"font-family: Roboto; font-size: 27px;\"><strong>\u0130spanya Oturum \u0130zni Nas\u0131l Al\u0131n\u0131r?\u00a0\u00a0<\/strong><\/span><\/h2>\n<p><span style=\"font-family: Roboto; font-size: 14px;\"><strong>\u0130spanya oturum\u00a0izni<\/strong>\u00a02\u00a0kategoriden olu\u015fmaktad\u0131r:\u00a0\u00a0<\/span><\/p>\n<p><span style=\"font-family: Roboto; font-size: 14px;\">1. S\u00fcreli \u0130kamet\u00a0<\/span><\/p>\n<p><span style=\"font-family: Roboto; font-size: 14px;\">\u0130spanya s\u00fcreli oturum izni 90 g\u00fcnden k\u0131sa 5 y\u0131ldan uzun s\u00fcre\u00e7ler i\u00e7in verilmektedir. S\u00fcreli <strong>oturum izni<\/strong> ki\u015filere \u00e7al\u0131\u015fma hakk\u0131 tan\u0131mamaktad\u0131r. Bu nedenle ki\u015filerin yeterli maddi olanaklara sahip olmalar\u0131 \u015fart ko\u015fulur.\u00a0<\/span><\/p>\n<p><span style=\"font-family: Roboto; font-size: 14px;\">2. S\u00fcresiz \u0130kamet\u00a0<\/span><\/p>\n<p><span style=\"font-family: Roboto; font-size: 14px;\">\u0130spanya s\u00fcresiz <strong>oturum izni<\/strong> ki\u015filere s\u00fcresiz ikamet ve \u00e7al\u0131\u015fma hakk\u0131 sa\u011flamaktad\u0131r.\u00a0<\/span><\/p>\n<p><span style=\"font-family: Roboto; font-size: 14px;\">Ki\u015filer kesintisiz olarak 5 y\u0131l \u0130spanya\u2019da ikamet ettiklerinde belirli \u015fartlar\u0131 sa\u011flayarak uzun s\u00fcreli ikamet hakk\u0131na sahip olabilirler.\u00a0<\/span><\/p>\n<p><span style=\"font-family: Roboto; font-size: 14px;\"><strong>\u0130spanya oturum izni<\/strong> i\u00e7in ki\u015filer hem gerekli \u015fartlar\u0131 sa\u011flay\u0131p hem gerekli evraklar\u0131 teslim ederek \u0130spanya Konsoloslu\u011fu\u2019na\u00a0ba\u015fvuruda bulunabilirler.\u00a0<\/span><\/p>\n<h3><span style=\"font-size: 24px;\"><strong><span style=\"font-family: Roboto;\">\u0130spanya Oturum \u0130zni Ba\u015fvurusu Nereye Yap\u0131l\u0131r?<\/span><\/strong><\/span><\/h3>\n<p><span style=\"font-family: Roboto; font-size: 14px;\"><strong>\u0130spanya oturum izni<\/strong> ba\u015fvurusunda bulunacak olan T\u00fcrk vatanda\u015flar\u0131n\u0131n \u0130spanya oturum izni ba\u015fvurusu yapmas\u0131 gerekmektedir. Oturum izni ba\u015fvurusu yapacak olan T\u00fcrk vatanda\u015flar\u0131, \u0130spanya oturum izni ba\u015fvurular\u0131n\u0131 almak istedi\u011fi oturum iznine g\u00f6re yapmal\u0131d\u0131r.<\/span><\/p>\n<p><span style=\"font-family: Roboto; font-size: 14px;\">\u0130spanya oturum izni ba\u015fvurular\u0131; \u0130spanya valiliklerine, \u0130spanya G\u00f6\u00e7 \u0130daresi\u2019ne, <strong>\u0130spanya Ankara B\u00fcy\u00fckel\u00e7ili\u011fi<\/strong>\u2019ne yap\u0131lmal\u0131d\u0131r. \u0130spanya \u00e7al\u0131\u015fma izni ile oturum izni alacak olan ki\u015filerin ba\u015fvurular\u0131n\u0131 \u0130spanya\u2019n\u0131n \u00c7al\u0131\u015fma Bakanl\u0131\u011f\u0131 incelemektedir.<\/span><\/p>\n<p><span style=\"font-family: Roboto; font-size: 14px;\"><strong>\u0130spanya oturum izni ba\u015fvurular\u0131<\/strong> 90 fazla s\u00fcrecek olan seyahatler i\u00e7in yap\u0131lmal\u0131d\u0131r. 90 g\u00fcnden daha az s\u00fcrecek \u0130spanya seyahatleri i\u00e7in \u0130spanya k\u0131sa s\u00fcreli vizesi almas\u0131 gerekmektedir. Bunun i\u00e7in \u0130spanya oturum izni ba\u015fvurusu yap\u0131lmas\u0131na gerek yoktur.<\/span><\/p>\n<p><span style=\"font-family: Roboto; font-size: 14px;\">\u0130spanya oturum izni alacak olan ki\u015filer T\u00fcrkiye\u2019de ise ba\u015fvurular\u0131n\u0131 <span style=\"color: #2acec2;\"><strong><a style=\"color: #2acec2;\" href=\"https:\/\/www.myvize.com.tr\/ispanya\/konsolosluklar\/ankara-buyukelciligi\/\" target=\"_blank\" rel=\"noopener\">\u0130spanya Ankara B\u00fcy\u00fckel\u00e7ili\u011fi<\/a><\/strong><\/span>\u2019ne yapmal\u0131d\u0131r. \u0130spanya\u2019da bulunan ki\u015filer ise ba\u015fvurular\u0131n\u0131 \u0130spanya G\u00f6\u00e7 \u0130daresi\u2019ne ve \u0130spanya valiliklerine yapmal\u0131d\u0131r.<\/span><\/p>\n<p><span style=\"font-family: Roboto; font-size: 14px;\">\u0130spanya oturum izni ba\u015fvurusu i\u00e7in, \u0130spanya oturum izni ba\u015fvuru formu doldurulmal\u0131d\u0131r. Vize ba\u015fvuru formu doldurulduktan sonra ba\u015fvuru T\u00fcrkiye\u2019de yap\u0131lacak ise \u0130spanya Ankara B\u00fcy\u00fckel\u00e7ili\u011fi\u2019nden randevu al\u0131nmal\u0131d\u0131r. Randevu alan ki\u015filer randevu tarihinde ba\u015fvurular\u0131n\u0131<strong> \u0130spanya Ankara B\u00fcy\u00fckel\u00e7ili\u011fi<\/strong>\u2019ne yapabilir.<\/span><\/p>\n<h3><span style=\"font-family: Roboto; font-size: 24px;\"><strong>\u0130spanya Oturum \u0130zni \u015eartlar\u0131<\/strong><\/span><\/h3>\n<p><span style=\"font-family: Roboto; font-size: 14px;\">\u0130spanya \u00fclkesi i\u00e7in oturma izni alabilmek, \u0130spanya&#8217;n\u0131n anla\u015fmal\u0131 oldu\u011fu \u00fclkelere giri\u015f yasa\u011f\u0131 bulunmamal\u0131d\u0131r. Ba\u015fvuru sahipleri Avrupa \u00fclkelerinde ve \u00a0\u0130spanya&#8217;da herhangi bir yasa d\u0131\u015f\u0131 su\u00e7 i\u015flememi\u015f olmal\u0131d\u0131r. \u0130spanya oturma izni alabilmek i\u00e7in evlilik, \u00e7al\u0131\u015fma, e\u011fitim ya da \u00f6\u011frenim ko\u015fullar\u0131n\u0131 kar\u015f\u0131laman\u0131z ve \u0130spanya oturma izni almak i\u00e7in \u0130spanya \u00fclkesine giri\u015f yapt\u0131ktan otuz g\u00fcn sonra oturum izni ba\u015fvurusunda bulunman\u0131z gerekir. \u0130spanya da oturum izni sahibi olmak i\u00e7in y\u0131lda 183 g\u00fcn \u0130spanya&#8217;da yakla\u015f\u0131k be\u015f y\u0131l ge\u00e7irmelisiniz. Oturma izni, \u0130spanya&#8217;da on y\u0131l ya\u015fam\u0131\u015f, \u0130spanyolca dil s\u0131nav\u0131n\u0131 ge\u00e7mi\u015f ki\u015filere verilir.<strong> \u0130spanya&#8217;da oturum izni sahibi<\/strong> olmak i\u00e7in belgelerin eksiksiz olarak doldurulmas\u0131 gerekmektedir. Formu \u0130spanyolca dili ve ya \u0130ngilizce dili kullanarak \u00a0doldurmal\u0131s\u0131n\u0131z \u00a0ve verilen bilgilerin do\u011fru oldu\u011funu kontrol etmenizde fayda vard\u0131r. Bu belge, ba\u015fvuru sahipleri hakk\u0131nda bilgi toplar. Bu ama\u00e7la verilen bilgiler belgeler do\u011frultusunda kan\u0131tlanmal\u0131d\u0131r. \u00a0Ba\u015fvuru formunda girdi\u011finiz bilgilerin do\u011frulu\u011funu kontrol etmenizde fayda vard\u0131r \u00e7\u00fcnk\u00fc ad\u0131n\u0131za inceleme ba\u015flat\u0131ld\u0131\u011f\u0131nda s\u0131k\u0131nt\u0131lar\u0131n ya\u015fanmamas\u0131 ad\u0131na formu do\u011fru bilgiler ile doldurman\u0131z size avantaj sa\u011flar.<\/span><\/p>\n<h3><span style=\"font-family: Roboto; font-size: 24px;\"><strong>\u0130spanya Oturum \u0130zni \u0130\u00e7in Gerekli \u015eartlar Nelerdir?\u00a0\u00a0<\/strong><\/span><\/h3>\n<ul>\n<li><span style=\"font-family: Roboto; font-size: 14px;\"><a href=\"https:\/\/www.myvize.com.tr\/ispanya\/form-ve-dilekce\/ispanya-vize-basvuru-formu\/\" target=\"_blank\" rel=\"noopener\"><span style=\"color: #2acec2;\"><strong>\u0130spanya Vize Ba\u015fvuru Formu<\/strong><\/span><\/a>: Oturum izni i\u00e7in gerekli ba\u015fvuru formu doldurulup ibraz edilmelidir.\u00a0<\/span><\/li>\n<li><span style=\"font-family: Roboto; font-size: 14px;\">Adli sicil kayd\u0131 ibraz edilmelidir.\u00a0<\/span><\/li>\n<li><span style=\"font-family: Roboto; font-size: 14px;\">Ba\u015fvuru sahibinin sa\u011fl\u0131k sigortas\u0131 olmal\u0131 ve sigortay\u0131 kan\u0131tlayan evrak ibraz edilmelidir.\u00a0<\/span><\/li>\n<li><span style=\"font-family: Roboto; font-size: 14px;\">Ba\u015fvuru sahibinin evlilik durumunu kan\u0131tlayan evraklar \u0130spanyolca terc\u00fcmesiyle ibraz edilmelidir.\u00a0<\/span><\/li>\n<li><span style=\"font-family: Roboto; font-size: 14px;\">Ba\u015fvuru sahibinin uzun s\u00fcreli kira s\u00f6zle\u015fmesi ve kira makbuzunu ibraz etmeleri gerekmektedir.\u00a0<\/span><\/li>\n<li><span style=\"font-family: Roboto; font-size: 14px;\">\u0130spanya\u2019da Yasal \u0130kamet Belgesi: \u0130spanya ikamet tezkeresi i\u00e7in ibraz edilmelidir.\u00a0<\/span><\/li>\n<li><span style=\"font-family: Roboto; font-size: 14px;\">Ge\u00e7ici ikamet ba\u015fvurular\u0131nda ba\u015fvuru sahipleri e\u011fer t\u0131bbi sertifika sunmam\u0131\u015flarsa t\u0131bbi sertifika ibraz\u0131 istenmektedir.\u00a0<\/span><\/li>\n<\/ul>\n<h3><span style=\"font-family: Roboto; font-size: 24px;\"><strong>Di\u011fer Oturum \u0130zni T\u00fcrleri\u00a0<\/strong><\/span><\/h3>\n<p><span style=\"font-family: Roboto; font-size: 14px;\">\u0130spanya di\u011fer oturum\u00a0izinleri 3\u00a0kategoriden olu\u015fmaktad\u0131r:\u00a0\u00a0\u00a0<\/span><\/p>\n<p><span style=\"font-size: 16px;\"><strong><span style=\"font-family: Roboto;\">1. Golden Visa (Yat\u0131r\u0131mc\u0131 Ba\u015fvurusu)\u00a0<\/span><\/strong><\/span><\/p>\n<p><span style=\"font-family: Roboto; font-size: 14px;\">Bu kategori minimum \u20ac500.000,00\u00a0de\u011ferinde gayrimenkul yat\u0131r\u0131m\u0131 yapan ki\u015filere \u0130spanya\u2019da oturma izni ve \u00e7al\u0131\u015fma izni hakk\u0131 sa\u011flamaktad\u0131r.\u00a0\u00a0\u00a0<\/span><\/p>\n<p><span style=\"font-size: 16px;\"><strong><span style=\"font-family: Roboto;\">2. \u0130spanya Giri\u015fimci Vizesi\u00a0<\/span><\/strong><\/span><\/p>\n<p><span style=\"font-family: Roboto; font-size: 14px;\">Geleneksel i\u015f kollar\u0131n\u0131n d\u0131\u015f\u0131nda yenilik\u00e7i, yarat\u0131c\u0131 ve farkl\u0131 fikirler ile\u00a0at\u0131l\u0131mlar yapacak giri\u015fimciler i\u00e7in verilen vize t\u00fcr\u00fcd\u00fcr. Bu vize ile ki\u015filer 1 y\u0131l boyunca \u00e7al\u0131\u015fma ve oturma izni\u00a0hakk\u0131na sahip olurlar.\u00a0<\/span><\/p>\n<p><span style=\"font-size: 16px;\"><strong><span style=\"font-family: Roboto;\">3. Y\u00fcksek Vas\u0131fl\u0131 Profesyoneller \u0130\u00e7in \u00c7al\u0131\u015fma \u0130zni\u00a0<\/span><\/strong><\/span><\/p>\n<p><span style=\"font-family: Roboto; font-size: 14px;\">Bu kategoriler \u00fcst d\u00fczey kalifiye \u00e7al\u0131\u015fan stat\u00fcndeki ki\u015filerin ba\u015fvurabilece\u011fi vize t\u00fcr\u00fcd\u00fcr. Bu vize ile ki\u015filer 1 y\u0131l boyunca <a href=\"https:\/\/www.myvize.com.tr\/ispanya\/vize-islemleri\/ispanya-calisma-izni\/\" target=\"_blank\" rel=\"noopener\"><span style=\"color: #2acec2;\"><strong>\u0130spanya \u00e7al\u0131\u015fma izni <\/strong><\/span><\/a>ve <strong>oturma izni<\/strong>\u00a0hakk\u0131na sahip olurlar. Ancak, ki\u015filer i\u015fletmelerinin durumuna\u00a0ve faaliyetlerinin\u00a0ba\u015far\u0131s\u0131n\u0131 g\u00f6re vize s\u00fcreleri uzat\u0131labilmektedir.\u00a0<\/span><\/p>\n","protected":false},"excerpt":{"rendered":"<p>\u0130spanya Oturum \u0130zni Hakk\u0131nda \u0130spanya\u2019da ikamet etmek isteyen T\u00fcrkiye vatanda\u015flar\u0131 \u0130spanya oturum iznine sahip olmal\u0131d\u0131rlar. \u0130spanya oturum izni s\u00fcreli ya da s\u00fcresiz olabilmektedir.\u00a0 90 g\u00fcnden fazla seyahat etmek i\u00e7in \u0130spanya&#8217;da oturum iznine ihtiyac\u0131n\u0131z olur. \u0130spanya oturum izni belgesi almak i\u00e7in \u0130spanya&#8217;da en fazla 5 y\u0131l \u00e7al\u0131\u015fman\u0131z ya da ya\u015faman\u0131z gerekir. \u0130spanyol vatanda\u015fl\u0131\u011f\u0131 alabilmek i\u00e7in \u0130spanya\u2019da<\/p>\n","protected":false},"author":1,"featured_media":0,"parent":18,"menu_order":0,"comment_status":"open","ping_status":"closed","template":"","meta":{"footnotes":""},"class_list":["post-45","page","type-page","status-publish","hentry"],"yoast_head":"<!-- This site is optimized with the Yoast SEO plugin v24.0 - https:\/\/yoast.com\/wordpress\/plugins\/seo\/ -->\n<title>\u0130spanya Oturum \u0130zni - \u0130spanya Oturum Vizesi - MyVize<\/title>\n<meta name=\"description\" content=\"\u0130spanya oturum vizesi gerekli evrak listesi. \u0130spanya oturum vizesi nas\u0131l al\u0131n\u0131r? \u0130spanya oturum vizesine dair her \u015fey.\" \/>\n<meta name=\"robots\" content=\"index, follow, max-snippet:-1, max-image-preview:large, max-video-preview:-1\" \/>\n<link rel=\"canonical\" href=\"https:\/\/www.myvize.com.tr\/ispanya\/vize-islemleri\/ispanya-oturum-izni\/\" \/>\n<meta property=\"og:locale\" content=\"tr_TR\" \/>\n<meta property=\"og:type\" content=\"article\" \/>\n<meta property=\"og:title\" content=\"\u0130spanya Oturum \u0130zni - \u0130spanya Oturum Vizesi - MyVize\" \/>\n<meta property=\"og:description\" content=\"\u0130spanya oturum vizesi gerekli evrak listesi. \u0130spanya oturum vizesi nas\u0131l al\u0131n\u0131r? \u0130spanya oturum vizesine dair her \u015fey.\" \/>\n<meta property=\"og:url\" content=\"https:\/\/www.myvize.com.tr\/ispanya\/vize-islemleri\/ispanya-oturum-izni\/\" \/>\n<meta property=\"og:site_name\" content=\"\u0130spanya Vizesi\" \/>\n<meta property=\"article:modified_time\" content=\"2022-12-20T18:11:19+00:00\" \/>\n<meta name=\"twitter:card\" content=\"summary_large_image\" \/>\n<meta name=\"twitter:label1\" content=\"Tahmini okuma s\u00fcresi\" \/>\n\t<meta name=\"twitter:data1\" content=\"5 dakika\" \/>\n<script type=\"application\/ld+json\" class=\"yoast-schema-graph\">{\"@context\":\"https:\/\/schema.org\",\"@graph\":[{\"@type\":\"WebPage\",\"@id\":\"https:\/\/www.myvize.com.tr\/ispanya\/vize-islemleri\/ispanya-oturum-izni\/\",\"url\":\"https:\/\/www.myvize.com.tr\/ispanya\/vize-islemleri\/ispanya-oturum-izni\/\",\"name\":\"\u0130spanya Oturum \u0130zni - \u0130spanya Oturum Vizesi - MyVize\",\"isPartOf\":{\"@id\":\"https:\/\/www.myvize.com.tr\/ispanya\/#website\"},\"datePublished\":\"2020-11-30T09:47:57+00:00\",\"dateModified\":\"2022-12-20T18:11:19+00:00\",\"description\":\"\u0130spanya oturum vizesi gerekli evrak listesi. \u0130spanya oturum vizesi nas\u0131l al\u0131n\u0131r? \u0130spanya oturum vizesine dair her \u015fey.\",\"breadcrumb\":{\"@id\":\"https:\/\/www.myvize.com.tr\/ispanya\/vize-islemleri\/ispanya-oturum-izni\/#breadcrumb\"},\"inLanguage\":\"tr\",\"potentialAction\":[{\"@type\":\"ReadAction\",\"target\":[\"https:\/\/www.myvize.com.tr\/ispanya\/vize-islemleri\/ispanya-oturum-izni\/\"]}]},{\"@type\":\"BreadcrumbList\",\"@id\":\"https:\/\/www.myvize.com.tr\/ispanya\/vize-islemleri\/ispanya-oturum-izni\/#breadcrumb\",\"itemListElement\":[{\"@type\":\"ListItem\",\"position\":1,\"name\":\"Anasayfa\",\"item\":\"https:\/\/www.myvize.com.tr\/ispanya\/\"},{\"@type\":\"ListItem\",\"position\":2,\"name\":\"\u0130SPANYA V\u0130ZE \u0130\u015eLEMLER\u0130\",\"item\":\"https:\/\/www.myvize.com.tr\/ispanya\/vize-islemleri\/\"},{\"@type\":\"ListItem\",\"position\":3,\"name\":\"\u0130spanya Oturum \u0130zni\"}]},{\"@type\":\"WebSite\",\"@id\":\"https:\/\/www.myvize.com.tr\/ispanya\/#website\",\"url\":\"https:\/\/www.myvize.com.tr\/ispanya\/\",\"name\":\"\u0130spanya Vizesi\",\"description\":\"\",\"potentialAction\":[{\"@type\":\"SearchAction\",\"target\":{\"@type\":\"EntryPoint\",\"urlTemplate\":\"https:\/\/www.myvize.com.tr\/ispanya\/?s={search_term_string}\"},\"query-input\":{\"@type\":\"PropertyValueSpecification\",\"valueRequired\":true,\"valueName\":\"search_term_string\"}}],\"inLanguage\":\"tr\"}]}<\/script>\n<!-- \/ Yoast SEO plugin. -->","yoast_head_json":{"title":"\u0130spanya Oturum \u0130zni - \u0130spanya Oturum Vizesi - MyVize","description":"\u0130spanya oturum vizesi gerekli evrak listesi. \u0130spanya oturum vizesi nas\u0131l al\u0131n\u0131r? \u0130spanya oturum vizesine dair her \u015fey.","robots":{"index":"index","follow":"follow","max-snippet":"max-snippet:-1","max-image-preview":"max-image-preview:large","max-video-preview":"max-video-preview:-1"},"canonical":"https:\/\/www.myvize.com.tr\/ispanya\/vize-islemleri\/ispanya-oturum-izni\/","og_locale":"tr_TR","og_type":"article","og_title":"\u0130spanya Oturum \u0130zni - \u0130spanya Oturum Vizesi - MyVize","og_description":"\u0130spanya oturum vizesi gerekli evrak listesi. \u0130spanya oturum vizesi nas\u0131l al\u0131n\u0131r? \u0130spanya oturum vizesine dair her \u015fey.","og_url":"https:\/\/www.myvize.com.tr\/ispanya\/vize-islemleri\/ispanya-oturum-izni\/","og_site_name":"\u0130spanya Vizesi","article_modified_time":"2022-12-20T18:11:19+00:00","twitter_card":"summary_large_image","twitter_misc":{"Tahmini okuma s\u00fcresi":"5 dakika"},"schema":{"@context":"https:\/\/schema.org","@graph":[{"@type":"WebPage","@id":"https:\/\/www.myvize.com.tr\/ispanya\/vize-islemleri\/ispanya-oturum-izni\/","url":"https:\/\/www.myvize.com.tr\/ispanya\/vize-islemleri\/ispanya-oturum-izni\/","name":"\u0130spanya Oturum \u0130zni - \u0130spanya Oturum Vizesi - MyVize","isPartOf":{"@id":"https:\/\/www.myvize.com.tr\/ispanya\/#website"},"datePublished":"2020-11-30T09:47:57+00:00","dateModified":"2022-12-20T18:11:19+00:00","description":"\u0130spanya oturum vizesi gerekli evrak listesi. \u0130spanya oturum vizesi nas\u0131l al\u0131n\u0131r? \u0130spanya oturum vizesine dair her \u015fey.","breadcrumb":{"@id":"https:\/\/www.myvize.com.tr\/ispanya\/vize-islemleri\/ispanya-oturum-izni\/#breadcrumb"},"inLanguage":"tr","potentialAction":[{"@type":"ReadAction","target":["https:\/\/www.myvize.com.tr\/ispanya\/vize-islemleri\/ispanya-oturum-izni\/"]}]},{"@type":"BreadcrumbList","@id":"https:\/\/www.myvize.com.tr\/ispanya\/vize-islemleri\/ispanya-oturum-izni\/#breadcrumb","itemListElement":[{"@type":"ListItem","position":1,"name":"Anasayfa","item":"https:\/\/www.myvize.com.tr\/ispanya\/"},{"@type":"ListItem","position":2,"name":"\u0130SPANYA V\u0130ZE \u0130\u015eLEMLER\u0130","item":"https:\/\/www.myvize.com.tr\/ispanya\/vize-islemleri\/"},{"@type":"ListItem","position":3,"name":"\u0130spanya Oturum \u0130zni"}]},{"@type":"WebSite","@id":"https:\/\/www.myvize.com.tr\/ispanya\/#website","url":"https:\/\/www.myvize.com.tr\/ispanya\/","name":"\u0130spanya Vizesi","description":"","potentialAction":[{"@type":"SearchAction","target":{"@type":"EntryPoint","urlTemplate":"https:\/\/www.myvize.com.tr\/ispanya\/?s={search_term_string}"},"query-input":{"@type":"PropertyValueSpecification","valueRequired":true,"valueName":"search_term_string"}}],"inLanguage":"tr"}]}},"_links":{"self":[{"href":"https:\/\/www.myvize.com.tr\/ispanya\/wp-json\/wp\/v2\/pages\/45","targetHints":{"allow":["GET"]}}],"collection":[{"href":"https:\/\/www.myvize.com.tr\/ispanya\/wp-json\/wp\/v2\/pages"}],"about":[{"href":"https:\/\/www.myvize.com.tr\/ispanya\/wp-json\/wp\/v2\/types\/page"}],"author":[{"embeddable":true,"href":"https:\/\/www.myvize.com.tr\/ispanya\/wp-json\/wp\/v2\/users\/1"}],"replies":[{"embeddable":true,"href":"https:\/\/www.myvize.com.tr\/ispanya\/wp-json\/wp\/v2\/comments?post=45"}],"version-history":[{"count":8,"href":"https:\/\/www.myvize.com.tr\/ispanya\/wp-json\/wp\/v2\/pages\/45\/revisions"}],"predecessor-version":[{"id":1042,"href":"https:\/\/www.myvize.com.tr\/ispanya\/wp-json\/wp\/v2\/pages\/45\/revisions\/1042"}],"up":[{"embeddable":true,"href":"https:\/\/www.myvize.com.tr\/ispanya\/wp-json\/wp\/v2\/pages\/18"}],"wp:attachment":[{"href":"https:\/\/www.myvize.com.tr\/ispanya\/wp-json\/wp\/v2\/media?parent=45"}],"curies":[{"name":"wp","href":"https:\/\/api.w.org\/{rel}","templated":true}]}}