{"id":72,"date":"2020-11-30T12:59:09","date_gmt":"2020-11-30T09:59:09","guid":{"rendered":"https:\/\/www.myvize.com.tr\/ispanya\/?page_id=72"},"modified":"2022-04-12T13:46:28","modified_gmt":"2022-04-12T10:46:28","slug":"ankara-buyukelciligi","status":"publish","type":"page","link":"https:\/\/www.myvize.com.tr\/ispanya\/konsolosluklar\/ankara-buyukelciligi\/","title":{"rendered":"\u0130spanya Ankara B\u00fcy\u00fckel\u00e7ili\u011fi"},"content":{"rendered":"<p><span style=\"font-family: Roboto;\"><\/span><\/p>\r\n<p><span style=\"font-family: Roboto; font-size: 14px;\"><strong>\u0130spanya Ankara Konsoloslu\u011fu<\/strong>, T\u00fcrkiye\u2019de\u00a0<a>ya\u015fay\u0131p \u00e7al\u0131\u015fan \u0130spanyol vatanda\u015flar\u0131n\u0131n sosyal oldu\u011fu gibi hukuki haklar\u0131n\u0131n da koruyan resmi bir kurumdur. Elbette ki bu durum \u0130spanya\u2019da ya\u015fayan T\u00fcrk vatanda\u015flar\u0131n\u0131 da kapsamaktad\u0131r.\u00a0<\/a><a><strong>\u0130spanya\u00a0<\/strong><\/a><strong>konsoloslu\u011fu vize <\/strong>ba\u015fvurular\u0131 hem T\u00fcrkler hem de \u0130spanyollar taraf\u0131ndan sa\u011flanmaktad\u0131r. Her \u00e7e\u015fit vize ba\u015fvurusunun yap\u0131ld\u0131\u011f\u0131 konsolosluklar ayr\u0131ca onaylama ve ret etme yetkisini de elinde bulundurmaktad\u0131r. Vize ba\u015fvurular\u0131 yan\u0131 s\u0131ra \u0130spanya ve <span style=\"color: #2acec2;\"><a style=\"color: #2acec2;\" href=\"https:\/\/www.myvize.com.tr\/ispanya\/vize-islemleri\/turkiyede-oturum-ve-calisma-izni\/\"><strong>T\u00fcrkiye\u2019de oturum ve \u00e7al\u0131\u015fma izni<\/strong><\/a><\/span> de yine konsolosluk taraf\u0131ndan verilmektedir. Di\u011fer taraftan \u0130spanyol as\u0131ll\u0131 vatanda\u015flar \u00e7e\u015fitli resmi evraklar\u0131n\u0131 konsolosluklardan alabilmektedir. Buna g\u00f6re do\u011fum, \u00f6l\u00fcm ve evlili\u011fe dair beyanatlar konsoloslu\u011fa iletilerek resmile\u015ftirilmelidir.<\/span><\/p>\r\n<p><span style=\"font-family: Roboto; font-size: 14px;\">\r\n\r\n<\/span><\/p>\r\n<p><span style=\"font-family: Roboto; font-size: 14px;\">Konsoloslukta evlenilebildi\u011fi \u00fczere bo\u015fanmalarda ger\u00e7ekle\u015ftirilir. Konsoloslu\u011fun yetki alanlar\u0131 olduk\u00e7a geni\u015ftir. \u0130ki \u00fclke s\u0131n\u0131rlar\u0131nda su\u00e7 i\u015fleyerek tutuklama emri olan vatanda\u015flar\u0131n yard\u0131m\u0131na konsolosluk yeti\u015fir. Bu vesile ile olay\u0131n takibini sa\u011flar.\u00a0<strong>\u0130spanya\u00a0<a>konsoloslu\u011fu telefon\u00a0<\/a>numaras\u0131\u00a0<\/strong>ile konsoloslu\u011fu arayarak her t\u00fcrl\u00fc bilgili edinebilirsiniz. K\u0131sa s\u00fcre sorular\u0131n\u0131za cevap alabilir, durum de\u011ferlendirmesi yapabilirsiniz. Ayr\u0131ca\u00a0<a><strong>\u0130spanya konsoloslu\u011fu adresi <\/strong><\/a>ile resmi evraklar\u0131n\u0131z\u0131 posta iletebilir. Randevulu g\u00f6r\u00fc\u015fmelerinizi yapabilmeniz m\u00fcmk\u00fcnd\u00fcr.<\/span><\/p>\r\n<h2><span style=\"font-family: Roboto; font-size: 27px;\"><strong>\u0130spanya Ankara B\u00fcy\u00fckel\u00e7ili\u011fi G\u00f6rev B\u00f6lgesi Hangi \u0130lleri Kapsar?<\/strong><\/span><\/h2>\r\n<p><span style=\"font-family: Roboto; font-size: 14px;\"><strong>T\u00fcrkiye Cumhuriyeti vatanda\u015flar\u0131<\/strong> (Do\u011fu Anadolu B\u00f6lgesi illeri: Elaz\u0131\u011f, Tunceli, Hakk\u00e2ri, Malatya, Mu\u015f,\u00a0\u00a0Ardahan, Van; G\u00fcneydo\u011fu Anadolu B\u00f6lgesi illeri: Ad\u0131yaman, Batman, Gaziantep, \u015eanl\u0131urfa, <span style=\"color: #2acec2;\"><strong><a style=\"color: #2acec2;\" href=\"https:\/\/www.myvize.com.tr\/ispanya\/subelerimiz\/diyarbakir\/\" target=\"_blank\" rel=\"noopener\">Diyarbak\u0131r<\/a><\/strong><\/span>, Siirt, Mardin, \u015e\u0131rnak; Akdeniz B\u00f6lgesi illeri: Kahramanmara\u015f, Adana, \u00a0Afyonkarahisar, Kilis, Hatay, Mersin; \u0130\u00e7 Anadolu B\u00f6lgesi illeri: Aksaray,\u00a0\u00a0\u00c7orum, Osmaniye, K\u0131r\u0131kkale, Eski\u015fehir, Karaman, Kayseri, Ankara, Nev\u015fehir, Ni\u011fde, K\u0131r\u015fehir, Konya, Sivas, Tokat; Ege B\u00f6lgesi illeri:\u00a0\u00a0K\u00fctahya, U\u015fak; Karadeniz B\u00f6lgesi illeri: G\u00fcm\u00fc\u015fhane, Amasya, \u00c7ank\u0131r\u0131, Bayburt), \u00fclkemizde oturum iznine sahip 3. \u00fclke vatanda\u015flar\u0131 konsoloslukla ilgili t\u00fcm i\u015flemlerini <strong>\u0130spanya Ankara B\u00fcy\u00fckel\u00e7ili\u011fi<\/strong>&#8216;nde y\u00fcr\u00fctebilirler.\u00a0<\/span><\/p>\r\n<p><img decoding=\"async\" src=\"https:\/\/www.myvize.com.tr\/ispanya\/wp-content\/uploads\/2021\/10\/45.jpg\" \/><\/p>\r\n<h2><span style=\"font-size: 27px; font-family: Roboto;\"><strong>\u0130spanya Ankara B\u00fcy\u00fckel\u00e7ili\u011fi Acil Durum Telefonu<\/strong><\/span><\/h2>\r\n<p><span style=\"font-family: Roboto; font-size: 14px;\">Resmi tatil g\u00fcnleri ve hafta sonlar\u0131nda b\u00fcy\u00fckel\u00e7ilik kapal\u0131 olacakt\u0131r. Acil durumlarda (+90) 533 397 69 07 nolu telefona g\u00fcn\u00fcn her saatinde ula\u015f\u0131labilir. Ki\u015finin yan\u0131nda bulundurmas\u0131 gereken \u00f6nemli belgelerin kayb\u0131, pasaportun \u00e7ald\u0131r\u0131lmas\u0131, \u00fclkemize giri\u015f yapan ki\u015finin kaybolmas\u0131, kendisine ula\u015f\u0131lamamas\u0131, sa\u011fl\u0131k sorunlar\u0131 nedeniyle \u00f6l\u00fcm vb. durumlar acil durumlar olarak kabul edilir. \u00d6l\u00fcm durumunda cenazenin \u0130spanya&#8217;ya transferi i\u015flemleri hakk\u0131nda cenaze yak\u0131n\u0131na bilgi verir. \u0130spanyol vatanda\u015flar\u0131n\u0131n noter i\u015flemlerini y\u00fcr\u00fct\u00fcr.\u00a0 <strong>\u0130spanyol vatanda\u015f\u0131n\u0131n<\/strong> \u00fclkemizde g\u00f6zalt\u0131na al\u0131nmas\u0131, tutuklanmas\u0131 durumunda \u0130spanya makamlar\u0131n\u0131 konu ile ilgili kaybetmesi durumunda, pasaportun kaybolmas\u0131, \u00e7al\u0131nmas\u0131 durumunda konsolosluk ge\u00e7ici seyahat belgesi d\u00fczenleyecektir.<\/span><\/p>\r\n<h3><span style=\"font-size: 24px; font-family: Roboto;\"><strong>\u0130spanya B\u00fcy\u00fckel\u00e7ili\u011fi \u0130rtibat Bilgileri<\/strong><\/span><\/h3>\r\n<p><span style=\"font-family: Roboto; font-size: 14px;\">Web: www.exteriores.gob.es<\/span><\/p>\r\n<p><span style=\"font-family: Roboto; font-size: 14px;\">Adres: Abdullah Cevdet Sokak.\u00a0No: 8.\u00a006680, \u00c7ankaya\/ Ankara<\/span><\/p>\r\n<p><span style=\"font-family: Roboto; font-size: 14px;\">E-Mail: emb.ankara.inf@maec.es<\/span><\/p>\r\n<h3><strong><span style=\"font-size: 24px;\">\u0130spanya Ankara B\u00fcy\u00fckel\u00e7ili\u011fi Ula\u015f\u0131m\u0131 Nas\u0131l Sa\u011flan\u0131r?<\/span><\/strong><\/h3>\r\n<p><span style=\"font-family: Roboto; font-size: 14px;\">B\u00fcy\u00fckel\u00e7ilik \u00c7ankaya mevkiindedir. Ankara&#8217;n\u0131n farkl\u0131 b\u00f6lgelerinden \u00c7ankaya&#8217;dan ge\u00e7en toplu ula\u015f\u0131m ara\u00e7lar\u0131 ile kullan\u0131labilir. <strong>Simon Bolivar Bulvar\u0131&#8217;na<\/strong> yak\u0131n bir konumda olan B\u00fcy\u00fckel\u00e7ilik y\u00fcr\u00fcy\u00fc\u015f mesafesindedir.<\/span><\/p>\r\n<h3><strong><span style=\"font-family: Roboto; font-size: 24px;\">Ankara B\u00fcy\u00fckel\u00e7ili\u011fi<\/span><\/strong><\/h3>\r\n<p><span style=\"font-family: Roboto; font-size: 14px;\"><span style=\"color: #2acec2;\"><strong><a style=\"color: #2acec2;\" href=\"https:\/\/www.myvize.com.tr\/ispanya\/konsolosluklar\/ankara-buyukelciligi\/\" target=\"_blank\" rel=\"noopener\">\u0130spanya Ankara B\u00fcy\u00fckel\u00e7ili\u011fi<\/a><\/strong><\/span>, \u0130spanya\u2019n\u0131n T\u00fcrkiye\u2019de bulunan en yetkili temsilcili\u011fidir. T\u00fcrkiye ve \u0130spanya aras\u0131ndaki ba\u011flar\u0131 geli\u015ftirmek ama\u00e7lar\u0131 aras\u0131ndad\u0131r. Ankara\u2019da bulunan \u0130spanya Ankara B\u00fcy\u00fckel\u00e7ili\u011fi\u2019nin g\u00f6revleri a\u015fa\u011f\u0131da verilmi\u015ftir.<\/span><\/p>\r\n<ul>\r\n<li><span style=\"font-family: Roboto; font-size: 14px;\">\u0130spanya\u2019n\u0131n ve \u0130spanya vatanda\u015flar\u0131n\u0131n T\u00fcrkiye\u2019deki haklar\u0131n\u0131 T\u00fcrkiye hukukuna, \u0130spanya hukukuna ve uluslararas\u0131 hukuka ba\u011fl\u0131 olarak korumaktad\u0131r.<\/span><\/li>\r\n<li><span style=\"font-family: Roboto; font-size: 14px;\">Ankara\u2019da bulunan <strong>\u0130spanya B\u00fcy\u00fckel\u00e7ili\u011fi<\/strong>, T\u00fcrkiye ile \u0130spanya aras\u0131ndaki ili\u015fkileri ve m\u00fczakereleri y\u00fcr\u00fctmek ve y\u00f6netmektedir.<\/span><\/li>\r\n<li><span style=\"font-family: Roboto; font-size: 14px;\">Ankara\u2019daki \u0130spanya B\u00fcy\u00fckel\u00e7ili\u011fi, T\u00fcrkiye ile \u0130spanya aras\u0131ndaki dostluk ba\u011flar\u0131n\u0131n kurulmas\u0131n\u0131 sa\u011flamaktad\u0131r. Askeri, ekonomik, siyasi, k\u00fclt\u00fcrel, bilimsel ili\u015fkilerin geli\u015ftirilmesinde \u00f6nemli rol oynamaktad\u0131r.<\/span><\/li>\r\n<li><span style=\"font-family: Roboto; font-size: 14px;\"><strong>\u0130spanya Ankara B\u00fcy\u00fckel\u00e7ili\u011fi,<\/strong> T\u00fcrkiye\u2019deki geli\u015fmeleri yak\u0131ndan takip ederek, \u0130spanya kamuoyunu bilgilendirmektedir. T\u00fcrk kamuoyunu ise \u0130spanya g\u00fcndemi hakk\u0131nda bilgilendirmektedir.<\/span><\/li>\r\n<li><span style=\"font-family: Roboto; font-size: 14px;\">T\u00fcrkiye\u2019de bulunan \u0130spanya vatanda\u015flar\u0131na konsolosluk ve noter hizmeti vermektedir.<\/span><\/li>\r\n<li><span style=\"font-family: Roboto; font-size: 14px;\">\u0130spanya\u2019ya seyahat etmek isteyen\u00a0T\u00fcrkiye cumhuriyeti vatanda\u015flar\u0131na \u0130spanya vize hizmeti vermektedir.\u00a0<\/span><\/li>\r\n<\/ul>\r\n<p><img decoding=\"async\" src=\"https:\/\/www.myvize.com.tr\/ispanya\/wp-content\/uploads\/2021\/10\/46.jpg\" \/><\/p>\r\n<h3><span style=\"font-family: Roboto; font-size: 24px;\"><strong>\u0130spanya Ankara B\u00fcy\u00fckel\u00e7ili\u011fi Adres ve \u00c7al\u0131\u015fma Saatleri<\/strong><\/span><\/h3>\r\n<p><span style=\"font-family: Roboto; font-size: 14px;\">Adres: \u00c7ankaya Mahallesi, Prof. Dr Aziz Sancar Caddesi, No. 8, PK: 06680 \u00c7ankaya\/Ankara<\/span><\/p>\r\n<p><span style=\"font-family: Roboto; font-size: 14px;\">\u00c7al\u0131\u015fma Saati: Pazartesi ve Cuma g\u00fcnleri aras\u0131nda saat 10.00 ile 13.00 aras\u0131nda \u00e7al\u0131\u015fmaktad\u0131r.<\/span><\/p>\r\n<h2><strong><span style=\"font-family: Roboto; font-size: 24px;\">\u0130spanya Ankara B\u00fcy\u00fckel\u00e7ili\u011fi Ula\u015f\u0131m<\/span><\/strong><\/h2>\r\n<p><span style=\"font-family: Roboto; font-size: 14px;\">Ankara ve \u00e7evresinde bulunan T\u00fcrk vatanda\u015flar\u0131; \u0130spanya konsolosluk i\u015flemlerini<strong> \u0130spanya Ankara B\u00fcy\u00fckel\u00e7ili\u011fine<\/strong> yapmal\u0131d\u0131r. <strong>\u0130spanya Ankara B\u00fcy\u00fckel\u00e7ili\u011fi<\/strong>\u2019nin g\u00f6rev b\u00f6lgesi i\u00e7erisinde; Ankara ba\u015fta olmak \u00fczere Adana, Afyonkarahisar, Ad\u0131yaman, Aksaray, A\u011fr\u0131, Ardahan, Amasya, Bayburt, Batman, Bitlis, Bing\u00f6l, \u00c7orum, \u00c7ank\u0131r\u0131, Elaz\u0131\u011f, Diyarbak\u0131r, Eski\u015fehir, Erzincan, G\u00fcm\u00fc\u015fhane, Gaziantep, Hatay, I\u011fd\u0131r, Hakkari, Karaman, Kahramanmara\u015f, Kars, Karaman, Kayseri, K\u0131r\u0131kkale, Kilis, Konya, K\u0131r\u015fehir, K\u00fctahya, Konya, Mersin, Mardin, Malatya, Nev\u015fehir. Ni\u011fde, Mu\u015f, \u015eanl\u0131urfa, Osmaniye, \u015e\u0131rnak, Sivas, Siirt, Tunceli, Tokat, U\u015fak ve Van illeri bulunmaktad\u0131r.<\/span><\/p>\r\n<p><span style=\"font-family: Roboto; font-size: 14px;\">Adres:<strong>\u00a0<\/strong>\u00c7ankaya Mahallesi, Prof. Dr Aziz Sancar Caddesi, No. 8, Daire: 8, PK: 06680 \u00c7ankaya\/Ankara<\/span><\/p>\r\n<p><span style=\"font-family: Roboto; font-size: 14px;\">Ankara B\u00fcy\u00fck\u015fehir Belediyesi\u2019ne ba\u011fl\u0131 olan ve ula\u015f\u0131m hizmeti veren EGO \u00c7ankaya Mahallesi yak\u0131nlar\u0131ndan ge\u00e7mektedir.<\/span><\/p>\r\n<p><span style=\"font-family: Roboto; font-size: 14px;\">\u00c7ankaya i\u00e7erisinde \u00c7ankaya Mahallesi i\u00e7erisinden ge\u00e7en otob\u00fcs hatlar\u0131 \u015fu \u015fekildedir;<\/span><\/p>\r\n<table cellspacing=\"0\">\r\n<tbody>\r\n<tr>\r\n<td>\r\n<p><span style=\"font-family: Roboto; font-size: 14px;\"><strong>Hat Ad\u0131<\/strong><\/span><\/p>\r\n<\/td>\r\n<td>\r\n<p><span style=\"font-family: Roboto; font-size: 14px;\"><strong>Y\u00f6n<\/strong><\/span><\/p>\r\n<\/td>\r\n<\/tr>\r\n<tr>\r\n<td>\r\n<p><span style=\"font-family: Roboto; font-size: 14px;\">190<\/span><\/p>\r\n<\/td>\r\n<td>\r\n<p><span style=\"font-family: Roboto; font-size: 14px;\">K\u0131z\u0131lay- Ye\u015filkent Mahallesi-Karata\u015f Mahallesi<\/span><\/p>\r\n<\/td>\r\n<\/tr>\r\n<tr>\r\n<td>\r\n<p><span style=\"font-family: Roboto; font-size: 14px;\">407<\/span><\/p>\r\n<\/td>\r\n<td>\r\n<p><span style=\"font-family: Roboto; font-size: 14px;\">S\u0131hh\u0131ye- Atakule- \u00c7ankaya<\/span><\/p>\r\n<\/td>\r\n<\/tr>\r\n<tr>\r\n<td>\r\n<p><span style=\"font-family: Roboto; font-size: 14px;\">408<\/span><\/p>\r\n<\/td>\r\n<td>\r\n<p><span style=\"font-family: Roboto; font-size: 14px;\">G\u00fclp\u0131nar- G\u00fcne\u015fevler- Atakule<\/span><\/p>\r\n<\/td>\r\n<\/tr>\r\n<tr>\r\n<td>\r\n<p><span style=\"font-family: Roboto; font-size: 14px;\">135-2<\/span><\/p>\r\n<\/td>\r\n<td>\r\n<p><span style=\"font-family: Roboto; font-size: 14px;\">Ulus- Oran Sitesi<\/span><\/p>\r\n<\/td>\r\n<\/tr>\r\n<tr>\r\n<td>\r\n<p><span style=\"font-family: Roboto; font-size: 14px;\">185-2<\/span><\/p>\r\n<\/td>\r\n<td>\r\n<p><span style=\"font-family: Roboto; font-size: 14px;\">Ulus- Oran Sitesi<\/span><\/p>\r\n<\/td>\r\n<\/tr>\r\n<tr>\r\n<td>\r\n<p><span style=\"font-family: Roboto; font-size: 14px;\">185-7<\/span><\/p>\r\n<\/td>\r\n<td>\r\n<p><span style=\"font-family: Roboto; font-size: 14px;\">Oran Sitesi- G\u00fcne\u015fevler<\/span><\/p>\r\n<\/td>\r\n<\/tr>\r\n<tr>\r\n<td>\r\n<p><span style=\"font-family: Roboto; font-size: 14px;\">413-7<\/span><\/p>\r\n<\/td>\r\n<td>\r\n<p><span style=\"font-family: Roboto; font-size: 14px;\">Alt\u0131npark- \u00c7ankaya<\/span><\/p>\r\n<\/td>\r\n<\/tr>\r\n<tr>\r\n<td>\r\n<p><span style=\"font-family: Roboto; font-size: 14px;\">440-5<\/span><\/p>\r\n<\/td>\r\n<td>\r\n<p><span style=\"font-family: Roboto; font-size: 14px;\">Pursaklar- \u00c7ankaya<\/span><\/p>\r\n<\/td>\r\n<\/tr>\r\n<tr>\r\n<td>\r\n<p><span style=\"font-family: Roboto; font-size: 14px;\">135-1<\/span><\/p>\r\n<\/td>\r\n<td>\r\n<p><span style=\"font-family: Roboto; font-size: 14px;\">Oran Sitesi- Ulus<\/span><\/p>\r\n<\/td>\r\n<\/tr>\r\n<tr>\r\n<td>\r\n<p><span style=\"font-family: Roboto; font-size: 14px;\">185- 1<\/span><\/p>\r\n<\/td>\r\n<td>\r\n<p><span style=\"font-family: Roboto; font-size: 14px;\">Oran Sitesi- Ulus<\/span><\/p>\r\n<\/td>\r\n<\/tr>\r\n<tr>\r\n<td>\r\n<p><span style=\"font-family: Roboto; font-size: 14px;\">173-1<\/span><\/p>\r\n<\/td>\r\n<td>\r\n<p><span style=\"font-family: Roboto; font-size: 14px;\">Oran Sitesi- Hilal Mahallesi- Ho\u015fdere Caddesi- Ulus<\/span><\/p>\r\n<\/td>\r\n<\/tr>\r\n<\/tbody>\r\n<\/table>\r\n<ul>\r\n<li><span style=\"font-family: Roboto; font-size: 14px;\">\u0130spanya Ankara B\u00fcy\u00fckel\u00e7ili\u011fi\u2019nin bulundu\u011fu Dr. Aziz Sancar Caddesi yak\u0131nlar\u0131ndan M1- M2- M3 Metro hatlar\u0131 ge\u00e7mektedir.<\/span><\/li>\r\n<\/ul>\r\n<p><span style=\"font-family: Roboto;\"><\/span><\/p>","protected":false},"excerpt":{"rendered":"<p>\u0130spanya Ankara Konsoloslu\u011fu, T\u00fcrkiye\u2019de\u00a0ya\u015fay\u0131p \u00e7al\u0131\u015fan \u0130spanyol vatanda\u015flar\u0131n\u0131n sosyal oldu\u011fu gibi hukuki haklar\u0131n\u0131n da koruyan resmi bir kurumdur. Elbette ki bu durum \u0130spanya\u2019da ya\u015fayan T\u00fcrk vatanda\u015flar\u0131n\u0131 da kapsamaktad\u0131r.\u00a0\u0130spanya\u00a0konsoloslu\u011fu vize ba\u015fvurular\u0131 hem T\u00fcrkler hem de \u0130spanyollar taraf\u0131ndan sa\u011flanmaktad\u0131r. Her \u00e7e\u015fit vize ba\u015fvurusunun yap\u0131ld\u0131\u011f\u0131 konsolosluklar ayr\u0131ca onaylama ve ret etme yetkisini de elinde bulundurmaktad\u0131r. Vize ba\u015fvurular\u0131 yan\u0131 s\u0131ra<\/p>\n","protected":false},"author":1,"featured_media":0,"parent":69,"menu_order":0,"comment_status":"open","ping_status":"closed","template":"","meta":{"footnotes":""},"class_list":["post-72","page","type-page","status-publish","hentry"],"yoast_head":"<!-- This site is optimized with the Yoast SEO plugin v24.0 - https:\/\/yoast.com\/wordpress\/plugins\/seo\/ -->\n<title>\u0130spanya Ankara B\u00fcy\u00fckel\u00e7ili\u011fi Vize \u0130\u015flemleri - MyVize<\/title>\n<meta name=\"description\" content=\"\u0130spanya B\u00fcy\u00fckel\u00e7ili\u011fi Ankara \u00e7al\u0131\u015fma saatleri. \u0130spanya B\u00fcy\u00fckel\u00e7ili\u011fi Ankara ula\u015f\u0131m, ileti\u015fim bilgileri ve faaliyet alan\u0131.\" \/>\n<meta name=\"robots\" content=\"index, follow, max-snippet:-1, max-image-preview:large, max-video-preview:-1\" \/>\n<link rel=\"canonical\" href=\"https:\/\/www.myvize.com.tr\/ispanya\/konsolosluklar\/ankara-buyukelciligi\/\" \/>\n<meta property=\"og:locale\" content=\"tr_TR\" \/>\n<meta property=\"og:type\" content=\"article\" \/>\n<meta property=\"og:title\" content=\"\u0130spanya Ankara B\u00fcy\u00fckel\u00e7ili\u011fi Vize \u0130\u015flemleri - MyVize\" \/>\n<meta property=\"og:description\" content=\"\u0130spanya B\u00fcy\u00fckel\u00e7ili\u011fi Ankara \u00e7al\u0131\u015fma saatleri. \u0130spanya B\u00fcy\u00fckel\u00e7ili\u011fi Ankara ula\u015f\u0131m, ileti\u015fim bilgileri ve faaliyet alan\u0131.\" \/>\n<meta property=\"og:url\" content=\"https:\/\/www.myvize.com.tr\/ispanya\/konsolosluklar\/ankara-buyukelciligi\/\" \/>\n<meta property=\"og:site_name\" content=\"\u0130spanya Vizesi\" \/>\n<meta property=\"article:modified_time\" content=\"2022-04-12T10:46:28+00:00\" \/>\n<meta property=\"og:image\" content=\"https:\/\/www.myvize.com.tr\/ispanya\/wp-content\/uploads\/2021\/10\/45.jpg\" \/>\n<meta name=\"twitter:card\" content=\"summary_large_image\" \/>\n<meta name=\"twitter:label1\" content=\"Tahmini okuma s\u00fcresi\" \/>\n\t<meta name=\"twitter:data1\" content=\"4 dakika\" \/>\n<script type=\"application\/ld+json\" class=\"yoast-schema-graph\">{\"@context\":\"https:\/\/schema.org\",\"@graph\":[{\"@type\":\"WebPage\",\"@id\":\"https:\/\/www.myvize.com.tr\/ispanya\/konsolosluklar\/ankara-buyukelciligi\/\",\"url\":\"https:\/\/www.myvize.com.tr\/ispanya\/konsolosluklar\/ankara-buyukelciligi\/\",\"name\":\"\u0130spanya Ankara B\u00fcy\u00fckel\u00e7ili\u011fi Vize \u0130\u015flemleri - MyVize\",\"isPartOf\":{\"@id\":\"https:\/\/www.myvize.com.tr\/ispanya\/#website\"},\"primaryImageOfPage\":{\"@id\":\"https:\/\/www.myvize.com.tr\/ispanya\/konsolosluklar\/ankara-buyukelciligi\/#primaryimage\"},\"image\":{\"@id\":\"https:\/\/www.myvize.com.tr\/ispanya\/konsolosluklar\/ankara-buyukelciligi\/#primaryimage\"},\"thumbnailUrl\":\"https:\/\/www.myvize.com.tr\/ispanya\/wp-content\/uploads\/2021\/10\/45.jpg\",\"datePublished\":\"2020-11-30T09:59:09+00:00\",\"dateModified\":\"2022-04-12T10:46:28+00:00\",\"description\":\"\u0130spanya B\u00fcy\u00fckel\u00e7ili\u011fi Ankara \u00e7al\u0131\u015fma saatleri. \u0130spanya B\u00fcy\u00fckel\u00e7ili\u011fi Ankara ula\u015f\u0131m, ileti\u015fim bilgileri ve faaliyet alan\u0131.\",\"breadcrumb\":{\"@id\":\"https:\/\/www.myvize.com.tr\/ispanya\/konsolosluklar\/ankara-buyukelciligi\/#breadcrumb\"},\"inLanguage\":\"tr\",\"potentialAction\":[{\"@type\":\"ReadAction\",\"target\":[\"https:\/\/www.myvize.com.tr\/ispanya\/konsolosluklar\/ankara-buyukelciligi\/\"]}]},{\"@type\":\"ImageObject\",\"inLanguage\":\"tr\",\"@id\":\"https:\/\/www.myvize.com.tr\/ispanya\/konsolosluklar\/ankara-buyukelciligi\/#primaryimage\",\"url\":\"https:\/\/www.myvize.com.tr\/ispanya\/wp-content\/uploads\/2021\/10\/45.jpg\",\"contentUrl\":\"https:\/\/www.myvize.com.tr\/ispanya\/wp-content\/uploads\/2021\/10\/45.jpg\",\"width\":800,\"height\":500,\"caption\":\"\u0130spanya Ankara B\u00fcy\u00fckel\u00e7ili\u011fi\"},{\"@type\":\"BreadcrumbList\",\"@id\":\"https:\/\/www.myvize.com.tr\/ispanya\/konsolosluklar\/ankara-buyukelciligi\/#breadcrumb\",\"itemListElement\":[{\"@type\":\"ListItem\",\"position\":1,\"name\":\"Anasayfa\",\"item\":\"https:\/\/www.myvize.com.tr\/ispanya\/\"},{\"@type\":\"ListItem\",\"position\":2,\"name\":\"KONSOLOSLUKLAR\",\"item\":\"https:\/\/www.myvize.com.tr\/ispanya\/konsolosluklar\/\"},{\"@type\":\"ListItem\",\"position\":3,\"name\":\"\u0130spanya Ankara B\u00fcy\u00fckel\u00e7ili\u011fi\"}]},{\"@type\":\"WebSite\",\"@id\":\"https:\/\/www.myvize.com.tr\/ispanya\/#website\",\"url\":\"https:\/\/www.myvize.com.tr\/ispanya\/\",\"name\":\"\u0130spanya Vizesi\",\"description\":\"\",\"potentialAction\":[{\"@type\":\"SearchAction\",\"target\":{\"@type\":\"EntryPoint\",\"urlTemplate\":\"https:\/\/www.myvize.com.tr\/ispanya\/?s={search_term_string}\"},\"query-input\":{\"@type\":\"PropertyValueSpecification\",\"valueRequired\":true,\"valueName\":\"search_term_string\"}}],\"inLanguage\":\"tr\"}]}<\/script>\n<!-- \/ Yoast SEO plugin. -->","yoast_head_json":{"title":"\u0130spanya Ankara B\u00fcy\u00fckel\u00e7ili\u011fi Vize \u0130\u015flemleri - MyVize","description":"\u0130spanya B\u00fcy\u00fckel\u00e7ili\u011fi Ankara \u00e7al\u0131\u015fma saatleri. \u0130spanya B\u00fcy\u00fckel\u00e7ili\u011fi Ankara ula\u015f\u0131m, ileti\u015fim bilgileri ve faaliyet alan\u0131.","robots":{"index":"index","follow":"follow","max-snippet":"max-snippet:-1","max-image-preview":"max-image-preview:large","max-video-preview":"max-video-preview:-1"},"canonical":"https:\/\/www.myvize.com.tr\/ispanya\/konsolosluklar\/ankara-buyukelciligi\/","og_locale":"tr_TR","og_type":"article","og_title":"\u0130spanya Ankara B\u00fcy\u00fckel\u00e7ili\u011fi Vize \u0130\u015flemleri - MyVize","og_description":"\u0130spanya B\u00fcy\u00fckel\u00e7ili\u011fi Ankara \u00e7al\u0131\u015fma saatleri. \u0130spanya B\u00fcy\u00fckel\u00e7ili\u011fi Ankara ula\u015f\u0131m, ileti\u015fim bilgileri ve faaliyet alan\u0131.","og_url":"https:\/\/www.myvize.com.tr\/ispanya\/konsolosluklar\/ankara-buyukelciligi\/","og_site_name":"\u0130spanya Vizesi","article_modified_time":"2022-04-12T10:46:28+00:00","og_image":[{"url":"https:\/\/www.myvize.com.tr\/ispanya\/wp-content\/uploads\/2021\/10\/45.jpg","type":"","width":"","height":""}],"twitter_card":"summary_large_image","twitter_misc":{"Tahmini okuma s\u00fcresi":"4 dakika"},"schema":{"@context":"https:\/\/schema.org","@graph":[{"@type":"WebPage","@id":"https:\/\/www.myvize.com.tr\/ispanya\/konsolosluklar\/ankara-buyukelciligi\/","url":"https:\/\/www.myvize.com.tr\/ispanya\/konsolosluklar\/ankara-buyukelciligi\/","name":"\u0130spanya Ankara B\u00fcy\u00fckel\u00e7ili\u011fi Vize \u0130\u015flemleri - MyVize","isPartOf":{"@id":"https:\/\/www.myvize.com.tr\/ispanya\/#website"},"primaryImageOfPage":{"@id":"https:\/\/www.myvize.com.tr\/ispanya\/konsolosluklar\/ankara-buyukelciligi\/#primaryimage"},"image":{"@id":"https:\/\/www.myvize.com.tr\/ispanya\/konsolosluklar\/ankara-buyukelciligi\/#primaryimage"},"thumbnailUrl":"https:\/\/www.myvize.com.tr\/ispanya\/wp-content\/uploads\/2021\/10\/45.jpg","datePublished":"2020-11-30T09:59:09+00:00","dateModified":"2022-04-12T10:46:28+00:00","description":"\u0130spanya B\u00fcy\u00fckel\u00e7ili\u011fi Ankara \u00e7al\u0131\u015fma saatleri. \u0130spanya B\u00fcy\u00fckel\u00e7ili\u011fi Ankara ula\u015f\u0131m, ileti\u015fim bilgileri ve faaliyet alan\u0131.","breadcrumb":{"@id":"https:\/\/www.myvize.com.tr\/ispanya\/konsolosluklar\/ankara-buyukelciligi\/#breadcrumb"},"inLanguage":"tr","potentialAction":[{"@type":"ReadAction","target":["https:\/\/www.myvize.com.tr\/ispanya\/konsolosluklar\/ankara-buyukelciligi\/"]}]},{"@type":"ImageObject","inLanguage":"tr","@id":"https:\/\/www.myvize.com.tr\/ispanya\/konsolosluklar\/ankara-buyukelciligi\/#primaryimage","url":"https:\/\/www.myvize.com.tr\/ispanya\/wp-content\/uploads\/2021\/10\/45.jpg","contentUrl":"https:\/\/www.myvize.com.tr\/ispanya\/wp-content\/uploads\/2021\/10\/45.jpg","width":800,"height":500,"caption":"\u0130spanya Ankara B\u00fcy\u00fckel\u00e7ili\u011fi"},{"@type":"BreadcrumbList","@id":"https:\/\/www.myvize.com.tr\/ispanya\/konsolosluklar\/ankara-buyukelciligi\/#breadcrumb","itemListElement":[{"@type":"ListItem","position":1,"name":"Anasayfa","item":"https:\/\/www.myvize.com.tr\/ispanya\/"},{"@type":"ListItem","position":2,"name":"KONSOLOSLUKLAR","item":"https:\/\/www.myvize.com.tr\/ispanya\/konsolosluklar\/"},{"@type":"ListItem","position":3,"name":"\u0130spanya Ankara B\u00fcy\u00fckel\u00e7ili\u011fi"}]},{"@type":"WebSite","@id":"https:\/\/www.myvize.com.tr\/ispanya\/#website","url":"https:\/\/www.myvize.com.tr\/ispanya\/","name":"\u0130spanya Vizesi","description":"","potentialAction":[{"@type":"SearchAction","target":{"@type":"EntryPoint","urlTemplate":"https:\/\/www.myvize.com.tr\/ispanya\/?s={search_term_string}"},"query-input":{"@type":"PropertyValueSpecification","valueRequired":true,"valueName":"search_term_string"}}],"inLanguage":"tr"}]}},"_links":{"self":[{"href":"https:\/\/www.myvize.com.tr\/ispanya\/wp-json\/wp\/v2\/pages\/72","targetHints":{"allow":["GET"]}}],"collection":[{"href":"https:\/\/www.myvize.com.tr\/ispanya\/wp-json\/wp\/v2\/pages"}],"about":[{"href":"https:\/\/www.myvize.com.tr\/ispanya\/wp-json\/wp\/v2\/types\/page"}],"author":[{"embeddable":true,"href":"https:\/\/www.myvize.com.tr\/ispanya\/wp-json\/wp\/v2\/users\/1"}],"replies":[{"embeddable":true,"href":"https:\/\/www.myvize.com.tr\/ispanya\/wp-json\/wp\/v2\/comments?post=72"}],"version-history":[{"count":6,"href":"https:\/\/www.myvize.com.tr\/ispanya\/wp-json\/wp\/v2\/pages\/72\/revisions"}],"predecessor-version":[{"id":966,"href":"https:\/\/www.myvize.com.tr\/ispanya\/wp-json\/wp\/v2\/pages\/72\/revisions\/966"}],"up":[{"embeddable":true,"href":"https:\/\/www.myvize.com.tr\/ispanya\/wp-json\/wp\/v2\/pages\/69"}],"wp:attachment":[{"href":"https:\/\/www.myvize.com.tr\/ispanya\/wp-json\/wp\/v2\/media?parent=72"}],"curies":[{"name":"wp","href":"https:\/\/api.w.org\/{rel}","templated":true}]}}