{"id":90,"date":"2020-11-30T13:06:29","date_gmt":"2020-11-30T10:06:29","guid":{"rendered":"https:\/\/www.myvize.com.tr\/ispanya\/?page_id=90"},"modified":"2022-04-12T14:27:14","modified_gmt":"2022-04-12T11:27:14","slug":"gaziantep-fahri-konsoloslugu","status":"publish","type":"page","link":"https:\/\/www.myvize.com.tr\/ispanya\/konsolosluklar\/gaziantep-fahri-konsoloslugu\/","title":{"rendered":"\u0130spanya Gaziantep Fahri Konsoloslu\u011fu"},"content":{"rendered":"<h2><span style=\"font-family: Roboto; font-size: 27px;\">\u0130spanya Gaziantep Konsoloslu\u011fu<\/span><\/h2>\n<p><span style=\"font-family: Roboto; font-size: 14px;\"><strong>\u0130spanya Gaziantep Fahri Konsoloslu\u011fu<\/strong>, T\u00fcrkiye\u2019de bulunan \u0130spanya Fahri Konsoloslu\u011fundan birisidir. \u0130spanya Gaziantep Fahri Konsoloslu\u011fu, <span style=\"color: #2acec2;\"><strong><a style=\"color: #2acec2;\" href=\"https:\/\/www.myvize.com.tr\/ispanya\/subelerimiz\/gaziantep\/\" target=\"_blank\" rel=\"noopener\">Gaziantep<\/a><\/strong><\/span> ve \u00e7evresinde \u00e7al\u0131\u015fmalar y\u00fcr\u00fctmektedir. <strong>\u0130spanya Gaziantep Fahri Konsoloslu\u011fu<\/strong> yetki ve g\u00f6revleri a\u015fa\u011f\u0131da verilmi\u015ftir.<\/span><\/p>\n<ul>\n<li><span style=\"font-family: Roboto; font-size: 14px;\"><strong>\u0130spanya Gaziantep Fahri Konsoloslu\u011fu<\/strong>, Ankara\u2019da bulunan \u0130spanya B\u00fcy\u00fckel\u00e7ili\u011fi\u2019ne ba\u011fl\u0131 olarak Gaziantep ve \u00e7evresinde faaliyet g\u00f6stermektedir.<\/span><\/li>\n<li><span style=\"font-family: Roboto; font-size: 14px;\">\u0130spanya Gaziantep Fahri Konsoloslu\u011fu\u2019na diplomatik bir temsilcilik verilmemi\u015ftir.<\/span><\/li>\n<li><span style=\"font-family: Roboto; font-size: 14px;\"><strong>\u0130spanya Gaziantep Fahri Konsoloslu\u011fu<\/strong>, ticari ama\u00e7l\u0131 kurulmu\u015f bir temsilciliktir.<\/span><\/li>\n<li><span style=\"font-family: Roboto; font-size: 14px;\">Gaziantep ve \u00e7evresinde \u0130spanya k\u00fclt\u00fcr\u00fcn\u00fc tan\u0131tmay\u0131 ama\u00e7lamaktad\u0131r.<\/span><\/li>\n<li><span style=\"font-family: Roboto; font-size: 14px;\"><strong>\u0130spanya Gaziantep Fahri Konsoloslu\u011fu<\/strong>, Gaziantep ve \u00e7evresinde i\u015f kurmu\u015f olan ve ticaret yapan \u0130spanya vatanda\u015flar\u0131na destek olmaktad\u0131r.<\/span><\/li>\n<li><span style=\"font-family: Roboto; font-size: 14px;\">\u0130spanya Gaziantep Fahri Konsoloslu\u011fu\u2019na diplomatik yetki verilmedi\u011finden dolay\u0131 \u0130spanya vatanda\u015flar\u0131na sadece belge tasdiki hizmeti vermektedir. \u0130spanya Gaziantep Fahri Konsoloslu\u011fu vize hizmeti de vermemektedir.<\/span><\/li>\n<\/ul>\n<h2><span style=\"font-family: Roboto; font-size: 27px;\"><strong>\u0130spanya Gaziantep Fahri Konsoloslu\u011fu \u00e7al\u0131\u015fma saatleri<\/strong><\/span><\/h2>\n<p><span style=\"font-family: Roboto; font-size: 14px;\"><strong>\u0130spanya Gaziantep Fahri Konsoloslu\u011fu,<\/strong> hafta i\u00e7i saat 08.30 ile 16.30 aras\u0131nda hizmet vermektedir. T\u00fcrkiye Cumhuriyeti ve \u0130spanya Devleti resmi tatillerinde hizmet vermemektedir. \u00a0<\/span><\/p>\n<h2><span style=\"font-family: Roboto; font-size: 26px;\"><strong>\u0130spanya Gaziantep Fahri Konsoloslu\u011fu Adresi<\/strong><\/span><\/h2>\n<p><span style=\"font-family: Roboto; font-size: 14px;\">Adres: \u0130ncilip\u0131nar Mahallesi, Ni\u015fanta\u015f\u0131 Sokak, No: 51, Daire: 1, \u015eehitkamil\/Gaziantep<\/span><\/p>\n<p><span style=\"font-family: Roboto; font-size: 14px;\"><span style=\"color: #2acec2;\"><strong><a style=\"color: #2acec2;\" href=\"https:\/\/www.myvize.com.tr\/ispanya\/vize-islemleri\/ispanya-vize-randevusu-2\/\" target=\"_blank\" rel=\"noopener\">\u0130spanya Vize Randevusu<\/a><\/strong><\/span> ile ilgili bilgi almak i\u00e7in bizi aray\u0131n.<\/span><\/p>\n<h3><span style=\"font-family: Roboto; font-size: 24px;\"><strong>Gaziantep Fahri Konsoloslu\u011fu Ula\u015f\u0131m<\/strong><\/span><\/h3>\n<p><span style=\"font-family: Roboto; font-size: 14px;\">Gaziantep ve \u00e7evresinde bulunan T\u00fcrk vatanda\u015flar\u0131; \u0130spanya konsolosluk i\u015flemlerini <strong>\u0130spanya Gaziantep Fahri Konsoloslu\u011fu<\/strong>\u2019na yapmal\u0131d\u0131r. \u0130spanya Gaziantep Fahri Konsoloslu\u011fu\u2019nun g\u00f6rev b\u00f6lgesi i\u00e7erisinde; Gaziantep ba\u015fta olmak \u00fczere \u015eanl\u0131urfa, Osmaniye, Kilis, Hatay ve Adana illeri bulunmaktad\u0131r.<\/span><\/p>\n<p><span style=\"font-family: Roboto; font-size: 14px;\">Adres:<strong>\u00a0<\/strong>\u00a0\u0130ncilip\u0131nar Mahallesi, 451. Sokak, No: 43, Daire: 3, \u015eehitkamil\/Gaziantep<\/span><\/p>\n<p><span style=\"font-family: Roboto; font-size: 14px;\">Mu\u011fla B\u00fcy\u00fck\u015fehir Belediyesi\u2019ne ba\u011fl\u0131 olan ve ula\u015f\u0131m hizmeti veren Gazi Ula\u015f\u2019\u0131n baz\u0131 hatlar\u0131 \u0130ncilip\u0131nar Mahallesi yak\u0131nlar\u0131ndan ge\u00e7mektedir.<\/span><\/p>\n<p><span style=\"font-family: Roboto; font-size: 14px;\">Gaziantep\u2019te bulunan \u0130spanya Gaziantep Fahri Konsoloslu\u011fu\u2019nun bulundu\u011fu \u0130ncilip\u0131nar Mahallesi<strong>\u00a0<\/strong>yak\u0131nlar\u0131ndan ge\u00e7en otob\u00fcs hatlar\u0131 \u015fu \u015fekildedir;<\/span><\/p>\n<table cellspacing=\"0\">\n<tbody>\n<tr>\n<td><span style=\"font-family: Roboto; font-size: 14px;\"><strong>Hat Ad\u0131<\/strong><\/span><\/td>\n<td><span style=\"font-family: Roboto; font-size: 14px;\"><strong>Y\u00f6n\u00fc<\/strong><\/span><\/td>\n<\/tr>\n<tr>\n<td><span style=\"font-family: Roboto; font-size: 14px;\">320<\/span><\/td>\n<td><span style=\"font-family: Roboto; font-size: 14px;\">\u00dcniversite<\/span><\/td>\n<\/tr>\n<tr>\n<td><span style=\"font-family: Roboto; font-size: 14px;\">130<\/span><\/td>\n<td><span style=\"font-family: Roboto; font-size: 14px;\">Teleferik- \u00c7\u0131nar- Servergazi Hastanesi<\/span><\/td>\n<\/tr>\n<tr>\n<td><span style=\"font-family: Roboto; font-size: 14px;\">140<\/span><\/td>\n<td><span style=\"font-family: Roboto; font-size: 14px;\">Ba\u011fba\u015f\u0131- \u00c7\u0131nar- \u00c7akmak<\/span><\/td>\n<\/tr>\n<tr>\n<td><span style=\"font-family: Roboto; font-size: 14px;\">160<\/span><\/td>\n<td><span style=\"font-family: Roboto; font-size: 14px;\">S\u00fcmer Kav\u015fa\u011f\u0131- Kay\u0131han<\/span><\/td>\n<\/tr>\n<tr>\n<td><span style=\"font-family: Roboto; font-size: 14px;\">170<\/span><\/td>\n<td><span style=\"font-family: Roboto; font-size: 14px;\">Otogar- Sokak Hayvanlar\u0131 Klini\u011fi<\/span><\/td>\n<\/tr>\n<tr>\n<td><span style=\"font-family: Roboto; font-size: 14px;\">190<\/span><\/td>\n<td><span style=\"font-family: Roboto; font-size: 14px;\">Karahasanl\u0131- \u00c7\u0131nar- Yeniyol<\/span><\/td>\n<\/tr>\n<tr>\n<td><span style=\"font-family: Roboto; font-size: 14px;\">191<\/span><\/td>\n<td><span style=\"font-family: Roboto; font-size: 14px;\">Otogar- Cankurtaran<\/span><\/td>\n<\/tr>\n<tr>\n<td><span style=\"font-family: Roboto; font-size: 14px;\">220<\/span><\/td>\n<td><span style=\"font-family: Roboto; font-size: 14px;\">TOK\u0130- \u00c7\u0131nar- Aktepe<\/span><\/td>\n<\/tr>\n<tr>\n<td><span style=\"font-family: Roboto; font-size: 14px;\">142<\/span><\/td>\n<td><span style=\"font-family: Roboto; font-size: 14px;\">Valilik<\/span><\/td>\n<\/tr>\n<tr>\n<td><span style=\"font-family: Roboto; font-size: 14px;\">120<\/span><\/td>\n<td><span style=\"font-family: Roboto; font-size: 14px;\">Kar\u015f\u0131yaka<\/span><\/td>\n<\/tr>\n<\/tbody>\n<\/table>\n<p><span style=\"font-family: Roboto; font-size: 14px;\">\u0130ncilip\u0131nar Mahallesine en yak\u0131n duraklar;<\/span><\/p>\n<ul>\n<li><span style=\"font-family: Roboto; font-size: 14px;\">\u0130ncilip\u0131nar Y\u00fczme Havuzu- \u0130ncilip\u0131nar Mahallesi\u2019ne 300 metre uzakl\u0131kta- 4 dakika y\u00fcr\u00fcme mesafesi<\/span><\/li>\n<li><span style=\"font-family: Roboto; font-size: 14px;\">Ulus Caddesi T\u00fcrk Telekom- \u0130ncilip\u0131nar Mahallesi\u2019ne 400 metre uzakl\u0131kta- 5 dakika y\u00fcr\u00fcme mesafesi<\/span><\/li>\n<li><span style=\"font-family: Roboto; font-size: 14px;\">Ulus Kav\u015fa\u011f\u0131- \u0130ncilip\u0131nar Mahallesi\u2019ne 650 metre uzakl\u0131kta- 9 dakika y\u00fcr\u00fcme mesafesi<\/span><\/li>\n<li><span style=\"font-family: Roboto; font-size: 14px;\">Lunapark- \u0130ncilip\u0131nar Mahallesi\u2019ne 1000 metre uzakl\u0131kta- 13 dakika y\u00fcr\u00fcme mesafesi<\/span><\/li>\n<\/ul>\n<p><span style=\"font-family: Roboto; font-size: 14px;\"><span style=\"color: #2acec2;\"><strong><a style=\"color: #2acec2;\" href=\"https:\/\/www.myvize.com.tr\/ispanya\/form-ve-dilekce\/ispanya-vize-basvuru-formu\/\" target=\"_blank\" rel=\"noopener\">\u0130spanya Vize Ba\u015fvuru Formu<\/a><\/strong><\/span> ile ilgili bilgi almak i\u00e7in bizi aray\u0131n\u0131z.<\/span><\/p>\n","protected":false},"excerpt":{"rendered":"<p>\u0130spanya Gaziantep Konsoloslu\u011fu \u0130spanya Gaziantep Fahri Konsoloslu\u011fu, T\u00fcrkiye\u2019de bulunan \u0130spanya Fahri Konsoloslu\u011fundan birisidir. \u0130spanya Gaziantep Fahri Konsoloslu\u011fu, Gaziantep ve \u00e7evresinde \u00e7al\u0131\u015fmalar y\u00fcr\u00fctmektedir. \u0130spanya Gaziantep Fahri Konsoloslu\u011fu yetki ve g\u00f6revleri a\u015fa\u011f\u0131da verilmi\u015ftir. \u0130spanya Gaziantep Fahri Konsoloslu\u011fu, Ankara\u2019da bulunan \u0130spanya B\u00fcy\u00fckel\u00e7ili\u011fi\u2019ne ba\u011fl\u0131 olarak Gaziantep ve \u00e7evresinde faaliyet g\u00f6stermektedir. \u0130spanya Gaziantep Fahri Konsoloslu\u011fu\u2019na diplomatik bir temsilcilik verilmemi\u015ftir. \u0130spanya<\/p>\n","protected":false},"author":1,"featured_media":0,"parent":69,"menu_order":0,"comment_status":"open","ping_status":"closed","template":"","meta":{"footnotes":""},"class_list":["post-90","page","type-page","status-publish","hentry"],"yoast_head":"<!-- This site is optimized with the Yoast SEO plugin v24.0 - https:\/\/yoast.com\/wordpress\/plugins\/seo\/ -->\n<title>\u0130spanya Gaziantep Fahri Konsoloslu\u011fu - MyVize<\/title>\n<meta name=\"description\" content=\"\u0130spanya Gaziantep Fahri Konsoloslu\u011fu \u00e7al\u0131\u015fma saatleri. \u0130spanya Gaziantep Fahri Konsoloslu\u011fu ula\u015f\u0131m, ileti\u015fim bilgileri ve faaliyet alan\u0131.\" \/>\n<meta name=\"robots\" content=\"index, follow, max-snippet:-1, max-image-preview:large, max-video-preview:-1\" \/>\n<link rel=\"canonical\" href=\"https:\/\/www.myvize.com.tr\/ispanya\/konsolosluklar\/gaziantep-fahri-konsoloslugu\/\" \/>\n<meta property=\"og:locale\" content=\"tr_TR\" \/>\n<meta property=\"og:type\" content=\"article\" \/>\n<meta property=\"og:title\" content=\"\u0130spanya Gaziantep Fahri Konsoloslu\u011fu - MyVize\" \/>\n<meta property=\"og:description\" content=\"\u0130spanya Gaziantep Fahri Konsoloslu\u011fu \u00e7al\u0131\u015fma saatleri. \u0130spanya Gaziantep Fahri Konsoloslu\u011fu ula\u015f\u0131m, ileti\u015fim bilgileri ve faaliyet alan\u0131.\" \/>\n<meta property=\"og:url\" content=\"https:\/\/www.myvize.com.tr\/ispanya\/konsolosluklar\/gaziantep-fahri-konsoloslugu\/\" \/>\n<meta property=\"og:site_name\" content=\"\u0130spanya Vizesi\" \/>\n<meta property=\"article:modified_time\" content=\"2022-04-12T11:27:14+00:00\" \/>\n<meta name=\"twitter:card\" content=\"summary_large_image\" \/>\n<meta name=\"twitter:label1\" content=\"Tahmini okuma s\u00fcresi\" \/>\n\t<meta name=\"twitter:data1\" content=\"2 dakika\" \/>\n<script type=\"application\/ld+json\" class=\"yoast-schema-graph\">{\"@context\":\"https:\/\/schema.org\",\"@graph\":[{\"@type\":\"WebPage\",\"@id\":\"https:\/\/www.myvize.com.tr\/ispanya\/konsolosluklar\/gaziantep-fahri-konsoloslugu\/\",\"url\":\"https:\/\/www.myvize.com.tr\/ispanya\/konsolosluklar\/gaziantep-fahri-konsoloslugu\/\",\"name\":\"\u0130spanya Gaziantep Fahri Konsoloslu\u011fu - MyVize\",\"isPartOf\":{\"@id\":\"https:\/\/www.myvize.com.tr\/ispanya\/#website\"},\"datePublished\":\"2020-11-30T10:06:29+00:00\",\"dateModified\":\"2022-04-12T11:27:14+00:00\",\"description\":\"\u0130spanya Gaziantep Fahri Konsoloslu\u011fu \u00e7al\u0131\u015fma saatleri. \u0130spanya Gaziantep Fahri Konsoloslu\u011fu ula\u015f\u0131m, ileti\u015fim bilgileri ve faaliyet alan\u0131.\",\"breadcrumb\":{\"@id\":\"https:\/\/www.myvize.com.tr\/ispanya\/konsolosluklar\/gaziantep-fahri-konsoloslugu\/#breadcrumb\"},\"inLanguage\":\"tr\",\"potentialAction\":[{\"@type\":\"ReadAction\",\"target\":[\"https:\/\/www.myvize.com.tr\/ispanya\/konsolosluklar\/gaziantep-fahri-konsoloslugu\/\"]}]},{\"@type\":\"BreadcrumbList\",\"@id\":\"https:\/\/www.myvize.com.tr\/ispanya\/konsolosluklar\/gaziantep-fahri-konsoloslugu\/#breadcrumb\",\"itemListElement\":[{\"@type\":\"ListItem\",\"position\":1,\"name\":\"Anasayfa\",\"item\":\"https:\/\/www.myvize.com.tr\/ispanya\/\"},{\"@type\":\"ListItem\",\"position\":2,\"name\":\"KONSOLOSLUKLAR\",\"item\":\"https:\/\/www.myvize.com.tr\/ispanya\/konsolosluklar\/\"},{\"@type\":\"ListItem\",\"position\":3,\"name\":\"\u0130spanya Gaziantep Fahri Konsoloslu\u011fu\"}]},{\"@type\":\"WebSite\",\"@id\":\"https:\/\/www.myvize.com.tr\/ispanya\/#website\",\"url\":\"https:\/\/www.myvize.com.tr\/ispanya\/\",\"name\":\"\u0130spanya Vizesi\",\"description\":\"\",\"potentialAction\":[{\"@type\":\"SearchAction\",\"target\":{\"@type\":\"EntryPoint\",\"urlTemplate\":\"https:\/\/www.myvize.com.tr\/ispanya\/?s={search_term_string}\"},\"query-input\":{\"@type\":\"PropertyValueSpecification\",\"valueRequired\":true,\"valueName\":\"search_term_string\"}}],\"inLanguage\":\"tr\"}]}<\/script>\n<!-- \/ Yoast SEO plugin. -->","yoast_head_json":{"title":"\u0130spanya Gaziantep Fahri Konsoloslu\u011fu - MyVize","description":"\u0130spanya Gaziantep Fahri Konsoloslu\u011fu \u00e7al\u0131\u015fma saatleri. \u0130spanya Gaziantep Fahri Konsoloslu\u011fu ula\u015f\u0131m, ileti\u015fim bilgileri ve faaliyet alan\u0131.","robots":{"index":"index","follow":"follow","max-snippet":"max-snippet:-1","max-image-preview":"max-image-preview:large","max-video-preview":"max-video-preview:-1"},"canonical":"https:\/\/www.myvize.com.tr\/ispanya\/konsolosluklar\/gaziantep-fahri-konsoloslugu\/","og_locale":"tr_TR","og_type":"article","og_title":"\u0130spanya Gaziantep Fahri Konsoloslu\u011fu - MyVize","og_description":"\u0130spanya Gaziantep Fahri Konsoloslu\u011fu \u00e7al\u0131\u015fma saatleri. \u0130spanya Gaziantep Fahri Konsoloslu\u011fu ula\u015f\u0131m, ileti\u015fim bilgileri ve faaliyet alan\u0131.","og_url":"https:\/\/www.myvize.com.tr\/ispanya\/konsolosluklar\/gaziantep-fahri-konsoloslugu\/","og_site_name":"\u0130spanya Vizesi","article_modified_time":"2022-04-12T11:27:14+00:00","twitter_card":"summary_large_image","twitter_misc":{"Tahmini okuma s\u00fcresi":"2 dakika"},"schema":{"@context":"https:\/\/schema.org","@graph":[{"@type":"WebPage","@id":"https:\/\/www.myvize.com.tr\/ispanya\/konsolosluklar\/gaziantep-fahri-konsoloslugu\/","url":"https:\/\/www.myvize.com.tr\/ispanya\/konsolosluklar\/gaziantep-fahri-konsoloslugu\/","name":"\u0130spanya Gaziantep Fahri Konsoloslu\u011fu - MyVize","isPartOf":{"@id":"https:\/\/www.myvize.com.tr\/ispanya\/#website"},"datePublished":"2020-11-30T10:06:29+00:00","dateModified":"2022-04-12T11:27:14+00:00","description":"\u0130spanya Gaziantep Fahri Konsoloslu\u011fu \u00e7al\u0131\u015fma saatleri. \u0130spanya Gaziantep Fahri Konsoloslu\u011fu ula\u015f\u0131m, ileti\u015fim bilgileri ve faaliyet alan\u0131.","breadcrumb":{"@id":"https:\/\/www.myvize.com.tr\/ispanya\/konsolosluklar\/gaziantep-fahri-konsoloslugu\/#breadcrumb"},"inLanguage":"tr","potentialAction":[{"@type":"ReadAction","target":["https:\/\/www.myvize.com.tr\/ispanya\/konsolosluklar\/gaziantep-fahri-konsoloslugu\/"]}]},{"@type":"BreadcrumbList","@id":"https:\/\/www.myvize.com.tr\/ispanya\/konsolosluklar\/gaziantep-fahri-konsoloslugu\/#breadcrumb","itemListElement":[{"@type":"ListItem","position":1,"name":"Anasayfa","item":"https:\/\/www.myvize.com.tr\/ispanya\/"},{"@type":"ListItem","position":2,"name":"KONSOLOSLUKLAR","item":"https:\/\/www.myvize.com.tr\/ispanya\/konsolosluklar\/"},{"@type":"ListItem","position":3,"name":"\u0130spanya Gaziantep Fahri Konsoloslu\u011fu"}]},{"@type":"WebSite","@id":"https:\/\/www.myvize.com.tr\/ispanya\/#website","url":"https:\/\/www.myvize.com.tr\/ispanya\/","name":"\u0130spanya Vizesi","description":"","potentialAction":[{"@type":"SearchAction","target":{"@type":"EntryPoint","urlTemplate":"https:\/\/www.myvize.com.tr\/ispanya\/?s={search_term_string}"},"query-input":{"@type":"PropertyValueSpecification","valueRequired":true,"valueName":"search_term_string"}}],"inLanguage":"tr"}]}},"_links":{"self":[{"href":"https:\/\/www.myvize.com.tr\/ispanya\/wp-json\/wp\/v2\/pages\/90","targetHints":{"allow":["GET"]}}],"collection":[{"href":"https:\/\/www.myvize.com.tr\/ispanya\/wp-json\/wp\/v2\/pages"}],"about":[{"href":"https:\/\/www.myvize.com.tr\/ispanya\/wp-json\/wp\/v2\/types\/page"}],"author":[{"embeddable":true,"href":"https:\/\/www.myvize.com.tr\/ispanya\/wp-json\/wp\/v2\/users\/1"}],"replies":[{"embeddable":true,"href":"https:\/\/www.myvize.com.tr\/ispanya\/wp-json\/wp\/v2\/comments?post=90"}],"version-history":[{"count":6,"href":"https:\/\/www.myvize.com.tr\/ispanya\/wp-json\/wp\/v2\/pages\/90\/revisions"}],"predecessor-version":[{"id":978,"href":"https:\/\/www.myvize.com.tr\/ispanya\/wp-json\/wp\/v2\/pages\/90\/revisions\/978"}],"up":[{"embeddable":true,"href":"https:\/\/www.myvize.com.tr\/ispanya\/wp-json\/wp\/v2\/pages\/69"}],"wp:attachment":[{"href":"https:\/\/www.myvize.com.tr\/ispanya\/wp-json\/wp\/v2\/media?parent=90"}],"curies":[{"name":"wp","href":"https:\/\/api.w.org\/{rel}","templated":true}]}}