{"id":167,"date":"2020-12-24T17:49:37","date_gmt":"2020-12-24T14:49:37","guid":{"rendered":"https:\/\/www.myvize.com.tr\/isvec\/?page_id=167"},"modified":"2022-08-05T15:20:20","modified_gmt":"2022-08-05T12:20:20","slug":"form-ve-dilekce","status":"publish","type":"page","link":"https:\/\/www.myvize.com.tr\/isvec\/form-ve-dilekce\/","title":{"rendered":"FORM VE D\u0130LEK\u00c7E"},"content":{"rendered":"<p><span style=\"font-family: Roboto;\"><\/span><\/p>\r\n<p><span style=\"font-family: Roboto; font-size: 14px;\"><span style=\"color: #2acec2;\"><strong><a style=\"color: #2acec2;\" href=\"https:\/\/www.myvize.com.tr\/isvec\/vize-islemleri\/isvec-vizesi\/\" target=\"_blank\" rel=\"noopener\">\u0130sve\u00e7 vizesi <\/a><\/strong><\/span>alacak olan ki\u015filerin haz\u0131rlamas\u0131 gereken evraklar\u0131n en ba\u015f\u0131nda vize ba\u015fvuru formu geliyor. Vize isteyen bir\u00e7ok \u00fclkenin ba\u015fvuru s\u00fcrecinde bu belgenin \u00f6nemi olduk\u00e7a b\u00fcy\u00fckt\u00fcr. Ayn\u0131 zamanda vize talep dilek\u00e7esinin yan\u0131nda ki\u015filerin \u00e7e\u015fitli \u00e7al\u0131\u015fma ve izin belgelerini de evrak dosyas\u0131nda bulundurmalar\u0131 gerekir.<\/span><\/p>\r\n<p><span style=\"font-family: Roboto; font-size: 14px;\">\r\n\r\n<\/span><\/p>\r\n<h2><span style=\"font-family: Roboto; font-size: 27px;\"><strong>\u0130sve\u00e7 Vize Ba\u015fvuru Formu Nas\u0131l Doldurulur?<\/strong><\/span><\/h2>\r\n<p><span style=\"font-family: Roboto; font-size: 14px;\">\r\n\r\n<\/span><\/p>\r\n<p><span style=\"font-family: Roboto; font-size: 14px;\"><strong>\u0130sve\u00e7 vize ba\u015fvuru<\/strong> formunun doldurulmas\u0131 i\u00e7in ki\u015filerin \u00f6ncelikle istenilen dil kriterlerini sa\u011flayabilmeleri gerekir. Bu formu doldururken \u0130sve\u00e7\u00e7e ya da \u0130ngilizce dillerinden birini kullanabilirsiniz. Ba\u015fvuru formunda kimlik bilgileri, adres ve ileti\u015fim bilgileri, pasaport bilgileri, seyahat ve konaklama bilgileri, sponsor varsa sponsor bilgilerinin mutlaka doldurulmas\u0131 gerekir. Ba\u015fvuru formunu 18 ya\u015f\u0131ndan k\u00fc\u00e7\u00fckler dolduracak ise mutlaka ailelerinin form \u00fczerinde izin verdiklerini g\u00f6steren imzalar\u0131n\u0131n bulunmas\u0131 da gerekir. T\u00fcm bu detaylar<span style=\"color: #2acec2;\"><strong><a style=\"color: #2acec2;\" href=\"https:\/\/www.myvize.com.tr\/isvec\/form-ve-dilekce\/isvec-vize-basvuru-formu\/\" target=\"_blank\" rel=\"noopener\"> \u0130sve\u00e7 vize ba\u015fvuru formu <\/a><\/strong><\/span>a\u00e7\u0131s\u0131ndan son derece \u00f6nemlidir. Ki\u015filerin vize ba\u015fvuru formunda mutlaka vize t\u00fcr\u00fcn\u00fc i\u015faretlemesi ve verdikleri bilgilerin de vize t\u00fcr\u00fcn\u00fc desteklemesi en \u00f6nemli kriterlerden biridir.<\/span><\/p>\r\n<p><span style=\"font-family: Roboto; font-size: 14px;\">\r\n\r\n<\/span><\/p>\r\n<h2><span style=\"font-family: Roboto; font-size: 27px;\"><strong>\u0130sve\u00e7 Vize Talep Dilek\u00e7esi Nas\u0131l Yaz\u0131l\u0131r?<\/strong><\/span><\/h2>\r\n<p><span style=\"font-family: Roboto; font-size: 14px;\">\r\n\r\n<\/span><\/p>\r\n<p><span style=\"font-family: Roboto; font-size: 14px;\"><strong>\u0130sve\u00e7 vize talep dilek\u00e7esi<\/strong> yaz\u0131l\u0131rken ki\u015filerin <strong>\u0130sve\u00e7\u00e7e<\/strong> ya da<strong> \u0130ngilizce<\/strong> dillerinden birini tercih ederek dilek\u00e7esini yazmas\u0131 istenir. Bu dilek\u00e7e yazarken \u00f6ncelikle tarih belirtilmelidir. Sonras\u0131nda temsilcilik ya da hangi departmana yaz\u0131l\u0131yorsa oraya hitaben bir giri\u015f yap\u0131lmal\u0131d\u0131r. \u0130sim, soy isim ve pasaport numaras\u0131 gibi bilgilerin de vize talep dilek\u00e7esinde yer almas\u0131 gerekir.<\/span><\/p>\r\n<p><span style=\"font-family: Roboto; font-size: 14px;\">\r\n\r\n<\/span><\/p>\r\n<p><span style=\"font-family: Roboto; font-size: 14px;\">Bunlarla birlikte seyahat tarihlerinizi kesin ve net bir \u015fekilde belirtmeli ayn\u0131 zamanda konaklama otel rezervasyonlar\u0131 ya da u\u00e7ak rezervasyonlar\u0131n\u0131 dilek\u00e7enizde belirtmeniz gereklidir. Seyahat planlar\u0131n\u0131z\u0131 ayr\u0131nt\u0131l\u0131 olarak dilek\u00e7enize yazman\u0131z vize s\u00fcrecinizi h\u0131zland\u0131ran \u00f6nemli bir kriterdir. Ge\u00e7mi\u015fte bir<span style=\"color: #2acec2;\"><strong><a style=\"color: #2acec2;\" href=\"https:\/\/www.myvize.com.tr\/isvec\/vize-islemleri\/isvec-vize-reddi\/\" target=\"_blank\" rel=\"noopener\"> \u0130sve\u00e7 vize reddi<\/a><\/strong><\/span> ile kar\u015f\u0131la\u015ft\u0131ysan\u0131z bunun nedenlerini mutlaka yazmal\u0131 ayn\u0131 zamanda ge\u00e7mi\u015fte ald\u0131\u011f\u0131n\u0131z vizelerle ilgili de bilgiler vermelisiniz.<strong> \u0130sve\u00e7 vize talep<\/strong> dilek\u00e7esinde ka\u00e7 giri\u015flik bir vize istedi\u011finizi de belirtirseniz vize dilek\u00e7eniz konusunda herhangi bir sorun ya\u015famazs\u0131n\u0131z.<\/span><\/p>\r\n<h2><span style=\"font-family: Roboto; font-size: 27px;\"><strong>\u0130sve\u00e7 Konsoloslu\u011fu Form Ve Dilek\u00e7e Hakk\u0131nda<\/strong><\/span><\/h2>\r\n<p><span style=\"font-family: Roboto; font-size: 14px;\"><strong>\u0130sve\u00e7 vize ba\u015fvuru form<\/strong> ve dilek\u00e7e i\u015flemi s\u0131ras\u0131nda gereken evrak ve belgenin tam ve eksiksiz olmas\u0131 doldurulmu\u015f form ve dilek\u00e7e bilgisinin yan\u0131lt\u0131c\u0131 bilgi ve beyanda bulunulmamas\u0131 \u0130<strong>sve\u00e7 vize ba\u015fvurusunu<\/strong> s\u0131ras\u0131nda Konsolosluk yetkilisi taraf\u0131ndan en fazla \u00f6nem ve dikkat edilen konusunun ba\u015f\u0131nda gelmektedir. <strong>\u0130sve\u00e7 vize ba\u015fvuru<\/strong> ger\u00e7ekle\u015ftirmek isteyenin \u00f6ncelikle bilgi sahip olmas\u0131 gereken konunun ba\u015f\u0131nda i\u00e7inde ba\u015fvuru sahipinin ki\u015fisel bilgisinin yer ald\u0131\u011f\u0131 form ve dilek\u00e7e i\u00e7eri\u011fini eksiksiz ve tam do\u011fru bilgisinin yer almas\u0131 gerekti\u011fidir. Avrupa \u00fclkesinin \u00f6nemle \u00fczerinde durdu\u011fu konu ba\u015f\u0131nda gelen g\u00fcvenlik anlay\u0131\u015flar\u0131 tedbir ve \u00f6nlemi a\u00e7\u0131s\u0131ndan vize ba\u015fvurusu ger\u00e7ekle\u015ftirilen pasaporta sahibine kar\u015f\u0131 sergilenen tutumun \u00f6rne\u011fine s\u0131kl\u0131kla kar\u015f\u0131la\u015f\u0131lmakta. \u0130sve\u00e7\u2019n\u0131n ekonomi ve k\u00fcresel boyut da ba\u015f\u0131n\u0131 \u00e7ekti\u011fi Avrupa Birli\u011finin \u00fcye \u00fclkesinin vize i\u015flemi s\u0131ras\u0131nda istenen evrak ve belgesinde yer alan<strong> form ve dilek\u00e7e talebi<\/strong> ziyareti ger\u00e7ekle\u015ftirme isteyen ki\u015finin \u00fclkeye neden ve ne \u015fartla girmeyi planlad\u0131\u011f\u0131 \u00f6\u011frenme iste\u011fi ile aranmaktad\u0131r.<strong> Form ve dilek\u00e7e<\/strong> \u00f6rnekti i\u00e7in yap\u0131lmas\u0131 gerekenin ba\u015f\u0131nda \u00fclkeye ger\u00e7ekle\u015ftirecek ki\u015fisel ziyaret sebeplerinin tam ve net bir \u015fekilde eksiksiz anlat\u0131lmalar\u0131 gerekmektedir.<\/span><\/p>\r\n<p><span style=\"font-family: Roboto;\"><\/span><\/p>","protected":false},"excerpt":{"rendered":"<p>\u0130sve\u00e7 vizesi alacak olan ki\u015filerin haz\u0131rlamas\u0131 gereken evraklar\u0131n en ba\u015f\u0131nda vize ba\u015fvuru formu geliyor. Vize isteyen bir\u00e7ok \u00fclkenin ba\u015fvuru s\u00fcrecinde bu belgenin \u00f6nemi olduk\u00e7a b\u00fcy\u00fckt\u00fcr. Ayn\u0131 zamanda vize talep dilek\u00e7esinin yan\u0131nda ki\u015filerin \u00e7e\u015fitli \u00e7al\u0131\u015fma ve izin belgelerini de evrak dosyas\u0131nda bulundurmalar\u0131 gerekir. \u0130sve\u00e7 Vize Ba\u015fvuru Formu Nas\u0131l Doldurulur? \u0130sve\u00e7 vize ba\u015fvuru formunun doldurulmas\u0131 i\u00e7in ki\u015filerin<\/p>\n","protected":false},"author":1,"featured_media":0,"parent":0,"menu_order":0,"comment_status":"open","ping_status":"closed","template":"","meta":{"footnotes":""},"class_list":["post-167","page","type-page","status-publish","hentry"],"yoast_head":"<!-- This site is optimized with the Yoast SEO plugin v24.0 - https:\/\/yoast.com\/wordpress\/plugins\/seo\/ -->\n<title>\u0130sve\u00e7 Form Ve Dilek\u00e7eleri - MyVize Vize Ba\u015fvuru Merkezi<\/title>\n<meta name=\"description\" content=\"\u0130sve\u00e7 Form Ve Dilek\u00e7eleri Nas\u0131l Yaz\u0131l\u0131r? \u0130sve\u00e7 Formu Nas\u0131l Doldurulur? \u0130sve\u00e7 Form Ve Dilek\u00e7eleri \u00d6rne\u011fi 2022. Bilgi \u0130\u00e7in Ara: 0850 346 84 93\" \/>\n<meta name=\"robots\" content=\"index, follow, max-snippet:-1, max-image-preview:large, max-video-preview:-1\" \/>\n<link rel=\"canonical\" href=\"https:\/\/www.myvize.com.tr\/isvec\/form-ve-dilekce\/\" \/>\n<meta property=\"og:locale\" content=\"tr_TR\" \/>\n<meta property=\"og:type\" content=\"article\" \/>\n<meta property=\"og:title\" content=\"\u0130sve\u00e7 Form Ve Dilek\u00e7eleri - MyVize Vize Ba\u015fvuru Merkezi\" \/>\n<meta property=\"og:description\" content=\"\u0130sve\u00e7 Form Ve Dilek\u00e7eleri Nas\u0131l Yaz\u0131l\u0131r? \u0130sve\u00e7 Formu Nas\u0131l Doldurulur? \u0130sve\u00e7 Form Ve Dilek\u00e7eleri \u00d6rne\u011fi 2022. Bilgi \u0130\u00e7in Ara: 0850 346 84 93\" \/>\n<meta property=\"og:url\" content=\"https:\/\/www.myvize.com.tr\/isvec\/form-ve-dilekce\/\" \/>\n<meta property=\"og:site_name\" content=\"\u0130sve\u00e7 Vizesi\" \/>\n<meta property=\"article:modified_time\" content=\"2022-08-05T12:20:20+00:00\" \/>\n<meta name=\"twitter:card\" content=\"summary_large_image\" \/>\n<meta name=\"twitter:label1\" content=\"Tahmini okuma s\u00fcresi\" \/>\n\t<meta name=\"twitter:data1\" content=\"3 dakika\" \/>\n<script type=\"application\/ld+json\" class=\"yoast-schema-graph\">{\"@context\":\"https:\/\/schema.org\",\"@graph\":[{\"@type\":\"WebPage\",\"@id\":\"https:\/\/www.myvize.com.tr\/isvec\/form-ve-dilekce\/\",\"url\":\"https:\/\/www.myvize.com.tr\/isvec\/form-ve-dilekce\/\",\"name\":\"\u0130sve\u00e7 Form Ve Dilek\u00e7eleri - MyVize Vize Ba\u015fvuru Merkezi\",\"isPartOf\":{\"@id\":\"https:\/\/www.myvize.com.tr\/isvec\/#website\"},\"datePublished\":\"2020-12-24T14:49:37+00:00\",\"dateModified\":\"2022-08-05T12:20:20+00:00\",\"description\":\"\u0130sve\u00e7 Form Ve Dilek\u00e7eleri Nas\u0131l Yaz\u0131l\u0131r? \u0130sve\u00e7 Formu Nas\u0131l Doldurulur? \u0130sve\u00e7 Form Ve Dilek\u00e7eleri \u00d6rne\u011fi 2022. Bilgi \u0130\u00e7in Ara: 0850 346 84 93\",\"breadcrumb\":{\"@id\":\"https:\/\/www.myvize.com.tr\/isvec\/form-ve-dilekce\/#breadcrumb\"},\"inLanguage\":\"tr\",\"potentialAction\":[{\"@type\":\"ReadAction\",\"target\":[\"https:\/\/www.myvize.com.tr\/isvec\/form-ve-dilekce\/\"]}]},{\"@type\":\"BreadcrumbList\",\"@id\":\"https:\/\/www.myvize.com.tr\/isvec\/form-ve-dilekce\/#breadcrumb\",\"itemListElement\":[{\"@type\":\"ListItem\",\"position\":1,\"name\":\"Anasayfa\",\"item\":\"https:\/\/www.myvize.com.tr\/isvec\/\"},{\"@type\":\"ListItem\",\"position\":2,\"name\":\"FORM VE D\u0130LEK\u00c7E\"}]},{\"@type\":\"WebSite\",\"@id\":\"https:\/\/www.myvize.com.tr\/isvec\/#website\",\"url\":\"https:\/\/www.myvize.com.tr\/isvec\/\",\"name\":\"\u0130sve\u00e7 Vizesi\",\"description\":\"\",\"potentialAction\":[{\"@type\":\"SearchAction\",\"target\":{\"@type\":\"EntryPoint\",\"urlTemplate\":\"https:\/\/www.myvize.com.tr\/isvec\/?s={search_term_string}\"},\"query-input\":{\"@type\":\"PropertyValueSpecification\",\"valueRequired\":true,\"valueName\":\"search_term_string\"}}],\"inLanguage\":\"tr\"}]}<\/script>\n<!-- \/ Yoast SEO plugin. -->","yoast_head_json":{"title":"\u0130sve\u00e7 Form Ve Dilek\u00e7eleri - MyVize Vize Ba\u015fvuru Merkezi","description":"\u0130sve\u00e7 Form Ve Dilek\u00e7eleri Nas\u0131l Yaz\u0131l\u0131r? \u0130sve\u00e7 Formu Nas\u0131l Doldurulur? \u0130sve\u00e7 Form Ve Dilek\u00e7eleri \u00d6rne\u011fi 2022. Bilgi \u0130\u00e7in Ara: 0850 346 84 93","robots":{"index":"index","follow":"follow","max-snippet":"max-snippet:-1","max-image-preview":"max-image-preview:large","max-video-preview":"max-video-preview:-1"},"canonical":"https:\/\/www.myvize.com.tr\/isvec\/form-ve-dilekce\/","og_locale":"tr_TR","og_type":"article","og_title":"\u0130sve\u00e7 Form Ve Dilek\u00e7eleri - MyVize Vize Ba\u015fvuru Merkezi","og_description":"\u0130sve\u00e7 Form Ve Dilek\u00e7eleri Nas\u0131l Yaz\u0131l\u0131r? \u0130sve\u00e7 Formu Nas\u0131l Doldurulur? \u0130sve\u00e7 Form Ve Dilek\u00e7eleri \u00d6rne\u011fi 2022. Bilgi \u0130\u00e7in Ara: 0850 346 84 93","og_url":"https:\/\/www.myvize.com.tr\/isvec\/form-ve-dilekce\/","og_site_name":"\u0130sve\u00e7 Vizesi","article_modified_time":"2022-08-05T12:20:20+00:00","twitter_card":"summary_large_image","twitter_misc":{"Tahmini okuma s\u00fcresi":"3 dakika"},"schema":{"@context":"https:\/\/schema.org","@graph":[{"@type":"WebPage","@id":"https:\/\/www.myvize.com.tr\/isvec\/form-ve-dilekce\/","url":"https:\/\/www.myvize.com.tr\/isvec\/form-ve-dilekce\/","name":"\u0130sve\u00e7 Form Ve Dilek\u00e7eleri - MyVize Vize Ba\u015fvuru Merkezi","isPartOf":{"@id":"https:\/\/www.myvize.com.tr\/isvec\/#website"},"datePublished":"2020-12-24T14:49:37+00:00","dateModified":"2022-08-05T12:20:20+00:00","description":"\u0130sve\u00e7 Form Ve Dilek\u00e7eleri Nas\u0131l Yaz\u0131l\u0131r? \u0130sve\u00e7 Formu Nas\u0131l Doldurulur? \u0130sve\u00e7 Form Ve Dilek\u00e7eleri \u00d6rne\u011fi 2022. Bilgi \u0130\u00e7in Ara: 0850 346 84 93","breadcrumb":{"@id":"https:\/\/www.myvize.com.tr\/isvec\/form-ve-dilekce\/#breadcrumb"},"inLanguage":"tr","potentialAction":[{"@type":"ReadAction","target":["https:\/\/www.myvize.com.tr\/isvec\/form-ve-dilekce\/"]}]},{"@type":"BreadcrumbList","@id":"https:\/\/www.myvize.com.tr\/isvec\/form-ve-dilekce\/#breadcrumb","itemListElement":[{"@type":"ListItem","position":1,"name":"Anasayfa","item":"https:\/\/www.myvize.com.tr\/isvec\/"},{"@type":"ListItem","position":2,"name":"FORM VE D\u0130LEK\u00c7E"}]},{"@type":"WebSite","@id":"https:\/\/www.myvize.com.tr\/isvec\/#website","url":"https:\/\/www.myvize.com.tr\/isvec\/","name":"\u0130sve\u00e7 Vizesi","description":"","potentialAction":[{"@type":"SearchAction","target":{"@type":"EntryPoint","urlTemplate":"https:\/\/www.myvize.com.tr\/isvec\/?s={search_term_string}"},"query-input":{"@type":"PropertyValueSpecification","valueRequired":true,"valueName":"search_term_string"}}],"inLanguage":"tr"}]}},"_links":{"self":[{"href":"https:\/\/www.myvize.com.tr\/isvec\/wp-json\/wp\/v2\/pages\/167","targetHints":{"allow":["GET"]}}],"collection":[{"href":"https:\/\/www.myvize.com.tr\/isvec\/wp-json\/wp\/v2\/pages"}],"about":[{"href":"https:\/\/www.myvize.com.tr\/isvec\/wp-json\/wp\/v2\/types\/page"}],"author":[{"embeddable":true,"href":"https:\/\/www.myvize.com.tr\/isvec\/wp-json\/wp\/v2\/users\/1"}],"replies":[{"embeddable":true,"href":"https:\/\/www.myvize.com.tr\/isvec\/wp-json\/wp\/v2\/comments?post=167"}],"version-history":[{"count":6,"href":"https:\/\/www.myvize.com.tr\/isvec\/wp-json\/wp\/v2\/pages\/167\/revisions"}],"predecessor-version":[{"id":836,"href":"https:\/\/www.myvize.com.tr\/isvec\/wp-json\/wp\/v2\/pages\/167\/revisions\/836"}],"wp:attachment":[{"href":"https:\/\/www.myvize.com.tr\/isvec\/wp-json\/wp\/v2\/media?parent=167"}],"curies":[{"name":"wp","href":"https:\/\/api.w.org\/{rel}","templated":true}]}}