{"id":179,"date":"2020-12-24T17:52:49","date_gmt":"2020-12-24T14:52:49","guid":{"rendered":"https:\/\/www.myvize.com.tr\/isvec\/?page_id=179"},"modified":"2022-06-15T12:21:46","modified_gmt":"2022-06-15T09:21:46","slug":"ogrenci-oturum-izni","status":"publish","type":"page","link":"https:\/\/www.myvize.com.tr\/isvec\/oturum-2\/ogrenci-oturum-izni\/","title":{"rendered":"\u0130sve\u00e7 \u00d6\u011frenci Oturum \u0130zni"},"content":{"rendered":"<h2><strong><span style=\"font-size: 27px; font-family: Roboto;\">\u0130sve\u00e7 \u00d6\u011frenci Oturum \u0130zni Hakk\u0131nda<\/span><\/strong><\/h2>\n","protected":false},"excerpt":{"rendered":"<p>\u0130sve\u00e7 \u00d6\u011frenci Oturum \u0130zni Hakk\u0131nda<\/p>\n","protected":false},"author":1,"featured_media":0,"parent":161,"menu_order":0,"comment_status":"open","ping_status":"closed","template":"","meta":{"footnotes":""},"class_list":["post-179","page","type-page","status-publish","hentry"],"yoast_head":"<!-- This site is optimized with the Yoast SEO plugin v24.0 - https:\/\/yoast.com\/wordpress\/plugins\/seo\/ -->\n<title>\u0130sve\u00e7 \u00d6\u011frenci Oturum \u0130zni - MyVize Vize Ba\u015fvuru Merkezi<\/title>\n<meta name=\"description\" content=\"\u0130sve\u00e7 \u00d6\u011frenci Oturum \u0130zni Nas\u0131l Al\u0131n\u0131r? \u0130sve\u00e7 \u00d6\u011frenci Oturum \u0130zni \u015eartlar\u0131 Nelerdir? \u0130sve\u00e7 \u00d6\u011frenci Oturum \u0130zni \u00dccreti Ne Kadar 2022?\" \/>\n<meta name=\"robots\" content=\"index, follow, max-snippet:-1, max-image-preview:large, max-video-preview:-1\" \/>\n<link rel=\"canonical\" href=\"https:\/\/www.myvize.com.tr\/isvec\/oturum-2\/ogrenci-oturum-izni\/\" \/>\n<meta property=\"og:locale\" content=\"tr_TR\" \/>\n<meta property=\"og:type\" content=\"article\" \/>\n<meta property=\"og:title\" content=\"\u0130sve\u00e7 \u00d6\u011frenci Oturum \u0130zni - MyVize Vize Ba\u015fvuru Merkezi\" \/>\n<meta property=\"og:description\" content=\"\u0130sve\u00e7 \u00d6\u011frenci Oturum \u0130zni Nas\u0131l Al\u0131n\u0131r? \u0130sve\u00e7 \u00d6\u011frenci Oturum \u0130zni \u015eartlar\u0131 Nelerdir? \u0130sve\u00e7 \u00d6\u011frenci Oturum \u0130zni \u00dccreti Ne Kadar 2022?\" \/>\n<meta property=\"og:url\" content=\"https:\/\/www.myvize.com.tr\/isvec\/oturum-2\/ogrenci-oturum-izni\/\" \/>\n<meta property=\"og:site_name\" content=\"\u0130sve\u00e7 Vizesi\" \/>\n<meta property=\"article:modified_time\" content=\"2022-06-15T09:21:46+00:00\" \/>\n<meta name=\"twitter:card\" content=\"summary_large_image\" \/>\n<meta name=\"twitter:label1\" content=\"Tahmini okuma s\u00fcresi\" \/>\n\t<meta name=\"twitter:data1\" content=\"1 dakika\" \/>\n<script type=\"application\/ld+json\" class=\"yoast-schema-graph\">{\"@context\":\"https:\/\/schema.org\",\"@graph\":[{\"@type\":\"WebPage\",\"@id\":\"https:\/\/www.myvize.com.tr\/isvec\/oturum-2\/ogrenci-oturum-izni\/\",\"url\":\"https:\/\/www.myvize.com.tr\/isvec\/oturum-2\/ogrenci-oturum-izni\/\",\"name\":\"\u0130sve\u00e7 \u00d6\u011frenci Oturum \u0130zni - MyVize Vize Ba\u015fvuru Merkezi\",\"isPartOf\":{\"@id\":\"https:\/\/www.myvize.com.tr\/isvec\/#website\"},\"datePublished\":\"2020-12-24T14:52:49+00:00\",\"dateModified\":\"2022-06-15T09:21:46+00:00\",\"description\":\"\u0130sve\u00e7 \u00d6\u011frenci Oturum \u0130zni Nas\u0131l Al\u0131n\u0131r? \u0130sve\u00e7 \u00d6\u011frenci Oturum \u0130zni \u015eartlar\u0131 Nelerdir? \u0130sve\u00e7 \u00d6\u011frenci Oturum \u0130zni \u00dccreti Ne Kadar 2022?\",\"breadcrumb\":{\"@id\":\"https:\/\/www.myvize.com.tr\/isvec\/oturum-2\/ogrenci-oturum-izni\/#breadcrumb\"},\"inLanguage\":\"tr\",\"potentialAction\":[{\"@type\":\"ReadAction\",\"target\":[\"https:\/\/www.myvize.com.tr\/isvec\/oturum-2\/ogrenci-oturum-izni\/\"]}]},{\"@type\":\"BreadcrumbList\",\"@id\":\"https:\/\/www.myvize.com.tr\/isvec\/oturum-2\/ogrenci-oturum-izni\/#breadcrumb\",\"itemListElement\":[{\"@type\":\"ListItem\",\"position\":1,\"name\":\"Anasayfa\",\"item\":\"https:\/\/www.myvize.com.tr\/isvec\/\"},{\"@type\":\"ListItem\",\"position\":2,\"name\":\"OTURUM\",\"item\":\"https:\/\/www.myvize.com.tr\/isvec\/oturum-2\/\"},{\"@type\":\"ListItem\",\"position\":3,\"name\":\"\u0130sve\u00e7 \u00d6\u011frenci Oturum \u0130zni\"}]},{\"@type\":\"WebSite\",\"@id\":\"https:\/\/www.myvize.com.tr\/isvec\/#website\",\"url\":\"https:\/\/www.myvize.com.tr\/isvec\/\",\"name\":\"\u0130sve\u00e7 Vizesi\",\"description\":\"\",\"potentialAction\":[{\"@type\":\"SearchAction\",\"target\":{\"@type\":\"EntryPoint\",\"urlTemplate\":\"https:\/\/www.myvize.com.tr\/isvec\/?s={search_term_string}\"},\"query-input\":{\"@type\":\"PropertyValueSpecification\",\"valueRequired\":true,\"valueName\":\"search_term_string\"}}],\"inLanguage\":\"tr\"}]}<\/script>\n<!-- \/ Yoast SEO plugin. -->","yoast_head_json":{"title":"\u0130sve\u00e7 \u00d6\u011frenci Oturum \u0130zni - MyVize Vize Ba\u015fvuru Merkezi","description":"\u0130sve\u00e7 \u00d6\u011frenci Oturum \u0130zni Nas\u0131l Al\u0131n\u0131r? \u0130sve\u00e7 \u00d6\u011frenci Oturum \u0130zni \u015eartlar\u0131 Nelerdir? \u0130sve\u00e7 \u00d6\u011frenci Oturum \u0130zni \u00dccreti Ne Kadar 2022?","robots":{"index":"index","follow":"follow","max-snippet":"max-snippet:-1","max-image-preview":"max-image-preview:large","max-video-preview":"max-video-preview:-1"},"canonical":"https:\/\/www.myvize.com.tr\/isvec\/oturum-2\/ogrenci-oturum-izni\/","og_locale":"tr_TR","og_type":"article","og_title":"\u0130sve\u00e7 \u00d6\u011frenci Oturum \u0130zni - MyVize Vize Ba\u015fvuru Merkezi","og_description":"\u0130sve\u00e7 \u00d6\u011frenci Oturum \u0130zni Nas\u0131l Al\u0131n\u0131r? \u0130sve\u00e7 \u00d6\u011frenci Oturum \u0130zni \u015eartlar\u0131 Nelerdir? \u0130sve\u00e7 \u00d6\u011frenci Oturum \u0130zni \u00dccreti Ne Kadar 2022?","og_url":"https:\/\/www.myvize.com.tr\/isvec\/oturum-2\/ogrenci-oturum-izni\/","og_site_name":"\u0130sve\u00e7 Vizesi","article_modified_time":"2022-06-15T09:21:46+00:00","twitter_card":"summary_large_image","twitter_misc":{"Tahmini okuma s\u00fcresi":"1 dakika"},"schema":{"@context":"https:\/\/schema.org","@graph":[{"@type":"WebPage","@id":"https:\/\/www.myvize.com.tr\/isvec\/oturum-2\/ogrenci-oturum-izni\/","url":"https:\/\/www.myvize.com.tr\/isvec\/oturum-2\/ogrenci-oturum-izni\/","name":"\u0130sve\u00e7 \u00d6\u011frenci Oturum \u0130zni - MyVize Vize Ba\u015fvuru Merkezi","isPartOf":{"@id":"https:\/\/www.myvize.com.tr\/isvec\/#website"},"datePublished":"2020-12-24T14:52:49+00:00","dateModified":"2022-06-15T09:21:46+00:00","description":"\u0130sve\u00e7 \u00d6\u011frenci Oturum \u0130zni Nas\u0131l Al\u0131n\u0131r? \u0130sve\u00e7 \u00d6\u011frenci Oturum \u0130zni \u015eartlar\u0131 Nelerdir? \u0130sve\u00e7 \u00d6\u011frenci Oturum \u0130zni \u00dccreti Ne Kadar 2022?","breadcrumb":{"@id":"https:\/\/www.myvize.com.tr\/isvec\/oturum-2\/ogrenci-oturum-izni\/#breadcrumb"},"inLanguage":"tr","potentialAction":[{"@type":"ReadAction","target":["https:\/\/www.myvize.com.tr\/isvec\/oturum-2\/ogrenci-oturum-izni\/"]}]},{"@type":"BreadcrumbList","@id":"https:\/\/www.myvize.com.tr\/isvec\/oturum-2\/ogrenci-oturum-izni\/#breadcrumb","itemListElement":[{"@type":"ListItem","position":1,"name":"Anasayfa","item":"https:\/\/www.myvize.com.tr\/isvec\/"},{"@type":"ListItem","position":2,"name":"OTURUM","item":"https:\/\/www.myvize.com.tr\/isvec\/oturum-2\/"},{"@type":"ListItem","position":3,"name":"\u0130sve\u00e7 \u00d6\u011frenci Oturum \u0130zni"}]},{"@type":"WebSite","@id":"https:\/\/www.myvize.com.tr\/isvec\/#website","url":"https:\/\/www.myvize.com.tr\/isvec\/","name":"\u0130sve\u00e7 Vizesi","description":"","potentialAction":[{"@type":"SearchAction","target":{"@type":"EntryPoint","urlTemplate":"https:\/\/www.myvize.com.tr\/isvec\/?s={search_term_string}"},"query-input":{"@type":"PropertyValueSpecification","valueRequired":true,"valueName":"search_term_string"}}],"inLanguage":"tr"}]}},"_links":{"self":[{"href":"https:\/\/www.myvize.com.tr\/isvec\/wp-json\/wp\/v2\/pages\/179","targetHints":{"allow":["GET"]}}],"collection":[{"href":"https:\/\/www.myvize.com.tr\/isvec\/wp-json\/wp\/v2\/pages"}],"about":[{"href":"https:\/\/www.myvize.com.tr\/isvec\/wp-json\/wp\/v2\/types\/page"}],"author":[{"embeddable":true,"href":"https:\/\/www.myvize.com.tr\/isvec\/wp-json\/wp\/v2\/users\/1"}],"replies":[{"embeddable":true,"href":"https:\/\/www.myvize.com.tr\/isvec\/wp-json\/wp\/v2\/comments?post=179"}],"version-history":[{"count":5,"href":"https:\/\/www.myvize.com.tr\/isvec\/wp-json\/wp\/v2\/pages\/179\/revisions"}],"predecessor-version":[{"id":817,"href":"https:\/\/www.myvize.com.tr\/isvec\/wp-json\/wp\/v2\/pages\/179\/revisions\/817"}],"up":[{"embeddable":true,"href":"https:\/\/www.myvize.com.tr\/isvec\/wp-json\/wp\/v2\/pages\/161"}],"wp:attachment":[{"href":"https:\/\/www.myvize.com.tr\/isvec\/wp-json\/wp\/v2\/media?parent=179"}],"curies":[{"name":"wp","href":"https:\/\/api.w.org\/{rel}","templated":true}]}}