{"id":303,"date":"2021-03-31T20:29:27","date_gmt":"2021-03-31T17:29:27","guid":{"rendered":"https:\/\/www.myvize.com.tr\/isvec\/?page_id=303"},"modified":"2022-04-14T13:15:25","modified_gmt":"2022-04-14T10:15:25","slug":"isvec-vize-ucreti","status":"publish","type":"page","link":"https:\/\/www.myvize.com.tr\/isvec\/isvec-vize-ucreti\/","title":{"rendered":"\u0130sve\u00e7 Vize \u00dccreti"},"content":{"rendered":"<p><span style=\"font-family: Roboto;\"><\/span><\/p>\r\n<p><span style=\"font-family: Roboto; font-size: 14px;\"><strong>\u0130sve\u00e7 seyahati<\/strong> s\u0131ras\u0131nda vize almak zorunda olan pasaport sahiplerinin yat\u0131rmas\u0131 gereken birtak\u0131m \u00fccretler vard\u0131r. Bu \u00fccretlerin yat\u0131r\u0131m\u0131 s\u0131ras\u0131nda mutlaka g\u00fcncel bilgilerden faydalanmak gerekiyor. Vize \u00fccretlerinin yat\u0131r\u0131lmas\u0131 s\u0131ras\u0131nda dikkat etmeniz gereken en \u00f6nemli hususlardan bir di\u011feri de mutlaka kurumlar taraf\u0131ndan yetki verilmi\u015f olan bankalardan hizmet almakt\u0131r. <strong>\u0130sve\u00e7 Vize \u00fccretleri<\/strong> her sene farkl\u0131l\u0131k g\u00f6sterdi\u011fi i\u00e7in bir \u00f6nceki y\u0131l\u0131n \u00fccretini yat\u0131rd\u0131\u011f\u0131n\u0131z da<span style=\"color: #2acec2;\"><strong><a style=\"color: #2acec2;\" href=\"https:\/\/www.myvize.com.tr\/isvec\/vize-islemleri\/isvec-vize-reddi\/\" target=\"_blank\" rel=\"noopener\"> \u0130sve\u00e7 vize reddi<\/a><\/strong><\/span> ile kar\u015f\u0131la\u015fabilirsiniz. B\u00f6yle durumlarda her zaman i\u00e7in g\u00fcncel bilgiler \u00fczerinden i\u015flem yapman\u0131z \u00f6nerilmektedir.<\/span><\/p>\r\n<p><span style=\"font-family: Roboto; font-size: 14px;\">\r\n\r\n<\/span><\/p>\r\n<p><span style=\"font-family: Roboto; font-size: 14px;\"> <img decoding=\"async\" src=\"https:\/\/www.myvize.com.tr\/isvec\/wp-content\/uploads\/2021\/10\/17.jpg\" \/> <\/span><\/p>\r\n<h2><span style=\"font-family: Roboto; font-size: 27px;\"><strong>\u0130sve\u00e7 Vize \u00dccretleri<\/strong><\/span><\/h2>\r\n<p><span style=\"font-family: Roboto; font-size: 14px;\">\u0130sve\u00e7 seyahatini d\u00fc\u015f\u00fcnen \u00f6ncesinde vize tiplerini se\u00e7melidir. Vize tiplerini se\u00e7tikten sonra gerekli belgeler haz\u0131rlanmaya ba\u015flamal\u0131. Bu belgeleri haz\u0131rlad\u0131ktan sonra randevu almak ve belgeleri ibraz etmek gerekmektedir. Belgeyi ibraz ederken vize \u00fccretini \u00f6demeniz gerekli.<\/span><br \/><span style=\"font-family: Roboto; font-size: 14px;\"><strong><span style=\"color: #2acec2;\"><a style=\"color: #2acec2;\" href=\"https:\/\/www.myvize.com.tr\/isvec\/vize-islemleri\/isvec-vizesi\/\" target=\"_blank\" rel=\"noopener\">\u0130sve\u00e7 vizesi<\/a><\/span> \u00fccreti<\/strong> ba\u015fvuru sahibi taraf\u0131ndan \u00f6denmeli. Bu \u00fccretler ya\u015f ve seyahat s\u00fcrelerine g\u00f6re de\u011fi\u015fmekte.<\/span><br \/><span style=\"font-family: Roboto; font-size: 14px;\">Vize \u00fccreti <strong>\u0130sve\u00e7 Konsolosluklar\u0131<\/strong> taraf\u0131ndan belirlenmekte.<\/span><br \/><span style=\"font-family: Roboto; font-size: 14px;\">Standart \u00fccret \u2013 790 TL<\/span><br \/><span style=\"font-family: Roboto; font-size: 14px;\">0 ila 5 Ya\u015f aras\u0131 \u00e7ocuk\u2013 0 TL<\/span><br \/><span style=\"font-family: Roboto; font-size: 14px;\">6 ila 12 Ya\u015f aras\u0131 \u00e7ocuk \u2013 400 TL<\/span><br \/><span style=\"font-family: Roboto; font-size: 14px;\">Di\u011fer \u00fclkenin vatanda\u015f\u0131 \u2013 310 TL<\/span><br \/><span style=\"font-family: Roboto; font-size: 14px;\">Di\u011fer \u00fclke denildi\u011fi zaman a\u015fa\u011f\u0131da bulunan \u00fclkeler kastedilmekte.<\/span><br \/><span style=\"font-family: Roboto; font-size: 14px;\">Azerbaycan<\/span><br \/><span style=\"font-family: Roboto; font-size: 14px;\">Ukrayna<\/span><br \/><span style=\"font-family: Roboto; font-size: 14px;\">Ermenistan<\/span><br \/><span style=\"font-family: Roboto; font-size: 14px;\">Rusya<\/span><br \/><span style=\"font-family: Roboto; font-size: 14px;\">Bosna Hersek<\/span><br \/><span style=\"font-family: Roboto; font-size: 14px;\">S\u0131rbistan<\/span><br \/><span style=\"font-family: Roboto; font-size: 14px;\">Moldova<\/span><br \/><span style=\"font-family: Roboto; font-size: 14px;\">Vize ba\u015fvurusunda konsoloslu\u011fa \u00f6denen vize har\u00e7 \u00fccretine 2 \u015eubat 2020 tarihine devlet taraf\u0131ndan zam yap\u0131lmaktad\u0131r. Bu tarihten itibaren yap\u0131lacak olan vize ba\u015fvurusunda, <strong>vize har\u00e7 \u00fccretleri<\/strong> olarak ki\u015finin 375 TL yerine 535 TL \u00f6demeleri gerekiyor. <strong>\u0130sve\u00e7 vize \u00fccretleri<\/strong> 6 ile 12 ya\u015f aras\u0131 \u00e7ocuk i\u00e7in ise 220 TL\u2019de 270 TL\u2019ye y\u00fckseltilmi\u015ftir. 0-5 ya\u015f aras\u0131 \u00e7ocuktan ise vize \u00fccreti al\u0131nm\u0131yor.<\/span><\/p>\r\n<p><img decoding=\"async\" src=\"https:\/\/www.myvize.com.tr\/isvec\/wp-content\/uploads\/2021\/10\/18.jpg\" \/><\/p>\r\n<h2><strong><span style=\"font-family: Roboto; font-size: 27px;\">\u0130sve\u00e7 Vize \u00dccretleri Hakk\u0131nda<\/span><\/strong><\/h2>\r\n<p><span style=\"font-family: Roboto; font-size: 14px;\">\u0130sve\u00e7 seyahatini d\u00fc\u015f\u00fcnen \u00f6ncesinde vize tiplerini se\u00e7melidir. Vize tiplerini se\u00e7tikten sonra gerekli belgeler haz\u0131rlanmaya ba\u015flamal\u0131. Bu belgeleri haz\u0131rlad\u0131ktan sonra randevu almak ve belgeleri ibraz etmek gerekmektedir. Belgeyi ibraz ederken vize \u00fccretini \u00f6demeniz gerekli.<\/span><br \/><span style=\"font-family: Roboto; font-size: 14px;\"><strong>\u0130sve\u00e7 vizesi \u00fccreti<\/strong> ba\u015fvuru sahibi taraf\u0131ndan \u00f6denmeli. Bu \u00fccretler ya\u015f ve seyahat s\u00fcrelerine g\u00f6re de\u011fi\u015fmekte.<\/span><br \/><span style=\"font-family: Roboto; font-size: 14px;\">Vize \u00fccreti <strong>\u0130sve\u00e7 Konsolosluklar\u0131<\/strong> taraf\u0131ndan belirlenmekte.<\/span><br \/><span style=\"font-family: Roboto; font-size: 14px;\">Standart \u00fccret \u2013 790 TL<\/span><br \/><span style=\"font-family: Roboto; font-size: 14px;\">0 ila 5 Ya\u015f aras\u0131 \u00e7ocuk\u2013 0 TL<\/span><br \/><span style=\"font-family: Roboto; font-size: 14px;\">6 ila 12 Ya\u015f aras\u0131 \u00e7ocuk \u2013 400 TL<\/span><br \/><span style=\"font-family: Roboto; font-size: 14px;\">Di\u011fer \u00fclkenin vatanda\u015f\u0131 \u2013 310 TL<\/span><br \/><span style=\"font-family: Roboto; font-size: 14px;\">Di\u011fer \u00fclke denildi\u011fi zaman a\u015fa\u011f\u0131da bulunan \u00fclkeler kastedilmekte.<\/span><\/p>\r\n<ul>\r\n<li><span style=\"font-family: Roboto; font-size: 14px;\">Azerbaycan<\/span><\/li>\r\n<li><span style=\"font-family: Roboto; font-size: 14px;\">Ukrayna<\/span><\/li>\r\n<li><span style=\"font-family: Roboto; font-size: 14px;\">Ermenistan<\/span><\/li>\r\n<li><span style=\"font-family: Roboto; font-size: 14px;\">Rusya<\/span><\/li>\r\n<li><span style=\"font-family: Roboto; font-size: 14px;\">Bosna Hersek<\/span><\/li>\r\n<li><span style=\"font-family: Roboto; font-size: 14px;\">S\u0131rbistan<\/span><\/li>\r\n<li><span style=\"font-family: Roboto; font-size: 14px;\">Moldova<\/span><\/li>\r\n<\/ul>\r\n<p><span style=\"font-family: Roboto; font-size: 14px;\">Vize ba\u015fvurusunda konsoloslu\u011fa \u00f6denen vize har\u00e7 \u00fccretine 2 \u015eubat 2020 tarihine devlet taraf\u0131ndan zam yap\u0131lmaktad\u0131r. Bu tarihten itibaren yap\u0131lacak olan vize ba\u015fvurusunda, <strong>\u0130sve\u00e7 vize har\u00e7 \u00fccretleri<\/strong> olarak ki\u015finin 375 TL yerine 535 TL \u00f6demeleri gerekiyor. <strong>\u0130sve\u00e7 vize \u00fccretleri<\/strong> 6 ile 12 ya\u015f aras\u0131 \u00e7ocuk i\u00e7in ise 220 TL\u2019de 270 TL\u2019ye y\u00fckseltilmi\u015ftir. 0-5 ya\u015f aras\u0131 \u00e7ocuktan ise<strong> \u0130sve\u00e7 vize \u00fccreti<\/strong> al\u0131nm\u0131yor.<\/span><\/p>\r\n<h2 style=\"text-align: justify;\"><span style=\"font-family: Roboto; font-size: 27px;\"><strong>\u0130sve\u00e7 Vize \u00dccretleri ile \u0130lgili<\/strong><\/span><\/h2>\r\n<p style=\"text-align: justify;\"><span style=\"font-family: Roboto; font-size: 14px;\"><\/span><\/p>\r\n<p style=\"text-align: justify;\"><\/p>\r\n<p style=\"text-align: justify;\"><span style=\"font-family: Roboto; font-size: 14px;\"><strong>\u0130sve\u00e7 vize \u00fccretleri<\/strong> her y\u0131l konsolosluklar taraf\u0131ndan g\u00fcncelleniyor ve vizenin t\u00fcr\u00fcne g\u00f6re bu \u00fccretler de\u011fi\u015fiyor. Vize \u00fccretleri giri\u015f say\u0131s\u0131na, uzun ya da k\u0131sa olmas\u0131na, vizenin t\u00fcr\u00fcne g\u00f6re belirleniyor. Vize evraklar\u0131 teslim edildikten sonra 5 ve 7 i\u015f g\u00fcn\u00fc i\u00e7erisinde vizenizi alabilirsiniz.<\/span><\/p>\r\n<h2><span style=\"font-family: Roboto; font-size: 27px;\"><strong>\u0130sve\u00e7 Vize \u00dccretleri Ne Kadar?<\/strong><\/span><\/h2>\r\n<p><span style=\"font-family: Roboto; font-size: 14px;\">\r\n\r\n<\/span><\/p>\r\n<p><span style=\"font-family: Roboto; font-size: 14px;\"><strong>\u0130sve\u00e7 vize<\/strong> ba\u015fvurunuzun tamamlanabilmesi i\u00e7in vize \u00fccretlerinin de yat\u0131r\u0131lmas\u0131 gerekmektedir. <strong>175 TL vize \u00fccretiniz<\/strong> vard\u0131r. Bunun yan\u0131nda 75 TL de KDV \u00f6demeniz gerekiyor. Yat\u0131r\u0131m sonras\u0131nda kurumlardan vize \u00fccretlerinin yat\u0131r\u0131ld\u0131\u011f\u0131n\u0131 g\u00f6steren bir dekont alman\u0131z gerekiyor.<\/span><\/p>\r\n<h3><span style=\"font-family: Roboto; font-size: 24px;\"><strong>\u0130sve\u00e7 Vize \u00dccretleri Nas\u0131l Yat\u0131r\u0131l\u0131r?<\/strong><\/span><\/h3>\r\n<p><span style=\"font-family: Roboto; font-size: 14px;\">\r\n\r\n<\/span><\/p>\r\n<p><span style=\"font-family: Roboto; font-size: 14px;\"><strong>\u0130sve\u00e7 vize<\/strong> \u00fccretlerinin yat\u0131r\u0131lmas\u0131 konusunda dikkat edilmesi gereken \u00e7ok detayl\u0131 bilgiler vard\u0131r. \u00d6ncelikle bu \u00fccretlerin yat\u0131rla bilmesi i\u00e7in hangi kurumlar\u0131n yetkili oldu\u011funu bilmeniz gerekiyor. B\u00fcy\u00fckel\u00e7ilik taraf\u0131ndan g\u00fcncellenen vize \u00fccretlerinin ne kadar oldu\u011fu bilgisi de bu s\u00fcre\u00e7te \u00f6nemli bir detayd\u0131r.<\/span><\/p>\r\n<p><span style=\"font-family: Roboto; font-size: 14px;\">\r\n\r\n<\/span><\/p>\r\n<p><span style=\"font-family: Roboto; font-size: 14px;\"><strong>,\u0130sve\u00e7 Vize \u00fccreti<\/strong> yat\u0131r\u0131ld\u0131ktan sonra e\u011fer i\u015flemleriniz iptal edilirse vizenizi geri alabilme \u015fans\u0131m\u0131z bulunmuyor. Bununla birlikte dikkat edilmesi gereken en \u00f6nemli hususlardan birisi de vize \u00fccretleri konusunda verilen dekonttur. Bu dekont gereken \u00fccretlerin yat\u0131r\u0131ld\u0131\u011f\u0131n\u0131 g\u00f6steren bir belgedir ve bankalar taraf\u0131ndan sizlere verilir.<\/span><\/p>\r\n<p><span style=\"font-family: Roboto; font-size: 14px;\">\r\n\r\n<\/span><\/p>\r\n<p><span style=\"font-family: Roboto; font-size: 14px;\">Bu belgeyi mutlaka vize dosyan\u0131zda bulundurman\u0131z bize i\u015flemlerinizin kusursuz bir \u015fekilde tamamlanabilmesi i\u00e7in b\u00fcy\u00fck bir \u00f6nem arz eder. Bununla birlikte bu s\u00fcre\u00e7te \u00e7ok \u00f6nemli evraklardan birisi de seyahat sa\u011fl\u0131k sigortas\u0131d\u0131r. Seyahat sa\u011fl\u0131k sigortas\u0131n\u0131n mutlaka <strong>30.000 Euro teminatl\u0131<\/strong> olmas\u0131na ve seyahatinizin hemen hemen t\u00fcm tarihini kapsamas\u0131 gerekiyor. Seyahat sa\u011fl\u0131k sigortan\u0131z\u0131 haz\u0131rlanmas\u0131 s\u0131ras\u0131nda mutlaka profesyonel destek almal\u0131 ve uygun bir sigorta yapt\u0131rmal\u0131s\u0131n\u0131z.<\/span><\/p>\r\n<p><span style=\"font-family: Roboto;\"><\/span><\/p>","protected":false},"excerpt":{"rendered":"<p>\u0130sve\u00e7 seyahati s\u0131ras\u0131nda vize almak zorunda olan pasaport sahiplerinin yat\u0131rmas\u0131 gereken birtak\u0131m \u00fccretler vard\u0131r. Bu \u00fccretlerin yat\u0131r\u0131m\u0131 s\u0131ras\u0131nda mutlaka g\u00fcncel bilgilerden faydalanmak gerekiyor. Vize \u00fccretlerinin yat\u0131r\u0131lmas\u0131 s\u0131ras\u0131nda dikkat etmeniz gereken en \u00f6nemli hususlardan bir di\u011feri de mutlaka kurumlar taraf\u0131ndan yetki verilmi\u015f olan bankalardan hizmet almakt\u0131r. \u0130sve\u00e7 Vize \u00fccretleri her sene farkl\u0131l\u0131k g\u00f6sterdi\u011fi i\u00e7in bir \u00f6nceki<\/p>\n","protected":false},"author":1,"featured_media":0,"parent":0,"menu_order":0,"comment_status":"open","ping_status":"closed","template":"","meta":{"footnotes":""},"class_list":["post-303","page","type-page","status-publish","hentry"],"yoast_head":"<!-- This site is optimized with the Yoast SEO plugin v24.0 - https:\/\/yoast.com\/wordpress\/plugins\/seo\/ -->\n<title>\u0130sve\u00e7 Vize \u00dccreti - \u0130sve\u00e7 Vize Ba\u015fvurusu - MyVize<\/title>\n<meta name=\"description\" content=\"\u0130sve\u00e7 Vize \u00dccreti Ne Kadar? \u0130sve\u00e7 Vize \u00dccreti 2022 G\u00fcncel Fiyat Listesi. Bilgi \u0130\u00e7in Vize Uzmanlar\u0131m\u0131z\u0131 Aray\u0131n: 0850 346 84 93\" \/>\n<meta name=\"robots\" content=\"index, follow, max-snippet:-1, max-image-preview:large, max-video-preview:-1\" \/>\n<link rel=\"canonical\" href=\"https:\/\/www.myvize.com.tr\/isvec\/isvec-vize-ucreti\/\" \/>\n<meta property=\"og:locale\" content=\"tr_TR\" \/>\n<meta property=\"og:type\" content=\"article\" \/>\n<meta property=\"og:title\" content=\"\u0130sve\u00e7 Vize \u00dccreti - \u0130sve\u00e7 Vize Ba\u015fvurusu - MyVize\" \/>\n<meta property=\"og:description\" content=\"\u0130sve\u00e7 Vize \u00dccreti Ne Kadar? \u0130sve\u00e7 Vize \u00dccreti 2022 G\u00fcncel Fiyat Listesi. Bilgi \u0130\u00e7in Vize Uzmanlar\u0131m\u0131z\u0131 Aray\u0131n: 0850 346 84 93\" \/>\n<meta property=\"og:url\" content=\"https:\/\/www.myvize.com.tr\/isvec\/isvec-vize-ucreti\/\" \/>\n<meta property=\"og:site_name\" content=\"\u0130sve\u00e7 Vizesi\" \/>\n<meta property=\"article:modified_time\" content=\"2022-04-14T10:15:25+00:00\" \/>\n<meta property=\"og:image\" content=\"https:\/\/www.myvize.com.tr\/isvec\/wp-content\/uploads\/2021\/10\/17.jpg\" \/>\n<meta name=\"twitter:card\" content=\"summary_large_image\" \/>\n<meta name=\"twitter:label1\" content=\"Tahmini okuma s\u00fcresi\" \/>\n\t<meta name=\"twitter:data1\" content=\"4 dakika\" \/>\n<script type=\"application\/ld+json\" class=\"yoast-schema-graph\">{\"@context\":\"https:\/\/schema.org\",\"@graph\":[{\"@type\":\"WebPage\",\"@id\":\"https:\/\/www.myvize.com.tr\/isvec\/isvec-vize-ucreti\/\",\"url\":\"https:\/\/www.myvize.com.tr\/isvec\/isvec-vize-ucreti\/\",\"name\":\"\u0130sve\u00e7 Vize \u00dccreti - \u0130sve\u00e7 Vize Ba\u015fvurusu - MyVize\",\"isPartOf\":{\"@id\":\"https:\/\/www.myvize.com.tr\/isvec\/#website\"},\"primaryImageOfPage\":{\"@id\":\"https:\/\/www.myvize.com.tr\/isvec\/isvec-vize-ucreti\/#primaryimage\"},\"image\":{\"@id\":\"https:\/\/www.myvize.com.tr\/isvec\/isvec-vize-ucreti\/#primaryimage\"},\"thumbnailUrl\":\"https:\/\/www.myvize.com.tr\/isvec\/wp-content\/uploads\/2021\/10\/17.jpg\",\"datePublished\":\"2021-03-31T17:29:27+00:00\",\"dateModified\":\"2022-04-14T10:15:25+00:00\",\"description\":\"\u0130sve\u00e7 Vize \u00dccreti Ne Kadar? \u0130sve\u00e7 Vize \u00dccreti 2022 G\u00fcncel Fiyat Listesi. Bilgi \u0130\u00e7in Vize Uzmanlar\u0131m\u0131z\u0131 Aray\u0131n: 0850 346 84 93\",\"breadcrumb\":{\"@id\":\"https:\/\/www.myvize.com.tr\/isvec\/isvec-vize-ucreti\/#breadcrumb\"},\"inLanguage\":\"tr\",\"potentialAction\":[{\"@type\":\"ReadAction\",\"target\":[\"https:\/\/www.myvize.com.tr\/isvec\/isvec-vize-ucreti\/\"]}]},{\"@type\":\"ImageObject\",\"inLanguage\":\"tr\",\"@id\":\"https:\/\/www.myvize.com.tr\/isvec\/isvec-vize-ucreti\/#primaryimage\",\"url\":\"https:\/\/www.myvize.com.tr\/isvec\/wp-content\/uploads\/2021\/10\/17.jpg\",\"contentUrl\":\"https:\/\/www.myvize.com.tr\/isvec\/wp-content\/uploads\/2021\/10\/17.jpg\",\"width\":800,\"height\":500,\"caption\":\"\u0130sve\u00e7 Vize \u00dccreti\"},{\"@type\":\"BreadcrumbList\",\"@id\":\"https:\/\/www.myvize.com.tr\/isvec\/isvec-vize-ucreti\/#breadcrumb\",\"itemListElement\":[{\"@type\":\"ListItem\",\"position\":1,\"name\":\"Anasayfa\",\"item\":\"https:\/\/www.myvize.com.tr\/isvec\/\"},{\"@type\":\"ListItem\",\"position\":2,\"name\":\"\u0130sve\u00e7 Vize \u00dccreti\"}]},{\"@type\":\"WebSite\",\"@id\":\"https:\/\/www.myvize.com.tr\/isvec\/#website\",\"url\":\"https:\/\/www.myvize.com.tr\/isvec\/\",\"name\":\"\u0130sve\u00e7 Vizesi\",\"description\":\"\",\"potentialAction\":[{\"@type\":\"SearchAction\",\"target\":{\"@type\":\"EntryPoint\",\"urlTemplate\":\"https:\/\/www.myvize.com.tr\/isvec\/?s={search_term_string}\"},\"query-input\":{\"@type\":\"PropertyValueSpecification\",\"valueRequired\":true,\"valueName\":\"search_term_string\"}}],\"inLanguage\":\"tr\"}]}<\/script>\n<!-- \/ Yoast SEO plugin. -->","yoast_head_json":{"title":"\u0130sve\u00e7 Vize \u00dccreti - \u0130sve\u00e7 Vize Ba\u015fvurusu - MyVize","description":"\u0130sve\u00e7 Vize \u00dccreti Ne Kadar? \u0130sve\u00e7 Vize \u00dccreti 2022 G\u00fcncel Fiyat Listesi. Bilgi \u0130\u00e7in Vize Uzmanlar\u0131m\u0131z\u0131 Aray\u0131n: 0850 346 84 93","robots":{"index":"index","follow":"follow","max-snippet":"max-snippet:-1","max-image-preview":"max-image-preview:large","max-video-preview":"max-video-preview:-1"},"canonical":"https:\/\/www.myvize.com.tr\/isvec\/isvec-vize-ucreti\/","og_locale":"tr_TR","og_type":"article","og_title":"\u0130sve\u00e7 Vize \u00dccreti - \u0130sve\u00e7 Vize Ba\u015fvurusu - MyVize","og_description":"\u0130sve\u00e7 Vize \u00dccreti Ne Kadar? \u0130sve\u00e7 Vize \u00dccreti 2022 G\u00fcncel Fiyat Listesi. Bilgi \u0130\u00e7in Vize Uzmanlar\u0131m\u0131z\u0131 Aray\u0131n: 0850 346 84 93","og_url":"https:\/\/www.myvize.com.tr\/isvec\/isvec-vize-ucreti\/","og_site_name":"\u0130sve\u00e7 Vizesi","article_modified_time":"2022-04-14T10:15:25+00:00","og_image":[{"url":"https:\/\/www.myvize.com.tr\/isvec\/wp-content\/uploads\/2021\/10\/17.jpg","type":"","width":"","height":""}],"twitter_card":"summary_large_image","twitter_misc":{"Tahmini okuma s\u00fcresi":"4 dakika"},"schema":{"@context":"https:\/\/schema.org","@graph":[{"@type":"WebPage","@id":"https:\/\/www.myvize.com.tr\/isvec\/isvec-vize-ucreti\/","url":"https:\/\/www.myvize.com.tr\/isvec\/isvec-vize-ucreti\/","name":"\u0130sve\u00e7 Vize \u00dccreti - \u0130sve\u00e7 Vize Ba\u015fvurusu - MyVize","isPartOf":{"@id":"https:\/\/www.myvize.com.tr\/isvec\/#website"},"primaryImageOfPage":{"@id":"https:\/\/www.myvize.com.tr\/isvec\/isvec-vize-ucreti\/#primaryimage"},"image":{"@id":"https:\/\/www.myvize.com.tr\/isvec\/isvec-vize-ucreti\/#primaryimage"},"thumbnailUrl":"https:\/\/www.myvize.com.tr\/isvec\/wp-content\/uploads\/2021\/10\/17.jpg","datePublished":"2021-03-31T17:29:27+00:00","dateModified":"2022-04-14T10:15:25+00:00","description":"\u0130sve\u00e7 Vize \u00dccreti Ne Kadar? \u0130sve\u00e7 Vize \u00dccreti 2022 G\u00fcncel Fiyat Listesi. Bilgi \u0130\u00e7in Vize Uzmanlar\u0131m\u0131z\u0131 Aray\u0131n: 0850 346 84 93","breadcrumb":{"@id":"https:\/\/www.myvize.com.tr\/isvec\/isvec-vize-ucreti\/#breadcrumb"},"inLanguage":"tr","potentialAction":[{"@type":"ReadAction","target":["https:\/\/www.myvize.com.tr\/isvec\/isvec-vize-ucreti\/"]}]},{"@type":"ImageObject","inLanguage":"tr","@id":"https:\/\/www.myvize.com.tr\/isvec\/isvec-vize-ucreti\/#primaryimage","url":"https:\/\/www.myvize.com.tr\/isvec\/wp-content\/uploads\/2021\/10\/17.jpg","contentUrl":"https:\/\/www.myvize.com.tr\/isvec\/wp-content\/uploads\/2021\/10\/17.jpg","width":800,"height":500,"caption":"\u0130sve\u00e7 Vize \u00dccreti"},{"@type":"BreadcrumbList","@id":"https:\/\/www.myvize.com.tr\/isvec\/isvec-vize-ucreti\/#breadcrumb","itemListElement":[{"@type":"ListItem","position":1,"name":"Anasayfa","item":"https:\/\/www.myvize.com.tr\/isvec\/"},{"@type":"ListItem","position":2,"name":"\u0130sve\u00e7 Vize \u00dccreti"}]},{"@type":"WebSite","@id":"https:\/\/www.myvize.com.tr\/isvec\/#website","url":"https:\/\/www.myvize.com.tr\/isvec\/","name":"\u0130sve\u00e7 Vizesi","description":"","potentialAction":[{"@type":"SearchAction","target":{"@type":"EntryPoint","urlTemplate":"https:\/\/www.myvize.com.tr\/isvec\/?s={search_term_string}"},"query-input":{"@type":"PropertyValueSpecification","valueRequired":true,"valueName":"search_term_string"}}],"inLanguage":"tr"}]}},"_links":{"self":[{"href":"https:\/\/www.myvize.com.tr\/isvec\/wp-json\/wp\/v2\/pages\/303","targetHints":{"allow":["GET"]}}],"collection":[{"href":"https:\/\/www.myvize.com.tr\/isvec\/wp-json\/wp\/v2\/pages"}],"about":[{"href":"https:\/\/www.myvize.com.tr\/isvec\/wp-json\/wp\/v2\/types\/page"}],"author":[{"embeddable":true,"href":"https:\/\/www.myvize.com.tr\/isvec\/wp-json\/wp\/v2\/users\/1"}],"replies":[{"embeddable":true,"href":"https:\/\/www.myvize.com.tr\/isvec\/wp-json\/wp\/v2\/comments?post=303"}],"version-history":[{"count":13,"href":"https:\/\/www.myvize.com.tr\/isvec\/wp-json\/wp\/v2\/pages\/303\/revisions"}],"predecessor-version":[{"id":752,"href":"https:\/\/www.myvize.com.tr\/isvec\/wp-json\/wp\/v2\/pages\/303\/revisions\/752"}],"wp:attachment":[{"href":"https:\/\/www.myvize.com.tr\/isvec\/wp-json\/wp\/v2\/media?parent=303"}],"curies":[{"name":"wp","href":"https:\/\/api.w.org\/{rel}","templated":true}]}}