{"id":37,"date":"2021-06-08T12:00:00","date_gmt":"2021-06-08T09:00:00","guid":{"rendered":"https:\/\/www.myvize.com.tr\/isvec\/?page_id=37"},"modified":"2022-07-08T14:35:48","modified_gmt":"2022-07-08T11:35:48","slug":"isvec-aile-birlesimi-vizesi","status":"publish","type":"page","link":"https:\/\/www.myvize.com.tr\/isvec\/vize-islemleri\/isvec-aile-birlesimi-vizesi\/","title":{"rendered":"\u0130sve\u00e7 Aile Birle\u015fimi Vizesi"},"content":{"rendered":"<p><span style=\"font-family: Roboto;\"><\/span><\/p>\r\n<h2><strong><span style=\"font-size: 27px; font-family: Roboto;\">\u0130sve\u00e7 Aile Birle\u015fimi Vizesi Hakk\u0131nda<\/span><\/strong><\/h2>\r\n<p><span style=\"font-family: Roboto; font-size: 14px;\">Hayat \u015fartlar\u0131n\u0131n daha sa\u011fl\u0131kl\u0131 bir hale d\u00f6n\u00fc\u015ft\u00fcrmek isteyenler, \u00e7areyi yurt d\u0131\u015f\u0131na \u00e7\u0131kmakta bulur.\u00a0<strong>\u0130sve\u00e7<\/strong>, ya\u015fam standartlar\u0131 olduk\u00e7a y\u00fcksek \u00fclkelerden biridir. \u00c7\u00fcnk\u00fc \u0130sve\u00e7 mali olanaklar\u0131n tavan yapt\u0131\u011f\u0131 pahal\u0131 \u00fclkeler aras\u0131nda yer almaktad\u0131r. Bir\u00e7ok T\u00fcrk vatanda\u015f\u0131 bu pahal\u0131 \u00fclkede ya\u015fayarak, maddi olanaklar\u0131n\u0131 g\u00fc\u00e7lendirmeyi hedefler.\u00a0<strong>\u0130sve\u00e7 aile birle\u015fim vizesi,\u00a0<\/strong>T\u00fcrk vatanda\u015flar\u0131n\u0131n aile bireylerini bulundu\u011fu \u00fclkeye davet edebilmeleri a\u00e7\u0131s\u0131ndan \u00e7ok \u00f6nemli bir vize cinsidir. Bu \u00fclkeye ilk olarak giri\u015f yapabilmek i\u00e7in on sekiz ya\u015f\u0131n\u0131 doldurmak gerekir. Daha sonras\u0131nda <strong>\u0130sve\u00e7\u2019te ya\u015fam kurmak<\/strong> ad\u0131na ikametgah\u0131n\u0131z\u0131n bu \u00fclkede sa\u011flanmas\u0131 i\u00e7in ev ve i\u015f d\u00fczeni kurulmas\u0131 gerekir.\u00a0 Genel olarak sa\u011flad\u0131\u011f\u0131n\u0131z d\u00fczen sayesinde oturma izni \u00e7\u0131kart\u0131p, \u00fclkede kal\u0131c\u0131 bir \u015fekilde ikametg\u00e2h sa\u011flayabilirsiniz.<\/span><\/p>\r\n<p><span style=\"font-family: Roboto; font-size: 14px;\">\r\n\r\n<\/span><\/p>\r\n<p><span style=\"font-family: Roboto; font-size: 14px;\"><strong>\u0130sve\u00e7 aile birle\u015fim vizesi<\/strong> sayesinde ki\u015filer T\u00fcrkiye\u2019de kalan aile fertlerini \u0130sve\u00e7\u2019e getirtebilmektedir. Bu vize sayesinde aile fertleri \u00e7ok daha uzun s\u00fcre birlikte olabilir ve dahas\u0131 bir hayat kurma \u00e7abas\u0131 i\u00e7erisine girebilir. Sonu\u00e7 itibari ile yurt d\u0131\u015f\u0131na yerle\u015fim odakl\u0131 \u00e7\u0131kan biri, art\u0131k orada bir ya\u015fam s\u00fcrd\u00fcrd\u00fc\u011f\u00fcnden \u00f6zellikle e\u015f ve \u00e7ocuklar\u0131n\u0131 da ayn\u0131 \u00fclkenin \u00e7at\u0131s\u0131 alt\u0131nda toplamak istemektedir. Ba\u015fvurular \u0130sve\u00e7 \u0130stanbul ba\u015fkonsoloslu\u011funa yap\u0131lmaktad\u0131r. M\u00fcracaat yap\u0131ld\u0131ktan hemen sonra ilgili belgelerin sa\u011flanmas\u0131 gerekir. Bu belgelerin dikkatli bir \u015fekilde temin edilmesi, onay cevab\u0131 al\u0131nmas\u0131 i\u00e7in b\u00fcy\u00fck \u00f6nem ta\u015f\u0131r. Eksik belge halinde birle\u015fim vizesi ret alabilmektedir. Bu y\u00fczden bu konuya itina g\u00f6stermek gereklidir.<\/span><\/p>\r\n<p><span style=\"font-family: Roboto; font-size: 14px;\">\r\n\r\n<\/span><\/p>\r\n<p><span style=\"font-family: Roboto; font-size: 14px;\"><strong>\u0130sve\u00e7\u2019ten birle\u015fim vizesi<\/strong> alabilmek i\u00e7in, \u00fc\u00e7 ay \u00f6ncesinden ba\u015fvuru yap\u0131lmas\u0131 gerekir. Olas\u0131 ek belgeler istenildi\u011fi takdirde vize \u00e7\u0131k\u0131\u015f\u0131na on be\u015f g\u00fcn kala ba\u015fvurular ger\u00e7ekle\u015ftirilebilir. Bu vize doksan g\u00fcnl\u00fck verilmektedir. Bunun yan\u0131 s\u0131ra belirli ko\u015fullar sa\u011flanmad\u0131\u011f\u0131 takdirde birle\u015fim vizede ret edilebilir. Sahtecilik, eksik belge, s\u00fcre a\u015f\u0131m\u0131, s\u0131n\u0131r d\u0131\u015f\u0131, d\u00fczen bozma gibi durumlarda ne yaz\u0131k ki aile vizesi onaylanmamaktad\u0131r.<\/span><\/p>\r\n<h2><strong><span style=\"font-family: Roboto; font-size: 27px;\">\u0130sve\u00e7 Aile Birle\u015fimi Vizesi Nedir?<\/span><\/strong><\/h2>\r\n<p><span style=\"font-family: Roboto; font-size: 14px;\">\u0130sve\u00e7&#8217;de e\u015f, annesi, baba ya da \u00e7ocuk olan ki\u015fi, \u0130sve\u00e7&#8217;de bulunan aile \u00fcyesiyle beraber ya\u015fayacak ise \u0130sve\u00e7\u00a0 aile birle\u015fimi vizesi almas\u0131 gerekmekte. <strong>\u0130sve\u00e7\u00a0 aile birle\u015fimi vizesi<\/strong> alacak olan ki\u015fi, \u0130sve\u00e7\u00a0 aile birle\u015fiminin ne oldu\u011fu merak edilmekte. Bu yaz\u0131 da <strong>\u0130sve\u00e7\u00a0 aile birle\u015fimi vizesi<\/strong> alacak olan ki\u015fi i\u00e7in \u201c\u0130sve\u00e7\u00a0 aile birle\u015fimi nedir?\u201d sorusu cevaplar\u0131 verilmi\u015ftir.\u00a0\u0130sve\u00e7\u00a0 aile birle\u015fimi vizesi, \u0130sve\u00e7&#8217;de bulunan aile \u00fcyeleri ile beraber \u0130sve\u00e7&#8217;de ya\u015famak isteyen ki\u015filerin almas\u0131 gereken yasal izini t\u00fcr \u0130sve\u00e7\u00a0 aile birle\u015fimi vizesidir. \u0130sve\u00e7\u00a0 aile birle\u015fimi vizesi uzun s\u00fcreli bir \u0130sve\u00e7\u00a0 vize t\u00fcr\u00fcd\u00fcr. Bu vize olmadan \u0130sve\u00e7\u00a0 aile birle\u015fimleri yap\u0131lmamaktad\u0131r. \u0130sve\u00e7\u00a0 aile birle\u015fimi vizesi vermeleri yetkisi \u0130sve\u00e7&#8217;in T\u00fcrkiye de bulunan temsilciliklerine aittir. Ba\u015fvuru da \u0130sve\u00e7&#8217;in T\u00fcrkiye de bulunan temsilciliklerine yap\u0131labilmektedir. \u0130sve\u00e7\u00a0 aile birle\u015fimi vizesini alabilmek i\u00e7in \u0130sve\u00e7&#8217;de bulunan aile \u00fcye sizi yan\u0131nda ya\u015famaya kabul etmesi gerekmektedir.<\/span><\/p>\r\n<h2><strong><span style=\"font-family: Roboto; font-size: 27px;\">\u0130sve\u00e7 Aile Birle\u015fimi Vizesi Nas\u0131l Al\u0131n\u0131r?<\/span><\/strong><\/h2>\r\n<p><span style=\"font-family: Roboto; font-size: 14px;\">\u0130sve\u00e7\u00a0 aile birle\u015fimi veya\u00a0 evlilik vizesi ba\u015fvuru ad\u0131mlar\u0131 a\u015fa\u011f\u0131da listelenmi\u015ftir.<\/span><\/p>\r\n<p><span style=\"font-family: Roboto; font-size: 14px;\">\u0130sve\u00e7\u00a0 aile birle\u015fimi vize ba\u015fvuru formunu\u00a0 doldurmak: Vize ba\u015fvuru formunu\u00a0 t\u00fckenmez kalemle eksiksiz,\u00a0 do\u011fru bilgilerle doldurulmal\u0131d\u0131r.<\/span><\/p>\r\n<p><span style=\"font-family: Roboto; font-size: 14px;\"><strong>\u0130sve\u00e7\u00a0 aile birle\u015fimi vize ba\u015fvurusu<\/strong> i\u00e7in gerekli evraklar\u0131 haz\u0131rlamak: Ba\u015fvuru formunu yan\u0131nda di\u011fer istenen belgeler haz\u0131rlanmal\u0131d\u0131r.<\/span><\/p>\r\n<p><span style=\"font-family: Roboto; font-size: 14px;\">Vize ba\u015fvuru merkezinden randevu almak: \u0130sve\u00e7\u00a0 aile birle\u015fimi vize ba\u015fvurusu evraklar\u0131n\u0131 teslim etmek i\u00e7in vize ba\u015fvuru merkezinden ya da en yak\u0131n \u0130sve\u00e7\u00a0 Konsoloslu\u011funa randevu almas\u0131 gerekmektedir.<\/span><\/p>\r\n<p><span style=\"font-family: Roboto; font-size: 14px;\">Vize ba\u015fvuru merkezi taraf\u0131ndan biyometri bilginin al\u0131nmas\u0131: Randevu tarihinde vize ba\u015fvurusu da bulunan ki\u015finin biyometrik bilgisinin al\u0131nmas\u0131 gerekmektedir.<\/span><\/p>\r\n<p><span style=\"font-family: Roboto; font-size: 14px;\">Vize \u00fccretini \u00f6demek: <strong>\u0130sve\u00e7 aile birle\u015fimi vizesi<\/strong> \u00fccreti \u00f6denmesi ve makbuz yetkililerine teslim edilmelidir.<\/span><\/p>\r\n<p><span style=\"font-family: Roboto; font-size: 14px;\">Vize ba\u015fvuru takibi yapmak\u00a0<\/span><\/p>\r\n<p><span style=\"font-family: Roboto; font-size: 14px;\">Pasaportu teslim almak<\/span><\/p>\r\n<h2><strong><span style=\"font-family: Roboto; font-size: 27px;\">\u0130sve\u00e7 Aile Birle\u015fimi Vizesi Nereden Al\u0131n\u0131r?<\/span><\/strong><\/h2>\r\n<p><span style=\"font-family: Roboto; font-size: 14px;\">Aile \u00fcyesi ve beraber <strong>\u0130sve\u00e7&#8217;de ya\u015famak<\/strong> isteyen ki\u015filer, \u0130sve\u00e7\u00a0 aile birle\u015fimi vizesi almal\u0131d\u0131r. \u0130sve\u00e7\u00a0 aile birle\u015fimi vizesi ba\u015fvuru da bulunacak olan T\u00fcrk vatanda\u015flar\u0131 \u0130sve\u00e7\u00a0 aile birle\u015fimi vizesinin nerede al\u0131naca\u011f\u0131 merak etmektedir. Bu yaz\u0131 da \u0130sve\u00e7\u00a0 aile birle\u015fimi vizesi alacak olan ki\u015filer i\u00e7in \u201c\u0130sve\u00e7\u00a0 aile birle\u015fimi vizesi nereden al\u0131n\u0131r?\u201d soru cevap verilmi\u015ftir. \u0130sve\u00e7\u00a0 aile birle\u015fimi vizesi ba\u015fvurusu \u0130sve\u00e7&#8217;in T\u00fcrkiye de ki diplomatik temsilciliklerine yap\u0131labilir. \u0130sve\u00e7\u00a0 aile birle\u015fimi vizesi ba\u015fvuru yapabilece\u011fi temsilcilik, <strong>\u0130sve\u00e7\u00a0 Ankara B\u00fcy\u00fckel\u00e7ili\u011fi<\/strong> ve \u0130sve\u00e7\u00a0 \u0130stanbul Ba\u015fkonsoloslu\u011fa yap\u0131labilmektedir. \u0130sve\u00e7\u00a0 aile birle\u015fimi vizesi ba\u015fvurusu inceleme ve de\u011ferlendirmek yetkileri de \u0130sve\u00e7&#8217;in T\u00fcrkiye temsilcili\u011fine aittir. \u0130sve\u00e7\u00a0 aile birle\u015fimi vizesi ba\u015fvuru \u0130sve\u00e7&#8217;in T\u00fcrkiye temsilcili\u011fine yap\u0131lmakta ve ba\u015fvurular da \u0130sve\u00e7\u00a0 temsilcili\u011fi incelemektedir. Bu sebeple \u0130sve\u00e7\u00a0 aile birle\u015fimi vizesi nereden al\u0131n\u0131r? soru verilebilecek en iyi cevap \u0130sve\u00e7\u00a0 temsilcili\u011fi cevab\u0131d\u0131r. Ba\u015fvuru onaylan\u0131rsa ba\u015fvuru sahibinin pasaportuna bas\u0131lmaktad\u0131r.<\/span><\/p>\r\n<h3><strong><span style=\"font-family: Roboto; font-size: 24px;\">\u0130sve\u00e7 Aile Birle\u015fimi Vizesi Ka\u00e7 G\u00fcnde \u00c7\u0131kar?<\/span><\/strong><\/h3>\r\n<p><span style=\"font-family: Roboto; font-size: 14px;\">\u0130sve\u00e7\u00a0 aile birle\u015fimi vizesi ba\u015fvurular\u0131 b\u00fct\u00fcn evrak vize ba\u015fvuru merkezine teslim edildikten sonra 60 g\u00fcn i\u00e7erisinde karara ba\u011flanmaktad\u0131r. Belge eksikli\u011fi ya da farkl\u0131 belgeler talebi gibi durumun yan\u0131nda vize merkezinin tatil g\u00fcn\u00fc ve yo\u011funlu\u011fu gibi durum da \u0130sve\u00e7\u00a0 aile birle\u015fimi vizesi i\u015flemi belirtilen s\u00fcrelerde daha uzun ya da k\u0131sa s\u00fcrebilmektedir. \u0130sve\u00e7\u00a0 aile birle\u015fimi vizesi ba\u015fvurusu sonu\u00e7lanmas\u0131 bir\u00e7ok durum etkiler etmektedir. Bu nedenle ba\u015fvurunun sonu\u00e7lamas\u0131 i\u00e7in belirli bir s\u00fcreleri bulunmamaktad\u0131r. Ayr\u0131ca \u0130sve\u00e7\u00a0 aile birle\u015fimi vizesi ba\u015fvurusu inceleyen \u0130sve\u00e7\u00a0 temsilcili\u011fi de bir s\u00fcre k\u0131s\u0131tlamalar\u0131 tabi de\u011fildir. \u0130sve\u00e7\u00a0 aile birle\u015fimi vizesi ba\u015fvuru ortalama olarak bir ay i\u00e7erisinde sonu\u00e7lanmaktad\u0131r.<span style=\"color: #2acec2;\"><strong><a style=\"color: #2acec2;\" href=\"https:\/\/www.myvize.com.tr\/isvec\/vize-islemleri\/\" target=\"_blank\" rel=\"noopener\"> \u0130sve\u00e7\u00a0vize i\u015flemi<\/a><\/strong><\/span> sonucunda \u0130sve\u00e7 vizesi \u00fccreti iadesi olmad\u0131\u011f\u0131nda ba\u015fvuru sahibinin bu s\u00fcre\u00e7te titiz davranmas\u0131 ya da uzman ki\u015fiden yard\u0131m almas\u0131 tavsiye edilir.<\/span><\/p>\r\n<p><span style=\"font-family: Roboto;\"><\/span><\/p>\r\n<p><img decoding=\"async\" src=\"https:\/\/www.myvize.com.tr\/isvec\/wp-content\/uploads\/2021\/10\/10.jpg\" \/><\/p>","protected":false},"excerpt":{"rendered":"<p>\u0130sve\u00e7 Aile Birle\u015fimi Vizesi Hakk\u0131nda Hayat \u015fartlar\u0131n\u0131n daha sa\u011fl\u0131kl\u0131 bir hale d\u00f6n\u00fc\u015ft\u00fcrmek isteyenler, \u00e7areyi yurt d\u0131\u015f\u0131na \u00e7\u0131kmakta bulur.\u00a0\u0130sve\u00e7, ya\u015fam standartlar\u0131 olduk\u00e7a y\u00fcksek \u00fclkelerden biridir. \u00c7\u00fcnk\u00fc \u0130sve\u00e7 mali olanaklar\u0131n tavan yapt\u0131\u011f\u0131 pahal\u0131 \u00fclkeler aras\u0131nda yer almaktad\u0131r. Bir\u00e7ok T\u00fcrk vatanda\u015f\u0131 bu pahal\u0131 \u00fclkede ya\u015fayarak, maddi olanaklar\u0131n\u0131 g\u00fc\u00e7lendirmeyi hedefler.\u00a0\u0130sve\u00e7 aile birle\u015fim vizesi,\u00a0T\u00fcrk vatanda\u015flar\u0131n\u0131n aile bireylerini bulundu\u011fu \u00fclkeye davet<\/p>\n","protected":false},"author":1,"featured_media":0,"parent":18,"menu_order":0,"comment_status":"open","ping_status":"closed","template":"","meta":{"footnotes":""},"class_list":["post-37","page","type-page","status-publish","hentry"],"yoast_head":"<!-- This site is optimized with the Yoast SEO plugin v24.0 - https:\/\/yoast.com\/wordpress\/plugins\/seo\/ -->\n<title>\u0130sve\u00e7 Aile Birle\u015fimi Vizesi - MyVize Vize Ba\u015fvuru Merkezi<\/title>\n<meta name=\"description\" content=\"\u0130sve\u00e7 Aile Birle\u015fimi Vizesi Nas\u0131l Al\u0131n\u0131r? \u0130sve\u00e7 Aile Birle\u015fimi Vize Ba\u015fvurusu Nas\u0131l Yap\u0131l\u0131r? \u0130sve\u00e7 Aile Birle\u015fimi Vize \u00dccreti Nedir 2022?\" \/>\n<meta name=\"robots\" content=\"index, follow, max-snippet:-1, max-image-preview:large, max-video-preview:-1\" \/>\n<link rel=\"canonical\" href=\"https:\/\/www.myvize.com.tr\/isvec\/vize-islemleri\/isvec-aile-birlesimi-vizesi\/\" \/>\n<meta property=\"og:locale\" content=\"tr_TR\" \/>\n<meta property=\"og:type\" content=\"article\" \/>\n<meta property=\"og:title\" content=\"\u0130sve\u00e7 Aile Birle\u015fimi Vizesi - MyVize Vize Ba\u015fvuru Merkezi\" \/>\n<meta property=\"og:description\" content=\"\u0130sve\u00e7 Aile Birle\u015fimi Vizesi Nas\u0131l Al\u0131n\u0131r? \u0130sve\u00e7 Aile Birle\u015fimi Vize Ba\u015fvurusu Nas\u0131l Yap\u0131l\u0131r? \u0130sve\u00e7 Aile Birle\u015fimi Vize \u00dccreti Nedir 2022?\" \/>\n<meta property=\"og:url\" content=\"https:\/\/www.myvize.com.tr\/isvec\/vize-islemleri\/isvec-aile-birlesimi-vizesi\/\" \/>\n<meta property=\"og:site_name\" content=\"\u0130sve\u00e7 Vizesi\" \/>\n<meta property=\"article:modified_time\" content=\"2022-07-08T11:35:48+00:00\" \/>\n<meta property=\"og:image\" content=\"https:\/\/www.myvize.com.tr\/isvec\/wp-content\/uploads\/2021\/10\/10.jpg\" \/>\n<meta name=\"twitter:card\" content=\"summary_large_image\" \/>\n<meta name=\"twitter:label1\" content=\"Tahmini okuma s\u00fcresi\" \/>\n\t<meta name=\"twitter:data1\" content=\"4 dakika\" \/>\n<script type=\"application\/ld+json\" class=\"yoast-schema-graph\">{\"@context\":\"https:\/\/schema.org\",\"@graph\":[{\"@type\":\"WebPage\",\"@id\":\"https:\/\/www.myvize.com.tr\/isvec\/vize-islemleri\/isvec-aile-birlesimi-vizesi\/\",\"url\":\"https:\/\/www.myvize.com.tr\/isvec\/vize-islemleri\/isvec-aile-birlesimi-vizesi\/\",\"name\":\"\u0130sve\u00e7 Aile Birle\u015fimi Vizesi - MyVize Vize Ba\u015fvuru Merkezi\",\"isPartOf\":{\"@id\":\"https:\/\/www.myvize.com.tr\/isvec\/#website\"},\"primaryImageOfPage\":{\"@id\":\"https:\/\/www.myvize.com.tr\/isvec\/vize-islemleri\/isvec-aile-birlesimi-vizesi\/#primaryimage\"},\"image\":{\"@id\":\"https:\/\/www.myvize.com.tr\/isvec\/vize-islemleri\/isvec-aile-birlesimi-vizesi\/#primaryimage\"},\"thumbnailUrl\":\"https:\/\/www.myvize.com.tr\/isvec\/wp-content\/uploads\/2021\/10\/10.jpg\",\"datePublished\":\"2021-06-08T09:00:00+00:00\",\"dateModified\":\"2022-07-08T11:35:48+00:00\",\"description\":\"\u0130sve\u00e7 Aile Birle\u015fimi Vizesi Nas\u0131l Al\u0131n\u0131r? \u0130sve\u00e7 Aile Birle\u015fimi Vize Ba\u015fvurusu Nas\u0131l Yap\u0131l\u0131r? \u0130sve\u00e7 Aile Birle\u015fimi Vize \u00dccreti Nedir 2022?\",\"breadcrumb\":{\"@id\":\"https:\/\/www.myvize.com.tr\/isvec\/vize-islemleri\/isvec-aile-birlesimi-vizesi\/#breadcrumb\"},\"inLanguage\":\"tr\",\"potentialAction\":[{\"@type\":\"ReadAction\",\"target\":[\"https:\/\/www.myvize.com.tr\/isvec\/vize-islemleri\/isvec-aile-birlesimi-vizesi\/\"]}]},{\"@type\":\"ImageObject\",\"inLanguage\":\"tr\",\"@id\":\"https:\/\/www.myvize.com.tr\/isvec\/vize-islemleri\/isvec-aile-birlesimi-vizesi\/#primaryimage\",\"url\":\"https:\/\/www.myvize.com.tr\/isvec\/wp-content\/uploads\/2021\/10\/10.jpg\",\"contentUrl\":\"https:\/\/www.myvize.com.tr\/isvec\/wp-content\/uploads\/2021\/10\/10.jpg\",\"width\":800,\"height\":500,\"caption\":\"\u0130sve\u00e7 Aile Birle\u015fimi Vizesi\"},{\"@type\":\"BreadcrumbList\",\"@id\":\"https:\/\/www.myvize.com.tr\/isvec\/vize-islemleri\/isvec-aile-birlesimi-vizesi\/#breadcrumb\",\"itemListElement\":[{\"@type\":\"ListItem\",\"position\":1,\"name\":\"Anasayfa\",\"item\":\"https:\/\/www.myvize.com.tr\/isvec\/\"},{\"@type\":\"ListItem\",\"position\":2,\"name\":\"V\u0130ZE \u0130\u015eLEMLER\u0130\",\"item\":\"https:\/\/www.myvize.com.tr\/isvec\/vize-islemleri\/\"},{\"@type\":\"ListItem\",\"position\":3,\"name\":\"\u0130sve\u00e7 Aile Birle\u015fimi Vizesi\"}]},{\"@type\":\"WebSite\",\"@id\":\"https:\/\/www.myvize.com.tr\/isvec\/#website\",\"url\":\"https:\/\/www.myvize.com.tr\/isvec\/\",\"name\":\"\u0130sve\u00e7 Vizesi\",\"description\":\"\",\"potentialAction\":[{\"@type\":\"SearchAction\",\"target\":{\"@type\":\"EntryPoint\",\"urlTemplate\":\"https:\/\/www.myvize.com.tr\/isvec\/?s={search_term_string}\"},\"query-input\":{\"@type\":\"PropertyValueSpecification\",\"valueRequired\":true,\"valueName\":\"search_term_string\"}}],\"inLanguage\":\"tr\"}]}<\/script>\n<!-- \/ Yoast SEO plugin. -->","yoast_head_json":{"title":"\u0130sve\u00e7 Aile Birle\u015fimi Vizesi - MyVize Vize Ba\u015fvuru Merkezi","description":"\u0130sve\u00e7 Aile Birle\u015fimi Vizesi Nas\u0131l Al\u0131n\u0131r? \u0130sve\u00e7 Aile Birle\u015fimi Vize Ba\u015fvurusu Nas\u0131l Yap\u0131l\u0131r? \u0130sve\u00e7 Aile Birle\u015fimi Vize \u00dccreti Nedir 2022?","robots":{"index":"index","follow":"follow","max-snippet":"max-snippet:-1","max-image-preview":"max-image-preview:large","max-video-preview":"max-video-preview:-1"},"canonical":"https:\/\/www.myvize.com.tr\/isvec\/vize-islemleri\/isvec-aile-birlesimi-vizesi\/","og_locale":"tr_TR","og_type":"article","og_title":"\u0130sve\u00e7 Aile Birle\u015fimi Vizesi - MyVize Vize Ba\u015fvuru Merkezi","og_description":"\u0130sve\u00e7 Aile Birle\u015fimi Vizesi Nas\u0131l Al\u0131n\u0131r? \u0130sve\u00e7 Aile Birle\u015fimi Vize Ba\u015fvurusu Nas\u0131l Yap\u0131l\u0131r? \u0130sve\u00e7 Aile Birle\u015fimi Vize \u00dccreti Nedir 2022?","og_url":"https:\/\/www.myvize.com.tr\/isvec\/vize-islemleri\/isvec-aile-birlesimi-vizesi\/","og_site_name":"\u0130sve\u00e7 Vizesi","article_modified_time":"2022-07-08T11:35:48+00:00","og_image":[{"url":"https:\/\/www.myvize.com.tr\/isvec\/wp-content\/uploads\/2021\/10\/10.jpg","type":"","width":"","height":""}],"twitter_card":"summary_large_image","twitter_misc":{"Tahmini okuma s\u00fcresi":"4 dakika"},"schema":{"@context":"https:\/\/schema.org","@graph":[{"@type":"WebPage","@id":"https:\/\/www.myvize.com.tr\/isvec\/vize-islemleri\/isvec-aile-birlesimi-vizesi\/","url":"https:\/\/www.myvize.com.tr\/isvec\/vize-islemleri\/isvec-aile-birlesimi-vizesi\/","name":"\u0130sve\u00e7 Aile Birle\u015fimi Vizesi - MyVize Vize Ba\u015fvuru Merkezi","isPartOf":{"@id":"https:\/\/www.myvize.com.tr\/isvec\/#website"},"primaryImageOfPage":{"@id":"https:\/\/www.myvize.com.tr\/isvec\/vize-islemleri\/isvec-aile-birlesimi-vizesi\/#primaryimage"},"image":{"@id":"https:\/\/www.myvize.com.tr\/isvec\/vize-islemleri\/isvec-aile-birlesimi-vizesi\/#primaryimage"},"thumbnailUrl":"https:\/\/www.myvize.com.tr\/isvec\/wp-content\/uploads\/2021\/10\/10.jpg","datePublished":"2021-06-08T09:00:00+00:00","dateModified":"2022-07-08T11:35:48+00:00","description":"\u0130sve\u00e7 Aile Birle\u015fimi Vizesi Nas\u0131l Al\u0131n\u0131r? \u0130sve\u00e7 Aile Birle\u015fimi Vize Ba\u015fvurusu Nas\u0131l Yap\u0131l\u0131r? \u0130sve\u00e7 Aile Birle\u015fimi Vize \u00dccreti Nedir 2022?","breadcrumb":{"@id":"https:\/\/www.myvize.com.tr\/isvec\/vize-islemleri\/isvec-aile-birlesimi-vizesi\/#breadcrumb"},"inLanguage":"tr","potentialAction":[{"@type":"ReadAction","target":["https:\/\/www.myvize.com.tr\/isvec\/vize-islemleri\/isvec-aile-birlesimi-vizesi\/"]}]},{"@type":"ImageObject","inLanguage":"tr","@id":"https:\/\/www.myvize.com.tr\/isvec\/vize-islemleri\/isvec-aile-birlesimi-vizesi\/#primaryimage","url":"https:\/\/www.myvize.com.tr\/isvec\/wp-content\/uploads\/2021\/10\/10.jpg","contentUrl":"https:\/\/www.myvize.com.tr\/isvec\/wp-content\/uploads\/2021\/10\/10.jpg","width":800,"height":500,"caption":"\u0130sve\u00e7 Aile Birle\u015fimi Vizesi"},{"@type":"BreadcrumbList","@id":"https:\/\/www.myvize.com.tr\/isvec\/vize-islemleri\/isvec-aile-birlesimi-vizesi\/#breadcrumb","itemListElement":[{"@type":"ListItem","position":1,"name":"Anasayfa","item":"https:\/\/www.myvize.com.tr\/isvec\/"},{"@type":"ListItem","position":2,"name":"V\u0130ZE \u0130\u015eLEMLER\u0130","item":"https:\/\/www.myvize.com.tr\/isvec\/vize-islemleri\/"},{"@type":"ListItem","position":3,"name":"\u0130sve\u00e7 Aile Birle\u015fimi Vizesi"}]},{"@type":"WebSite","@id":"https:\/\/www.myvize.com.tr\/isvec\/#website","url":"https:\/\/www.myvize.com.tr\/isvec\/","name":"\u0130sve\u00e7 Vizesi","description":"","potentialAction":[{"@type":"SearchAction","target":{"@type":"EntryPoint","urlTemplate":"https:\/\/www.myvize.com.tr\/isvec\/?s={search_term_string}"},"query-input":{"@type":"PropertyValueSpecification","valueRequired":true,"valueName":"search_term_string"}}],"inLanguage":"tr"}]}},"_links":{"self":[{"href":"https:\/\/www.myvize.com.tr\/isvec\/wp-json\/wp\/v2\/pages\/37","targetHints":{"allow":["GET"]}}],"collection":[{"href":"https:\/\/www.myvize.com.tr\/isvec\/wp-json\/wp\/v2\/pages"}],"about":[{"href":"https:\/\/www.myvize.com.tr\/isvec\/wp-json\/wp\/v2\/types\/page"}],"author":[{"embeddable":true,"href":"https:\/\/www.myvize.com.tr\/isvec\/wp-json\/wp\/v2\/users\/1"}],"replies":[{"embeddable":true,"href":"https:\/\/www.myvize.com.tr\/isvec\/wp-json\/wp\/v2\/comments?post=37"}],"version-history":[{"count":9,"href":"https:\/\/www.myvize.com.tr\/isvec\/wp-json\/wp\/v2\/pages\/37\/revisions"}],"predecessor-version":[{"id":829,"href":"https:\/\/www.myvize.com.tr\/isvec\/wp-json\/wp\/v2\/pages\/37\/revisions\/829"}],"up":[{"embeddable":true,"href":"https:\/\/www.myvize.com.tr\/isvec\/wp-json\/wp\/v2\/pages\/18"}],"wp:attachment":[{"href":"https:\/\/www.myvize.com.tr\/isvec\/wp-json\/wp\/v2\/media?parent=37"}],"curies":[{"name":"wp","href":"https:\/\/api.w.org\/{rel}","templated":true}]}}