{"id":55,"date":"2020-11-30T12:50:43","date_gmt":"2020-11-30T09:50:43","guid":{"rendered":"https:\/\/www.myvize.com.tr\/isvec\/?page_id=55"},"modified":"2022-07-23T12:11:09","modified_gmt":"2022-07-23T09:11:09","slug":"turkiyede-oturum-ve-calisma-izni","status":"publish","type":"page","link":"https:\/\/www.myvize.com.tr\/isvec\/vize-islemleri\/turkiyede-oturum-ve-calisma-izni\/","title":{"rendered":"T\u00fcrkiye&#8217;de Oturum ve \u00c7al\u0131\u015fma \u0130zni"},"content":{"rendered":"<h2><span style=\"font-family: Roboto; font-size: 27px;\"><strong>\u0130sve\u00e7 Vatanda\u015f\u0131 \u0130\u00e7in T\u00fcrkiye\u2019de Oturum Ve \u00c7al\u0131\u015fma \u0130zni<\/strong><\/span><\/h2>\n<p><span style=\"font-family: Roboto; font-size: 14px;\">\u0130sve\u00e7\u2019te \u00e7al\u0131\u015fmaya ba\u015flanacak, istihdam edilecek <strong>Avrupa Birli\u011fi \u00fcyesi<\/strong> olmayan \u00fclke vatanda\u015f\u0131 \u00fclkeye giri\u015f yapmada \u00e7al\u0131\u015fma izini almak zorundad\u0131r.<\/span><br \/>\n<span style=\"font-family: Roboto; font-size: 14px;\">Normal olarak en h\u0131zl\u0131 ba\u015fvurular\u0131 ve ba\u015fvuru sonu\u00e7 alma usul\u00fc dijital ortamda Migrationserket\u2019 in web siteleri \u00fczerinden online ba\u015fvuru yapmak. Ba\u015fvuru ayr\u0131ca ba\u015fvurucu bulundu\u011fu yerde bulun<strong> \u0130sve\u00e7 B\u00fcy\u00fckel\u00e7ili\u011fi<\/strong> ve Konsoloslu\u011fu \u00fczerinden de yap\u0131labilir.<\/span><br \/>\n<span style=\"font-family: Roboto; font-size: 14px;\">B\u00fcy\u00fckel\u00e7ilik veya konsolosluk \u00e7al\u0131\u015fma izin ba\u015fvurusunu al\u0131nca bu ba\u015fvurusu nihai karar verilme \u00fczere \u0130sve\u00e7 G\u00f6\u00e7men B\u00fcrosu Migratisveket\u2019 e g\u00f6ndermekte.<\/span><br \/>\n<span style=\"font-family: Roboto; font-size: 14px;\">\u0130ster online ister <strong>\u0130sve\u00e7 konsoloslu\u011fu<\/strong> veya<strong> \u0130sve\u00e7 B\u00fcy\u00fckel\u00e7ilik<\/strong> \u00fczerinden yap\u0131lm\u0131\u015f olsun <span style=\"color: #2acec2;\"><strong><a style=\"color: #2acec2;\" href=\"https:\/\/www.myvize.com.tr\/isvec\/vize-islemleri\/isvec-calisma-izni\/\" target=\"_blank\" rel=\"noopener\">\u0130sve\u00e7 \u00e7al\u0131\u015fma izni<\/a><\/strong><\/span> ba\u015fvuru sonucu h\u0131zl\u0131 alabilme i\u00e7in en \u00f6nemli ko\u015ful ba\u015fvuru tam ve do\u011fru bir bi\u00e7imde doldurulmu\u015f olmas\u0131 ve tamamlay\u0131c\u0131 belge ile desteklenmesi.<\/span><br \/>\n<span style=\"font-family: Roboto; font-size: 14px;\">Avrupa Birli\u011fi ve AEB \u00fcyesi \u00fclke vatanda\u015f\u0131 Avrupa Birli\u011fi s\u0131n\u0131rlar\u0131 i\u00e7indeki serbest dola\u015f\u0131m kural\u0131 do\u011frultusunda oturum hakka sahip iseler bu kapsam\u0131 ayr\u0131ca bir<span style=\"color: #2acec2;\"><strong><a style=\"color: #2acec2;\" href=\"https:\/\/www.myvize.com.tr\/isvec\/vize-islemleri\/isvec-oturum-izni\/\" target=\"_blank\" rel=\"noopener\"> \u0130sve\u00e7 oturum izni <\/a><\/strong><\/span>almas\u0131na gerek bulunmamakta.<\/span><br \/>\n<span style=\"font-family: Roboto; font-size: 14px;\">Bir i\u015f yeri taraf\u0131nda istihdam edilmek, e\u011fitim ve yeterli baz\u0131 kritere sahip olma normal olarak<strong> Avrupa Birli\u011fi<\/strong> ve <strong>AEB<\/strong> \u00fclkesi vatanda\u015f\u0131na ve bunlar\u0131n aile \u00fcyesine \u0130sve\u00e7\u2019te 3 aydan fazla oturum hakk\u0131 vermekte. Aile \u00fcyesinden AB\/AEB \u00fcye \u00fclkeleri vatanda\u015f\u0131 olmayan oturma kart\u0131 i\u00e7in \u0130sve\u00e7 G\u00f6\u00e7men Ofisine (Migrationsverket) ba\u015fvurma zorundad\u0131r.<\/span><\/p>\n<p><img decoding=\"async\" src=\"https:\/\/www.myvize.com.tr\/isvec\/wp-content\/uploads\/2021\/10\/23.jpg\" \/><\/p>\n","protected":false},"excerpt":{"rendered":"<p>\u0130sve\u00e7 Vatanda\u015f\u0131 \u0130\u00e7in T\u00fcrkiye\u2019de Oturum Ve \u00c7al\u0131\u015fma \u0130zni \u0130sve\u00e7\u2019te \u00e7al\u0131\u015fmaya ba\u015flanacak, istihdam edilecek Avrupa Birli\u011fi \u00fcyesi olmayan \u00fclke vatanda\u015f\u0131 \u00fclkeye giri\u015f yapmada \u00e7al\u0131\u015fma izini almak zorundad\u0131r. Normal olarak en h\u0131zl\u0131 ba\u015fvurular\u0131 ve ba\u015fvuru sonu\u00e7 alma usul\u00fc dijital ortamda Migrationserket\u2019 in web siteleri \u00fczerinden online ba\u015fvuru yapmak. Ba\u015fvuru ayr\u0131ca ba\u015fvurucu bulundu\u011fu yerde bulun \u0130sve\u00e7 B\u00fcy\u00fckel\u00e7ili\u011fi ve<\/p>\n","protected":false},"author":1,"featured_media":0,"parent":18,"menu_order":0,"comment_status":"open","ping_status":"closed","template":"","meta":{"footnotes":""},"class_list":["post-55","page","type-page","status-publish","hentry"],"yoast_head":"<!-- This site is optimized with the Yoast SEO plugin v24.0 - https:\/\/yoast.com\/wordpress\/plugins\/seo\/ -->\n<title>\u0130sve\u00e7 T\u00fcrkiye\u2019de Oturum Ve \u00c7al\u0131\u015fma \u0130zni - MyVize<\/title>\n<meta name=\"description\" content=\"\u0130sve\u00e7 Vatanda\u015f\u0131 \u0130\u00e7in T\u00fcrkiye\u2019de Oturum Ve \u00c7al\u0131\u015fma \u0130zni Nas\u0131l Al\u0131n\u0131r? \u0130sve\u00e7 Vatanda\u015f\u0131 \u0130\u00e7in T\u00fcrkiye\u2019de Oturum Ve \u00c7al\u0131\u015fma \u0130zni 2022.\" \/>\n<meta name=\"robots\" content=\"index, follow, max-snippet:-1, max-image-preview:large, max-video-preview:-1\" \/>\n<link rel=\"canonical\" href=\"https:\/\/www.myvize.com.tr\/isvec\/vize-islemleri\/turkiyede-oturum-ve-calisma-izni\/\" \/>\n<meta property=\"og:locale\" content=\"tr_TR\" \/>\n<meta property=\"og:type\" content=\"article\" \/>\n<meta property=\"og:title\" content=\"\u0130sve\u00e7 T\u00fcrkiye\u2019de Oturum Ve \u00c7al\u0131\u015fma \u0130zni - MyVize\" \/>\n<meta property=\"og:description\" content=\"\u0130sve\u00e7 Vatanda\u015f\u0131 \u0130\u00e7in T\u00fcrkiye\u2019de Oturum Ve \u00c7al\u0131\u015fma \u0130zni Nas\u0131l Al\u0131n\u0131r? \u0130sve\u00e7 Vatanda\u015f\u0131 \u0130\u00e7in T\u00fcrkiye\u2019de Oturum Ve \u00c7al\u0131\u015fma \u0130zni 2022.\" \/>\n<meta property=\"og:url\" content=\"https:\/\/www.myvize.com.tr\/isvec\/vize-islemleri\/turkiyede-oturum-ve-calisma-izni\/\" \/>\n<meta property=\"og:site_name\" content=\"\u0130sve\u00e7 Vizesi\" \/>\n<meta property=\"article:modified_time\" content=\"2022-07-23T09:11:09+00:00\" \/>\n<meta property=\"og:image\" content=\"https:\/\/www.myvize.com.tr\/isvec\/wp-content\/uploads\/2021\/10\/23.jpg\" \/>\n<meta name=\"twitter:card\" content=\"summary_large_image\" \/>\n<meta name=\"twitter:label1\" content=\"Tahmini okuma s\u00fcresi\" \/>\n\t<meta name=\"twitter:data1\" content=\"1 dakika\" \/>\n<script type=\"application\/ld+json\" class=\"yoast-schema-graph\">{\"@context\":\"https:\/\/schema.org\",\"@graph\":[{\"@type\":\"WebPage\",\"@id\":\"https:\/\/www.myvize.com.tr\/isvec\/vize-islemleri\/turkiyede-oturum-ve-calisma-izni\/\",\"url\":\"https:\/\/www.myvize.com.tr\/isvec\/vize-islemleri\/turkiyede-oturum-ve-calisma-izni\/\",\"name\":\"\u0130sve\u00e7 T\u00fcrkiye\u2019de Oturum Ve \u00c7al\u0131\u015fma \u0130zni - MyVize\",\"isPartOf\":{\"@id\":\"https:\/\/www.myvize.com.tr\/isvec\/#website\"},\"primaryImageOfPage\":{\"@id\":\"https:\/\/www.myvize.com.tr\/isvec\/vize-islemleri\/turkiyede-oturum-ve-calisma-izni\/#primaryimage\"},\"image\":{\"@id\":\"https:\/\/www.myvize.com.tr\/isvec\/vize-islemleri\/turkiyede-oturum-ve-calisma-izni\/#primaryimage\"},\"thumbnailUrl\":\"https:\/\/www.myvize.com.tr\/isvec\/wp-content\/uploads\/2021\/10\/23.jpg\",\"datePublished\":\"2020-11-30T09:50:43+00:00\",\"dateModified\":\"2022-07-23T09:11:09+00:00\",\"description\":\"\u0130sve\u00e7 Vatanda\u015f\u0131 \u0130\u00e7in T\u00fcrkiye\u2019de Oturum Ve \u00c7al\u0131\u015fma \u0130zni Nas\u0131l Al\u0131n\u0131r? \u0130sve\u00e7 Vatanda\u015f\u0131 \u0130\u00e7in T\u00fcrkiye\u2019de Oturum Ve \u00c7al\u0131\u015fma \u0130zni 2022.\",\"breadcrumb\":{\"@id\":\"https:\/\/www.myvize.com.tr\/isvec\/vize-islemleri\/turkiyede-oturum-ve-calisma-izni\/#breadcrumb\"},\"inLanguage\":\"tr\",\"potentialAction\":[{\"@type\":\"ReadAction\",\"target\":[\"https:\/\/www.myvize.com.tr\/isvec\/vize-islemleri\/turkiyede-oturum-ve-calisma-izni\/\"]}]},{\"@type\":\"ImageObject\",\"inLanguage\":\"tr\",\"@id\":\"https:\/\/www.myvize.com.tr\/isvec\/vize-islemleri\/turkiyede-oturum-ve-calisma-izni\/#primaryimage\",\"url\":\"https:\/\/www.myvize.com.tr\/isvec\/wp-content\/uploads\/2021\/10\/23.jpg\",\"contentUrl\":\"https:\/\/www.myvize.com.tr\/isvec\/wp-content\/uploads\/2021\/10\/23.jpg\",\"width\":800,\"height\":500,\"caption\":\"\u0130sve\u00e7 T\u00fcrkiye'de Oturum ve \u00c7al\u0131\u015fma \u0130zni\"},{\"@type\":\"BreadcrumbList\",\"@id\":\"https:\/\/www.myvize.com.tr\/isvec\/vize-islemleri\/turkiyede-oturum-ve-calisma-izni\/#breadcrumb\",\"itemListElement\":[{\"@type\":\"ListItem\",\"position\":1,\"name\":\"Anasayfa\",\"item\":\"https:\/\/www.myvize.com.tr\/isvec\/\"},{\"@type\":\"ListItem\",\"position\":2,\"name\":\"V\u0130ZE \u0130\u015eLEMLER\u0130\",\"item\":\"https:\/\/www.myvize.com.tr\/isvec\/vize-islemleri\/\"},{\"@type\":\"ListItem\",\"position\":3,\"name\":\"T\u00fcrkiye&#8217;de Oturum ve \u00c7al\u0131\u015fma \u0130zni\"}]},{\"@type\":\"WebSite\",\"@id\":\"https:\/\/www.myvize.com.tr\/isvec\/#website\",\"url\":\"https:\/\/www.myvize.com.tr\/isvec\/\",\"name\":\"\u0130sve\u00e7 Vizesi\",\"description\":\"\",\"potentialAction\":[{\"@type\":\"SearchAction\",\"target\":{\"@type\":\"EntryPoint\",\"urlTemplate\":\"https:\/\/www.myvize.com.tr\/isvec\/?s={search_term_string}\"},\"query-input\":{\"@type\":\"PropertyValueSpecification\",\"valueRequired\":true,\"valueName\":\"search_term_string\"}}],\"inLanguage\":\"tr\"}]}<\/script>\n<!-- \/ Yoast SEO plugin. -->","yoast_head_json":{"title":"\u0130sve\u00e7 T\u00fcrkiye\u2019de Oturum Ve \u00c7al\u0131\u015fma \u0130zni - MyVize","description":"\u0130sve\u00e7 Vatanda\u015f\u0131 \u0130\u00e7in T\u00fcrkiye\u2019de Oturum Ve \u00c7al\u0131\u015fma \u0130zni Nas\u0131l Al\u0131n\u0131r? \u0130sve\u00e7 Vatanda\u015f\u0131 \u0130\u00e7in T\u00fcrkiye\u2019de Oturum Ve \u00c7al\u0131\u015fma \u0130zni 2022.","robots":{"index":"index","follow":"follow","max-snippet":"max-snippet:-1","max-image-preview":"max-image-preview:large","max-video-preview":"max-video-preview:-1"},"canonical":"https:\/\/www.myvize.com.tr\/isvec\/vize-islemleri\/turkiyede-oturum-ve-calisma-izni\/","og_locale":"tr_TR","og_type":"article","og_title":"\u0130sve\u00e7 T\u00fcrkiye\u2019de Oturum Ve \u00c7al\u0131\u015fma \u0130zni - MyVize","og_description":"\u0130sve\u00e7 Vatanda\u015f\u0131 \u0130\u00e7in T\u00fcrkiye\u2019de Oturum Ve \u00c7al\u0131\u015fma \u0130zni Nas\u0131l Al\u0131n\u0131r? \u0130sve\u00e7 Vatanda\u015f\u0131 \u0130\u00e7in T\u00fcrkiye\u2019de Oturum Ve \u00c7al\u0131\u015fma \u0130zni 2022.","og_url":"https:\/\/www.myvize.com.tr\/isvec\/vize-islemleri\/turkiyede-oturum-ve-calisma-izni\/","og_site_name":"\u0130sve\u00e7 Vizesi","article_modified_time":"2022-07-23T09:11:09+00:00","og_image":[{"url":"https:\/\/www.myvize.com.tr\/isvec\/wp-content\/uploads\/2021\/10\/23.jpg","type":"","width":"","height":""}],"twitter_card":"summary_large_image","twitter_misc":{"Tahmini okuma s\u00fcresi":"1 dakika"},"schema":{"@context":"https:\/\/schema.org","@graph":[{"@type":"WebPage","@id":"https:\/\/www.myvize.com.tr\/isvec\/vize-islemleri\/turkiyede-oturum-ve-calisma-izni\/","url":"https:\/\/www.myvize.com.tr\/isvec\/vize-islemleri\/turkiyede-oturum-ve-calisma-izni\/","name":"\u0130sve\u00e7 T\u00fcrkiye\u2019de Oturum Ve \u00c7al\u0131\u015fma \u0130zni - MyVize","isPartOf":{"@id":"https:\/\/www.myvize.com.tr\/isvec\/#website"},"primaryImageOfPage":{"@id":"https:\/\/www.myvize.com.tr\/isvec\/vize-islemleri\/turkiyede-oturum-ve-calisma-izni\/#primaryimage"},"image":{"@id":"https:\/\/www.myvize.com.tr\/isvec\/vize-islemleri\/turkiyede-oturum-ve-calisma-izni\/#primaryimage"},"thumbnailUrl":"https:\/\/www.myvize.com.tr\/isvec\/wp-content\/uploads\/2021\/10\/23.jpg","datePublished":"2020-11-30T09:50:43+00:00","dateModified":"2022-07-23T09:11:09+00:00","description":"\u0130sve\u00e7 Vatanda\u015f\u0131 \u0130\u00e7in T\u00fcrkiye\u2019de Oturum Ve \u00c7al\u0131\u015fma \u0130zni Nas\u0131l Al\u0131n\u0131r? \u0130sve\u00e7 Vatanda\u015f\u0131 \u0130\u00e7in T\u00fcrkiye\u2019de Oturum Ve \u00c7al\u0131\u015fma \u0130zni 2022.","breadcrumb":{"@id":"https:\/\/www.myvize.com.tr\/isvec\/vize-islemleri\/turkiyede-oturum-ve-calisma-izni\/#breadcrumb"},"inLanguage":"tr","potentialAction":[{"@type":"ReadAction","target":["https:\/\/www.myvize.com.tr\/isvec\/vize-islemleri\/turkiyede-oturum-ve-calisma-izni\/"]}]},{"@type":"ImageObject","inLanguage":"tr","@id":"https:\/\/www.myvize.com.tr\/isvec\/vize-islemleri\/turkiyede-oturum-ve-calisma-izni\/#primaryimage","url":"https:\/\/www.myvize.com.tr\/isvec\/wp-content\/uploads\/2021\/10\/23.jpg","contentUrl":"https:\/\/www.myvize.com.tr\/isvec\/wp-content\/uploads\/2021\/10\/23.jpg","width":800,"height":500,"caption":"\u0130sve\u00e7 T\u00fcrkiye'de Oturum ve \u00c7al\u0131\u015fma \u0130zni"},{"@type":"BreadcrumbList","@id":"https:\/\/www.myvize.com.tr\/isvec\/vize-islemleri\/turkiyede-oturum-ve-calisma-izni\/#breadcrumb","itemListElement":[{"@type":"ListItem","position":1,"name":"Anasayfa","item":"https:\/\/www.myvize.com.tr\/isvec\/"},{"@type":"ListItem","position":2,"name":"V\u0130ZE \u0130\u015eLEMLER\u0130","item":"https:\/\/www.myvize.com.tr\/isvec\/vize-islemleri\/"},{"@type":"ListItem","position":3,"name":"T\u00fcrkiye&#8217;de Oturum ve \u00c7al\u0131\u015fma \u0130zni"}]},{"@type":"WebSite","@id":"https:\/\/www.myvize.com.tr\/isvec\/#website","url":"https:\/\/www.myvize.com.tr\/isvec\/","name":"\u0130sve\u00e7 Vizesi","description":"","potentialAction":[{"@type":"SearchAction","target":{"@type":"EntryPoint","urlTemplate":"https:\/\/www.myvize.com.tr\/isvec\/?s={search_term_string}"},"query-input":{"@type":"PropertyValueSpecification","valueRequired":true,"valueName":"search_term_string"}}],"inLanguage":"tr"}]}},"_links":{"self":[{"href":"https:\/\/www.myvize.com.tr\/isvec\/wp-json\/wp\/v2\/pages\/55","targetHints":{"allow":["GET"]}}],"collection":[{"href":"https:\/\/www.myvize.com.tr\/isvec\/wp-json\/wp\/v2\/pages"}],"about":[{"href":"https:\/\/www.myvize.com.tr\/isvec\/wp-json\/wp\/v2\/types\/page"}],"author":[{"embeddable":true,"href":"https:\/\/www.myvize.com.tr\/isvec\/wp-json\/wp\/v2\/users\/1"}],"replies":[{"embeddable":true,"href":"https:\/\/www.myvize.com.tr\/isvec\/wp-json\/wp\/v2\/comments?post=55"}],"version-history":[{"count":5,"href":"https:\/\/www.myvize.com.tr\/isvec\/wp-json\/wp\/v2\/pages\/55\/revisions"}],"predecessor-version":[{"id":832,"href":"https:\/\/www.myvize.com.tr\/isvec\/wp-json\/wp\/v2\/pages\/55\/revisions\/832"}],"up":[{"embeddable":true,"href":"https:\/\/www.myvize.com.tr\/isvec\/wp-json\/wp\/v2\/pages\/18"}],"wp:attachment":[{"href":"https:\/\/www.myvize.com.tr\/isvec\/wp-json\/wp\/v2\/media?parent=55"}],"curies":[{"name":"wp","href":"https:\/\/api.w.org\/{rel}","templated":true}]}}