{"id":69,"date":"2020-11-30T12:54:37","date_gmt":"2020-11-30T09:54:37","guid":{"rendered":"https:\/\/www.myvize.com.tr\/isvec\/?page_id=69"},"modified":"2022-06-27T12:47:34","modified_gmt":"2022-06-27T09:47:34","slug":"konsolosluklar","status":"publish","type":"page","link":"https:\/\/www.myvize.com.tr\/isvec\/konsolosluklar\/","title":{"rendered":"KONSOLOSLUKLAR"},"content":{"rendered":"<p><span style=\"font-family: Roboto;\"><\/span><\/p>\r\n<h2><span style=\"font-family: Roboto; font-size: 27px;\"><strong>\u0130sve\u00e7<\/strong> <strong>Konsoloslu\u011fu<\/strong><\/span><\/h2>\r\n<p><span style=\"font-family: Roboto; font-size: 14px;\">\r\n\r\n<\/span><\/p>\r\n<p><span style=\"font-family: Roboto; font-size: 14px;\">\u00a0B\u00fcy\u00fckel\u00e7iliklerin alt kolu olan ve resmi i\u015flemlerin y\u00fcr\u00fct\u00fcld\u00fc\u011f\u00fc daireler olarak bilinen konsolosluklar, ba\u015fkonsolos ad\u0131 verilen ki\u015fi taraf\u0131ndan y\u00f6netilmektedir. Konsolos ve yard\u0131mc\u0131 konsolos ad\u0131 verilen ki\u015filer ise bu resmi dairelerde g\u00f6revli bulunan ayr\u0131cal\u0131kl\u0131 kimselerdir. Konsolosluk daireleri, \u00f6zel devlet izni ile a\u00e7\u0131lmaktad\u0131r. D\u0131\u015f \u00fclke temsilcileri olarak dokunulmazl\u0131k hakk\u0131na sahip bulunmaktad\u0131rlar.<\/span><\/p>\r\n<p><span style=\"font-family: Roboto; font-size: 14px;\">\r\n\r\n<\/span><\/p>\r\n<p><span style=\"font-family: Roboto; font-size: 14px;\">\u00a0Shengen \u00fclkeleri aras\u0131nda yer alan<strong> \u0130sve\u00e7 Krall\u0131\u011f\u0131<\/strong>, \u00fclkemizde bulunan konsolosluk ve b\u00fcy\u00fckel\u00e7ili\u011fi ile vatanda\u015flara hizmet vermeyi ama\u00e7layan bir \u00fclke olmu\u015ftur. Ba\u015fkonsolosluk ve b\u00fcy\u00fckel\u00e7ili\u011fi d\u0131\u015f\u0131nda Fahri Konsoloslu\u011fu da bulunmaktad\u0131r. \u0130\u00e7lerinde en yetkili mercii ise \u0130sve\u00e7 Ankara B\u00fcy\u00fckel\u00e7ili\u011fi&#8217;dir.<\/span><\/p>\r\n<p><span style=\"font-family: Roboto; font-size: 14px;\">\r\n\r\n<\/span><\/p>\r\n<h2><span style=\"font-family: Roboto; font-size: 27px;\"><strong>\u0130sve\u00e7<\/strong> <strong>Konsoloslu\u011fu&#8217;nun<\/strong> <strong>G\u00f6revleri<\/strong><\/span><\/h2>\r\n<p><span style=\"font-family: Roboto; font-size: 14px;\">\r\n\r\n<\/span><\/p>\r\n<p><span style=\"font-family: Roboto; font-size: 14px;\">\u00a0T\u00fcrkiye&#8217;de ikamet eden uzun s\u00fcreli oturma iznine sahip <strong>\u0130sve\u00e7 n\u00fcfusuna kay\u0131tl\u0131 olan<\/strong> vatanda\u015flar\u0131n do\u011fum, \u00f6l\u00fcm, evlilik, pasaport, n\u00fcfus kayd\u0131 gibi vatanda\u015fl\u0131k i\u015flemlerinin d\u00fczenlenip sa\u011flanmas\u0131 <strong>\u0130sve\u00e7 Konsoloslu\u011fu&#8217;nun<\/strong> hizmetleri aras\u0131nda gelmektedir. Ayr\u0131ca T\u00fcrkiye ve \u0130sve\u00e7 aras\u0131ndaki ekonomik, sosyal, politik, tarihi, siyasi, diplomatik ve k\u00fclt\u00fcrel ili\u015fkilerin uluslararas\u0131 anlamda geli\u015ftirilmesine de katk\u0131da bulunma g\u00f6revine sahiptir.<\/span><\/p>\r\n<p><span style=\"font-family: Roboto; font-size: 14px;\">\r\n\r\n<\/span><\/p>\r\n<h2><span style=\"font-family: Roboto; font-size: 27px;\"><strong>\u0130sve\u00e7<\/strong> <strong>Konsoloslu\u011fu&#8217;nun<\/strong> <strong>G\u00f6rev<\/strong> <strong>B\u00f6lgeleri<\/strong><\/span><\/h2>\r\n<p><span style=\"font-family: Roboto; font-size: 14px;\">\r\n\r\n<\/span><\/p>\r\n<p><span style=\"font-family: Roboto; font-size: 14px;\">\u00a0<strong>\u0130sve\u00e7 Cumhuriyeti&#8217;nin Ba\u015fkonsoloslu\u011fu<\/strong> \u0130stanbul&#8217;da yer almaktad\u0131r. Bu kurum ayn\u0131 zamanda \u0130sve\u00e7 Cumhuriyeti&#8217;nin resmi diplomatik temsilcisidir. \u0130stanbul \u0130sve\u00e7 Ba\u015fkonsoloslu\u011fu&#8217;nun g\u00f6rev alan\u0131 i\u00e7erisinde bulunan iller ise \u015fu \u015fekilde s\u0131ralanabilir: Bursa, \u00c7anakkale, Edirne, \u0130stanbul, \u0130zmir, Tekirda\u011f, Bal\u0131kesir, Kocaeli, Yalova, Mu\u011fla, Denizli, Antalya, Isparta, Bolu, Samsun, Zonguldak, Giresun ve Konya. Bu illerde ikamet etmekte olan t\u00fcm vatanda\u015flar ba\u015fvuru i\u015flemlerini \u0130stanbul \u0130sve\u00e7 Ba\u015fkonsoloslu\u011fu&#8217;na yapabilirler. Ba\u015fvuru \u00f6ncesi mutlaka randevu al\u0131nmal\u0131d\u0131r.<\/span><\/p>\r\n<p><span style=\"font-family: Roboto;\"><\/span><\/p>","protected":false},"excerpt":{"rendered":"<p>\u0130sve\u00e7 Konsoloslu\u011fu \u00a0B\u00fcy\u00fckel\u00e7iliklerin alt kolu olan ve resmi i\u015flemlerin y\u00fcr\u00fct\u00fcld\u00fc\u011f\u00fc daireler olarak bilinen konsolosluklar, ba\u015fkonsolos ad\u0131 verilen ki\u015fi taraf\u0131ndan y\u00f6netilmektedir. Konsolos ve yard\u0131mc\u0131 konsolos ad\u0131 verilen ki\u015filer ise bu resmi dairelerde g\u00f6revli bulunan ayr\u0131cal\u0131kl\u0131 kimselerdir. Konsolosluk daireleri, \u00f6zel devlet izni ile a\u00e7\u0131lmaktad\u0131r. D\u0131\u015f \u00fclke temsilcileri olarak dokunulmazl\u0131k hakk\u0131na sahip bulunmaktad\u0131rlar. \u00a0Shengen \u00fclkeleri aras\u0131nda yer alan<\/p>\n","protected":false},"author":1,"featured_media":0,"parent":0,"menu_order":0,"comment_status":"closed","ping_status":"closed","template":"","meta":{"footnotes":""},"class_list":["post-69","page","type-page","status-publish","hentry"],"yoast_head":"<!-- This site is optimized with the Yoast SEO plugin v24.0 - https:\/\/yoast.com\/wordpress\/plugins\/seo\/ -->\n<title>\u0130sve\u00e7 Konsolosluk \u0130\u015flemleri Neler? - MyVize<\/title>\n<meta name=\"description\" content=\"\u0130sve\u00e7 Konsolosluk \u0130\u015flemleri Nelerdir? \u0130sve\u00e7 Konsoloslu\u011fu \u0130leti\u015fim Bilgilerini Hemen Buradan \u00d6\u011frenin : 0850 346 84 93\" \/>\n<meta name=\"robots\" content=\"index, follow, max-snippet:-1, max-image-preview:large, max-video-preview:-1\" \/>\n<link rel=\"canonical\" href=\"https:\/\/www.myvize.com.tr\/isvec\/konsolosluklar\/\" \/>\n<meta property=\"og:locale\" content=\"tr_TR\" \/>\n<meta property=\"og:type\" content=\"article\" \/>\n<meta property=\"og:title\" content=\"\u0130sve\u00e7 Konsolosluk \u0130\u015flemleri Neler? - MyVize\" \/>\n<meta property=\"og:description\" content=\"\u0130sve\u00e7 Konsolosluk \u0130\u015flemleri Nelerdir? \u0130sve\u00e7 Konsoloslu\u011fu \u0130leti\u015fim Bilgilerini Hemen Buradan \u00d6\u011frenin : 0850 346 84 93\" \/>\n<meta property=\"og:url\" content=\"https:\/\/www.myvize.com.tr\/isvec\/konsolosluklar\/\" \/>\n<meta property=\"og:site_name\" content=\"\u0130sve\u00e7 Vizesi\" \/>\n<meta property=\"article:modified_time\" content=\"2022-06-27T09:47:34+00:00\" \/>\n<meta name=\"twitter:card\" content=\"summary_large_image\" \/>\n<meta name=\"twitter:label1\" content=\"Tahmini okuma s\u00fcresi\" \/>\n\t<meta name=\"twitter:data1\" content=\"2 dakika\" \/>\n<script type=\"application\/ld+json\" class=\"yoast-schema-graph\">{\"@context\":\"https:\/\/schema.org\",\"@graph\":[{\"@type\":\"WebPage\",\"@id\":\"https:\/\/www.myvize.com.tr\/isvec\/konsolosluklar\/\",\"url\":\"https:\/\/www.myvize.com.tr\/isvec\/konsolosluklar\/\",\"name\":\"\u0130sve\u00e7 Konsolosluk \u0130\u015flemleri Neler? - MyVize\",\"isPartOf\":{\"@id\":\"https:\/\/www.myvize.com.tr\/isvec\/#website\"},\"datePublished\":\"2020-11-30T09:54:37+00:00\",\"dateModified\":\"2022-06-27T09:47:34+00:00\",\"description\":\"\u0130sve\u00e7 Konsolosluk \u0130\u015flemleri Nelerdir? \u0130sve\u00e7 Konsoloslu\u011fu \u0130leti\u015fim Bilgilerini Hemen Buradan \u00d6\u011frenin : 0850 346 84 93\",\"breadcrumb\":{\"@id\":\"https:\/\/www.myvize.com.tr\/isvec\/konsolosluklar\/#breadcrumb\"},\"inLanguage\":\"tr\",\"potentialAction\":[{\"@type\":\"ReadAction\",\"target\":[\"https:\/\/www.myvize.com.tr\/isvec\/konsolosluklar\/\"]}]},{\"@type\":\"BreadcrumbList\",\"@id\":\"https:\/\/www.myvize.com.tr\/isvec\/konsolosluklar\/#breadcrumb\",\"itemListElement\":[{\"@type\":\"ListItem\",\"position\":1,\"name\":\"Anasayfa\",\"item\":\"https:\/\/www.myvize.com.tr\/isvec\/\"},{\"@type\":\"ListItem\",\"position\":2,\"name\":\"KONSOLOSLUKLAR\"}]},{\"@type\":\"WebSite\",\"@id\":\"https:\/\/www.myvize.com.tr\/isvec\/#website\",\"url\":\"https:\/\/www.myvize.com.tr\/isvec\/\",\"name\":\"\u0130sve\u00e7 Vizesi\",\"description\":\"\",\"potentialAction\":[{\"@type\":\"SearchAction\",\"target\":{\"@type\":\"EntryPoint\",\"urlTemplate\":\"https:\/\/www.myvize.com.tr\/isvec\/?s={search_term_string}\"},\"query-input\":{\"@type\":\"PropertyValueSpecification\",\"valueRequired\":true,\"valueName\":\"search_term_string\"}}],\"inLanguage\":\"tr\"}]}<\/script>\n<!-- \/ Yoast SEO plugin. -->","yoast_head_json":{"title":"\u0130sve\u00e7 Konsolosluk \u0130\u015flemleri Neler? - MyVize","description":"\u0130sve\u00e7 Konsolosluk \u0130\u015flemleri Nelerdir? \u0130sve\u00e7 Konsoloslu\u011fu \u0130leti\u015fim Bilgilerini Hemen Buradan \u00d6\u011frenin : 0850 346 84 93","robots":{"index":"index","follow":"follow","max-snippet":"max-snippet:-1","max-image-preview":"max-image-preview:large","max-video-preview":"max-video-preview:-1"},"canonical":"https:\/\/www.myvize.com.tr\/isvec\/konsolosluklar\/","og_locale":"tr_TR","og_type":"article","og_title":"\u0130sve\u00e7 Konsolosluk \u0130\u015flemleri Neler? - MyVize","og_description":"\u0130sve\u00e7 Konsolosluk \u0130\u015flemleri Nelerdir? \u0130sve\u00e7 Konsoloslu\u011fu \u0130leti\u015fim Bilgilerini Hemen Buradan \u00d6\u011frenin : 0850 346 84 93","og_url":"https:\/\/www.myvize.com.tr\/isvec\/konsolosluklar\/","og_site_name":"\u0130sve\u00e7 Vizesi","article_modified_time":"2022-06-27T09:47:34+00:00","twitter_card":"summary_large_image","twitter_misc":{"Tahmini okuma s\u00fcresi":"2 dakika"},"schema":{"@context":"https:\/\/schema.org","@graph":[{"@type":"WebPage","@id":"https:\/\/www.myvize.com.tr\/isvec\/konsolosluklar\/","url":"https:\/\/www.myvize.com.tr\/isvec\/konsolosluklar\/","name":"\u0130sve\u00e7 Konsolosluk \u0130\u015flemleri Neler? - MyVize","isPartOf":{"@id":"https:\/\/www.myvize.com.tr\/isvec\/#website"},"datePublished":"2020-11-30T09:54:37+00:00","dateModified":"2022-06-27T09:47:34+00:00","description":"\u0130sve\u00e7 Konsolosluk \u0130\u015flemleri Nelerdir? \u0130sve\u00e7 Konsoloslu\u011fu \u0130leti\u015fim Bilgilerini Hemen Buradan \u00d6\u011frenin : 0850 346 84 93","breadcrumb":{"@id":"https:\/\/www.myvize.com.tr\/isvec\/konsolosluklar\/#breadcrumb"},"inLanguage":"tr","potentialAction":[{"@type":"ReadAction","target":["https:\/\/www.myvize.com.tr\/isvec\/konsolosluklar\/"]}]},{"@type":"BreadcrumbList","@id":"https:\/\/www.myvize.com.tr\/isvec\/konsolosluklar\/#breadcrumb","itemListElement":[{"@type":"ListItem","position":1,"name":"Anasayfa","item":"https:\/\/www.myvize.com.tr\/isvec\/"},{"@type":"ListItem","position":2,"name":"KONSOLOSLUKLAR"}]},{"@type":"WebSite","@id":"https:\/\/www.myvize.com.tr\/isvec\/#website","url":"https:\/\/www.myvize.com.tr\/isvec\/","name":"\u0130sve\u00e7 Vizesi","description":"","potentialAction":[{"@type":"SearchAction","target":{"@type":"EntryPoint","urlTemplate":"https:\/\/www.myvize.com.tr\/isvec\/?s={search_term_string}"},"query-input":{"@type":"PropertyValueSpecification","valueRequired":true,"valueName":"search_term_string"}}],"inLanguage":"tr"}]}},"_links":{"self":[{"href":"https:\/\/www.myvize.com.tr\/isvec\/wp-json\/wp\/v2\/pages\/69","targetHints":{"allow":["GET"]}}],"collection":[{"href":"https:\/\/www.myvize.com.tr\/isvec\/wp-json\/wp\/v2\/pages"}],"about":[{"href":"https:\/\/www.myvize.com.tr\/isvec\/wp-json\/wp\/v2\/types\/page"}],"author":[{"embeddable":true,"href":"https:\/\/www.myvize.com.tr\/isvec\/wp-json\/wp\/v2\/users\/1"}],"replies":[{"embeddable":true,"href":"https:\/\/www.myvize.com.tr\/isvec\/wp-json\/wp\/v2\/comments?post=69"}],"version-history":[{"count":5,"href":"https:\/\/www.myvize.com.tr\/isvec\/wp-json\/wp\/v2\/pages\/69\/revisions"}],"predecessor-version":[{"id":825,"href":"https:\/\/www.myvize.com.tr\/isvec\/wp-json\/wp\/v2\/pages\/69\/revisions\/825"}],"wp:attachment":[{"href":"https:\/\/www.myvize.com.tr\/isvec\/wp-json\/wp\/v2\/media?parent=69"}],"curies":[{"name":"wp","href":"https:\/\/api.w.org\/{rel}","templated":true}]}}