{"id":78,"date":"2020-11-30T13:03:47","date_gmt":"2020-11-30T10:03:47","guid":{"rendered":"https:\/\/www.myvize.com.tr\/isvec\/?page_id=78"},"modified":"2022-07-25T14:04:23","modified_gmt":"2022-07-25T11:04:23","slug":"izmir-baskonsoloslugu","status":"publish","type":"page","link":"https:\/\/www.myvize.com.tr\/isvec\/konsolosluklar\/izmir-baskonsoloslugu\/","title":{"rendered":"\u0130sve\u00e7 \u0130zmir Ba\u015fkonsoloslu\u011fu"},"content":{"rendered":"<p><span style=\"font-family: Roboto;\"><\/span><\/p>\r\n<p><span style=\"font-family: Roboto; font-size: 14px;\">Bu makale de sizlere <strong>\u0130sve\u00e7 \u0130zmir Fahri Konsoloslu\u011fu<\/strong> ile ilgili; g\u00f6rev b\u00f6lgesi ve \u00e7al\u0131\u015fma saatleri hakk\u0131nda bilgi verece\u011fiz. Ayn\u0131 zamanda konsoloslu\u011fun ne\u00a0demek oldu\u011fu ve \u0130sve\u00e7 vize t\u00fcrleri hakk\u0131nda da bilgi verece\u011fiz.<\/span><\/p>\r\n<p><span style=\"font-family: Roboto; font-size: 14px;\">\r\n\r\n<\/span><\/p>\r\n<h2><strong><span style=\"font-family: Roboto; font-size: 27px;\">\u0130sve\u00e7 \u0130zmir Fahri Konsoloslu\u011fu\u00a0<\/span><\/strong><\/h2>\r\n<p><span style=\"font-family: Roboto; font-size: 14px;\">Konsolosluk ba\u011fl\u0131 bulundu\u011fu devlet kurulu\u015flar\u0131na siyasal ve ticari bilgileri veren d\u0131\u015f i\u015fleri g\u00f6revlisi olarak nitelendirilebilece\u011fimiz bir devlet kurumu oldu\u011funu s\u00f6yleyebiliriz.\u0130yi ili\u015fkilerin devam etti\u011fi t\u00fcm \u00fclkelerde birer konsolosluk a\u00e7ma hakk\u0131 bulunuyor. En yetkili konsolosa, ba\u015fkonsolosluk deniliyor.<\/span><\/p>\r\n<p><span style=\"font-family: Roboto; font-size: 14px;\">\r\n\r\n<\/span><\/p>\r\n<h2><strong><span style=\"font-family: Roboto; font-size: 27px;\">\u0130sve\u00e7 \u0130zmir Fahri Konsoloslu\u011fu G\u00f6rev B\u00f6lgesi<\/span><\/strong><\/h2>\r\n<p><span style=\"font-family: Roboto; font-size: 14px;\"><strong>\u0130sve\u00e7 vize ba\u015fvurusu<\/strong> yapmak i\u00e7in b\u00f6lge ayr\u0131m\u0131 olmad\u0131\u011f\u0131n\u0131 belirtmek isteriz.<strong> \u0130sve\u00e7 vize ba\u015fvurusu<\/strong> yapacaksan\u0131z uyulmas\u0131 gereken kurallara g\u00f6re parmak izi veri i\u015flem merkezinin bulundu\u011fu \u0130zmir ofislerinden yapabilirsiniz. T\u00fcrkiye\u2019nin her b\u00f6lgesinden vize ba\u015fvurular\u0131n\u0131 kabul ediyorlar.A\u015fa\u011f\u0131daki se\u00e7eneklere g\u00f6re de evraklar de\u011fi\u015febiliyor.Bunlar;<\/span><br \/><span style=\"color: #2acec2;\"><strong><a style=\"color: #2acec2;\" href=\"https:\/\/www.myvize.com.tr\/isvec\/vize-islemleri\/isvec-turistik-vize\/\" target=\"_blank\" rel=\"noopener\"><span style=\"font-family: Roboto; font-size: 14px;\">\u0130sve\u00e7 Turistik Vize<\/span><\/a><\/strong><\/span><br \/><span style=\"font-family: Roboto; font-size: 14px;\">\u0130sve\u00e7 Ticari Vizesi<\/span><br \/><span style=\"font-family: Roboto; font-size: 14px;\">\u0130sve\u00e7 Aile Ziyareti Vizesi<\/span><br \/><span style=\"font-family: Roboto; font-size: 14px;\">\u0130sve\u00e7 Transit Vizesi&#8217;dir.<\/span><\/p>\r\n<p><span style=\"font-family: Roboto; font-size: 14px;\">\r\n\r\n<\/span><\/p>\r\n<p><span style=\"font-family: Roboto; font-size: 14px;\">\u0130sve\u00e7 \u0130zmir Fahri Konsoloslu\u011fu \u00c7al\u0131\u015fma Saatleri<\/span><\/p>\r\n<p><span style=\"font-family: Roboto; font-size: 14px;\">\r\n\r\n<\/span><\/p>\r\n<p><span style=\"font-family: Roboto; font-size: 14px;\">\u00c7al\u0131\u015fma saatleri a\u015fa\u011f\u0131daki gibidir;<\/span><br \/><span style=\"font-family: Roboto; font-size: 14px;\">Pazartesi \u00a0: 8.30-18.00<\/span><br \/><span style=\"font-family: Roboto; font-size: 14px;\">Sal\u0131\u00a0\u00a0\u00a0\u00a0\u00a0\u00a0\u00a0\u00a0\u00a0\u00a0\u00a0: 8.30-18.00<\/span><br \/><span style=\"font-family: Roboto; font-size: 14px;\">\u00c7ar\u015famba : 8.30-18.00<\/span><br \/><span style=\"font-family: Roboto; font-size: 14px;\">Per\u015fembe : 8.30-18.00<\/span><br \/><span style=\"font-family: Roboto; font-size: 14px;\">Cuma\u00a0\u00a0\u00a0\u00a0\u00a0\u00a0\u00a0\u00a0: 8.30-18.00<\/span><br \/><span style=\"font-family: Roboto; font-size: 14px;\">Cumartesi : 10.00-14.00<\/span><\/p>\r\n<h2><span style=\"font-family: Roboto; font-size: 27px;\"><strong>\u0130sve\u00e7 \u0130zmir Fahri Konsoloslu\u011fu Hakk\u0131nda<\/strong><\/span><\/h2>\r\n<p><span style=\"font-family: Roboto; font-size: 14px;\"><strong>\u0130sve\u00e7 \u0130zmir Fahri Konsoloslu\u011fu<\/strong> ve di\u011fer \u0130sve\u00e7 temsilcili\u011fi \u0130sve\u00e7 ve T\u00fcrkiye aras\u0131ndaki uluslararas\u0131 anla\u015fma uyar\u0131nca T\u00fcrkiye Cumhuriyeti s\u0131n\u0131r\u0131 i\u00e7indeki \u0130sve\u00e7 vatanda\u015f\u0131n\u0131n vatanda\u015fl\u0131k i\u015fleminde destek olmakta. \u0130sve\u00e7 \u0130zmir Fahri Konsolosluk, \u0130sve\u00e7 vizesi i\u015fleminde i\u015flem yetkisine sahip de\u011fil. Ba\u015fvuru \u0130sve\u00e7 Ba\u015fkonsoloslu\u011fu \u0130stanbul,<strong> \u0130sve\u00e7 B\u00fcy\u00fckel\u00e7ili\u011fi Ankara<\/strong> ve bu kurulu\u015fa ba\u011fl\u0131 olarak \u00e7al\u0131\u015fan vize ba\u015fvuru merkezine yap\u0131lmaktad\u0131r. \u0130sve\u00e7 vize onay ve reddi karar\u0131 sadece \u0130sve\u00e7 Ba\u015fkonsoloslu\u011fu ve \u0130sve\u00e7 B\u00fcy\u00fckel\u00e7ili\u011fi taraf\u0131ndan al\u0131nmaktad\u0131r.<\/span><br \/><span style=\"font-family: Roboto; font-size: 14px;\">T\u00fcrkiye\u2019de ya\u015fayan <strong>\u0130sve\u00e7 vatanda\u015f\u0131<\/strong> evlilik, pasaport yenileme, noter i\u015flemi, kimlik yenileme, do\u011fum ve \u00f6l\u00fcm kayd\u0131 i\u015flemi konusunda \u0130sve\u00e7 \u0130zmir Fahri Konsoloslu\u011funda destek alabilmekte.<\/span><br \/><span style=\"font-family: Roboto; font-size: 14px;\">\u0130sve\u00e7\u2019in T\u00fcrkiye\u2019deki resmi diplomat temsilcili\u011fi olarak T\u00fcrkiye ve \u0130sve\u00e7 aras\u0131 da sosyal, ekonom, politik, k\u00fclt\u00fcrel, siyasi, tarih ve diplomatik ili\u015fkilerin uluslararas\u0131 ili\u015fki ekseninde geli\u015ftirilmesinde \u00f6nemli \u00e7al\u0131\u015fma yapmaktad\u0131r.<\/span><br \/><span style=\"font-family: Roboto; font-size: 14px;\"><strong>\u0130sve\u00e7 \u0130zmir Fahri Konsolosluk<\/strong>, <span style=\"color: #2acec2;\"><strong><a style=\"color: #2acec2;\" href=\"https:\/\/www.myvize.com.tr\/isvec\/konsolosluklar\/ankara-buyukelciligi\/\" target=\"_blank\" rel=\"noopener\">\u0130sve\u00e7 Ankara B\u00fcy\u00fckel\u00e7ili\u011fi<\/a><\/strong><\/span>, <strong>\u0130sve\u00e7 \u0130zmir Ba\u015fkonsoloslu\u011fu<\/strong> ve T\u00fcrkiye\u2019de faaliyet g\u00f6steren di\u011fer \u0130sve\u00e7 Konsolosluku \u0130sve\u00e7 ve T\u00fcrkiye taraf\u0131nda resmi tatil olarak kabul edilen g\u00fcnde hizmet vermemekte. \u0130sve\u00e7 \u0130zmir Fahri Konsoloslu\u011fu belirtilen tarih de kapal\u0131 olacakt\u0131r.<\/span><br \/><span style=\"font-family: Roboto; font-size: 14px;\">Adres: Cumhuriyet Bulvar\u0131, 296, Sar\u0131-Part Residence, Daire:101 Alsancak &#8211; \u0130zmir<\/span><\/p>\r\n<p><span style=\"font-family: Roboto;\"><\/span><\/p>","protected":false},"excerpt":{"rendered":"<p>Bu makale de sizlere \u0130sve\u00e7 \u0130zmir Fahri Konsoloslu\u011fu ile ilgili; g\u00f6rev b\u00f6lgesi ve \u00e7al\u0131\u015fma saatleri hakk\u0131nda bilgi verece\u011fiz. Ayn\u0131 zamanda konsoloslu\u011fun ne\u00a0demek oldu\u011fu ve \u0130sve\u00e7 vize t\u00fcrleri hakk\u0131nda da bilgi verece\u011fiz. \u0130sve\u00e7 \u0130zmir Fahri Konsoloslu\u011fu\u00a0 Konsolosluk ba\u011fl\u0131 bulundu\u011fu devlet kurulu\u015flar\u0131na siyasal ve ticari bilgileri veren d\u0131\u015f i\u015fleri g\u00f6revlisi olarak nitelendirilebilece\u011fimiz bir devlet kurumu oldu\u011funu s\u00f6yleyebiliriz.\u0130yi<\/p>\n","protected":false},"author":1,"featured_media":0,"parent":69,"menu_order":0,"comment_status":"open","ping_status":"closed","template":"","meta":{"footnotes":""},"class_list":["post-78","page","type-page","status-publish","hentry"],"yoast_head":"<!-- This site is optimized with the Yoast SEO plugin v24.0 - https:\/\/yoast.com\/wordpress\/plugins\/seo\/ -->\n<title>\u0130sve\u00e7 \u0130zmir Fahri Konsoloslu\u011fu\u00a0- MyVize Vize Ba\u015fvuru Merkezi<\/title>\n<meta name=\"description\" content=\"\u0130sve\u00e7 \u0130zmir Fahri Konsoloslu\u011fu\u00a0\u0130leti\u015fim Bilgileri Telefon Numaras\u0131 Mail Adresi Bilgileri \u0130\u00e7erir. \u0130sve\u00e7 Vize Dan\u0131\u015fman\u0131 \u0130\u00e7in Hemen Aray\u0131n.\" \/>\n<meta name=\"robots\" content=\"index, follow, max-snippet:-1, max-image-preview:large, max-video-preview:-1\" \/>\n<link rel=\"canonical\" href=\"https:\/\/www.myvize.com.tr\/isvec\/konsolosluklar\/izmir-baskonsoloslugu\/\" \/>\n<meta property=\"og:locale\" content=\"tr_TR\" \/>\n<meta property=\"og:type\" content=\"article\" \/>\n<meta property=\"og:title\" content=\"\u0130sve\u00e7 \u0130zmir Fahri Konsoloslu\u011fu\u00a0- MyVize Vize Ba\u015fvuru Merkezi\" \/>\n<meta property=\"og:description\" content=\"\u0130sve\u00e7 \u0130zmir Fahri Konsoloslu\u011fu\u00a0\u0130leti\u015fim Bilgileri Telefon Numaras\u0131 Mail Adresi Bilgileri \u0130\u00e7erir. \u0130sve\u00e7 Vize Dan\u0131\u015fman\u0131 \u0130\u00e7in Hemen Aray\u0131n.\" \/>\n<meta property=\"og:url\" content=\"https:\/\/www.myvize.com.tr\/isvec\/konsolosluklar\/izmir-baskonsoloslugu\/\" \/>\n<meta property=\"og:site_name\" content=\"\u0130sve\u00e7 Vizesi\" \/>\n<meta property=\"article:modified_time\" content=\"2022-07-25T11:04:23+00:00\" \/>\n<meta name=\"twitter:card\" content=\"summary_large_image\" \/>\n<meta name=\"twitter:label1\" content=\"Tahmini okuma s\u00fcresi\" \/>\n\t<meta name=\"twitter:data1\" content=\"2 dakika\" \/>\n<script type=\"application\/ld+json\" class=\"yoast-schema-graph\">{\"@context\":\"https:\/\/schema.org\",\"@graph\":[{\"@type\":\"WebPage\",\"@id\":\"https:\/\/www.myvize.com.tr\/isvec\/konsolosluklar\/izmir-baskonsoloslugu\/\",\"url\":\"https:\/\/www.myvize.com.tr\/isvec\/konsolosluklar\/izmir-baskonsoloslugu\/\",\"name\":\"\u0130sve\u00e7 \u0130zmir Fahri Konsoloslu\u011fu\u00a0- MyVize Vize Ba\u015fvuru Merkezi\",\"isPartOf\":{\"@id\":\"https:\/\/www.myvize.com.tr\/isvec\/#website\"},\"datePublished\":\"2020-11-30T10:03:47+00:00\",\"dateModified\":\"2022-07-25T11:04:23+00:00\",\"description\":\"\u0130sve\u00e7 \u0130zmir Fahri Konsoloslu\u011fu\u00a0\u0130leti\u015fim Bilgileri Telefon Numaras\u0131 Mail Adresi Bilgileri \u0130\u00e7erir. \u0130sve\u00e7 Vize Dan\u0131\u015fman\u0131 \u0130\u00e7in Hemen Aray\u0131n.\",\"breadcrumb\":{\"@id\":\"https:\/\/www.myvize.com.tr\/isvec\/konsolosluklar\/izmir-baskonsoloslugu\/#breadcrumb\"},\"inLanguage\":\"tr\",\"potentialAction\":[{\"@type\":\"ReadAction\",\"target\":[\"https:\/\/www.myvize.com.tr\/isvec\/konsolosluklar\/izmir-baskonsoloslugu\/\"]}]},{\"@type\":\"BreadcrumbList\",\"@id\":\"https:\/\/www.myvize.com.tr\/isvec\/konsolosluklar\/izmir-baskonsoloslugu\/#breadcrumb\",\"itemListElement\":[{\"@type\":\"ListItem\",\"position\":1,\"name\":\"Anasayfa\",\"item\":\"https:\/\/www.myvize.com.tr\/isvec\/\"},{\"@type\":\"ListItem\",\"position\":2,\"name\":\"KONSOLOSLUKLAR\",\"item\":\"https:\/\/www.myvize.com.tr\/isvec\/konsolosluklar\/\"},{\"@type\":\"ListItem\",\"position\":3,\"name\":\"\u0130sve\u00e7 \u0130zmir Ba\u015fkonsoloslu\u011fu\"}]},{\"@type\":\"WebSite\",\"@id\":\"https:\/\/www.myvize.com.tr\/isvec\/#website\",\"url\":\"https:\/\/www.myvize.com.tr\/isvec\/\",\"name\":\"\u0130sve\u00e7 Vizesi\",\"description\":\"\",\"potentialAction\":[{\"@type\":\"SearchAction\",\"target\":{\"@type\":\"EntryPoint\",\"urlTemplate\":\"https:\/\/www.myvize.com.tr\/isvec\/?s={search_term_string}\"},\"query-input\":{\"@type\":\"PropertyValueSpecification\",\"valueRequired\":true,\"valueName\":\"search_term_string\"}}],\"inLanguage\":\"tr\"}]}<\/script>\n<!-- \/ Yoast SEO plugin. -->","yoast_head_json":{"title":"\u0130sve\u00e7 \u0130zmir Fahri Konsoloslu\u011fu\u00a0- MyVize Vize Ba\u015fvuru Merkezi","description":"\u0130sve\u00e7 \u0130zmir Fahri Konsoloslu\u011fu\u00a0\u0130leti\u015fim Bilgileri Telefon Numaras\u0131 Mail Adresi Bilgileri \u0130\u00e7erir. \u0130sve\u00e7 Vize Dan\u0131\u015fman\u0131 \u0130\u00e7in Hemen Aray\u0131n.","robots":{"index":"index","follow":"follow","max-snippet":"max-snippet:-1","max-image-preview":"max-image-preview:large","max-video-preview":"max-video-preview:-1"},"canonical":"https:\/\/www.myvize.com.tr\/isvec\/konsolosluklar\/izmir-baskonsoloslugu\/","og_locale":"tr_TR","og_type":"article","og_title":"\u0130sve\u00e7 \u0130zmir Fahri Konsoloslu\u011fu\u00a0- MyVize Vize Ba\u015fvuru Merkezi","og_description":"\u0130sve\u00e7 \u0130zmir Fahri Konsoloslu\u011fu\u00a0\u0130leti\u015fim Bilgileri Telefon Numaras\u0131 Mail Adresi Bilgileri \u0130\u00e7erir. \u0130sve\u00e7 Vize Dan\u0131\u015fman\u0131 \u0130\u00e7in Hemen Aray\u0131n.","og_url":"https:\/\/www.myvize.com.tr\/isvec\/konsolosluklar\/izmir-baskonsoloslugu\/","og_site_name":"\u0130sve\u00e7 Vizesi","article_modified_time":"2022-07-25T11:04:23+00:00","twitter_card":"summary_large_image","twitter_misc":{"Tahmini okuma s\u00fcresi":"2 dakika"},"schema":{"@context":"https:\/\/schema.org","@graph":[{"@type":"WebPage","@id":"https:\/\/www.myvize.com.tr\/isvec\/konsolosluklar\/izmir-baskonsoloslugu\/","url":"https:\/\/www.myvize.com.tr\/isvec\/konsolosluklar\/izmir-baskonsoloslugu\/","name":"\u0130sve\u00e7 \u0130zmir Fahri Konsoloslu\u011fu\u00a0- MyVize Vize Ba\u015fvuru Merkezi","isPartOf":{"@id":"https:\/\/www.myvize.com.tr\/isvec\/#website"},"datePublished":"2020-11-30T10:03:47+00:00","dateModified":"2022-07-25T11:04:23+00:00","description":"\u0130sve\u00e7 \u0130zmir Fahri Konsoloslu\u011fu\u00a0\u0130leti\u015fim Bilgileri Telefon Numaras\u0131 Mail Adresi Bilgileri \u0130\u00e7erir. \u0130sve\u00e7 Vize Dan\u0131\u015fman\u0131 \u0130\u00e7in Hemen Aray\u0131n.","breadcrumb":{"@id":"https:\/\/www.myvize.com.tr\/isvec\/konsolosluklar\/izmir-baskonsoloslugu\/#breadcrumb"},"inLanguage":"tr","potentialAction":[{"@type":"ReadAction","target":["https:\/\/www.myvize.com.tr\/isvec\/konsolosluklar\/izmir-baskonsoloslugu\/"]}]},{"@type":"BreadcrumbList","@id":"https:\/\/www.myvize.com.tr\/isvec\/konsolosluklar\/izmir-baskonsoloslugu\/#breadcrumb","itemListElement":[{"@type":"ListItem","position":1,"name":"Anasayfa","item":"https:\/\/www.myvize.com.tr\/isvec\/"},{"@type":"ListItem","position":2,"name":"KONSOLOSLUKLAR","item":"https:\/\/www.myvize.com.tr\/isvec\/konsolosluklar\/"},{"@type":"ListItem","position":3,"name":"\u0130sve\u00e7 \u0130zmir Ba\u015fkonsoloslu\u011fu"}]},{"@type":"WebSite","@id":"https:\/\/www.myvize.com.tr\/isvec\/#website","url":"https:\/\/www.myvize.com.tr\/isvec\/","name":"\u0130sve\u00e7 Vizesi","description":"","potentialAction":[{"@type":"SearchAction","target":{"@type":"EntryPoint","urlTemplate":"https:\/\/www.myvize.com.tr\/isvec\/?s={search_term_string}"},"query-input":{"@type":"PropertyValueSpecification","valueRequired":true,"valueName":"search_term_string"}}],"inLanguage":"tr"}]}},"_links":{"self":[{"href":"https:\/\/www.myvize.com.tr\/isvec\/wp-json\/wp\/v2\/pages\/78","targetHints":{"allow":["GET"]}}],"collection":[{"href":"https:\/\/www.myvize.com.tr\/isvec\/wp-json\/wp\/v2\/pages"}],"about":[{"href":"https:\/\/www.myvize.com.tr\/isvec\/wp-json\/wp\/v2\/types\/page"}],"author":[{"embeddable":true,"href":"https:\/\/www.myvize.com.tr\/isvec\/wp-json\/wp\/v2\/users\/1"}],"replies":[{"embeddable":true,"href":"https:\/\/www.myvize.com.tr\/isvec\/wp-json\/wp\/v2\/comments?post=78"}],"version-history":[{"count":6,"href":"https:\/\/www.myvize.com.tr\/isvec\/wp-json\/wp\/v2\/pages\/78\/revisions"}],"predecessor-version":[{"id":833,"href":"https:\/\/www.myvize.com.tr\/isvec\/wp-json\/wp\/v2\/pages\/78\/revisions\/833"}],"up":[{"embeddable":true,"href":"https:\/\/www.myvize.com.tr\/isvec\/wp-json\/wp\/v2\/pages\/69"}],"wp:attachment":[{"href":"https:\/\/www.myvize.com.tr\/isvec\/wp-json\/wp\/v2\/media?parent=78"}],"curies":[{"name":"wp","href":"https:\/\/api.w.org\/{rel}","templated":true}]}}