{"id":228,"date":"2020-12-25T09:25:59","date_gmt":"2020-12-25T06:25:59","guid":{"rendered":"https:\/\/www.myvize.com.tr\/isvicre\/?page_id=228"},"modified":"2022-01-11T16:28:22","modified_gmt":"2022-01-11T13:28:22","slug":"adana","status":"publish","type":"page","link":"https:\/\/www.myvize.com.tr\/isvicre\/subelerimiz\/adana\/","title":{"rendered":"Adana"},"content":{"rendered":"<h2><strong><span style=\"font-size: 27px; font-family: Roboto;\">\u0130svi\u00e7re Vize Ba\u015fvuru Merkezi, Adana<\/span><\/strong><\/h2>\n","protected":false},"excerpt":{"rendered":"<p>\u0130svi\u00e7re Vize Ba\u015fvuru Merkezi, Adana<\/p>\n","protected":false},"author":1,"featured_media":0,"parent":209,"menu_order":0,"comment_status":"open","ping_status":"closed","template":"","meta":{"footnotes":""},"class_list":["post-228","page","type-page","status-publish","hentry"],"yoast_head":"<!-- This site is optimized with the Yoast SEO plugin v24.0 - https:\/\/yoast.com\/wordpress\/plugins\/seo\/ -->\n<title>\u0130svi\u00e7re Vizesi Ba\u015fvuru Merkezimiz Adana - MyVize<\/title>\n<meta name=\"description\" content=\"\u0130svi\u00e7re vizesi Adana ofisimizden, hangi \u00fclkeye seyahat etmek isterseniz gerekli b\u00fct\u00fcn bilgilere ula\u015fabilirsiniz: 0850 346 84 93\" \/>\n<meta name=\"robots\" content=\"index, follow, max-snippet:-1, max-image-preview:large, max-video-preview:-1\" \/>\n<link rel=\"canonical\" href=\"https:\/\/www.myvize.com.tr\/isvicre\/subelerimiz\/adana\/\" \/>\n<meta property=\"og:locale\" content=\"tr_TR\" \/>\n<meta property=\"og:type\" content=\"article\" \/>\n<meta property=\"og:title\" content=\"\u0130svi\u00e7re Vizesi Ba\u015fvuru Merkezimiz Adana - MyVize\" \/>\n<meta property=\"og:description\" content=\"\u0130svi\u00e7re vizesi Adana ofisimizden, hangi \u00fclkeye seyahat etmek isterseniz gerekli b\u00fct\u00fcn bilgilere ula\u015fabilirsiniz: 0850 346 84 93\" \/>\n<meta property=\"og:url\" content=\"https:\/\/www.myvize.com.tr\/isvicre\/subelerimiz\/adana\/\" \/>\n<meta property=\"og:site_name\" content=\"\u0130svi\u00e7re Vizesi\" \/>\n<meta property=\"article:modified_time\" content=\"2022-01-11T13:28:22+00:00\" \/>\n<meta name=\"twitter:card\" content=\"summary_large_image\" \/>\n<meta name=\"twitter:label1\" content=\"Tahmini okuma s\u00fcresi\" \/>\n\t<meta name=\"twitter:data1\" content=\"1 dakika\" \/>\n<script type=\"application\/ld+json\" class=\"yoast-schema-graph\">{\"@context\":\"https:\/\/schema.org\",\"@graph\":[{\"@type\":\"WebPage\",\"@id\":\"https:\/\/www.myvize.com.tr\/isvicre\/subelerimiz\/adana\/\",\"url\":\"https:\/\/www.myvize.com.tr\/isvicre\/subelerimiz\/adana\/\",\"name\":\"\u0130svi\u00e7re Vizesi Ba\u015fvuru Merkezimiz Adana - MyVize\",\"isPartOf\":{\"@id\":\"https:\/\/www.myvize.com.tr\/isvicre\/#website\"},\"datePublished\":\"2020-12-25T06:25:59+00:00\",\"dateModified\":\"2022-01-11T13:28:22+00:00\",\"description\":\"\u0130svi\u00e7re vizesi Adana ofisimizden, hangi \u00fclkeye seyahat etmek isterseniz gerekli b\u00fct\u00fcn bilgilere ula\u015fabilirsiniz: 0850 346 84 93\",\"breadcrumb\":{\"@id\":\"https:\/\/www.myvize.com.tr\/isvicre\/subelerimiz\/adana\/#breadcrumb\"},\"inLanguage\":\"tr\",\"potentialAction\":[{\"@type\":\"ReadAction\",\"target\":[\"https:\/\/www.myvize.com.tr\/isvicre\/subelerimiz\/adana\/\"]}]},{\"@type\":\"BreadcrumbList\",\"@id\":\"https:\/\/www.myvize.com.tr\/isvicre\/subelerimiz\/adana\/#breadcrumb\",\"itemListElement\":[{\"@type\":\"ListItem\",\"position\":1,\"name\":\"Anasayfa\",\"item\":\"https:\/\/www.myvize.com.tr\/isvicre\/\"},{\"@type\":\"ListItem\",\"position\":2,\"name\":\"\u015eUBELER\u0130M\u0130Z\",\"item\":\"https:\/\/www.myvize.com.tr\/isvicre\/subelerimiz\/\"},{\"@type\":\"ListItem\",\"position\":3,\"name\":\"Adana\"}]},{\"@type\":\"WebSite\",\"@id\":\"https:\/\/www.myvize.com.tr\/isvicre\/#website\",\"url\":\"https:\/\/www.myvize.com.tr\/isvicre\/\",\"name\":\"\u0130svi\u00e7re Vizesi\",\"description\":\"\",\"potentialAction\":[{\"@type\":\"SearchAction\",\"target\":{\"@type\":\"EntryPoint\",\"urlTemplate\":\"https:\/\/www.myvize.com.tr\/isvicre\/?s={search_term_string}\"},\"query-input\":{\"@type\":\"PropertyValueSpecification\",\"valueRequired\":true,\"valueName\":\"search_term_string\"}}],\"inLanguage\":\"tr\"}]}<\/script>\n<!-- \/ Yoast SEO plugin. -->","yoast_head_json":{"title":"\u0130svi\u00e7re Vizesi Ba\u015fvuru Merkezimiz Adana - MyVize","description":"\u0130svi\u00e7re vizesi Adana ofisimizden, hangi \u00fclkeye seyahat etmek isterseniz gerekli b\u00fct\u00fcn bilgilere ula\u015fabilirsiniz: 0850 346 84 93","robots":{"index":"index","follow":"follow","max-snippet":"max-snippet:-1","max-image-preview":"max-image-preview:large","max-video-preview":"max-video-preview:-1"},"canonical":"https:\/\/www.myvize.com.tr\/isvicre\/subelerimiz\/adana\/","og_locale":"tr_TR","og_type":"article","og_title":"\u0130svi\u00e7re Vizesi Ba\u015fvuru Merkezimiz Adana - MyVize","og_description":"\u0130svi\u00e7re vizesi Adana ofisimizden, hangi \u00fclkeye seyahat etmek isterseniz gerekli b\u00fct\u00fcn bilgilere ula\u015fabilirsiniz: 0850 346 84 93","og_url":"https:\/\/www.myvize.com.tr\/isvicre\/subelerimiz\/adana\/","og_site_name":"\u0130svi\u00e7re Vizesi","article_modified_time":"2022-01-11T13:28:22+00:00","twitter_card":"summary_large_image","twitter_misc":{"Tahmini okuma s\u00fcresi":"1 dakika"},"schema":{"@context":"https:\/\/schema.org","@graph":[{"@type":"WebPage","@id":"https:\/\/www.myvize.com.tr\/isvicre\/subelerimiz\/adana\/","url":"https:\/\/www.myvize.com.tr\/isvicre\/subelerimiz\/adana\/","name":"\u0130svi\u00e7re Vizesi Ba\u015fvuru Merkezimiz Adana - MyVize","isPartOf":{"@id":"https:\/\/www.myvize.com.tr\/isvicre\/#website"},"datePublished":"2020-12-25T06:25:59+00:00","dateModified":"2022-01-11T13:28:22+00:00","description":"\u0130svi\u00e7re vizesi Adana ofisimizden, hangi \u00fclkeye seyahat etmek isterseniz gerekli b\u00fct\u00fcn bilgilere ula\u015fabilirsiniz: 0850 346 84 93","breadcrumb":{"@id":"https:\/\/www.myvize.com.tr\/isvicre\/subelerimiz\/adana\/#breadcrumb"},"inLanguage":"tr","potentialAction":[{"@type":"ReadAction","target":["https:\/\/www.myvize.com.tr\/isvicre\/subelerimiz\/adana\/"]}]},{"@type":"BreadcrumbList","@id":"https:\/\/www.myvize.com.tr\/isvicre\/subelerimiz\/adana\/#breadcrumb","itemListElement":[{"@type":"ListItem","position":1,"name":"Anasayfa","item":"https:\/\/www.myvize.com.tr\/isvicre\/"},{"@type":"ListItem","position":2,"name":"\u015eUBELER\u0130M\u0130Z","item":"https:\/\/www.myvize.com.tr\/isvicre\/subelerimiz\/"},{"@type":"ListItem","position":3,"name":"Adana"}]},{"@type":"WebSite","@id":"https:\/\/www.myvize.com.tr\/isvicre\/#website","url":"https:\/\/www.myvize.com.tr\/isvicre\/","name":"\u0130svi\u00e7re Vizesi","description":"","potentialAction":[{"@type":"SearchAction","target":{"@type":"EntryPoint","urlTemplate":"https:\/\/www.myvize.com.tr\/isvicre\/?s={search_term_string}"},"query-input":{"@type":"PropertyValueSpecification","valueRequired":true,"valueName":"search_term_string"}}],"inLanguage":"tr"}]}},"_links":{"self":[{"href":"https:\/\/www.myvize.com.tr\/isvicre\/wp-json\/wp\/v2\/pages\/228","targetHints":{"allow":["GET"]}}],"collection":[{"href":"https:\/\/www.myvize.com.tr\/isvicre\/wp-json\/wp\/v2\/pages"}],"about":[{"href":"https:\/\/www.myvize.com.tr\/isvicre\/wp-json\/wp\/v2\/types\/page"}],"author":[{"embeddable":true,"href":"https:\/\/www.myvize.com.tr\/isvicre\/wp-json\/wp\/v2\/users\/1"}],"replies":[{"embeddable":true,"href":"https:\/\/www.myvize.com.tr\/isvicre\/wp-json\/wp\/v2\/comments?post=228"}],"version-history":[{"count":5,"href":"https:\/\/www.myvize.com.tr\/isvicre\/wp-json\/wp\/v2\/pages\/228\/revisions"}],"predecessor-version":[{"id":601,"href":"https:\/\/www.myvize.com.tr\/isvicre\/wp-json\/wp\/v2\/pages\/228\/revisions\/601"}],"up":[{"embeddable":true,"href":"https:\/\/www.myvize.com.tr\/isvicre\/wp-json\/wp\/v2\/pages\/209"}],"wp:attachment":[{"href":"https:\/\/www.myvize.com.tr\/isvicre\/wp-json\/wp\/v2\/media?parent=228"}],"curies":[{"name":"wp","href":"https:\/\/api.w.org\/{rel}","templated":true}]}}

<h2><strong><span style="font-size: 27px; font-family: Roboto;">İsviçre Vize Başvuru Merkezi, Adana</span></strong></h2>

<p>İsviçre Vize Başvuru Merkezi, Adana</p>

<!-- This site is optimized with the Yoast SEO plugin v24.0 - https://yoast.com/wordpress/plugins/seo/ -->
<title>İsviçre Vizesi Başvuru Merkezimiz Adana - MyVize</title>
<meta name="description" content="İsviçre vizesi Adana ofisimizden, hangi ülkeye seyahat etmek isterseniz gerekli bütün bilgilere ulaşabilirsiniz: 0850 346 84 93" />
<meta name="robots" content="index, follow, max-snippet:-1, max-image-preview:large, max-video-preview:-1" />
<link rel="canonical" href="https://www.myvize.com.tr/isvicre/subelerimiz/adana/" />
<meta property="og:locale" content="tr_TR" />
<meta property="og:type" content="article" />
<meta property="og:title" content="İsviçre Vizesi Başvuru Merkezimiz Adana - MyVize" />
<meta property="og:description" content="İsviçre vizesi Adana ofisimizden, hangi ülkeye seyahat etmek isterseniz gerekli bütün bilgilere ulaşabilirsiniz: 0850 346 84 93" />
<meta property="og:url" content="https://www.myvize.com.tr/isvicre/subelerimiz/adana/" />
<meta property="og:site_name" content="İsviçre Vizesi" />
<meta property="article:modified_time" content="2022-01-11T13:28:22+00:00" />
<meta name="twitter:card" content="summary_large_image" />
<meta name="twitter:label1" content="Tahmini okuma süresi" />
	<meta name="twitter:data1" content="1 dakika" />
<script type="application/ld+json" class="yoast-schema-graph">{"@context":"https://schema.org","@graph":[{"@type":"WebPage","@id":"https://www.myvize.com.tr/isvicre/subelerimiz/adana/","url":"https://www.myvize.com.tr/isvicre/subelerimiz/adana/","name":"İsviçre Vizesi Başvuru Merkezimiz Adana - MyVize","isPartOf":{"@id":"https://www.myvize.com.tr/isvicre/#website"},"datePublished":"2020-12-25T06:25:59+00:00","dateModified":"2022-01-11T13:28:22+00:00","description":"İsviçre vizesi Adana ofisimizden, hangi ülkeye seyahat etmek isterseniz gerekli bütün bilgilere ulaşabilirsiniz: 0850 346 84 93","breadcrumb":{"@id":"https://www.myvize.com.tr/isvicre/subelerimiz/adana/#breadcrumb"},"inLanguage":"tr","potentialAction":[{"@type":"ReadAction","target":["https://www.myvize.com.tr/isvicre/subelerimiz/adana/"]}]},{"@type":"BreadcrumbList","@id":"https://www.myvize.com.tr/isvicre/subelerimiz/adana/#breadcrumb","itemListElement":[{"@type":"ListItem","position":1,"name":"Anasayfa","item":"https://www.myvize.com.tr/isvicre/"},{"@type":"ListItem","position":2,"name":"ŞUBELERİMİZ","item":"https://www.myvize.com.tr/isvicre/subelerimiz/"},{"@type":"ListItem","position":3,"name":"Adana"}]},{"@type":"WebSite","@id":"https://www.myvize.com.tr/isvicre/#website","url":"https://www.myvize.com.tr/isvicre/","name":"İsviçre Vizesi","description":"","potentialAction":[{"@type":"SearchAction","target":{"@type":"EntryPoint","urlTemplate":"https://www.myvize.com.tr/isvicre/?s={search_term_string}"},"query-input":{"@type":"PropertyValueSpecification","valueRequired":true,"valueName":"search_term_string"}}],"inLanguage":"tr"}]}</script>
<!-- / Yoast SEO plugin. -->

İsviçre Vizesi Başvuru Merkezimiz Adana - MyVize

İsviçre vizesi Adana ofisimizden, hangi ülkeye seyahat etmek isterseniz gerekli bütün bilgilere ulaşabilirsiniz: 0850 346 84 93

İsviçre Vizesi

ŞUBELERİMİZ
