{"id":86,"date":"2020-11-30T13:05:31","date_gmt":"2020-11-30T10:05:31","guid":{"rendered":"https:\/\/www.myvize.com.tr\/isvicre\/?page_id=86"},"modified":"2022-01-11T16:32:42","modified_gmt":"2022-01-11T13:32:42","slug":"edirne-fahri-konsoloslugu","status":"publish","type":"page","link":"https:\/\/www.myvize.com.tr\/isvicre\/konsolosluklar\/edirne-fahri-konsoloslugu\/","title":{"rendered":"\u0130svi\u00e7re Edirne Fahri Konsoloslu\u011fu"},"content":{"rendered":"<h2><strong><span style=\"font-size: 27px; font-family: Roboto;\">\u0130svi\u00e7re Edirne Fahri Konsoloslu\u011fu \u0130leti\u015fim Bilgileri<\/span><\/strong><\/h2>\n","protected":false},"excerpt":{"rendered":"<p>\u0130svi\u00e7re Edirne Fahri Konsoloslu\u011fu \u0130leti\u015fim Bilgileri<\/p>\n","protected":false},"author":1,"featured_media":0,"parent":69,"menu_order":0,"comment_status":"open","ping_status":"closed","template":"","meta":{"footnotes":""},"class_list":["post-86","page","type-page","status-publish","hentry"],"yoast_head":"<!-- This site is optimized with the Yoast SEO plugin v24.0 - https:\/\/yoast.com\/wordpress\/plugins\/seo\/ -->\n<title>\u0130svi\u00e7re Konsoloslu\u011fu Edirne Vize \u0130\u015flemleri - MyVize<\/title>\n<meta name=\"description\" content=\"\u0130svi\u00e7re Edirne Fahri Konsoloslu\u011fu \u00e7al\u0131\u015fma saatleri. \u0130svi\u00e7re Edirne Fahri Konsoloslu\u011fu ula\u015f\u0131m, ileti\u015fim bilgileri ve faaliyet alan\u0131.\" \/>\n<meta name=\"robots\" content=\"index, follow, max-snippet:-1, max-image-preview:large, max-video-preview:-1\" \/>\n<link rel=\"canonical\" href=\"https:\/\/www.myvize.com.tr\/isvicre\/konsolosluklar\/edirne-fahri-konsoloslugu\/\" \/>\n<meta property=\"og:locale\" content=\"tr_TR\" \/>\n<meta property=\"og:type\" content=\"article\" \/>\n<meta property=\"og:title\" content=\"\u0130svi\u00e7re Konsoloslu\u011fu Edirne Vize \u0130\u015flemleri - MyVize\" \/>\n<meta property=\"og:description\" content=\"\u0130svi\u00e7re Edirne Fahri Konsoloslu\u011fu \u00e7al\u0131\u015fma saatleri. \u0130svi\u00e7re Edirne Fahri Konsoloslu\u011fu ula\u015f\u0131m, ileti\u015fim bilgileri ve faaliyet alan\u0131.\" \/>\n<meta property=\"og:url\" content=\"https:\/\/www.myvize.com.tr\/isvicre\/konsolosluklar\/edirne-fahri-konsoloslugu\/\" \/>\n<meta property=\"og:site_name\" content=\"\u0130svi\u00e7re Vizesi\" \/>\n<meta property=\"article:modified_time\" content=\"2022-01-11T13:32:42+00:00\" \/>\n<meta name=\"twitter:card\" content=\"summary_large_image\" \/>\n<meta name=\"twitter:label1\" content=\"Tahmini okuma s\u00fcresi\" \/>\n\t<meta name=\"twitter:data1\" content=\"1 dakika\" \/>\n<script type=\"application\/ld+json\" class=\"yoast-schema-graph\">{\"@context\":\"https:\/\/schema.org\",\"@graph\":[{\"@type\":\"WebPage\",\"@id\":\"https:\/\/www.myvize.com.tr\/isvicre\/konsolosluklar\/edirne-fahri-konsoloslugu\/\",\"url\":\"https:\/\/www.myvize.com.tr\/isvicre\/konsolosluklar\/edirne-fahri-konsoloslugu\/\",\"name\":\"\u0130svi\u00e7re Konsoloslu\u011fu Edirne Vize \u0130\u015flemleri - MyVize\",\"isPartOf\":{\"@id\":\"https:\/\/www.myvize.com.tr\/isvicre\/#website\"},\"datePublished\":\"2020-11-30T10:05:31+00:00\",\"dateModified\":\"2022-01-11T13:32:42+00:00\",\"description\":\"\u0130svi\u00e7re Edirne Fahri Konsoloslu\u011fu \u00e7al\u0131\u015fma saatleri. \u0130svi\u00e7re Edirne Fahri Konsoloslu\u011fu ula\u015f\u0131m, ileti\u015fim bilgileri ve faaliyet alan\u0131.\",\"breadcrumb\":{\"@id\":\"https:\/\/www.myvize.com.tr\/isvicre\/konsolosluklar\/edirne-fahri-konsoloslugu\/#breadcrumb\"},\"inLanguage\":\"tr\",\"potentialAction\":[{\"@type\":\"ReadAction\",\"target\":[\"https:\/\/www.myvize.com.tr\/isvicre\/konsolosluklar\/edirne-fahri-konsoloslugu\/\"]}]},{\"@type\":\"BreadcrumbList\",\"@id\":\"https:\/\/www.myvize.com.tr\/isvicre\/konsolosluklar\/edirne-fahri-konsoloslugu\/#breadcrumb\",\"itemListElement\":[{\"@type\":\"ListItem\",\"position\":1,\"name\":\"Anasayfa\",\"item\":\"https:\/\/www.myvize.com.tr\/isvicre\/\"},{\"@type\":\"ListItem\",\"position\":2,\"name\":\"KONSOLOSLUKLAR\",\"item\":\"https:\/\/www.myvize.com.tr\/isvicre\/konsolosluklar\/\"},{\"@type\":\"ListItem\",\"position\":3,\"name\":\"\u0130svi\u00e7re Edirne Fahri Konsoloslu\u011fu\"}]},{\"@type\":\"WebSite\",\"@id\":\"https:\/\/www.myvize.com.tr\/isvicre\/#website\",\"url\":\"https:\/\/www.myvize.com.tr\/isvicre\/\",\"name\":\"\u0130svi\u00e7re Vizesi\",\"description\":\"\",\"potentialAction\":[{\"@type\":\"SearchAction\",\"target\":{\"@type\":\"EntryPoint\",\"urlTemplate\":\"https:\/\/www.myvize.com.tr\/isvicre\/?s={search_term_string}\"},\"query-input\":{\"@type\":\"PropertyValueSpecification\",\"valueRequired\":true,\"valueName\":\"search_term_string\"}}],\"inLanguage\":\"tr\"}]}<\/script>\n<!-- \/ Yoast SEO plugin. -->","yoast_head_json":{"title":"\u0130svi\u00e7re Konsoloslu\u011fu Edirne Vize \u0130\u015flemleri - MyVize","description":"\u0130svi\u00e7re Edirne Fahri Konsoloslu\u011fu \u00e7al\u0131\u015fma saatleri. \u0130svi\u00e7re Edirne Fahri Konsoloslu\u011fu ula\u015f\u0131m, ileti\u015fim bilgileri ve faaliyet alan\u0131.","robots":{"index":"index","follow":"follow","max-snippet":"max-snippet:-1","max-image-preview":"max-image-preview:large","max-video-preview":"max-video-preview:-1"},"canonical":"https:\/\/www.myvize.com.tr\/isvicre\/konsolosluklar\/edirne-fahri-konsoloslugu\/","og_locale":"tr_TR","og_type":"article","og_title":"\u0130svi\u00e7re Konsoloslu\u011fu Edirne Vize \u0130\u015flemleri - MyVize","og_description":"\u0130svi\u00e7re Edirne Fahri Konsoloslu\u011fu \u00e7al\u0131\u015fma saatleri. \u0130svi\u00e7re Edirne Fahri Konsoloslu\u011fu ula\u015f\u0131m, ileti\u015fim bilgileri ve faaliyet alan\u0131.","og_url":"https:\/\/www.myvize.com.tr\/isvicre\/konsolosluklar\/edirne-fahri-konsoloslugu\/","og_site_name":"\u0130svi\u00e7re Vizesi","article_modified_time":"2022-01-11T13:32:42+00:00","twitter_card":"summary_large_image","twitter_misc":{"Tahmini okuma s\u00fcresi":"1 dakika"},"schema":{"@context":"https:\/\/schema.org","@graph":[{"@type":"WebPage","@id":"https:\/\/www.myvize.com.tr\/isvicre\/konsolosluklar\/edirne-fahri-konsoloslugu\/","url":"https:\/\/www.myvize.com.tr\/isvicre\/konsolosluklar\/edirne-fahri-konsoloslugu\/","name":"\u0130svi\u00e7re Konsoloslu\u011fu Edirne Vize \u0130\u015flemleri - MyVize","isPartOf":{"@id":"https:\/\/www.myvize.com.tr\/isvicre\/#website"},"datePublished":"2020-11-30T10:05:31+00:00","dateModified":"2022-01-11T13:32:42+00:00","description":"\u0130svi\u00e7re Edirne Fahri Konsoloslu\u011fu \u00e7al\u0131\u015fma saatleri. \u0130svi\u00e7re Edirne Fahri Konsoloslu\u011fu ula\u015f\u0131m, ileti\u015fim bilgileri ve faaliyet alan\u0131.","breadcrumb":{"@id":"https:\/\/www.myvize.com.tr\/isvicre\/konsolosluklar\/edirne-fahri-konsoloslugu\/#breadcrumb"},"inLanguage":"tr","potentialAction":[{"@type":"ReadAction","target":["https:\/\/www.myvize.com.tr\/isvicre\/konsolosluklar\/edirne-fahri-konsoloslugu\/"]}]},{"@type":"BreadcrumbList","@id":"https:\/\/www.myvize.com.tr\/isvicre\/konsolosluklar\/edirne-fahri-konsoloslugu\/#breadcrumb","itemListElement":[{"@type":"ListItem","position":1,"name":"Anasayfa","item":"https:\/\/www.myvize.com.tr\/isvicre\/"},{"@type":"ListItem","position":2,"name":"KONSOLOSLUKLAR","item":"https:\/\/www.myvize.com.tr\/isvicre\/konsolosluklar\/"},{"@type":"ListItem","position":3,"name":"\u0130svi\u00e7re Edirne Fahri Konsoloslu\u011fu"}]},{"@type":"WebSite","@id":"https:\/\/www.myvize.com.tr\/isvicre\/#website","url":"https:\/\/www.myvize.com.tr\/isvicre\/","name":"\u0130svi\u00e7re Vizesi","description":"","potentialAction":[{"@type":"SearchAction","target":{"@type":"EntryPoint","urlTemplate":"https:\/\/www.myvize.com.tr\/isvicre\/?s={search_term_string}"},"query-input":{"@type":"PropertyValueSpecification","valueRequired":true,"valueName":"search_term_string"}}],"inLanguage":"tr"}]}},"_links":{"self":[{"href":"https:\/\/www.myvize.com.tr\/isvicre\/wp-json\/wp\/v2\/pages\/86","targetHints":{"allow":["GET"]}}],"collection":[{"href":"https:\/\/www.myvize.com.tr\/isvicre\/wp-json\/wp\/v2\/pages"}],"about":[{"href":"https:\/\/www.myvize.com.tr\/isvicre\/wp-json\/wp\/v2\/types\/page"}],"author":[{"embeddable":true,"href":"https:\/\/www.myvize.com.tr\/isvicre\/wp-json\/wp\/v2\/users\/1"}],"replies":[{"embeddable":true,"href":"https:\/\/www.myvize.com.tr\/isvicre\/wp-json\/wp\/v2\/comments?post=86"}],"version-history":[{"count":4,"href":"https:\/\/www.myvize.com.tr\/isvicre\/wp-json\/wp\/v2\/pages\/86\/revisions"}],"predecessor-version":[{"id":591,"href":"https:\/\/www.myvize.com.tr\/isvicre\/wp-json\/wp\/v2\/pages\/86\/revisions\/591"}],"up":[{"embeddable":true,"href":"https:\/\/www.myvize.com.tr\/isvicre\/wp-json\/wp\/v2\/pages\/69"}],"wp:attachment":[{"href":"https:\/\/www.myvize.com.tr\/isvicre\/wp-json\/wp\/v2\/media?parent=86"}],"curies":[{"name":"wp","href":"https:\/\/api.w.org\/{rel}","templated":true}]}}

İsviçre Edirne Fahri Konsolosluğu

<h2><strong><span style="font-size: 27px; font-family: Roboto;">İsviçre Edirne Fahri Konsolosluğu İletişim Bilgileri</span></strong></h2>

<p>İsviçre Edirne Fahri Konsolosluğu İletişim Bilgileri</p>

<!-- This site is optimized with the Yoast SEO plugin v24.0 - https://yoast.com/wordpress/plugins/seo/ -->
<title>İsviçre Konsolosluğu Edirne Vize İşlemleri - MyVize</title>
<meta name="description" content="İsviçre Edirne Fahri Konsolosluğu çalışma saatleri. İsviçre Edirne Fahri Konsolosluğu ulaşım, iletişim bilgileri ve faaliyet alanı." />
<meta name="robots" content="index, follow, max-snippet:-1, max-image-preview:large, max-video-preview:-1" />
<link rel="canonical" href="https://www.myvize.com.tr/isvicre/konsolosluklar/edirne-fahri-konsoloslugu/" />
<meta property="og:locale" content="tr_TR" />
<meta property="og:type" content="article" />
<meta property="og:title" content="İsviçre Konsolosluğu Edirne Vize İşlemleri - MyVize" />
<meta property="og:description" content="İsviçre Edirne Fahri Konsolosluğu çalışma saatleri. İsviçre Edirne Fahri Konsolosluğu ulaşım, iletişim bilgileri ve faaliyet alanı." />
<meta property="og:url" content="https://www.myvize.com.tr/isvicre/konsolosluklar/edirne-fahri-konsoloslugu/" />
<meta property="og:site_name" content="İsviçre Vizesi" />
<meta property="article:modified_time" content="2022-01-11T13:32:42+00:00" />
<meta name="twitter:card" content="summary_large_image" />
<meta name="twitter:label1" content="Tahmini okuma süresi" />
	<meta name="twitter:data1" content="1 dakika" />
<script type="application/ld+json" class="yoast-schema-graph">{"@context":"https://schema.org","@graph":[{"@type":"WebPage","@id":"https://www.myvize.com.tr/isvicre/konsolosluklar/edirne-fahri-konsoloslugu/","url":"https://www.myvize.com.tr/isvicre/konsolosluklar/edirne-fahri-konsoloslugu/","name":"İsviçre Konsolosluğu Edirne Vize İşlemleri - MyVize","isPartOf":{"@id":"https://www.myvize.com.tr/isvicre/#website"},"datePublished":"2020-11-30T10:05:31+00:00","dateModified":"2022-01-11T13:32:42+00:00","description":"İsviçre Edirne Fahri Konsolosluğu çalışma saatleri. İsviçre Edirne Fahri Konsolosluğu ulaşım, iletişim bilgileri ve faaliyet alanı.","breadcrumb":{"@id":"https://www.myvize.com.tr/isvicre/konsolosluklar/edirne-fahri-konsoloslugu/#breadcrumb"},"inLanguage":"tr","potentialAction":[{"@type":"ReadAction","target":["https://www.myvize.com.tr/isvicre/konsolosluklar/edirne-fahri-konsoloslugu/"]}]},{"@type":"BreadcrumbList","@id":"https://www.myvize.com.tr/isvicre/konsolosluklar/edirne-fahri-konsoloslugu/#breadcrumb","itemListElement":[{"@type":"ListItem","position":1,"name":"Anasayfa","item":"https://www.myvize.com.tr/isvicre/"},{"@type":"ListItem","position":2,"name":"KONSOLOSLUKLAR","item":"https://www.myvize.com.tr/isvicre/konsolosluklar/"},{"@type":"ListItem","position":3,"name":"İsviçre Edirne Fahri Konsolosluğu"}]},{"@type":"WebSite","@id":"https://www.myvize.com.tr/isvicre/#website","url":"https://www.myvize.com.tr/isvicre/","name":"İsviçre Vizesi","description":"","potentialAction":[{"@type":"SearchAction","target":{"@type":"EntryPoint","urlTemplate":"https://www.myvize.com.tr/isvicre/?s={search_term_string}"},"query-input":{"@type":"PropertyValueSpecification","valueRequired":true,"valueName":"search_term_string"}}],"inLanguage":"tr"}]}</script>
<!-- / Yoast SEO plugin. -->

İsviçre Konsolosluğu Edirne Vize İşlemleri - MyVize

İsviçre Edirne Fahri Konsolosluğu çalışma saatleri. İsviçre Edirne Fahri Konsolosluğu ulaşım, iletişim bilgileri ve faaliyet alanı.

İsviçre Vizesi
