{"id":243,"date":"2020-12-28T13:07:49","date_gmt":"2020-12-28T10:07:49","guid":{"rendered":"https:\/\/www.myvize.com.tr\/italya\/?page_id=243"},"modified":"2022-10-03T15:34:26","modified_gmt":"2022-10-03T12:34:26","slug":"ankara","status":"publish","type":"page","link":"https:\/\/www.myvize.com.tr\/italya\/subelerimiz\/ankara\/","title":{"rendered":"Ankara"},"content":{"rendered":"<p><span style=\"font-family: Roboto;\"><\/span><\/p>\r\n<p><span style=\"font-family: Roboto; font-size: 14px;\"><strong>\u0130talya Ankara vize merkezi\u00a0<\/strong>ofisimize ho\u015f geldiniz.<\/span><\/p>\r\n<p><span style=\"font-family: Roboto; font-size: 14px;\">\r\n\r\n<\/span><\/p>\r\n<p><span style=\"font-family: Roboto; font-size: 14px;\">Say\u0131n ziyaret\u00e7imi\u00a0<strong>\u0130talya Ankara vize merkezi\u00a0<\/strong>olarak sizi bilgilendirmek i\u00e7in olu\u015fturmu\u015f oldu\u011fumuz web sitemizi incelemenizi tavsiye ederiz. Web sitemiz sayesinde vize i\u015flemleri hakk\u0131nda \u00f6n bilgiye sahip olacaks\u0131n\u0131z. B\u00f6ylelikle akl\u0131n\u0131zda bulunan baz\u0131 sorular\u0131n cevab\u0131n\u0131 bulacak ve yeni sorular olu\u015fturacaks\u0131n\u0131z.\u00a0<strong>\u0130talya Ankara vize merkezi\u00a0<\/strong>olarak sizlerin sorular\u0131n\u0131z\u0131 yan\u0131tlamak ve size vize i\u015flemlerinde yard\u0131mc\u0131 olmak i\u00e7in bulunuyoruz.<\/span><\/p>\r\n<p><span style=\"font-family: Roboto; font-size: 14px;\">\r\n\r\n<\/span><\/p>\r\n<p><span style=\"font-family: Roboto; font-size: 14px;\"><strong>\u0130talya Schengen \u00fcyesi<\/strong> \u00fclke oldu\u011fu i\u00e7in prosed\u00fcrleri olduk\u00e7a fazlad\u0131r. Bundan dolay\u0131 vize i\u015flemlerinin her ad\u0131m\u0131n\u0131 en ayr\u0131nt\u0131l\u0131 \u015fekilde bilen bir ki\u015fi ile \u00e7al\u0131\u015fman\u0131z sizin yarar\u0131n\u0131za olacakt\u0131r. Hem belgelerinizi h\u0131zl\u0131 ve eksiksiz \u015fekilde tamamlars\u0131n\u0131z hem de vize i\u015flemlerinizde bir aksama olmaz ve zaman kayb\u0131 ya\u015famazs\u0131n\u0131z. \u0130\u015fte t\u00fcm bunlar\u00a0<strong>\u0130talya Ankara vize merkezi\u00a0<\/strong>ofisinde bulunan vize uzmanlar\u0131 taraf\u0131ndan ger\u00e7ekle\u015fmektedir.<\/span><\/p>\r\n<p><span style=\"font-family: Roboto; font-size: 14px;\"><\/span><\/p>\r\n<p><span style=\"font-family: Roboto; font-size: 14px;\"><img decoding=\"async\" src=\"https:\/\/www.myvize.com.tr\/italya\/wp-content\/uploads\/2021\/09\/8-3.jpg\" \/><\/span><\/p>\r\n<p><span style=\"font-family: Roboto; font-size: 14px;\"><\/span><\/p>\r\n<h2 class=\"wp-block-heading\"><span style=\"font-family: Roboto; font-size: 27px;\"><strong>\u0130talya Vize Ba\u015fvuru A\u015famalar\u0131<\/strong><\/span><\/h2>\r\n<p><span style=\"font-family: Roboto; font-size: 14px;\">\r\n\r\n<\/span><\/p>\r\n<p><span style=\"font-family: Roboto; font-size: 14px;\"><strong>\u0130talya Ankara vize merkezi\u00a0<\/strong>vize uzmanlar\u0131 vize ba\u015fvurular\u0131 a\u015famas\u0131n\u0131n her ad\u0131m\u0131na hakimlerdir. Bu konuda en b\u00fcy\u00fck yard\u0131mc\u0131n\u0131z ve destek\u00e7iniz ekip arkada\u015flar\u0131m\u0131z olacakt\u0131r. Burada \u00f6nemli olan noktalardan bir tanesi zaman\u0131 iyi bir \u015fekilde planlaman\u0131z. Vize evraklar\u0131n\u0131z \u0130talyan B\u00fcy\u00fck El\u00e7ili\u011fi taraf\u0131ndan incelenmektedir ve bundan dolay\u0131 randevulu sistem ile \u00e7al\u0131\u015fmaktad\u0131rlar.<\/span><\/p>\r\n<p><span style=\"font-family: Roboto; font-size: 14px;\">\r\n\r\n<\/span><\/p>\r\n<p><span style=\"font-family: Roboto; font-size: 14px;\">Ba\u015fvurunuz yap\u0131ld\u0131ktan sonra randevu ile biyometrik beyan do\u011frulama i\u015flemi yapmak zorundas\u0131n\u0131z. Bunun nedeni ise <strong>Schengen \u00fcyesi<\/strong> olan \u0130talya\u2019n\u0131n vize protokollerinden bir tanesidir. T\u00fcm bu a\u015famalar\u0131 yak\u0131ndan uzman ekibimiz takip eder ve sizi bu ad\u0131mlardan haberdar eder. Vize i\u015flemleriniz sonu\u00e7land\u0131\u011f\u0131 zaman size haber verirler.<\/span><\/p>\r\n<h2><span style=\"font-family: Roboto; font-size: 27px;\"><strong>Ankara \u0130talya Vize Ba\u015fvurusu<\/strong><\/span><\/h2>\r\n<p><span style=\"font-family: Roboto; font-size: 14px;\">Ankara ve \u00e7evresinde bulunan T\u00fcrk vatanda\u015flar\u0131, k\u0131sa s\u00fcreli <strong>\u0130talya vize<\/strong> ba\u015fvurular\u0131n\u0131 \u0130talya vize ba\u015fvuru merkezlerine yapmal\u0131d\u0131r. Uzun s\u00fcreli <strong>\u0130talya vize ba\u015fvurular\u0131<\/strong> yani \u0130talya ulusal vize ba\u015fvurular\u0131 ise \u0130talya\u2019n\u0131n diplomatik temsilciliklerine yap\u0131lmal\u0131d\u0131r.<\/span><\/p>\r\n<p><span style=\"font-family: Roboto; font-size: 14px;\">\u0130talya bir Schengen \u00fclkesidir. Bundan dolay\u0131 Ankara ve \u00e7evresinde <strong>\u0130talya vize<\/strong> ba\u015fvurusu yapacak olan T\u00fcrk vatanda\u015flar\u0131 vize ba\u015fvurular\u0131n\u0131 <strong>Ankara vize ba\u015fvuru<\/strong> merkezine yapmal\u0131d\u0131r. Yani Ankara ve \u00e7evresinde ikamet eden ki\u015filer k\u0131sa s\u00fcreli vize ba\u015fvurular\u0131n\u0131 \u0130talya\u2019n\u0131n Ankara\u2019da yetkilendirmi\u015f oldu\u011fu vize ba\u015fvuru merkezine yapmal\u0131d\u0131r. Ankara\u2019da yetkilendirilmi\u015f olan \u0130talya vize ba\u015fvuru merkezi <strong>VFS Global<\/strong> isimli \u015firkettir.<\/span><\/p>\r\n<p><span style=\"font-family: Roboto; font-size: 14px;\">Ankara ve \u00e7evresinde <strong>\u0130talya vize ba\u015fvurusu<\/strong> yapacak olan ki\u015filer k\u0131sa s\u00fcreli vize ba\u015fvurular\u0131 i\u00e7in Ankara \u0130talya vize ba\u015fvuru merkezinden randevu almal\u0131 ve randevu tarihinde gerekli belgeler ile \u0130talya vize ba\u015fvuru merkezinde bulunmal\u0131d\u0131r.<\/span><\/p>\r\n<p><span style=\"font-family: Roboto; font-size: 14px;\">Ankara ve \u00e7evresinde ikamet eden ve ulusal <span style=\"color: #2acec2;\"><strong><a style=\"color: #2acec2;\" href=\"https:\/\/www.myvize.com.tr\/italya\/vize-islemleri\/italya-vizesi\/\" target=\"_blank\" rel=\"noopener\">\u0130talya vizesi <\/a><\/strong><\/span>almak isteyen T\u00fcrk vatanda\u015flar\u0131, vize ba\u015fvurular\u0131n\u0131 \u0130talya \u0130stanbul Ba\u015fkonsoloslu\u011fu ya da Ankara B\u00fcy\u00fckel\u00e7ili\u011fi\u2019ne yapmal\u0131d\u0131r.<\/span><\/p>\r\n<p><span style=\"font-family: Roboto; font-size: 14px;\">K\u0131sacas\u0131 Ankara ve \u00e7evresinde bulunan T\u00fcrk vatanda\u015flar\u0131 k\u0131sa s\u00fcreli vize ba\u015fvurular\u0131n\u0131; <strong>Ankara \u0130talya vize ba\u015fvuru<\/strong> merkezine yapmal\u0131d\u0131r. Ankara ve \u00e7evresinde yer alan\u00a0 ve \u0130talya vizesi alacak olan ki\u015filer vize ba\u015fvurular\u0131, \u0130talya&#8217;n\u0131n diplomatik temsilcilikleri <span style=\"color: #2acec2;\"><strong><a style=\"color: #2acec2;\" href=\"https:\/\/www.myvize.com.tr\/italya\/konsolosluklar\/italya-istanbul-fahri-konsoloslugu\/\" target=\"_blank\" rel=\"noopener\">\u0130talya \u0130stanbul Ba\u015fkonsoloslu\u011fu<\/a><\/strong><\/span> ve Ankara B\u00fcy\u00fckel\u00e7ili\u011fi\u2019ne yapmal\u0131d\u0131r.<\/span><\/p>\r\n<p><span style=\"font-family: Roboto;\"><\/span><\/p>","protected":false},"excerpt":{"rendered":"<p>\u0130talya Ankara vize merkezi\u00a0ofisimize ho\u015f geldiniz. Say\u0131n ziyaret\u00e7imi\u00a0\u0130talya Ankara vize merkezi\u00a0olarak sizi bilgilendirmek i\u00e7in olu\u015fturmu\u015f oldu\u011fumuz web sitemizi incelemenizi tavsiye ederiz. Web sitemiz sayesinde vize i\u015flemleri hakk\u0131nda \u00f6n bilgiye sahip olacaks\u0131n\u0131z. B\u00f6ylelikle akl\u0131n\u0131zda bulunan baz\u0131 sorular\u0131n cevab\u0131n\u0131 bulacak ve yeni sorular olu\u015fturacaks\u0131n\u0131z.\u00a0\u0130talya Ankara vize merkezi\u00a0olarak sizlerin sorular\u0131n\u0131z\u0131 yan\u0131tlamak ve size vize i\u015flemlerinde yard\u0131mc\u0131 olmak i\u00e7in<\/p>\n","protected":false},"author":1,"featured_media":0,"parent":224,"menu_order":0,"comment_status":"open","ping_status":"closed","template":"","meta":{"footnotes":""},"class_list":["post-243","page","type-page","status-publish","hentry"],"yoast_head":"<!-- This site is optimized with the Yoast SEO plugin v24.0 - https:\/\/yoast.com\/wordpress\/plugins\/seo\/ -->\n<title>\u0130talya Vizesi Ankara Vize Ba\u015fvuru \u015eubesi - MyVize<\/title>\n<meta name=\"description\" content=\"\u0130talya Vizesi Ankara Vize Ba\u015fvuru Merkezi. \u0130talya Vize Randevusu Nas\u0131l Al\u0131n\u0131r? \u0130talya Vize \u00dccreti. Bilgi \u0130\u00e7in Hemen Aray\u0131n: 0850 346 84 93\" \/>\n<meta name=\"robots\" content=\"index, follow, max-snippet:-1, max-image-preview:large, max-video-preview:-1\" \/>\n<link rel=\"canonical\" href=\"https:\/\/www.myvize.com.tr\/italya\/subelerimiz\/ankara\/\" \/>\n<meta property=\"og:locale\" content=\"tr_TR\" \/>\n<meta property=\"og:type\" content=\"article\" \/>\n<meta property=\"og:title\" content=\"\u0130talya Vizesi Ankara Vize Ba\u015fvuru \u015eubesi - MyVize\" \/>\n<meta property=\"og:description\" content=\"\u0130talya Vizesi Ankara Vize Ba\u015fvuru Merkezi. \u0130talya Vize Randevusu Nas\u0131l Al\u0131n\u0131r? \u0130talya Vize \u00dccreti. Bilgi \u0130\u00e7in Hemen Aray\u0131n: 0850 346 84 93\" \/>\n<meta property=\"og:url\" content=\"https:\/\/www.myvize.com.tr\/italya\/subelerimiz\/ankara\/\" \/>\n<meta property=\"og:site_name\" content=\"\u0130talya Vizesi\" \/>\n<meta property=\"article:modified_time\" content=\"2022-10-03T12:34:26+00:00\" \/>\n<meta property=\"og:image\" content=\"https:\/\/www.myvize.com.tr\/italya\/wp-content\/uploads\/2021\/09\/8-3.jpg\" \/>\n<meta name=\"twitter:card\" content=\"summary_large_image\" \/>\n<meta name=\"twitter:label1\" content=\"Tahmini okuma s\u00fcresi\" \/>\n\t<meta name=\"twitter:data1\" content=\"2 dakika\" \/>\n<script type=\"application\/ld+json\" class=\"yoast-schema-graph\">{\"@context\":\"https:\/\/schema.org\",\"@graph\":[{\"@type\":\"WebPage\",\"@id\":\"https:\/\/www.myvize.com.tr\/italya\/subelerimiz\/ankara\/\",\"url\":\"https:\/\/www.myvize.com.tr\/italya\/subelerimiz\/ankara\/\",\"name\":\"\u0130talya Vizesi Ankara Vize Ba\u015fvuru \u015eubesi - MyVize\",\"isPartOf\":{\"@id\":\"https:\/\/www.myvize.com.tr\/italya\/#website\"},\"primaryImageOfPage\":{\"@id\":\"https:\/\/www.myvize.com.tr\/italya\/subelerimiz\/ankara\/#primaryimage\"},\"image\":{\"@id\":\"https:\/\/www.myvize.com.tr\/italya\/subelerimiz\/ankara\/#primaryimage\"},\"thumbnailUrl\":\"https:\/\/www.myvize.com.tr\/italya\/wp-content\/uploads\/2021\/09\/8-3.jpg\",\"datePublished\":\"2020-12-28T10:07:49+00:00\",\"dateModified\":\"2022-10-03T12:34:26+00:00\",\"description\":\"\u0130talya Vizesi Ankara Vize Ba\u015fvuru Merkezi. \u0130talya Vize Randevusu Nas\u0131l Al\u0131n\u0131r? \u0130talya Vize \u00dccreti. Bilgi \u0130\u00e7in Hemen Aray\u0131n: 0850 346 84 93\",\"breadcrumb\":{\"@id\":\"https:\/\/www.myvize.com.tr\/italya\/subelerimiz\/ankara\/#breadcrumb\"},\"inLanguage\":\"tr\",\"potentialAction\":[{\"@type\":\"ReadAction\",\"target\":[\"https:\/\/www.myvize.com.tr\/italya\/subelerimiz\/ankara\/\"]}]},{\"@type\":\"ImageObject\",\"inLanguage\":\"tr\",\"@id\":\"https:\/\/www.myvize.com.tr\/italya\/subelerimiz\/ankara\/#primaryimage\",\"url\":\"https:\/\/www.myvize.com.tr\/italya\/wp-content\/uploads\/2021\/09\/8-3.jpg\",\"contentUrl\":\"https:\/\/www.myvize.com.tr\/italya\/wp-content\/uploads\/2021\/09\/8-3.jpg\",\"width\":800,\"height\":500,\"caption\":\"\u0130talya \u015eubelerimiz Ankara\"},{\"@type\":\"BreadcrumbList\",\"@id\":\"https:\/\/www.myvize.com.tr\/italya\/subelerimiz\/ankara\/#breadcrumb\",\"itemListElement\":[{\"@type\":\"ListItem\",\"position\":1,\"name\":\"Anasayfa\",\"item\":\"https:\/\/www.myvize.com.tr\/italya\/\"},{\"@type\":\"ListItem\",\"position\":2,\"name\":\"\u015eUBELER\u0130M\u0130Z\",\"item\":\"https:\/\/www.myvize.com.tr\/italya\/subelerimiz\/\"},{\"@type\":\"ListItem\",\"position\":3,\"name\":\"Ankara\"}]},{\"@type\":\"WebSite\",\"@id\":\"https:\/\/www.myvize.com.tr\/italya\/#website\",\"url\":\"https:\/\/www.myvize.com.tr\/italya\/\",\"name\":\"\u0130talya Vizesi\",\"description\":\"\",\"potentialAction\":[{\"@type\":\"SearchAction\",\"target\":{\"@type\":\"EntryPoint\",\"urlTemplate\":\"https:\/\/www.myvize.com.tr\/italya\/?s={search_term_string}\"},\"query-input\":{\"@type\":\"PropertyValueSpecification\",\"valueRequired\":true,\"valueName\":\"search_term_string\"}}],\"inLanguage\":\"tr\"}]}<\/script>\n<!-- \/ Yoast SEO plugin. -->","yoast_head_json":{"title":"\u0130talya Vizesi Ankara Vize Ba\u015fvuru \u015eubesi - MyVize","description":"\u0130talya Vizesi Ankara Vize Ba\u015fvuru Merkezi. \u0130talya Vize Randevusu Nas\u0131l Al\u0131n\u0131r? \u0130talya Vize \u00dccreti. Bilgi \u0130\u00e7in Hemen Aray\u0131n: 0850 346 84 93","robots":{"index":"index","follow":"follow","max-snippet":"max-snippet:-1","max-image-preview":"max-image-preview:large","max-video-preview":"max-video-preview:-1"},"canonical":"https:\/\/www.myvize.com.tr\/italya\/subelerimiz\/ankara\/","og_locale":"tr_TR","og_type":"article","og_title":"\u0130talya Vizesi Ankara Vize Ba\u015fvuru \u015eubesi - MyVize","og_description":"\u0130talya Vizesi Ankara Vize Ba\u015fvuru Merkezi. \u0130talya Vize Randevusu Nas\u0131l Al\u0131n\u0131r? \u0130talya Vize \u00dccreti. Bilgi \u0130\u00e7in Hemen Aray\u0131n: 0850 346 84 93","og_url":"https:\/\/www.myvize.com.tr\/italya\/subelerimiz\/ankara\/","og_site_name":"\u0130talya Vizesi","article_modified_time":"2022-10-03T12:34:26+00:00","og_image":[{"url":"https:\/\/www.myvize.com.tr\/italya\/wp-content\/uploads\/2021\/09\/8-3.jpg","type":"","width":"","height":""}],"twitter_card":"summary_large_image","twitter_misc":{"Tahmini okuma s\u00fcresi":"2 dakika"},"schema":{"@context":"https:\/\/schema.org","@graph":[{"@type":"WebPage","@id":"https:\/\/www.myvize.com.tr\/italya\/subelerimiz\/ankara\/","url":"https:\/\/www.myvize.com.tr\/italya\/subelerimiz\/ankara\/","name":"\u0130talya Vizesi Ankara Vize Ba\u015fvuru \u015eubesi - MyVize","isPartOf":{"@id":"https:\/\/www.myvize.com.tr\/italya\/#website"},"primaryImageOfPage":{"@id":"https:\/\/www.myvize.com.tr\/italya\/subelerimiz\/ankara\/#primaryimage"},"image":{"@id":"https:\/\/www.myvize.com.tr\/italya\/subelerimiz\/ankara\/#primaryimage"},"thumbnailUrl":"https:\/\/www.myvize.com.tr\/italya\/wp-content\/uploads\/2021\/09\/8-3.jpg","datePublished":"2020-12-28T10:07:49+00:00","dateModified":"2022-10-03T12:34:26+00:00","description":"\u0130talya Vizesi Ankara Vize Ba\u015fvuru Merkezi. \u0130talya Vize Randevusu Nas\u0131l Al\u0131n\u0131r? \u0130talya Vize \u00dccreti. Bilgi \u0130\u00e7in Hemen Aray\u0131n: 0850 346 84 93","breadcrumb":{"@id":"https:\/\/www.myvize.com.tr\/italya\/subelerimiz\/ankara\/#breadcrumb"},"inLanguage":"tr","potentialAction":[{"@type":"ReadAction","target":["https:\/\/www.myvize.com.tr\/italya\/subelerimiz\/ankara\/"]}]},{"@type":"ImageObject","inLanguage":"tr","@id":"https:\/\/www.myvize.com.tr\/italya\/subelerimiz\/ankara\/#primaryimage","url":"https:\/\/www.myvize.com.tr\/italya\/wp-content\/uploads\/2021\/09\/8-3.jpg","contentUrl":"https:\/\/www.myvize.com.tr\/italya\/wp-content\/uploads\/2021\/09\/8-3.jpg","width":800,"height":500,"caption":"\u0130talya \u015eubelerimiz Ankara"},{"@type":"BreadcrumbList","@id":"https:\/\/www.myvize.com.tr\/italya\/subelerimiz\/ankara\/#breadcrumb","itemListElement":[{"@type":"ListItem","position":1,"name":"Anasayfa","item":"https:\/\/www.myvize.com.tr\/italya\/"},{"@type":"ListItem","position":2,"name":"\u015eUBELER\u0130M\u0130Z","item":"https:\/\/www.myvize.com.tr\/italya\/subelerimiz\/"},{"@type":"ListItem","position":3,"name":"Ankara"}]},{"@type":"WebSite","@id":"https:\/\/www.myvize.com.tr\/italya\/#website","url":"https:\/\/www.myvize.com.tr\/italya\/","name":"\u0130talya Vizesi","description":"","potentialAction":[{"@type":"SearchAction","target":{"@type":"EntryPoint","urlTemplate":"https:\/\/www.myvize.com.tr\/italya\/?s={search_term_string}"},"query-input":{"@type":"PropertyValueSpecification","valueRequired":true,"valueName":"search_term_string"}}],"inLanguage":"tr"}]}},"_links":{"self":[{"href":"https:\/\/www.myvize.com.tr\/italya\/wp-json\/wp\/v2\/pages\/243","targetHints":{"allow":["GET"]}}],"collection":[{"href":"https:\/\/www.myvize.com.tr\/italya\/wp-json\/wp\/v2\/pages"}],"about":[{"href":"https:\/\/www.myvize.com.tr\/italya\/wp-json\/wp\/v2\/types\/page"}],"author":[{"embeddable":true,"href":"https:\/\/www.myvize.com.tr\/italya\/wp-json\/wp\/v2\/users\/1"}],"replies":[{"embeddable":true,"href":"https:\/\/www.myvize.com.tr\/italya\/wp-json\/wp\/v2\/comments?post=243"}],"version-history":[{"count":5,"href":"https:\/\/www.myvize.com.tr\/italya\/wp-json\/wp\/v2\/pages\/243\/revisions"}],"predecessor-version":[{"id":1085,"href":"https:\/\/www.myvize.com.tr\/italya\/wp-json\/wp\/v2\/pages\/243\/revisions\/1085"}],"up":[{"embeddable":true,"href":"https:\/\/www.myvize.com.tr\/italya\/wp-json\/wp\/v2\/pages\/224"}],"wp:attachment":[{"href":"https:\/\/www.myvize.com.tr\/italya\/wp-json\/wp\/v2\/media?parent=243"}],"curies":[{"name":"wp","href":"https:\/\/api.w.org\/{rel}","templated":true}]}}