{"id":166,"date":"2020-12-22T15:23:51","date_gmt":"2020-12-22T12:23:51","guid":{"rendered":"https:\/\/www.myvize.com.tr\/kanada\/?page_id=166"},"modified":"2022-12-27T20:32:54","modified_gmt":"2022-12-27T17:32:54","slug":"ogrenci","status":"publish","type":"page","link":"https:\/\/www.myvize.com.tr\/kanada\/ogrenci\/","title":{"rendered":"\u00d6\u011eRENC\u0130"},"content":{"rendered":"<h2><span style=\"font-family: Roboto; font-size: 27px;\"><strong>Kanada \u00d6\u011frenci Vizesi Nedir?<\/strong><\/span><\/h2>\n<p><span style=\"font-family: Roboto; font-size: 14px;\">Amerika k\u0131tas\u0131n\u0131n en modern en refah d\u00fczeyi y\u00fcksek \u00fclkelerinin ba\u015f\u0131nda Kanada \u00fclkesi gelmektedir. \u00d6zellikle e\u011fitim seviyesi son derece y\u00fcksektir. Bu nokta da insanlar\u0131n kar\u015f\u0131s\u0131na<strong> Kanada \u00f6\u011frenci vizesi<\/strong> \u00e7\u0131kar \u00e7\u00fcnk\u00fc Kanada\u2019da gerek \u00fcnivesite gerek ise dil e\u011fitimi almak \u00e7ok uygun fiyatl\u0131d\u0131r. Bunun yan\u0131 s\u0131ra Kanada\u2019da olan e\u011fitim seviyesi son derece y\u00fcksektir. Bu \u00fclkeden al\u0131nacak olan e\u011fitim belgesinin yani diploman\u0131n d\u00fcnyan\u0131n her yerinde ge\u00e7erlili\u011fi vard\u0131r. Bu da beraberinde\u00a0<strong>Kanada \u00d6\u011frenci Vizesi nedir\u00a0<\/strong>sorusunu getirir. Kanada \u00f6\u011frenci vizesi Kanada\u2019da ister dil e\u011fitimi, ister \u00fcniversite ya da lise e\u011fitimi alacak olan \u00f6\u011frencilerin almas\u0131 gereken bir vize t\u00fcr\u00fcd\u00fcr. Burada e\u011fitimler i\u00e7in insanlar\u0131n kar\u015f\u0131s\u0131na iki se\u00e7enek \u00e7\u0131kar. Bir tanesi k\u0131sa s\u00fcreli olan \u00f6\u011frenci vizesi, bir di\u011feri ise uzun s\u00fcreli olan \u00f6\u011frenci vizesidir. K\u0131sa s\u00fcreli olan \u00f6\u011frenci vizesinin toplam s\u00fcresi 6 ay olup sonras\u0131nda yenileme yap\u0131lmaz.<\/span><\/p>\n<h2><span style=\"font-family: Roboto; font-size: 27px;\"><strong>Kanada \u00d6\u011frenci Vizesi Nas\u0131l Al\u0131n\u0131r?<\/strong><\/span><\/h2>\n<p><span style=\"font-family: Roboto; font-size: 14px;\">\u00dcstte verilen bu bilgilerden sonra \u015fimdi de as\u0131l merak edilen konu olan\u00a0<strong>Kanada \u00d6\u011frenci Vizesi nas\u0131l al\u0131n\u0131r\u00a0<\/strong>sorusunun yan\u0131t\u0131n\u0131 vermek gerekir ise o noktada da \u015fu bilgiler verilebilir. <strong>Kanada \u00f6\u011frenci vizesi almak<\/strong> i\u00e7in ister k\u0131sa s\u00fcreli, ister uzun s\u00fcreli olsun\u00a0 aranan ilk \u015fart Kanada\u2019da e\u011fitim g\u00f6r\u00fclecek olan e\u011fitim kurumundan okulda e\u011fitim g\u00f6rmesini isteyen ve de okula kabul edildi\u011fini g\u00f6steren bir belge olmas\u0131d\u0131r. Bu ad\u0131mdan sonra <strong>Kanada H\u00fck\u00fcmeti<\/strong> yap\u0131lan ba\u015fvuru s\u0131ras\u0131nda \u00f6\u011frencinin maddi durumuna da bakmaktad\u0131r. Bunun yan\u0131 s\u0131ra \u00a0k\u0131saca <strong>DLI ad\u0131<\/strong> verilen Designated Learning Institutions Kanada\u2019da \u00a0belirlenmi\u015f \u00a0olan e\u011fitim kurumlar\u0131nda e\u011fitim almalar\u0131na olanak sa\u011flayan izin belgesinin al\u0131nm\u0131\u015f olmas\u0131 gerekir. \u00a0Bunu yine ba\u015fvuru yap\u0131lan e\u011fitim kurumu vermektedir. Bu ad\u0131m da a\u015f\u0131ld\u0131ktan sonra s\u0131rada art\u0131k istenen evraklar ile do\u011fru ve eksiksiz hatas\u0131z bir bi\u00e7imde ba\u015fvuru yap\u0131lmas\u0131 gerekir.<\/span><\/p>\n<h2><span style=\"font-family: Roboto; font-size: 27px;\"><strong>Kanada \u00d6\u011frenci Vizesi Nereden Al\u0131n\u0131r?<\/strong><\/span><\/h2>\n<p><span style=\"font-family: Roboto; font-size: 14px;\">Peki ama\u00a0 \u00fcstte istenenler tamam da\u00a0<strong>Kanada \u00d6\u011frenci Vizesi nereden al\u0131n\u0131r\u00a0<\/strong>diyorsan\u0131z onun da yan\u0131t\u0131 \u015fu \u015fekilde verilebilir: Yine \u00fcstte belirtilen belge al\u0131nd\u0131ktan sonra ge\u00e7ici oturum belgesi ya da bir di\u011fer ifade edi\u015f bi\u00e7imi ile TRV al\u0131nmas\u0131 gerekir ki bu da yine e\u011fitim al\u0131nacak kurum kanal\u0131 ile ger\u00e7ekle\u015fen bir durumdur. Her \u015fey tamam olduktan sonra s\u0131rada ba\u015fvuru vard\u0131r. Ba\u015fvurular i\u00e7in k\u0131sa ad\u0131 <strong>CIC olan<\/strong> Kanada Vatanda\u015fl\u0131k ve G\u00f6\u00e7menlik b\u00fcrosuna online olarak yap\u0131l\u0131r.\u00a0 Ba\u015fvuru yap\u0131l\u0131r ayr\u0131ca istenen evraklar aras\u0131nda \u00f6\u011frenci niyet mektubu, sa\u011fl\u0131kl\u0131 oldu\u011funu g\u00f6steren belge, sab\u0131ka kayd\u0131n\u0131n olmad\u0131\u011f\u0131n\u0131 g\u00f6steren sab\u0131ka kayd\u0131, \u00f6\u011frencinin maddi durumunu g\u00f6steren belge, en az 1 y\u0131l ge\u00e7erlili\u011fi olan pasaport gibi evraklar\u0131n da ba\u015fvuru s\u0131ras\u0131nda sisteme y\u00fcklenmesi gerekir. Eksik ya da yanl\u0131\u015f olmas\u0131 durumunda <strong>Kanada Vatanda\u015fl\u0131k ve G\u00f6\u00e7menlik b\u00fcrosu\u00a0<\/strong> taraf\u0131ndan ba\u015fvuru reddedilmektedir.<\/span><\/p>\n<h2><span style=\"font-family: Roboto; font-size: 27px;\"><strong>Kanada \u00d6\u011frenci Vizesi Ka\u00e7 G\u00fcnde \u00c7\u0131kar?<\/strong><\/span><\/h2>\n<p><span style=\"font-family: Roboto; font-size: 14px;\">Son olarak art\u0131k en \u00e7ok merak edilen bir di\u011fer soru olan\u00a0<strong>Kanada \u00d6\u011frenci Vizesi ka\u00e7 g\u00fcnde \u00e7\u0131kar\u00a0<\/strong>sorusunun yan\u0131t\u0131n\u0131 vermek gerekir ise o noktada \u015fu bilgiler verilebilir. E\u011fer gerek Kanada gerek d\u00fcnya \u00e7ap\u0131nda herhangi bir sorun ekstrem olan durum yok ise Kanada H\u00fck\u00fcmetinin resmi tatil g\u00fcnleri de\u011fil ise ortalama olarak 11 ile 15 g\u00fcn aras\u0131nda <strong>Kanada \u00f6\u011frenci vizesi<\/strong> \u00e7\u0131kar. Yine e\u011fer Kanada Vatanda\u015fl\u0131k ve G\u00f6\u00e7menlik B\u00fcrosunun i\u015f yo\u011funlu\u011fu fazla ise o zaman da s\u00fcre biraz daha uzayabilir. Belli d\u00f6nemlerde \u00f6\u011frenci vizesinin \u00e7\u0131kma s\u00fcresi bir aya kadar uzayabilmektedir. Onun i\u00e7in bu t\u00fcr sorunlar\u0131n olmamas\u0131 i\u00e7in\u00a0 Kanada\u2019ya \u00f6\u011frenime ba\u015flama s\u00fcresinden en az 40 g\u00fcn \u00f6nce ba\u015fvuru yap\u0131lmas\u0131 en ak\u0131lc\u0131 olan durumdur. Hi\u00e7bir \u015fey riske at\u0131lmadan ad\u0131mlar sakin sakin at\u0131lmal\u0131d\u0131r. Aksi halde s\u00fcre\u00e7 riske girebilir.<\/span><\/p>\n<h3><strong><span style=\"font-family: Roboto; font-size: 24px;\">Kanada \u00d6\u011frenci Vize Ba\u015fvurusu<\/span><\/strong><\/h3>\n<p><span style=\"font-family: Roboto; font-size: 14px;\">Yurt d\u0131\u015f\u0131nda okumay\u0131 d\u00fc\u015f\u00fcnen herkes genellikle Kanada&#8217;y\u0131 ilgin\u00e7 destinasyonlar i\u00e7in ilk se\u00e7eneklerden biri olarak g\u00f6r\u00fcr.\u00a0\u00dclkede e\u011fitim g\u00f6rmek i\u00e7in\u00a0<strong>Kanada \u00f6\u011frenci vize ba\u015fvurusu<\/strong>\u00a0yapmak gerekir. Kanada, Amerika k\u0131tas\u0131n\u0131 do\u011fudan Atlantik Okyanusu k\u0131y\u0131lar\u0131nda, bat\u0131da Pasifik Okyanusu k\u0131y\u0131lar\u0131nda ge\u00e7en bir toprak par\u00e7as\u0131na sahip, denizden denize uzanan bir \u00fclkedir.\u00a0Toplamda 9.984.670 kilometrekare, bu da onu d\u00fcnyan\u0131n en b\u00fcy\u00fck ikinci \u00fclkesi yap\u0131yor. Kanada topraklar\u0131 devasa olmas\u0131n\u0131n yan\u0131 s\u0131ra do\u011fa a\u00e7\u0131s\u0131ndan da zengindir.\u00a0\u0130klimler de \u00e7ok \u00e7e\u015fitlidir; yo\u011fun so\u011fuk nedeniyle neredeyse ya\u015fanmaz olan alanlar ve yaz aylar\u0131nda s\u0131cakl\u0131klar\u0131n 40 \u00b0C&#8217;ye ula\u015ft\u0131\u011f\u0131 yerler vard\u0131r. \u00c7e\u015fitlilik Kanada&#8217;n\u0131n en karakteristik kelimesidir.\u00a0Dil bile \u00e7e\u015fitlidir.\u00a0Hem \u0130ngiliz hem de Frans\u0131z s\u00f6m\u00fcrgesi oldu\u011fu i\u00e7in Kanada&#8217;n\u0131n iki resmi dili vard\u0131r: \u0130ngilizce ve Frans\u0131zca.<strong>\u00a0Kanada k\u00fclt\u00fcr\u00fc<\/strong> de do\u011fu \u00fclkelerinden etkilenmesine ra\u011fmen \u00e7ok al\u0131c\u0131 ve a\u00e7\u0131kt\u0131r.\u00a0N\u00fcfusun yakla\u015f\u0131k %20&#8217;sinin ba\u015fka bir \u00fclkeden, \u00f6zellikle \u00c7in, Hindistan ve Filipinler gibi Asya \u00fclkelerinden geldi\u011fi tahmin edilmektedir.<\/span><\/p>\n<h3><strong><span style=\"font-family: Roboto; font-size: 24px;\">Kanada \u00d6\u011frenci Vize Randevusu<\/span><\/strong><\/h3>\n<p><span style=\"font-family: Roboto; font-size: 14px;\">\u00dclkede e\u011fitim almak i\u00e7in \u00f6ncelikli olarak\u00a0<strong>Kanada \u00f6\u011frenci vize randevusu<\/strong>\u00a0\u015fartt\u0131r. Sizden talep edilen evraklarla beraber konsoloslu\u011fa m\u00fcracaat etmeniz istenmektedir. Uzun ya da k\u0131sa s\u00fcreli vize t\u00fcr\u00fcne g\u00f6re istenen evraklar da farkl\u0131l\u0131k g\u00f6sterebilir. Ayn\u0131 zamanda vize s\u00fcresinin tamamlanmas\u0131 da vize \u00e7e\u015fidine g\u00f6re de\u011fi\u015fecektir. \u00c7ok k\u00fclt\u00fcrl\u00fcl\u00fck ve dil kolayl\u0131\u011f\u0131, Kanada&#8217;y\u0131 m\u00fckemmel bir\u00a0e\u011fitim yeri yapan \u00f6zellikler aras\u0131ndad\u0131r. Al\u0131c\u0131 bir insan olman\u0131n yan\u0131 s\u0131ra, Kanadal\u0131lar iyi ya\u015fam ko\u015fullar\u0131na \u00f6nem verirler.\u00a0\u00dclkenin d\u00fcnyada ya\u015fanacak en iyi yerlerden biri olarak g\u00f6r\u00fclmesine \u015fa\u015fmamal\u0131. Kanada\u2019da okumak g\u00fcvenlik, sa\u011fl\u0131k ve ula\u015f\u0131m a\u00e7\u0131s\u0131ndan m\u00fckemmel bir altyap\u0131ya ve tabii ki \u00fcst d\u00fczey bir e\u011fitime eri\u015fim anlam\u0131na gelir.\u00a0D\u00fcnyan\u0131n en iyi \u00fcniversitelerinden baz\u0131lar\u0131 Kanada&#8217;dad\u0131r ve orada baz\u0131 kurslar almak, i\u015f piyasas\u0131n\u0131n size a\u00e7\u0131k olmas\u0131 anlam\u0131na gelir. \u00c7ok \u00f6zel bir tarihi, k\u00fclt\u00fcrel ve iklim profili ile Kanada, en az\u0131ndan heyecan verici bir \u00fclkedir.\u00a0Ayr\u0131ca, n\u00fcfusu i\u00e7in ya\u015fam kalitesini garanti eden y\u00fcksek bir ekonomik kalk\u0131nma d\u00fczeyine sahiptir.<\/span><\/p>\n<h3><strong><span style=\"font-family: Roboto; font-size: 24px;\">Kanada \u00d6\u011frenci Vizesi \u0130\u00e7in Gerekli Evraklar<\/span><\/strong><\/h3>\n<p><span style=\"font-family: Roboto; font-size: 14px;\">Kanada&#8217;n\u0131n tarihi ba\u015fl\u0131 ba\u015f\u0131na herkesin ilgisini \u00e7eker.\u00a0Ne de olsa millet olarak k\u0131sa bir mevcudiyetine sahip olmas\u0131na ra\u011fmen uzun ve zengin bir ge\u00e7mi\u015fe sahiptir.\u00a0Bunun nedeni, Asya yerlilerinin Sibirya ile Alaska aras\u0131ndaki bir toprak \u015feridinden ge\u00e7erek oraya 30.000 y\u0131l \u00f6nce geldiklerine inan\u0131lmas\u0131d\u0131r. Kanada k\u00fclt\u00fcr\u00fc, \u00fclkeye yerle\u015fmek isteyenler i\u00e7in bir ba\u015fka g\u00fc\u00e7l\u00fc cazibe merkezidir.\u00a0\u0130kinci D\u00fcnya Sava\u015f\u0131 sonras\u0131nda artan g\u00f6\u00e7 hareketleri sayesinde n\u00fcfus \u00e7e\u015fitlenmi\u015f, dikkat \u00e7eken \u00e7ok k\u00fclt\u00fcrl\u00fc bir mozaik olu\u015fmu\u015ftur.\u00a0Mevcut krizle kar\u015f\u0131 kar\u015f\u0131ya kal\u0131nd\u0131\u011f\u0131nda, kendini finansal olarak s\u00fcrd\u00fcrmenin alternatif yollar\u0131n\u0131 aramak yayg\u0131n hale geldi.\u00a0Bunu, mesleklerin genellikle iyi maa\u015f ald\u0131\u011f\u0131 bir \u00fclkede, yurtd\u0131\u015f\u0131nda bir ya\u015famla birle\u015ftirmek daha da iyidir. Kanada bu imk\u00e2n\u0131 sunuyor.\u00a0\u00d6\u011frenci vizesi olan ve mesleki\u00a0programa kay\u0131tl\u0131 g\u00f6\u00e7menler ise\u00a0haftada 20 saate kadar \u00e7al\u0131\u015fabilirler.\u00a0Yine de maa\u015f\u0131n\u0131z\u0131 dolar olarak alma imk\u00e2n\u0131 zaten b\u00fcy\u00fck bir art\u0131.\u00a0<strong>Kanada \u00f6\u011frenci vizesi i\u00e7in gerekli evraklar<\/strong>\u00a0haz\u0131r edilerek vize ba\u015fvurusu ger\u00e7ekle\u015ftirilebilir. Bu evraklar aras\u0131nda pasaport, foto\u011fraf, vize harc\u0131, konaklama kan\u0131t\u0131, finansal durum kan\u0131t\u0131 ve vize ba\u015fvuru formu yer almaktad\u0131r.<\/span><\/p>\n<p><strong><span style=\"font-family: Roboto;\"><span style=\"color: #2acec2;\"><a style=\"color: #2acec2;\" href=\"https:\/\/www.myvize.com.tr\/kanada\/vize-islemleri\/kanada-vize-randevusu\/\" target=\"_blank\" rel=\"noopener\">Kanada Vize Randevusu<\/a><\/span> ile ilgili bilgi almak i\u00e7in aray\u0131n.<\/span><\/strong><\/p>\n","protected":false},"excerpt":{"rendered":"<p>Kanada \u00d6\u011frenci Vizesi Nedir? Amerika k\u0131tas\u0131n\u0131n en modern en refah d\u00fczeyi y\u00fcksek \u00fclkelerinin ba\u015f\u0131nda Kanada \u00fclkesi gelmektedir. \u00d6zellikle e\u011fitim seviyesi son derece y\u00fcksektir. Bu nokta da insanlar\u0131n kar\u015f\u0131s\u0131na Kanada \u00f6\u011frenci vizesi \u00e7\u0131kar \u00e7\u00fcnk\u00fc Kanada\u2019da gerek \u00fcnivesite gerek ise dil e\u011fitimi almak \u00e7ok uygun fiyatl\u0131d\u0131r. Bunun yan\u0131 s\u0131ra Kanada\u2019da olan e\u011fitim seviyesi son derece y\u00fcksektir. Bu<\/p>\n","protected":false},"author":1,"featured_media":0,"parent":0,"menu_order":0,"comment_status":"open","ping_status":"closed","template":"","meta":{"footnotes":""},"class_list":["post-166","page","type-page","status-publish","hentry"],"yoast_head":"<!-- This site is optimized with the Yoast SEO plugin v24.0 - https:\/\/yoast.com\/wordpress\/plugins\/seo\/ -->\n<title>Kanada \u00d6\u011frenci Vizesi - MyVize<\/title>\n<meta name=\"description\" content=\"Kanada \u00d6\u011frenci Vizesi Nas\u0131l Al\u0131n\u0131r? Kanada \u00d6\u011frenci Vizesi Nereden Al\u0131n\u0131r? Kanada \u00d6\u011frenci Vize \u00dccreti Nedir?\" \/>\n<meta name=\"robots\" content=\"index, follow, max-snippet:-1, max-image-preview:large, max-video-preview:-1\" \/>\n<link rel=\"canonical\" href=\"https:\/\/www.myvize.com.tr\/kanada\/ogrenci\/\" \/>\n<meta property=\"og:locale\" content=\"tr_TR\" \/>\n<meta property=\"og:type\" content=\"article\" \/>\n<meta property=\"og:title\" content=\"Kanada \u00d6\u011frenci Vizesi - MyVize\" \/>\n<meta property=\"og:description\" content=\"Kanada \u00d6\u011frenci Vizesi Nas\u0131l Al\u0131n\u0131r? Kanada \u00d6\u011frenci Vizesi Nereden Al\u0131n\u0131r? Kanada \u00d6\u011frenci Vize \u00dccreti Nedir?\" \/>\n<meta property=\"og:url\" content=\"https:\/\/www.myvize.com.tr\/kanada\/ogrenci\/\" \/>\n<meta property=\"og:site_name\" content=\"Kanada Vizesi\" \/>\n<meta property=\"article:modified_time\" content=\"2022-12-27T17:32:54+00:00\" \/>\n<meta name=\"twitter:card\" content=\"summary_large_image\" \/>\n<meta name=\"twitter:label1\" content=\"Tahmini okuma s\u00fcresi\" \/>\n\t<meta name=\"twitter:data1\" content=\"6 dakika\" \/>\n<script type=\"application\/ld+json\" class=\"yoast-schema-graph\">{\"@context\":\"https:\/\/schema.org\",\"@graph\":[{\"@type\":\"WebPage\",\"@id\":\"https:\/\/www.myvize.com.tr\/kanada\/ogrenci\/\",\"url\":\"https:\/\/www.myvize.com.tr\/kanada\/ogrenci\/\",\"name\":\"Kanada \u00d6\u011frenci Vizesi - MyVize\",\"isPartOf\":{\"@id\":\"https:\/\/www.myvize.com.tr\/kanada\/#website\"},\"datePublished\":\"2020-12-22T12:23:51+00:00\",\"dateModified\":\"2022-12-27T17:32:54+00:00\",\"description\":\"Kanada \u00d6\u011frenci Vizesi Nas\u0131l Al\u0131n\u0131r? Kanada \u00d6\u011frenci Vizesi Nereden Al\u0131n\u0131r? Kanada \u00d6\u011frenci Vize \u00dccreti Nedir?\",\"breadcrumb\":{\"@id\":\"https:\/\/www.myvize.com.tr\/kanada\/ogrenci\/#breadcrumb\"},\"inLanguage\":\"tr\",\"potentialAction\":[{\"@type\":\"ReadAction\",\"target\":[\"https:\/\/www.myvize.com.tr\/kanada\/ogrenci\/\"]}]},{\"@type\":\"BreadcrumbList\",\"@id\":\"https:\/\/www.myvize.com.tr\/kanada\/ogrenci\/#breadcrumb\",\"itemListElement\":[{\"@type\":\"ListItem\",\"position\":1,\"name\":\"Anasayfa\",\"item\":\"https:\/\/www.myvize.com.tr\/kanada\/\"},{\"@type\":\"ListItem\",\"position\":2,\"name\":\"\u00d6\u011eRENC\u0130\"}]},{\"@type\":\"WebSite\",\"@id\":\"https:\/\/www.myvize.com.tr\/kanada\/#website\",\"url\":\"https:\/\/www.myvize.com.tr\/kanada\/\",\"name\":\"Kanada Vizesi\",\"description\":\"\",\"potentialAction\":[{\"@type\":\"SearchAction\",\"target\":{\"@type\":\"EntryPoint\",\"urlTemplate\":\"https:\/\/www.myvize.com.tr\/kanada\/?s={search_term_string}\"},\"query-input\":{\"@type\":\"PropertyValueSpecification\",\"valueRequired\":true,\"valueName\":\"search_term_string\"}}],\"inLanguage\":\"tr\"}]}<\/script>\n<!-- \/ Yoast SEO plugin. -->","yoast_head_json":{"title":"Kanada \u00d6\u011frenci Vizesi - MyVize","description":"Kanada \u00d6\u011frenci Vizesi Nas\u0131l Al\u0131n\u0131r? Kanada \u00d6\u011frenci Vizesi Nereden Al\u0131n\u0131r? Kanada \u00d6\u011frenci Vize \u00dccreti Nedir?","robots":{"index":"index","follow":"follow","max-snippet":"max-snippet:-1","max-image-preview":"max-image-preview:large","max-video-preview":"max-video-preview:-1"},"canonical":"https:\/\/www.myvize.com.tr\/kanada\/ogrenci\/","og_locale":"tr_TR","og_type":"article","og_title":"Kanada \u00d6\u011frenci Vizesi - MyVize","og_description":"Kanada \u00d6\u011frenci Vizesi Nas\u0131l Al\u0131n\u0131r? Kanada \u00d6\u011frenci Vizesi Nereden Al\u0131n\u0131r? Kanada \u00d6\u011frenci Vize \u00dccreti Nedir?","og_url":"https:\/\/www.myvize.com.tr\/kanada\/ogrenci\/","og_site_name":"Kanada Vizesi","article_modified_time":"2022-12-27T17:32:54+00:00","twitter_card":"summary_large_image","twitter_misc":{"Tahmini okuma s\u00fcresi":"6 dakika"},"schema":{"@context":"https:\/\/schema.org","@graph":[{"@type":"WebPage","@id":"https:\/\/www.myvize.com.tr\/kanada\/ogrenci\/","url":"https:\/\/www.myvize.com.tr\/kanada\/ogrenci\/","name":"Kanada \u00d6\u011frenci Vizesi - MyVize","isPartOf":{"@id":"https:\/\/www.myvize.com.tr\/kanada\/#website"},"datePublished":"2020-12-22T12:23:51+00:00","dateModified":"2022-12-27T17:32:54+00:00","description":"Kanada \u00d6\u011frenci Vizesi Nas\u0131l Al\u0131n\u0131r? Kanada \u00d6\u011frenci Vizesi Nereden Al\u0131n\u0131r? Kanada \u00d6\u011frenci Vize \u00dccreti Nedir?","breadcrumb":{"@id":"https:\/\/www.myvize.com.tr\/kanada\/ogrenci\/#breadcrumb"},"inLanguage":"tr","potentialAction":[{"@type":"ReadAction","target":["https:\/\/www.myvize.com.tr\/kanada\/ogrenci\/"]}]},{"@type":"BreadcrumbList","@id":"https:\/\/www.myvize.com.tr\/kanada\/ogrenci\/#breadcrumb","itemListElement":[{"@type":"ListItem","position":1,"name":"Anasayfa","item":"https:\/\/www.myvize.com.tr\/kanada\/"},{"@type":"ListItem","position":2,"name":"\u00d6\u011eRENC\u0130"}]},{"@type":"WebSite","@id":"https:\/\/www.myvize.com.tr\/kanada\/#website","url":"https:\/\/www.myvize.com.tr\/kanada\/","name":"Kanada Vizesi","description":"","potentialAction":[{"@type":"SearchAction","target":{"@type":"EntryPoint","urlTemplate":"https:\/\/www.myvize.com.tr\/kanada\/?s={search_term_string}"},"query-input":{"@type":"PropertyValueSpecification","valueRequired":true,"valueName":"search_term_string"}}],"inLanguage":"tr"}]}},"_links":{"self":[{"href":"https:\/\/www.myvize.com.tr\/kanada\/wp-json\/wp\/v2\/pages\/166","targetHints":{"allow":["GET"]}}],"collection":[{"href":"https:\/\/www.myvize.com.tr\/kanada\/wp-json\/wp\/v2\/pages"}],"about":[{"href":"https:\/\/www.myvize.com.tr\/kanada\/wp-json\/wp\/v2\/types\/page"}],"author":[{"embeddable":true,"href":"https:\/\/www.myvize.com.tr\/kanada\/wp-json\/wp\/v2\/users\/1"}],"replies":[{"embeddable":true,"href":"https:\/\/www.myvize.com.tr\/kanada\/wp-json\/wp\/v2\/comments?post=166"}],"version-history":[{"count":5,"href":"https:\/\/www.myvize.com.tr\/kanada\/wp-json\/wp\/v2\/pages\/166\/revisions"}],"predecessor-version":[{"id":1242,"href":"https:\/\/www.myvize.com.tr\/kanada\/wp-json\/wp\/v2\/pages\/166\/revisions\/1242"}],"wp:attachment":[{"href":"https:\/\/www.myvize.com.tr\/kanada\/wp-json\/wp\/v2\/media?parent=166"}],"curies":[{"name":"wp","href":"https:\/\/api.w.org\/{rel}","templated":true}]}}