{"id":178,"date":"2020-12-22T15:27:35","date_gmt":"2020-12-22T12:27:35","guid":{"rendered":"https:\/\/www.myvize.com.tr\/kanada\/?page_id=178"},"modified":"2022-12-19T21:01:24","modified_gmt":"2022-12-19T18:01:24","slug":"duyurular","status":"publish","type":"page","link":"https:\/\/www.myvize.com.tr\/kanada\/duyurular\/","title":{"rendered":"DUYURULAR"},"content":{"rendered":"<p><span style=\"font-family: Roboto;\"><\/span><\/p>\r\n<h2 class=\"wp-block-heading\"><span style=\"font-family: Roboto; font-size: 27px;\"><strong>Covid\u00a019 Kapsam\u0131nda Kanada Vizesi ile \u0130lgili Son Durum\u00a0\u00a0<\/strong><\/span><\/h2>\r\n<p><span style=\"font-family: Roboto; font-size: 14px;\">\r\n\r\n<\/span><\/p>\r\n<p><span style=\"font-family: Roboto; font-size: 14px;\">Covid\u00a019 kurallar\u0131 kapsam\u0131nda vize i\u015flemlerinin ve yurt d\u0131\u015f\u0131 seyahatlerinin nas\u0131l yap\u0131laca\u011f\u0131 herkes taraf\u0131ndan merak edilmekte. Merak edilen \u00fclkelerden birisi de T\u00fcrkiye\u2019den s\u0131k\u00e7a seyahat yap\u0131lan Kanada. Kanada d\u0131\u015f temsilciliklerinden\u00a0Covid\u00a019 kapsam\u0131nda yap\u0131lan en g\u00fcncel a\u00e7\u0131klama ise \u015f\u00f6yle:\u00a0<\/span><\/p>\r\n<p><span style=\"font-family: Roboto; font-size: 14px;\">\r\n\r\n<\/span><\/p>\r\n<p><span style=\"font-family: Roboto; font-size: 14px;\">Kanada d\u0131\u015f temsilcilikleri vize i\u015flemlerinin g\u00fcncel olarak devam etti\u011fini buna ek olarak\u00a0pandemi\u00a0kapsam\u0131nda \u00f6nlemler al\u0131nd\u0131\u011f\u0131n\u0131 da ekledi.\u00a0\u00a0<\/span><\/p>\r\n<p><span style=\"font-family: Roboto; font-size: 14px;\">\r\n\r\n<\/span><\/p>\r\n<h2 class=\"wp-block-heading\"><span style=\"font-family: Roboto; font-size: 27px;\"><strong>Kanada Vizesi A\u00e7\u0131lacak m\u0131 2022?<\/strong><\/span><\/h2>\r\n<p><span style=\"font-family: Roboto; font-size: 14px;\">\r\n\r\n<\/span><\/p>\r\n<p><span style=\"font-family: Roboto; font-size: 14px;\">Kanada d\u0131\u015f temsilcilik yetkililerin yapt\u0131\u011f\u0131 a\u00e7\u0131klamaya g\u00f6re ki\u015filer Kanada vize ba\u015fvuru i\u015flemlerini \u00f6nceden oldu\u011fu gibi\u00a0ancak belirli kategoriler i\u00e7in\u00a0y\u00fcr\u00fctebilecekler.\u00a0\u00a0<\/span><\/p>\r\n<p><span style=\"font-family: Roboto; font-size: 14px;\">\r\n\r\n<\/span><\/p>\r\n<h2 class=\"wp-block-heading\"><span style=\"font-family: Roboto; font-size: 27px;\"><strong>\u00d6nemli Bilgiler:\u00a0\u00a0<\/strong><\/span><\/h2>\r\n<p><span style=\"font-family: Roboto; font-size: 14px;\">\r\n\r\n<\/span><\/p>\r\n<ul class=\"wp-block-list\">\r\n<li><span style=\"font-family: Roboto; font-size: 14px;\">Kanada B\u00fcy\u00fckel\u00e7ili\u011fi\u00a0ki\u015filerin \u015fahsen yapt\u0131\u011f\u0131, postalama yoluyla yapt\u0131\u011f\u0131 ya da e-posta \u00fczerinden yapt\u0131\u011f\u0131 vize ve g\u00f6\u00e7menlik i\u015flemelerini kabul etmeyecek.\u00a0<\/span><\/li>\r\n<li><span style=\"font-family: Roboto; font-size: 14px;\">Kanada B\u00fcy\u00fckel\u00e7ili\u011fi\u00a0biyometrik\u00a0toplama hizmeti vermeyecek.\u00a0<\/span><\/li>\r\n<li><span style=\"font-family: Roboto; font-size: 14px;\">Ki\u015filer online olarak \u015fu i\u015flemlere ba\u015fvurabilecekler:\u00a0<\/span><\/li>\r\n<\/ul>\r\n<p><span style=\"font-family: Roboto; font-size: 14px;\">\r\n\r\n<\/span><\/p>\r\n<ol class=\"wp-block-list\">\r\n<li><span style=\"font-family: Roboto; font-size: 14px;\">Ziyaret\u00e7i Vizesi\u00a0<\/span><\/li>\r\n<li><span style=\"font-family: Roboto; font-size: 14px;\">\u00c7al\u0131\u015fma \u0130zni\u00a0\u00a0<\/span><\/li>\r\n<\/ol>\r\n<p><span style=\"font-family: Roboto; font-size: 14px;\">\r\n\r\n<\/span><\/p>\r\n<p><span style=\"font-family: Roboto; font-size: 16px;\"><strong>Kanada\u00a0temsilciliklerinden i\u015fleme a\u00e7\u0131lan kategoriler a\u015fa\u011f\u0131daki gibidir:\u00a0<\/strong><\/span><\/p>\r\n<p><span style=\"font-family: Roboto; font-size: 14px;\">\r\n\r\n<\/span><\/p>\r\n<ul class=\"wp-block-list\">\r\n<li><span style=\"font-family: Roboto; font-size: 14px;\">Kanada\u2019ya acil nedenlerle seyahat etmek isteyen ki\u015filer i\u00e7in ziyaret\u00e7i vizesi\u00a0<\/span><\/li>\r\n<li><span style=\"font-family: Roboto; font-size: 14px;\">Kanada vatanda\u015flar\u0131n aile \u00fcyeleri i\u00e7in ziyaret\u00e7i vizeleri\u00a0<\/span><\/li>\r\n<li><span style=\"font-family: Roboto; font-size: 14px;\">Kanada\u2019dan k\u0131sa s\u00fcre \u00f6nce ayr\u0131lm\u0131\u015f ki\u015filere\u00a0daim\u00ee\u00a0ikamet, seyahat belgeleri ba\u015fvurular\u0131\u00a0<\/span><\/li>\r\n<\/ul>\r\n<p><span style=\"font-family: Roboto; font-size: 14px;\">\r\n\r\n<\/span><\/p>\r\n<h2 class=\"wp-block-heading\"><span style=\"font-family: Roboto; font-size: 16px;\"><strong>Kanada\u00a0temsilciliklerinin \u00f6ncelik verdi\u011fi i\u015flemler a\u015fa\u011f\u0131daki gibidir:\u00a0<\/strong><\/span><\/h2>\r\n<p><span style=\"font-family: Roboto; font-size: 14px;\">\r\n\r\n<\/span><\/p>\r\n<ul class=\"wp-block-list\">\r\n<li><span style=\"font-family: Roboto; font-size: 14px;\">Noter talepleri\u00a0<\/span><\/li>\r\n<li><span style=\"font-family: Roboto; font-size: 14px;\">3 ay i\u00e7erisinde acil seyahat etmesi gereken ki\u015filerin bu durumu evraklarla kan\u0131tlama \u015fart\u0131yla pasaport ve vatanda\u015fl\u0131k ba\u015fvurular\u0131.\u00a0<\/span><\/li>\r\n<\/ul>\r\n<p><span style=\"font-family: Roboto; font-size: 14px;\">\r\n\r\n<\/span><\/p>\r\n<p><span style=\"font-family: Roboto; font-size: 14px;\">Ki\u015filer Kanada vize i\u015flemleri i\u00e7in g\u00fcncel bilgiler alabilmek ad\u0131na Kanada\u00a0d\u0131\u015f temsilcilikleri ile irtibata ge\u00e7ebilir ya da Kanada\u00a0d\u0131\u015f temsilciliklerinin onaylad\u0131\u011f\u0131 temsilcilikler ve acentelerle g\u00f6r\u00fc\u015febilirler.\u00a0\u00a0<\/span><\/p>\r\n<h2><span style=\"font-family: Roboto; font-size: 27px;\"><strong>Kanada B\u00fcy\u00fckel\u00e7ili\u011fi Duyurular\u0131<\/strong><\/span><\/h2>\r\n<p><span style=\"font-family: Roboto; font-size: 14px;\">Kanada Bakanl\u0131\u011f\u0131 Belirledi\u011fi \u015eart Dahilinde Yabanc\u0131ya Negatif Takdir Yetkisi Kullanabilecekler!<\/span><br \/><span style=\"font-family: Roboto; font-size: 14px;\"><strong>Kanada Vatanda\u015f ve G\u00f6\u00e7men Bakanl\u0131\u011f\u0131<\/strong>\u2019n\u0131n takdir yetkisi ile \u00fclkeye giri\u015fi yapmak isteyen yabanc\u0131n\u0131n, halk g\u00fcvenli\u011fi nedeniyle maksimum 3 y\u0131l s\u00fcre ile Kanada\u2019ya giri\u015f yapabilmek iznine ve <strong>Kanada Vize ba\u015fvurusu<\/strong> izin vermeme hakk\u0131n\u0131 sakl\u0131 tutmakta.<\/span><br \/><span style=\"font-family: Roboto; font-size: 14px;\"><strong>Kanada G\u00f6\u00e7men ve M\u00fclteci Koruma Yasas\u0131 (IRPA)<\/strong> \u00fclkeye kabul edilemez maddesi uyar\u0131nca, <strong>Kanada G\u00f6\u00e7men Bakanl\u0131\u011f\u0131<\/strong> Kanada\u2019ya giri\u015f yapma i\u00e7in Kanada vizesi ba\u015fvurusuna bulunan ki\u015fi, IRPA taraf\u0131ndan kabul edilemez davran\u0131\u015f\u0131, etkinli\u011fi ve durumu sergiledi\u011fi belirlenmesi durumunda, hakk\u0131nda Kanada\u2019ya giri\u015f yapamaz ve Kanada Vize alamaz karar\u0131 verilmesi karar\u0131 al\u0131nm\u0131\u015ft\u0131r. \u00a0<\/span><\/p>\r\n<p><span style=\"font-family: Roboto; font-size: 14px;\"><strong>Kanada \u00d6\u011frenci Vizesi ile S\u0131n\u0131r Kap\u0131s\u0131nda Ge\u00e7i\u015f \u015eart\u0131:<\/strong><\/span><br \/><span style=\"font-family: Roboto; font-size: 14px;\">Kanada\u2019ya e\u011fitim amac\u0131 ile gidecek olan \u00f6\u011frenci, Kanada s\u0131n\u0131r kap\u0131s\u0131nda, Kanada g\u00fcmr\u00fck g\u00f6revlisi (CBSA Officer) taraf\u0131ndan kar\u015f\u0131lanmakta.\u00a0<\/span><br \/><span style=\"font-family: Roboto; font-size: 14px;\">CBSA yetkilisi Kanada\u2019ya giri\u015f yapma isteyen \u00f6\u011frenciden, Kanada\u2019ya seyahat amac\u0131 belirten evrak\u0131 g\u00f6stermesini belirtirler. Ki\u015fi ad\u0131na d\u00fczenlenmi\u015f ge\u00e7erli pasaport ile, Kanada \u00f6\u011frenci vize ba\u015fvurusu yap\u0131lan Kanada Konsolosluk vize ofisinden verilen Okuma \u0130zin Onay Belgesinin birlikte sunulmas\u0131 \u00f6nem ta\u015f\u0131makta. CBSA g\u00f6revlisi ancak bu belge yard\u0131m\u0131yla <strong>Kanada Okuma \u0130zni (Study Permit)<\/strong> d\u00fczenleyebilmekte.<\/span><\/p>\r\n<p><strong><span style=\"font-family: Roboto; font-size: 14px;\">Kanada Konsoloslu\u011fu 29 Ekim Bildirgesi:<\/span><\/strong><br \/><span style=\"font-family: Roboto; font-size: 14px;\"><strong>Kanada Konsolosluk<\/strong> ve <strong>Kanada B\u00fcy\u00fckel\u00e7ilik<\/strong> T\u00fcrkiye\u2019nin resmi tatil g\u00fcn\u00fc olan 29 Ekim Cumhuriyet Bayram nedeniyle 29 Ekim 2021 g\u00fcn hizmet veremeyecektir.<\/span><br \/><span style=\"font-family: Roboto; font-size: 14px;\">Kanada Konsolosluklar\u0131na ve Kanada B\u00fcy\u00fckel\u00e7ili\u011fi\u2019ne i\u015flem yapt\u0131racak ki\u015fi resmi tatil g\u00fcn\u00fcn\u00fc dikkate alarak i\u015flem ger\u00e7ekle\u015ftirmeli.\u00a0<\/span><br \/><span style=\"font-family: Roboto; font-size: 14px;\">\u00a0<\/span><\/p>\r\n<p><span style=\"font-family: Roboto;\"><\/span><\/p>","protected":false},"excerpt":{"rendered":"<p>Covid\u00a019 Kapsam\u0131nda Kanada Vizesi ile \u0130lgili Son Durum\u00a0\u00a0 Covid\u00a019 kurallar\u0131 kapsam\u0131nda vize i\u015flemlerinin ve yurt d\u0131\u015f\u0131 seyahatlerinin nas\u0131l yap\u0131laca\u011f\u0131 herkes taraf\u0131ndan merak edilmekte. Merak edilen \u00fclkelerden birisi de T\u00fcrkiye\u2019den s\u0131k\u00e7a seyahat yap\u0131lan Kanada. Kanada d\u0131\u015f temsilciliklerinden\u00a0Covid\u00a019 kapsam\u0131nda yap\u0131lan en g\u00fcncel a\u00e7\u0131klama ise \u015f\u00f6yle:\u00a0 Kanada d\u0131\u015f temsilcilikleri vize i\u015flemlerinin g\u00fcncel olarak devam etti\u011fini buna ek olarak\u00a0pandemi\u00a0kapsam\u0131nda<\/p>\n","protected":false},"author":1,"featured_media":0,"parent":0,"menu_order":0,"comment_status":"closed","ping_status":"closed","template":"","meta":{"footnotes":""},"class_list":["post-178","page","type-page","status-publish","hentry"],"yoast_head":"<!-- This site is optimized with the Yoast SEO plugin v24.0 - https:\/\/yoast.com\/wordpress\/plugins\/seo\/ -->\n<title>Kanada Konsoloslu\u011fu Duyurular\u0131 - MyVize<\/title>\n<meta name=\"description\" content=\"Kanada Konsoloslu\u011fu Duyurular\u0131. Kanada Konsoloslu\u011fu Duyurular\u0131 Hakk\u0131nda Bilgi Almak \u0130\u00e7in Hemen Vize Uzmanlar\u0131m\u0131z\u0131 Aray\u0131n: +90 312 426 88 89\" \/>\n<meta name=\"robots\" content=\"index, follow, max-snippet:-1, max-image-preview:large, max-video-preview:-1\" \/>\n<link rel=\"canonical\" href=\"https:\/\/www.myvize.com.tr\/kanada\/duyurular\/\" \/>\n<meta property=\"og:locale\" content=\"tr_TR\" \/>\n<meta property=\"og:type\" content=\"article\" \/>\n<meta property=\"og:title\" content=\"Kanada Konsoloslu\u011fu Duyurular\u0131 - MyVize\" \/>\n<meta property=\"og:description\" content=\"Kanada Konsoloslu\u011fu Duyurular\u0131. Kanada Konsoloslu\u011fu Duyurular\u0131 Hakk\u0131nda Bilgi Almak \u0130\u00e7in Hemen Vize Uzmanlar\u0131m\u0131z\u0131 Aray\u0131n: +90 312 426 88 89\" \/>\n<meta property=\"og:url\" content=\"https:\/\/www.myvize.com.tr\/kanada\/duyurular\/\" \/>\n<meta property=\"og:site_name\" content=\"Kanada Vizesi\" \/>\n<meta property=\"article:modified_time\" content=\"2022-12-19T18:01:24+00:00\" \/>\n<meta name=\"twitter:card\" content=\"summary_large_image\" \/>\n<meta name=\"twitter:label1\" content=\"Tahmini okuma s\u00fcresi\" \/>\n\t<meta name=\"twitter:data1\" content=\"2 dakika\" \/>\n<script type=\"application\/ld+json\" class=\"yoast-schema-graph\">{\"@context\":\"https:\/\/schema.org\",\"@graph\":[{\"@type\":\"WebPage\",\"@id\":\"https:\/\/www.myvize.com.tr\/kanada\/duyurular\/\",\"url\":\"https:\/\/www.myvize.com.tr\/kanada\/duyurular\/\",\"name\":\"Kanada Konsoloslu\u011fu Duyurular\u0131 - MyVize\",\"isPartOf\":{\"@id\":\"https:\/\/www.myvize.com.tr\/kanada\/#website\"},\"datePublished\":\"2020-12-22T12:27:35+00:00\",\"dateModified\":\"2022-12-19T18:01:24+00:00\",\"description\":\"Kanada Konsoloslu\u011fu Duyurular\u0131. Kanada Konsoloslu\u011fu Duyurular\u0131 Hakk\u0131nda Bilgi Almak \u0130\u00e7in Hemen Vize Uzmanlar\u0131m\u0131z\u0131 Aray\u0131n: +90 312 426 88 89\",\"breadcrumb\":{\"@id\":\"https:\/\/www.myvize.com.tr\/kanada\/duyurular\/#breadcrumb\"},\"inLanguage\":\"tr\",\"potentialAction\":[{\"@type\":\"ReadAction\",\"target\":[\"https:\/\/www.myvize.com.tr\/kanada\/duyurular\/\"]}]},{\"@type\":\"BreadcrumbList\",\"@id\":\"https:\/\/www.myvize.com.tr\/kanada\/duyurular\/#breadcrumb\",\"itemListElement\":[{\"@type\":\"ListItem\",\"position\":1,\"name\":\"Anasayfa\",\"item\":\"https:\/\/www.myvize.com.tr\/kanada\/\"},{\"@type\":\"ListItem\",\"position\":2,\"name\":\"DUYURULAR\"}]},{\"@type\":\"WebSite\",\"@id\":\"https:\/\/www.myvize.com.tr\/kanada\/#website\",\"url\":\"https:\/\/www.myvize.com.tr\/kanada\/\",\"name\":\"Kanada Vizesi\",\"description\":\"\",\"potentialAction\":[{\"@type\":\"SearchAction\",\"target\":{\"@type\":\"EntryPoint\",\"urlTemplate\":\"https:\/\/www.myvize.com.tr\/kanada\/?s={search_term_string}\"},\"query-input\":{\"@type\":\"PropertyValueSpecification\",\"valueRequired\":true,\"valueName\":\"search_term_string\"}}],\"inLanguage\":\"tr\"}]}<\/script>\n<!-- \/ Yoast SEO plugin. -->","yoast_head_json":{"title":"Kanada Konsoloslu\u011fu Duyurular\u0131 - MyVize","description":"Kanada Konsoloslu\u011fu Duyurular\u0131. Kanada Konsoloslu\u011fu Duyurular\u0131 Hakk\u0131nda Bilgi Almak \u0130\u00e7in Hemen Vize Uzmanlar\u0131m\u0131z\u0131 Aray\u0131n: +90 312 426 88 89","robots":{"index":"index","follow":"follow","max-snippet":"max-snippet:-1","max-image-preview":"max-image-preview:large","max-video-preview":"max-video-preview:-1"},"canonical":"https:\/\/www.myvize.com.tr\/kanada\/duyurular\/","og_locale":"tr_TR","og_type":"article","og_title":"Kanada Konsoloslu\u011fu Duyurular\u0131 - MyVize","og_description":"Kanada Konsoloslu\u011fu Duyurular\u0131. Kanada Konsoloslu\u011fu Duyurular\u0131 Hakk\u0131nda Bilgi Almak \u0130\u00e7in Hemen Vize Uzmanlar\u0131m\u0131z\u0131 Aray\u0131n: +90 312 426 88 89","og_url":"https:\/\/www.myvize.com.tr\/kanada\/duyurular\/","og_site_name":"Kanada Vizesi","article_modified_time":"2022-12-19T18:01:24+00:00","twitter_card":"summary_large_image","twitter_misc":{"Tahmini okuma s\u00fcresi":"2 dakika"},"schema":{"@context":"https:\/\/schema.org","@graph":[{"@type":"WebPage","@id":"https:\/\/www.myvize.com.tr\/kanada\/duyurular\/","url":"https:\/\/www.myvize.com.tr\/kanada\/duyurular\/","name":"Kanada Konsoloslu\u011fu Duyurular\u0131 - MyVize","isPartOf":{"@id":"https:\/\/www.myvize.com.tr\/kanada\/#website"},"datePublished":"2020-12-22T12:27:35+00:00","dateModified":"2022-12-19T18:01:24+00:00","description":"Kanada Konsoloslu\u011fu Duyurular\u0131. Kanada Konsoloslu\u011fu Duyurular\u0131 Hakk\u0131nda Bilgi Almak \u0130\u00e7in Hemen Vize Uzmanlar\u0131m\u0131z\u0131 Aray\u0131n: +90 312 426 88 89","breadcrumb":{"@id":"https:\/\/www.myvize.com.tr\/kanada\/duyurular\/#breadcrumb"},"inLanguage":"tr","potentialAction":[{"@type":"ReadAction","target":["https:\/\/www.myvize.com.tr\/kanada\/duyurular\/"]}]},{"@type":"BreadcrumbList","@id":"https:\/\/www.myvize.com.tr\/kanada\/duyurular\/#breadcrumb","itemListElement":[{"@type":"ListItem","position":1,"name":"Anasayfa","item":"https:\/\/www.myvize.com.tr\/kanada\/"},{"@type":"ListItem","position":2,"name":"DUYURULAR"}]},{"@type":"WebSite","@id":"https:\/\/www.myvize.com.tr\/kanada\/#website","url":"https:\/\/www.myvize.com.tr\/kanada\/","name":"Kanada Vizesi","description":"","potentialAction":[{"@type":"SearchAction","target":{"@type":"EntryPoint","urlTemplate":"https:\/\/www.myvize.com.tr\/kanada\/?s={search_term_string}"},"query-input":{"@type":"PropertyValueSpecification","valueRequired":true,"valueName":"search_term_string"}}],"inLanguage":"tr"}]}},"_links":{"self":[{"href":"https:\/\/www.myvize.com.tr\/kanada\/wp-json\/wp\/v2\/pages\/178","targetHints":{"allow":["GET"]}}],"collection":[{"href":"https:\/\/www.myvize.com.tr\/kanada\/wp-json\/wp\/v2\/pages"}],"about":[{"href":"https:\/\/www.myvize.com.tr\/kanada\/wp-json\/wp\/v2\/types\/page"}],"author":[{"embeddable":true,"href":"https:\/\/www.myvize.com.tr\/kanada\/wp-json\/wp\/v2\/users\/1"}],"replies":[{"embeddable":true,"href":"https:\/\/www.myvize.com.tr\/kanada\/wp-json\/wp\/v2\/comments?post=178"}],"version-history":[{"count":6,"href":"https:\/\/www.myvize.com.tr\/kanada\/wp-json\/wp\/v2\/pages\/178\/revisions"}],"predecessor-version":[{"id":1236,"href":"https:\/\/www.myvize.com.tr\/kanada\/wp-json\/wp\/v2\/pages\/178\/revisions\/1236"}],"wp:attachment":[{"href":"https:\/\/www.myvize.com.tr\/kanada\/wp-json\/wp\/v2\/media?parent=178"}],"curies":[{"name":"wp","href":"https:\/\/api.w.org\/{rel}","templated":true}]}}