{"id":351,"date":"2021-06-27T12:00:00","date_gmt":"2021-06-27T09:00:00","guid":{"rendered":"https:\/\/www.myvize.com.tr\/kanada\/?page_id=351"},"modified":"2022-04-20T14:49:55","modified_gmt":"2022-04-20T11:49:55","slug":"kanada-transit-vize","status":"publish","type":"page","link":"https:\/\/www.myvize.com.tr\/kanada\/kanada-transit-vize\/","title":{"rendered":"Kanada Transit Vize"},"content":{"rendered":"<p><span style=\"font-family: Roboto;\"><\/span><\/p>\r\n<p><span style=\"font-family: Roboto; font-size: 14px;\"><strong>\u00a0Kanada i\u00e7in transit vize<\/strong>\u00a0ba\u015fvurusu yapmak istiyorsan\u0131z pasaportunuzun t\u00fcr\u00fc ve vatanda\u015fl\u0131\u011f\u0131n\u0131z\u0131n hangi \u00fclkeye ait oldu\u011fu gibi kriterler olduk\u00e7a \u00f6nemlidir. Bu kriterlere uygun olan ve Kanada taraf\u0131ndan belirlenmi\u015f kriterlere tam anlam\u0131yla uyan ki\u015filere\u00a0<strong>Kanada transit vize<\/strong>\u00a0imk\u00e2n\u0131 sa\u011flanmaktad\u0131r.\u00a0 Pasaport ve seyahat belgesine sahip olman\u0131z ilk kriterdir. Sa\u011fl\u0131k i\u00e7in genellikle di\u011fer \u00fclkelerde istenen mali tutar d\u0131\u015f\u0131nda Kanada\u2019ya gidebilmeniz i\u00e7in ta\u015f\u0131y\u0131c\u0131 veya bula\u015ft\u0131r\u0131c\u0131 bir hastal\u0131\u011fa sahip olmaman\u0131z yani tam manas\u0131yla sa\u011fl\u0131kl\u0131 olman\u0131z gerekmektedir. As\u0131l Seyahat planlanan \u00fclkeye gidece\u011finize dair kan\u0131tlay\u0131c\u0131 nitelikte belgeleriniz yan\u0131n\u0131zda mevcut olmal\u0131d\u0131r. Kanada konsoloslu\u011fundan planlanan seyahat tarihinden en az 30 g\u00fcn \u00f6nce randevu olu\u015fturman\u0131z ve belgelerinizi randevu g\u00fcn\u00fcnde eksiksiz ve do\u011fru bir \u015fekilde teslim etmeniz gerekmektedir. Bunun d\u0131\u015f\u0131nda randevu g\u00fcn\u00fc \u015fahsi olarak konsolosluk g\u00f6r\u00fc\u015fmelerinde mevcut konumda olman\u0131z gerekmektedir. G\u00f6\u00e7men olarak Kanada\u2019da kalmayaca\u011f\u0131n\u0131za dair kesinle\u015ftirici belgeleri sunman\u0131z olduk\u00e7a \u00f6nemlidir. Kanada bu duruma fazlas\u0131yla \u00f6nem veren \u00fclkeler aras\u0131ndad\u0131r. E\u011fer \u00f6\u011frenci ya da \u00e7al\u0131\u015fansan\u0131z i\u015f yeri izni veya \u00f6\u011frenci belgesini, \u00fclkenize d\u00f6nece\u011finize dair kan\u0131t olarak g\u00f6stermeniz m\u00fcmk\u00fcnd\u00fcr. Baz\u0131 durumlarda t\u0131bbi muayene olman\u0131z ve sa\u011fl\u0131k raporunuzu da belgeleriniz aras\u0131nda mevcut konumda bulundurman\u0131z gerekmektedir. Ayr\u0131ca banka hesap d\u00f6k\u00fcmlerinizi de belgelerinize eklemeli ve hesaplar\u0131n\u0131zda\u00a0<strong>Kanada transit vize<\/strong>\u00a0i\u015flemleri ve oradan ayr\u0131lacak kadar para olmas\u0131 gerekmektedir. Bu da Kanada da konaklama ihtimalinizi d\u00fc\u015f\u00fcrecek ve di\u011fer \u00fclkelere ge\u00e7i\u015f yapaca\u011f\u0131n\u0131z\u0131 kan\u0131tlayacak niteliktedir. Bu \u015fekilde\u00a0<strong>Kanada transit vize<\/strong>\u00a0alman\u0131z kolayla\u015facakt\u0131r.<\/span><\/p>\r\n<p><span style=\"font-family: Roboto;\"><\/span><\/p>\r\n<p><img decoding=\"async\" src=\"https:\/\/www.myvize.com.tr\/kanada\/wp-content\/uploads\/2021\/10\/10.jpg\" \/><\/p>\r\n<h2><strong><span style=\"font-family: Roboto; font-size: 27px;\">Kanada Transit Vize Nas\u0131l Al\u0131n\u0131r?<\/span><\/strong><\/h2>\r\n<p><span style=\"font-family: Roboto; font-size: 14px;\"><strong>Kanada s\u0131n\u0131r\u0131<\/strong> i\u00e7erisinden aktarma yapacak olan pek \u00e7ok ki\u015filer mutlaka bir <strong>Kanada Transit Vizesi<\/strong> sahip olmal\u0131. Kanada transit vizesi ba\u015fvururken pasaportunun t\u00fcr\u00fc, vatanda\u015fl\u0131\u011f\u0131 ve Kanada\u2019ya nas\u0131l seyahat edece\u011fi vb. durum \u00f6nem arz etmektedir.<\/span><br \/><span style=\"font-family: Roboto; font-size: 14px;\"><strong>Kanada Transit vizesi<\/strong> seyahat plan\u0131n\u0131za g\u00f6re 1 veya da 2 giri\u015f olarak verilebilmekte. Transit vizeniz \u00fczerinde belirtilen s\u00fcre son ermeden \u00f6nce kullanmak gerekmektedir.<\/span><br \/><span style=\"font-family: Roboto; font-size: 14px;\">E\u011fer Kanada s\u0131n\u0131r\u0131 otomobil, otob\u00fcs veya da tren gibi bir kara yolu ta\u015f\u0131t\u0131yla ya da yolcu gemi gibi bir deniz yol ta\u015f\u0131t\u0131yla ge\u00e7ecekseniz ba\u015fvuru yapmak gereken vize t\u00fcr\u00fc <strong>Kanada Transit Vizesi<\/strong> de\u011fildir. Bu \u015fartda <span style=\"color: #2acec2;\"><strong><a style=\"color: #2acec2;\" href=\"https:\/\/www.myvize.com.tr\/kanada\/vize-islemleri\/kanada-turistik-vize\/\" target=\"_blank\" rel=\"noopener\">Kanada Turistik Vize<\/a><\/strong><\/span> i\u00e7in ba\u015fvurman\u0131z gerekmekte.<\/span><br \/><span style=\"font-family: Roboto; font-size: 14px;\">E\u011fer uluslararas\u0131 bir u\u00e7u\u015f Kanadadaki bir havaliman\u0131n da aktarma yapacaksa veya da iki uluslararas\u0131 u\u00e7u\u015f varsa ve Kanada\u2019da ki bir havaliman\u0131n da bu u\u00e7u\u015f ba\u011flanacaksa o halde ba\u015fvurmak gereken vize t\u00fcr\u00fc Kanada Transit Vizesidir.<\/span><br \/><span style=\"font-family: Roboto; font-size: 14px;\"><strong>Kanada Transit vize<\/strong> i\u00e7in gerekli evrak tamamland\u0131ktan sonra Kanada Konsoloslu\u011funun yetkili vizesi ba\u015fvuru merkezi ba\u015fvurunuyu inceler. Eksik bir evraklarla yapaca\u011f\u0131n\u0131z ba\u015fvuru i\u015flem al\u0131nmadan t\u00fcm evrak\u0131n\u0131z taraf\u0131n\u0131za geri g\u00f6nderilir.\u00a0<\/span><\/p>\r\n<h2><strong><span style=\"font-family: Roboto; font-size: 27px;\">Kanada Transit Vize Ka\u00e7 G\u00fcnde \u00c7\u0131kar?<\/span><\/strong><\/h2>\r\n<p><span style=\"font-family: Roboto; font-size: 14px;\"><strong>Kanada Transit vizesi<\/strong> ba\u015fvurunuz vize ba\u015fvuru merkezleri taraf\u0131ndan ortalama olarak 1 \u2013 2 hafta i\u00e7erisinde sonu\u00e7land\u0131r\u0131lmakta. Bu s\u00fcre ba\u015fvuru merkezine ve i\u015f yo\u011funlu\u011funa g\u00f6re farkl\u0131l\u0131klar g\u00f6sterebilir. Ba\u015fvurunuz olumlu olarak sonu\u00e7lan\u0131rise pasaport i\u00e7ine <strong>Kanada Transit Vize<\/strong> bas\u0131lm\u0131\u015f \u015fekilde ba\u015fvuru evrak\u0131n\u0131zla birlikte taraf\u0131n\u0131za g\u00f6nderilecekdir. Vize ba\u015fvurunuzun reddedilme durumunda taraf\u0131n\u0131za i\u00e7erisinde ret nedeninin bulundu\u011fu bir ret mektup g\u00f6nderilecektir.<\/span><br \/><span style=\"font-family: Roboto; font-size: 14px;\">Ge\u00e7erli bir Kanada Transit Vizeniz olmas\u0131, Kanada\u2019ya kesin olarak giri\u015f yapabilmesi i\u00e7in size hak tan\u0131maz. Vize ba\u015fvurunuz yanl\u0131\u015f ya da eksik bilgiyle ger\u00e7ekle\u015ftirdi\u011fi ortaya \u00e7\u0131karsa ya da hukuki durumunda olumsuz bir de\u011fi\u015fiklik meydana gelirse Kanada s\u0131n\u0131r\u0131 g\u00fcvenli\u011fi \u00fclke s\u0131n\u0131r\u0131na girmenize izin vermeyebilmektedir.<\/span><br \/><span style=\"font-family: Roboto; font-size: 14px;\">Kanada\u2019ya ula\u015ft\u0131\u011f\u0131nda <strong>Kanada S\u0131n\u0131r Hizmeti g\u00f6revlisi<\/strong> pasaportunuz ve varsa ibraz etmeniz gereken di\u011fer belgesi g\u00f6rmek isteyebilir. Bu t\u00fcr belgesi her zaman yan\u0131n\u0131zda ta\u015f\u0131man\u0131z ve bagaj\u0131n\u0131za koymaman\u0131z tavsiye edilmekte.<\/span><br \/><span style=\"font-family: Roboto; font-size: 14px;\"><strong>Kanada Transit Vizesi<\/strong> ile Kanada\u2019daki bir havaliman\u0131 da en fazla 24 saat s\u00fcre ile kalabilirsiniz. 24 saat i\u00e7erisinde mutlaka di\u011fer aktarma u\u00e7u\u015funuz ger\u00e7ekle\u015fmi\u015f olmas\u0131 gerekmektedir.<\/span><\/p>\r\n<h2><strong><span style=\"font-family: Roboto; font-size: 27px;\">Kanada Transit Vize Ba\u015fvuru<\/span><\/strong><\/h2>\r\n<p><span style=\"font-family: Roboto; font-size: 14px;\"><strong>Kanada transit vize<\/strong> i\u00e7in toplanan belge <strong>Kanada Konsolosluk<\/strong> taraf\u0131ndan yetkilendirilmi\u015f <strong>Kanada vizesi<\/strong> merkezi \u015fubesi teslim edilir.<\/span><br \/><span style=\"font-family: Roboto; font-size: 14px;\">Kanada transit vizesi \u00fccreti ve yetkili kurulu\u015f harc\u0131 ve di\u011fer bedeli \u00f6denir.<\/span><br \/><span style=\"font-family: Roboto; font-size: 14px;\">Kanada transit vizesi ba\u015fvurusu ortalama 8 i\u015f g\u00fcn\u00fc i\u00e7inde sonu\u00e7lanmaktad\u0131r. Olas\u0131 ma\u011fduriyetin \u00f6n\u00fcne ge\u00e7mek i\u00e7in planlanan seyahatden en az 2 hafta \u00f6ncesi de <strong>Kanada transit vizesi<\/strong> ba\u015fvurusunda bulunulmas\u0131 tavsiye edilmekte.<\/span><br \/><span style=\"font-family: Roboto; font-size: 14px;\">Kanada transit vizesi ba\u015fvurusu yapacak yolcunun, ba\u015fvuru i\u015flemini yo\u011fun seyahat d\u00f6neminin olmad\u0131\u011f\u0131 zamanda ger\u00e7ekle\u015ftirmesi, Kanada transit vizesi ba\u015fvurusunun daha h\u0131zl\u0131 sonu\u00e7lanmas\u0131n\u0131 sa\u011flayabilir.<\/span><br \/><span style=\"font-family: Roboto; font-size: 14px;\"><strong>Kanada Transit vizesi<\/strong> ba\u015fvurunuz vize ba\u015fvuru merkezleri taraf\u0131ndan ortalama olarak 1 \u2013 2 hafta i\u00e7erisinde sonu\u00e7land\u0131r\u0131lmakta. Bu s\u00fcre ba\u015fvuru merkezine ve i\u015f yo\u011funlu\u011funa g\u00f6re farkl\u0131l\u0131klar g\u00f6sterebilir. Ba\u015fvurunuz olumlu olarak sonu\u00e7lan\u0131rise pasaport i\u00e7ine Kanada Transit Vize bas\u0131lm\u0131\u015f \u015fekilde ba\u015fvuru evrak\u0131n\u0131zla birlikte taraf\u0131n\u0131za g\u00f6nderilecekdir. Vize ba\u015fvurunuzun reddedilme durumunda taraf\u0131n\u0131za i\u00e7erisinde ret nedeninin bulundu\u011fu bir ret mektup g\u00f6nderilecektir.<\/span><\/p>\r\n<h2><strong><span style=\"font-family: Roboto; font-size: 27px;\">Kanada Transit Vize \u0130\u00e7in Gerekli Evraklar<\/span><\/strong><\/h2>\r\n<p><span style=\"font-family: Roboto; font-size: 14px;\">Konsoloslu\u011fa hitaben <strong>\u0130ngilizce veya da Frans\u0131zca<\/strong> olarak yaz\u0131lm\u0131\u015f as\u0131l gitmek istedi\u011fi \u00fclke ve aktarma tarihiniz de yer ald\u0131\u011f\u0131 vize talebi dilek\u00e7esi<\/span><br \/><span style=\"font-family: Roboto; font-size: 14px;\">Sat\u0131n al\u0131nm\u0131\u015f u\u00e7ak biletleri<\/span><br \/><span style=\"font-family: Roboto; font-size: 14px;\">Seyahat sonras\u0131 en az 6 ay daha ge\u00e7erlili\u011fi olan bir pasaport<\/span><br \/><span style=\"font-family: Roboto; font-size: 14px;\">G\u00fcncel ve beyaz fonla \u00e7ekilmi\u015f 2 adet biometrik foto\u011fraf<\/span><br \/><span style=\"font-family: Roboto; font-size: 14px;\">Vize bas\u0131lm\u0131\u015f \u015fekilde ba\u015fvuru evrak\u0131n\u0131zla birlikte taraf\u0131n\u0131za g\u00f6nderilecekdir. Vize ba\u015fvurunuzun reddedilme durumunda taraf\u0131n\u0131za i\u00e7erisinde ret nedeninin bulundu\u011fu bir ret mektup g\u00f6nderilecektir.<\/span><br \/><span style=\"font-family: Roboto; font-size: 14px;\">Ge\u00e7erli bir Kanada Transit Vizeniz olmas\u0131, Kanada\u2019ya kesin olarak giri\u015f yapabilmesi i\u00e7in size hak tan\u0131maz. Vize ba\u015fvurunuz yanl\u0131\u015f ya da eksik bilgiyle ger\u00e7ekle\u015ftirdi\u011fi ortaya \u00e7\u0131karsa ya da hukuki durumunda olumsuz bir de\u011fi\u015fiklik meydana gelirse <strong>Kanada s\u0131n\u0131r\u0131<\/strong> g\u00fcvenli\u011fi \u00fclke s\u0131n\u0131r\u0131na girmenize izin vermeyebilmektedir.<\/span><br \/><span style=\"font-family: Roboto; font-size: 14px;\">Kanada\u2019ya ula\u015ft\u0131\u011f\u0131nda <strong>Kanada S\u0131n\u0131r Hizmeti g\u00f6revlisi<\/strong> pasaportunuz ve varsa ibraz etmeniz gereken di\u011fer belgesi g\u00f6rmek isteyebilir. Bu t\u00fcr belgesi her zaman yan\u0131n\u0131zda ta\u015f\u0131man\u0131z ve bagaj\u0131n\u0131za koymaman\u0131z tavsiye edilmekte.<\/span><br \/><span style=\"font-family: Roboto; font-size: 14px;\"><strong>Kanada Transit Vizesi<\/strong> ile Kanada\u2019daki bir havaliman\u0131 da en fazla 24 saat s\u00fcre ile kalabilirsiniz. 24 saat i\u00e7erisinde mutlaka di\u011fer aktarma u\u00e7u\u015funuz ger\u00e7ekle\u015fmi\u015f olmas\u0131 gerekmektedir.<\/span><\/p>\r\n<h3><span style=\"font-family: Roboto; font-size: 24px;\"><strong>Kanada Transit Vize Evrak Listesi<\/strong><\/span><\/h3>\r\n<p><span style=\"font-family: Roboto; font-size: 14px;\">Konsolosluklara hitaben <strong>\u0130ngilizce<\/strong> veya <strong>Frans\u0131zca<\/strong> olarak yaz\u0131lm\u0131\u015f as\u0131l gitme istedi\u011finiz \u00fclke ve aktarma tarihinizi de yer ald\u0131\u011f\u0131 vize talebi dilek\u00e7esi.<\/span><br \/><span style=\"font-family: Roboto; font-size: 14px;\">Sat\u0131n al\u0131nm\u0131\u015f u\u00e7ak biletleri.<\/span><br \/><span style=\"font-family: Roboto; font-size: 14px;\">Seyahat sonras\u0131 en az 180 g\u00fcn daha ge\u00e7erli olan bir pasaport.<\/span><br \/><span style=\"font-family: Roboto; font-size: 14px;\">G\u00fcncel ve beyaz fon \u00e7ekilmi\u015f 2 adet biyometrik foto\u011fraf.<\/span><br \/><span style=\"font-family: Roboto; font-size: 14px;\">Kanada s\u0131n\u0131r\u0131 i\u00e7inden aktarma yapacak olan pek \u00e7ok ki\u015filere mutlaka bir <strong>Kanada Transit Vizesi<\/strong> sahip olmal\u0131. <strong>Kanada transit vizesi<\/strong> ba\u015fvururken pasaportunuz t\u00fcr\u00fc, vatanda\u015fl\u0131k ve Kanada\u2019ya nas\u0131l seyahat edece\u011finiz vb. durum \u00f6nem arz etmekte.<\/span><br \/><span style=\"font-family: Roboto; font-size: 14px;\"><strong>Kanada Transit vizesi<\/strong> seyahat plan\u0131n\u0131za g\u00f6re 1 ya da 2 giri\u015f olarak verilebilmekte. Transit vizeniz \u00fczerinde belirtilen s\u00fcre sona ermede \u00f6nce kullanman\u0131z gerekmekte.<\/span><br \/><span style=\"font-family: Roboto; font-size: 14px;\">E\u011fer Kanada s\u0131n\u0131r\u0131 otomobil, otob\u00fcs veya tren gibi bir kara yolu ta\u015f\u0131t\u0131yla ya da yolcu gemi gibi bir deniz yolu ta\u015f\u0131t\u0131 ile ge\u00e7ecekseniz ba\u015fvuru yapmak gereken vize t\u00fcr\u00fc<strong> Kanada Transit Vizesi<\/strong> de\u011fildir. Bu \u015fart da <span style=\"color: #000000;\"><strong>Kanada Turistik Vize<\/strong><\/span> i\u00e7in ba\u015fvurman\u0131z gerekmekte.<\/span><br \/><span style=\"font-family: Roboto; font-size: 14px;\">E\u011fer uluslararas\u0131 bir u\u00e7u\u015f Kanada\u2019daki bir havaliman\u0131na aktarma yapacak ise ya da iki uluslararas\u0131 u\u00e7u\u015f varsa ve Kanada\u2019daki bir havaliman\u0131 bu u\u00e7u\u015funuz ba\u011flanacaksa o halde ba\u015fvurman\u0131z gerekli vize t\u00fcr\u00fc Kanada Transit Vizesidir.<\/span><br \/><span style=\"font-family: Roboto; font-size: 14px;\"><strong>Kanada Transit vize<\/strong> i\u00e7in gerekli evraklar\u0131 tamamland\u0131ktan sonra Kanada Konsolosluklar\u0131na yetkili vize ba\u015fvuru merkezleri ba\u015fvurunuzu inceler. Eksik bir belgeyle yapaca\u011f\u0131n\u0131z ba\u015fvuru i\u015flemlere al\u0131nmadan t\u00fcm evrak\u0131n\u0131z taraf\u0131n\u0131za geri g\u00f6nderilebilir.<\/span><\/p>\r\n<h3><strong><span style=\"font-family: Roboto; font-size: 24px;\">Kanada Transit Vize \u00dccreti<\/span><\/strong><\/h3>\r\n<p><span style=\"font-family: Roboto; font-size: 14px;\"><strong>Kanada transit vizesi \u00fccreti<\/strong> 85 Kanada Dolar\u0131d\u0131r.<\/span><br \/><span style=\"font-family: Roboto; font-size: 14px;\">Ula\u015f\u0131lmak istenen \u00fclke vize gerekli ise, ilk olarak o \u00fclkenin vizesi i\u015flemi tamamlan\u0131r.<\/span><br \/><span style=\"font-family: Roboto; font-size: 14px;\">Ula\u015f\u0131lmak istenen \u00fclkeye seyahatler plan\u0131 dahilinde gidi\u015f d\u00f6n\u00fc\u015f bileti rezervasyonu yap\u0131l\u0131r.<\/span><br \/><span style=\"font-family: Roboto; font-size: 14px;\">Online <strong>Kanada transit vizesi<\/strong> ba\u015fvuru form internet ortam\u0131nda doldurulur ve \u00e7\u0131kt\u0131lar\u0131 al\u0131n\u0131p imzalan\u0131r. (El yaz\u0131s\u0131 ile doldurulmu\u015f form kabul edilmez.)<\/span><br \/><span style=\"font-family: Roboto; font-size: 14px;\">B\u00fct\u00fcn yolculu\u011fu i\u00e7eren hava yolu rezervasyon ve bileti <strong>Kanada transit vize<\/strong> i\u00e7in belge aras\u0131na eklenir.<\/span><br \/><span style=\"font-family: Roboto; font-size: 14px;\">Kanada transit vize i\u00e7in toplanan belge Kanada Konsolosluk taraf\u0131ndan yetkilendirilmi\u015f <span style=\"color: #2acec2;\"><strong><a style=\"color: #2acec2;\" href=\"https:\/\/www.myvize.com.tr\/kanada\/vize-islemleri\/kanada-vizesi\/\" target=\"_blank\" rel=\"noopener\">Kanada vizesi<\/a><\/strong><\/span> merkezi \u015fubesi teslim edilir.<\/span><br \/><span style=\"font-family: Roboto; font-size: 14px;\">Kanada transit vizesi \u00fccreti ve yetkili kurulu\u015f harc\u0131 ve di\u011fer bedeli \u00f6denir.<\/span><br \/><span style=\"font-family: Roboto; font-size: 14px;\"><strong>Kanada transit vizesi<\/strong> ba\u015fvurusu ortalama 8 i\u015f g\u00fcn\u00fc i\u00e7inde sonu\u00e7lanmaktad\u0131r. Olas\u0131 ma\u011fduriyetin \u00f6n\u00fcne ge\u00e7mek i\u00e7in planlanan seyahatden en az 2 hafta \u00f6ncesi de <strong>Kanada transit vizesi<\/strong> ba\u015fvurusunda bulunulmas\u0131 tavsiye edilmekte.<\/span><br \/><span style=\"font-family: Roboto; font-size: 14px;\">Kanada transit vizesi ba\u015fvurusu yapacak yolcunun, ba\u015fvuru i\u015flemini yo\u011fun seyahat d\u00f6neminin olmad\u0131\u011f\u0131 zamanda ger\u00e7ekle\u015ftirmesi, Kanada transit vizesi ba\u015fvurusunun daha h\u0131zl\u0131 sonu\u00e7lanmas\u0131n\u0131 sa\u011flayabilir.<\/span><\/p>","protected":false},"excerpt":{"rendered":"<p>\u00a0Kanada i\u00e7in transit vize\u00a0ba\u015fvurusu yapmak istiyorsan\u0131z pasaportunuzun t\u00fcr\u00fc ve vatanda\u015fl\u0131\u011f\u0131n\u0131z\u0131n hangi \u00fclkeye ait oldu\u011fu gibi kriterler olduk\u00e7a \u00f6nemlidir. Bu kriterlere uygun olan ve Kanada taraf\u0131ndan belirlenmi\u015f kriterlere tam anlam\u0131yla uyan ki\u015filere\u00a0Kanada transit vize\u00a0imk\u00e2n\u0131 sa\u011flanmaktad\u0131r.\u00a0 Pasaport ve seyahat belgesine sahip olman\u0131z ilk kriterdir. Sa\u011fl\u0131k i\u00e7in genellikle di\u011fer \u00fclkelerde istenen mali tutar d\u0131\u015f\u0131nda Kanada\u2019ya gidebilmeniz i\u00e7in ta\u015f\u0131y\u0131c\u0131<\/p>\n","protected":false},"author":1,"featured_media":0,"parent":0,"menu_order":0,"comment_status":"open","ping_status":"closed","template":"","meta":{"footnotes":""},"class_list":["post-351","page","type-page","status-publish","hentry"],"yoast_head":"<!-- This site is optimized with the Yoast SEO plugin v24.0 - https:\/\/yoast.com\/wordpress\/plugins\/seo\/ -->\n<title>Kanada Transit Vize - Kanada Vize Ba\u015fvurusu - MyVize<\/title>\n<meta name=\"description\" content=\"Kanada Transit Vize Nas\u0131l Al\u0131n\u0131r? Kanada Transit Vize 2022 Ba\u015fvurusu Nas\u0131l Yap\u0131l\u0131r? Kanada Vize Randevusu. Bilgi \u0130\u00e7in Aray\u0131n: 0850 346 84 93\" \/>\n<meta name=\"robots\" content=\"index, follow, max-snippet:-1, max-image-preview:large, max-video-preview:-1\" \/>\n<link rel=\"canonical\" href=\"https:\/\/www.myvize.com.tr\/kanada\/kanada-transit-vize\/\" \/>\n<meta property=\"og:locale\" content=\"tr_TR\" \/>\n<meta property=\"og:type\" content=\"article\" \/>\n<meta property=\"og:title\" content=\"Kanada Transit Vize - Kanada Vize Ba\u015fvurusu - MyVize\" \/>\n<meta property=\"og:description\" content=\"Kanada Transit Vize Nas\u0131l Al\u0131n\u0131r? Kanada Transit Vize 2022 Ba\u015fvurusu Nas\u0131l Yap\u0131l\u0131r? Kanada Vize Randevusu. Bilgi \u0130\u00e7in Aray\u0131n: 0850 346 84 93\" \/>\n<meta property=\"og:url\" content=\"https:\/\/www.myvize.com.tr\/kanada\/kanada-transit-vize\/\" \/>\n<meta property=\"og:site_name\" content=\"Kanada Vizesi\" \/>\n<meta property=\"article:modified_time\" content=\"2022-04-20T11:49:55+00:00\" \/>\n<meta property=\"og:image\" content=\"https:\/\/www.myvize.com.tr\/kanada\/wp-content\/uploads\/2021\/10\/10.jpg\" \/>\n<meta name=\"twitter:card\" content=\"summary_large_image\" \/>\n<meta name=\"twitter:label1\" content=\"Tahmini okuma s\u00fcresi\" \/>\n\t<meta name=\"twitter:data1\" content=\"6 dakika\" \/>\n<script type=\"application\/ld+json\" class=\"yoast-schema-graph\">{\"@context\":\"https:\/\/schema.org\",\"@graph\":[{\"@type\":\"WebPage\",\"@id\":\"https:\/\/www.myvize.com.tr\/kanada\/kanada-transit-vize\/\",\"url\":\"https:\/\/www.myvize.com.tr\/kanada\/kanada-transit-vize\/\",\"name\":\"Kanada Transit Vize - Kanada Vize Ba\u015fvurusu - MyVize\",\"isPartOf\":{\"@id\":\"https:\/\/www.myvize.com.tr\/kanada\/#website\"},\"primaryImageOfPage\":{\"@id\":\"https:\/\/www.myvize.com.tr\/kanada\/kanada-transit-vize\/#primaryimage\"},\"image\":{\"@id\":\"https:\/\/www.myvize.com.tr\/kanada\/kanada-transit-vize\/#primaryimage\"},\"thumbnailUrl\":\"https:\/\/www.myvize.com.tr\/kanada\/wp-content\/uploads\/2021\/10\/10.jpg\",\"datePublished\":\"2021-06-27T09:00:00+00:00\",\"dateModified\":\"2022-04-20T11:49:55+00:00\",\"description\":\"Kanada Transit Vize Nas\u0131l Al\u0131n\u0131r? Kanada Transit Vize 2022 Ba\u015fvurusu Nas\u0131l Yap\u0131l\u0131r? Kanada Vize Randevusu. Bilgi \u0130\u00e7in Aray\u0131n: 0850 346 84 93\",\"breadcrumb\":{\"@id\":\"https:\/\/www.myvize.com.tr\/kanada\/kanada-transit-vize\/#breadcrumb\"},\"inLanguage\":\"tr\",\"potentialAction\":[{\"@type\":\"ReadAction\",\"target\":[\"https:\/\/www.myvize.com.tr\/kanada\/kanada-transit-vize\/\"]}]},{\"@type\":\"ImageObject\",\"inLanguage\":\"tr\",\"@id\":\"https:\/\/www.myvize.com.tr\/kanada\/kanada-transit-vize\/#primaryimage\",\"url\":\"https:\/\/www.myvize.com.tr\/kanada\/wp-content\/uploads\/2021\/10\/10.jpg\",\"contentUrl\":\"https:\/\/www.myvize.com.tr\/kanada\/wp-content\/uploads\/2021\/10\/10.jpg\",\"width\":800,\"height\":500,\"caption\":\"Kanada Transit Vize\"},{\"@type\":\"BreadcrumbList\",\"@id\":\"https:\/\/www.myvize.com.tr\/kanada\/kanada-transit-vize\/#breadcrumb\",\"itemListElement\":[{\"@type\":\"ListItem\",\"position\":1,\"name\":\"Anasayfa\",\"item\":\"https:\/\/www.myvize.com.tr\/kanada\/\"},{\"@type\":\"ListItem\",\"position\":2,\"name\":\"Kanada Transit Vize\"}]},{\"@type\":\"WebSite\",\"@id\":\"https:\/\/www.myvize.com.tr\/kanada\/#website\",\"url\":\"https:\/\/www.myvize.com.tr\/kanada\/\",\"name\":\"Kanada Vizesi\",\"description\":\"\",\"potentialAction\":[{\"@type\":\"SearchAction\",\"target\":{\"@type\":\"EntryPoint\",\"urlTemplate\":\"https:\/\/www.myvize.com.tr\/kanada\/?s={search_term_string}\"},\"query-input\":{\"@type\":\"PropertyValueSpecification\",\"valueRequired\":true,\"valueName\":\"search_term_string\"}}],\"inLanguage\":\"tr\"}]}<\/script>\n<!-- \/ Yoast SEO plugin. -->","yoast_head_json":{"title":"Kanada Transit Vize - Kanada Vize Ba\u015fvurusu - MyVize","description":"Kanada Transit Vize Nas\u0131l Al\u0131n\u0131r? Kanada Transit Vize 2022 Ba\u015fvurusu Nas\u0131l Yap\u0131l\u0131r? Kanada Vize Randevusu. Bilgi \u0130\u00e7in Aray\u0131n: 0850 346 84 93","robots":{"index":"index","follow":"follow","max-snippet":"max-snippet:-1","max-image-preview":"max-image-preview:large","max-video-preview":"max-video-preview:-1"},"canonical":"https:\/\/www.myvize.com.tr\/kanada\/kanada-transit-vize\/","og_locale":"tr_TR","og_type":"article","og_title":"Kanada Transit Vize - Kanada Vize Ba\u015fvurusu - MyVize","og_description":"Kanada Transit Vize Nas\u0131l Al\u0131n\u0131r? Kanada Transit Vize 2022 Ba\u015fvurusu Nas\u0131l Yap\u0131l\u0131r? Kanada Vize Randevusu. Bilgi \u0130\u00e7in Aray\u0131n: 0850 346 84 93","og_url":"https:\/\/www.myvize.com.tr\/kanada\/kanada-transit-vize\/","og_site_name":"Kanada Vizesi","article_modified_time":"2022-04-20T11:49:55+00:00","og_image":[{"url":"https:\/\/www.myvize.com.tr\/kanada\/wp-content\/uploads\/2021\/10\/10.jpg","type":"","width":"","height":""}],"twitter_card":"summary_large_image","twitter_misc":{"Tahmini okuma s\u00fcresi":"6 dakika"},"schema":{"@context":"https:\/\/schema.org","@graph":[{"@type":"WebPage","@id":"https:\/\/www.myvize.com.tr\/kanada\/kanada-transit-vize\/","url":"https:\/\/www.myvize.com.tr\/kanada\/kanada-transit-vize\/","name":"Kanada Transit Vize - Kanada Vize Ba\u015fvurusu - MyVize","isPartOf":{"@id":"https:\/\/www.myvize.com.tr\/kanada\/#website"},"primaryImageOfPage":{"@id":"https:\/\/www.myvize.com.tr\/kanada\/kanada-transit-vize\/#primaryimage"},"image":{"@id":"https:\/\/www.myvize.com.tr\/kanada\/kanada-transit-vize\/#primaryimage"},"thumbnailUrl":"https:\/\/www.myvize.com.tr\/kanada\/wp-content\/uploads\/2021\/10\/10.jpg","datePublished":"2021-06-27T09:00:00+00:00","dateModified":"2022-04-20T11:49:55+00:00","description":"Kanada Transit Vize Nas\u0131l Al\u0131n\u0131r? Kanada Transit Vize 2022 Ba\u015fvurusu Nas\u0131l Yap\u0131l\u0131r? Kanada Vize Randevusu. Bilgi \u0130\u00e7in Aray\u0131n: 0850 346 84 93","breadcrumb":{"@id":"https:\/\/www.myvize.com.tr\/kanada\/kanada-transit-vize\/#breadcrumb"},"inLanguage":"tr","potentialAction":[{"@type":"ReadAction","target":["https:\/\/www.myvize.com.tr\/kanada\/kanada-transit-vize\/"]}]},{"@type":"ImageObject","inLanguage":"tr","@id":"https:\/\/www.myvize.com.tr\/kanada\/kanada-transit-vize\/#primaryimage","url":"https:\/\/www.myvize.com.tr\/kanada\/wp-content\/uploads\/2021\/10\/10.jpg","contentUrl":"https:\/\/www.myvize.com.tr\/kanada\/wp-content\/uploads\/2021\/10\/10.jpg","width":800,"height":500,"caption":"Kanada Transit Vize"},{"@type":"BreadcrumbList","@id":"https:\/\/www.myvize.com.tr\/kanada\/kanada-transit-vize\/#breadcrumb","itemListElement":[{"@type":"ListItem","position":1,"name":"Anasayfa","item":"https:\/\/www.myvize.com.tr\/kanada\/"},{"@type":"ListItem","position":2,"name":"Kanada Transit Vize"}]},{"@type":"WebSite","@id":"https:\/\/www.myvize.com.tr\/kanada\/#website","url":"https:\/\/www.myvize.com.tr\/kanada\/","name":"Kanada Vizesi","description":"","potentialAction":[{"@type":"SearchAction","target":{"@type":"EntryPoint","urlTemplate":"https:\/\/www.myvize.com.tr\/kanada\/?s={search_term_string}"},"query-input":{"@type":"PropertyValueSpecification","valueRequired":true,"valueName":"search_term_string"}}],"inLanguage":"tr"}]}},"_links":{"self":[{"href":"https:\/\/www.myvize.com.tr\/kanada\/wp-json\/wp\/v2\/pages\/351","targetHints":{"allow":["GET"]}}],"collection":[{"href":"https:\/\/www.myvize.com.tr\/kanada\/wp-json\/wp\/v2\/pages"}],"about":[{"href":"https:\/\/www.myvize.com.tr\/kanada\/wp-json\/wp\/v2\/types\/page"}],"author":[{"embeddable":true,"href":"https:\/\/www.myvize.com.tr\/kanada\/wp-json\/wp\/v2\/users\/1"}],"replies":[{"embeddable":true,"href":"https:\/\/www.myvize.com.tr\/kanada\/wp-json\/wp\/v2\/comments?post=351"}],"version-history":[{"count":6,"href":"https:\/\/www.myvize.com.tr\/kanada\/wp-json\/wp\/v2\/pages\/351\/revisions"}],"predecessor-version":[{"id":1158,"href":"https:\/\/www.myvize.com.tr\/kanada\/wp-json\/wp\/v2\/pages\/351\/revisions\/1158"}],"wp:attachment":[{"href":"https:\/\/www.myvize.com.tr\/kanada\/wp-json\/wp\/v2\/media?parent=351"}],"curies":[{"name":"wp","href":"https:\/\/api.w.org\/{rel}","templated":true}]}}