{"id":86,"date":"2020-11-30T13:05:31","date_gmt":"2020-11-30T10:05:31","guid":{"rendered":"https:\/\/www.myvize.com.tr\/kanada\/?page_id=86"},"modified":"2022-07-02T12:28:11","modified_gmt":"2022-07-02T09:28:11","slug":"edirne-fahri-konsoloslugu","status":"publish","type":"page","link":"https:\/\/www.myvize.com.tr\/kanada\/konsolosluklar\/edirne-fahri-konsoloslugu\/","title":{"rendered":"Kanada Edirne Konsoloslu\u011fu"},"content":{"rendered":"<h2><span style=\"font-family: Roboto; font-size: 27px;\"><strong>Kanada Edirne Konsoloslu\u011fu Hakk\u0131nda<\/strong><\/span><\/h2>\n<p><span style=\"font-family: Roboto; font-size: 14px;\"><strong>Kanada Edirne Fahri Konsoloslu\u011fu<\/strong>, Kanada \u00fclkesinin T\u00fcrkiye\u2019de bulunan ve diplomatik olmayan temsilcili\u011findendir. Edirne\u2019de Kanada ba\u015fkonsolosluk ve konsolosluku kurulmas\u0131 gerek g\u00f6r\u00fclmedi\u011fi i\u00e7in Kanada ad\u0131 Edirne ve \u00e7evresinde ticari faaliyeti y\u00f6netmesi ve yeni ticari i\u015f birli\u011fi yapmas\u0131 i\u00e7in Kanada Edirne Fahri Konsoloslu\u011fu kurulmu\u015fdur.<\/span><br \/>\n<span style=\"font-family: Roboto; font-size: 14px;\"><strong>Kanada Edirne Fahri Konsoloslu\u011fu <\/strong>birincil ve en \u00f6nemli ama\u00e7lar\u0131, Kanada ile Edirne \u00e7evresinde ki ticari ili\u015fkiyi y\u00f6netmektir. T\u00fcrkiye ile Kanada aras\u0131nda yeni yat\u0131r\u0131m alan\u0131, ticari ve ekonomi i\u015f birli\u011fi ortaya \u00e7\u0131karmakd\u0131r. Kanada\u2019n\u0131n b\u00f6lgesindeki ekonomi \u00e7\u0131kar\u0131n\u0131 g\u00f6zetmektedir.<\/span><br \/>\n<span style=\"font-family: Roboto; font-size: 14px;\"><strong>Kanada Edirne Fahri Konsoloslu\u011fu<\/strong> diplomat bir yetki verilmedi\u011finde dolay\u0131, vize ba\u015fvurusunu kabul etmek ve de\u011ferlendirmek yetkisi yoktur. Sadece acil durumda Kanada vatanda\u015f\u0131na kopya ve belge tasdiki i\u015flemi yapmaktad\u0131r. <span style=\"color: #2acec2;\"><strong><a style=\"color: #2acec2;\" href=\"https:\/\/www.myvize.com.tr\/kanada\/vize-islemleri\/kanada-vize-basvurusu\/\" target=\"_blank\" rel=\"noopener\">Kanada Vize ba\u015fvurusu<\/a><\/strong><\/span> yapacak olan T\u00fcrkiye Cumhuriyet vatanda\u015f\u0131 ba\u015fvurusunu Kanada Ba\u015fkonsoloslu\u011fu\u2019na veya B\u00fcy\u00fckel\u00e7ili\u011fine yapmal\u0131d\u0131r.<\/span><br \/>\n<span style=\"font-family: Roboto; font-size: 14px;\"><strong>Kanada Edirne Fahri Konsolosluk<\/strong>, 09.00 ve 16.30 aras\u0131 \u00e7al\u0131\u015fmaktad\u0131r. <strong>Kanada Edirne Fahri Konsolosluk<\/strong> vize ba\u015fvurusunu kabul etmemektedir. Vize ba\u015fvurusu yetkilendirilmi\u015f vize ba\u015fvuru merkezi, konsolosluk ve ba\u015fkonsolosluk taraf\u0131ndan kabul edilmekte. Vize ba\u015fvurusunda karar verme yetkileri b\u00fcy\u00fckel\u00e7ili\u011fe aittir. <strong>Kanada Edirne Fahri Konsoloslu\u011fu<\/strong> vize i\u015flemi ve s\u00fcreci hakk\u0131nda bilgiler vermektedir. <strong>Kanada Edirne Fahri Konsoloslu\u011f<\/strong>u T\u00fcrkiye ile Kanada aras\u0131nda ticari ili\u015fkiyi geli\u015ftirmektedir. B\u00f6lgede ki Kanada vatanda\u015f\u0131na do\u011fum, \u00f6l\u00fcm, pasaport, kimlik i\u015fleminde destek olmakta. Ayr\u0131ca fotokopi tasdikleri, resm\u00ee belge tasdikleri gibi noter i\u015flemi yapmaktad\u0131r.<\/span><\/p>\n<p><span style=\"font-family: Roboto; font-size: 14px;\"><img decoding=\"async\" src=\"https:\/\/www.myvize.com.tr\/kanada\/wp-content\/uploads\/2021\/10\/36.jpg\" \/><\/span><\/p>\n<h2><span style=\"font-family: Roboto; font-size: 27px;\"><strong>Kanada Edirne Konsolosu Kimdir?<\/strong><\/span><\/h2>\n<p><span style=\"font-family: Roboto; font-size: 14px;\"><strong>Kanada Edirne Konsoloslu\u011fu,<\/strong> Kanada\u2019 n\u0131n T\u00fcrkiye\u2019 de bulunan diplomatik olarak tan\u0131mlanmam\u0131\u015f temsilciliklerinden biridir. Kanada Edirne\u2019 de resmi bir temsilcilik kurulmas\u0131na gerek g\u00f6rmedi\u011fi i\u00e7in Fahri Konsolosluk olarak kurulmu\u015ftur. Edirne\u2019 de bulunan Fahri Konsoloslu\u011fu Edirne ve \u00e7evre illerinde yer alan \u015firketlerin Kanada ile yap\u0131lacak olan ticari faaliyetlerin y\u00f6netilmesinde, yeni ticari antla\u015fmalar\u0131n yap\u0131lmas\u0131nda ve farkl\u0131 i\u015f kollar\u0131nda yeni at\u0131l\u0131mlar\u0131n yap\u0131lmas\u0131na \u00f6nderlik eder.<\/span><\/p>\n<p><span style=\"font-family: Roboto; font-size: 14px;\">Kanada\u2019 n\u0131n Edirne Fahri Konsoloslu\u011funda \u015fu anda g\u00f6revli bir konsolos bulunmamakla birlikte ilerleyen y\u0131llarda ihtiya\u00e7 duyulmas\u0131 halinde Edirne\u2019 de bulunan i\u015f insanlar\u0131ndan birine b\u00f6yle bir teklif yap\u0131labilir ve Fahri konsolos olarak g\u00f6reve atanabilir.<\/span><\/p>\n<p><span style=\"font-family: Roboto; font-size: 14px;\">Kanada Edirne Fahri Konsoloslu\u011funun herhangi bir diplomatik yetkisi olmad\u0131\u011f\u0131 i\u00e7in vize ba\u015fvurular\u0131 da dahil herhangi bir vize i\u015fleminde de\u011ferlendirme yetkisine sahip de\u011fildir. Edirne ve \u00e7evre illerde ya\u015fayan T\u00fcrkiye Cumhuriyeti vatanda\u015flar\u0131 Kanada vize ba\u015fvurular\u0131n\u0131 Kanada Ba\u015fkonsoloslu\u011fundan veya Kanada B\u00fcy\u00fckel\u00e7ili\u011finden yapabilirler.<\/span><\/p>\n<h2><span style=\"font-family: Roboto; font-size: 27px;\"><strong>Kanada Edirne Konsoloslu\u011fu Vize \u0130\u015flemleri<\/strong><\/span><\/h2>\n<p><span style=\"font-family: Roboto; font-size: 14px;\">Kanada Edirne Konsoloslu\u011funda Kanada taraf\u0131ndan resmi bir kurum olarak g\u00f6r\u00fclmedi\u011finden ve bir b\u00fcrokrat atamad\u0131\u011f\u0131ndan dolay\u0131 vize ba\u015fvurular\u0131 ve vize i\u015flemleri burada yap\u0131lamamaktad\u0131r.\u00a0<\/span><\/p>\n<p><span style=\"font-family: Roboto; font-size: 14px;\">Edirne ve \u00e7evre illerinde ya\u015fayan T\u00fcrkiye Cumhuriyeti vatanda\u015flar\u0131 ve T\u00fcrkiye\u2019 de oturum hakk\u0131 bulunan farkl\u0131 \u00fclkelerin vatanda\u015flar\u0131 da Kanada\u2019 ya yap\u0131lacak olan bir seyahat \u00f6ncesinde \u00fclke i\u00e7erisinde bulunan Kanada Konsoloslu\u011fundan, Kanada Ba\u015fkonsoloslu\u011fundan veya Kanada B\u00fcy\u00fckel\u00e7ili\u011fi\u2019 nden vize ba\u015fvurusunda bulunabilirler.<\/span><\/p>\n<p><span style=\"font-family: Roboto; font-size: 14px;\">Edirne ve T\u00fcrkiye\u2019 nin Kanada Konsoloslu\u011fu\u2019 nun bulunmad\u0131\u011f\u0131 di\u011fer illerde ya\u015fayan T\u00fcrk vatanda\u015flar\u0131 Kanada\u2019 ya yap\u0131lmas\u0131 planlanan bir seyahat \u00f6ncesinde vize ba\u015fvurular\u0131n\u0131 <strong>Kanada Konsoloslu\u011fu<\/strong> taraf\u0131ndan yetki verilmi\u015f vize dan\u0131\u015fmanl\u0131k firmalar ile ger\u00e7ekle\u015ftirebilirler. Vize dan\u0131\u015fmanl\u0131k firmalar\u0131 vize ba\u015fvurular\u0131nda konsolosluklarda gerekli i\u015flemlerin yap\u0131lmas\u0131nda, evraklar\u0131n hatas\u0131z ve noksans\u0131z olarak haz\u0131rlanmas\u0131na yard\u0131mc\u0131 olurlar. Baz\u0131 vize ba\u015fvurular\u0131nda hi\u00e7 konsoloslu\u011fa bile gitmeden hizmet al\u0131nan dan\u0131\u015fmanl\u0131k firmas\u0131 Kanada vizesinin onaylanmas\u0131n\u0131 sa\u011flayabilir.<\/span><\/p>\n<h2><span style=\"font-family: Roboto; font-size: 27px;\"><strong>Kanada Edirne Konsoloslu\u011fu Vize Ba\u015fvurusu<\/strong><\/span><\/h2>\n<p><span style=\"font-family: Roboto; font-size: 14px;\">T\u00fcrkiye Cumhuriyeti vatanda\u015f\u0131 olup ge\u00e7erli bir pasaporta sahip olan herkes <strong>Kanada\u2019 ya seyahat etmek<\/strong> i\u00e7in vize ba\u015fvurusunda bulunabilir. Vize ba\u015fvurusunda bulunmadan \u00f6nce yap\u0131lmas\u0131 planlanan seyahatin amac\u0131n\u0131n belirlenmesi ve bu amaca uygun olan bir vize i\u00e7in ba\u015fvuruda bulunulmas\u0131 gerekmektedir. \u00a0Seyahat i\u00e7in gerekli olan vize belirlendikten sonra vizenin ba\u015fvuru a\u015famas\u0131nda ge\u00e7ilebilir.<\/span><\/p>\n<p><span style=\"font-family: Roboto; font-size: 14px;\">Vize ba\u015fvurular\u0131 iki farkl\u0131 \u015fekilde yap\u0131labilmektedir. Bunlardan biri yetkili bir vize dan\u0131\u015fmanl\u0131k firmas\u0131n\u0131n arac\u0131l\u0131\u011f\u0131 ile yap\u0131lan ba\u015fvurulard\u0131r. Kanada konsoloslu\u011fu yetkili vize dan\u0131\u015fmanl\u0131k firmalar\u0131 arac\u0131l\u0131\u011f\u0131 ile yap\u0131lan ba\u015fvurular\u0131 kabul edip i\u015fleme almaktad\u0131r. Vize dan\u0131\u015fmanl\u0131k firmas\u0131 ile yap\u0131lan ba\u015fvurularda dan\u0131\u015fman firma gerekli evraklar\u0131n haz\u0131rlanmas\u0131nda yard\u0131mc\u0131 olur. Bu firmalarda \u00e7al\u0131\u015fan profesyonel personeller ile vize ba\u015fvurusu i\u015flemleri daha k\u0131sa s\u00fcrede olumlu olarak sonu\u00e7lanabilir. \u00a0Vize ba\u015fvurusunda bulunmak i\u00e7in di\u011fer bir yol bireysel olarak ba\u015fvuruda bulunmakt\u0131r. Bunun i\u00e7in ilk olarak Kanada Konsoloslu\u011fu\u2019 nun resmi web sitesinde yer alana vize ba\u015fvuru formunun doldurulmas\u0131 gerekir. Sonras\u0131nda gerekli evraklar\u0131 haz\u0131rlayarak ve teslim ederek vize ba\u015fvurusu tamamlanm\u0131\u015f olur. Burada \u00f6nemli olan ba\u015fvuru formunun do\u011fru ve eksiksiz doldurulmas\u0131 ve evrak dosyas\u0131nda bir hata bulunmamas\u0131d\u0131r.<\/span><\/p>\n<h3><span style=\"font-family: Roboto; font-size: 24px;\"><strong>Kanada Edirne Konsoloslu\u011fu Vize Randevusu<\/strong><\/span><\/h3>\n<p><span style=\"font-family: Roboto; font-size: 14px;\">Kanada T\u00fcrkiye Cumhuriyeti vatanda\u015flar\u0131ndan bir pasaport fark\u0131 olmaks\u0131z\u0131n (bordo, gri, ye\u015fil) vize talebinde bulunmaktad\u0131r. 2022 y\u0131l\u0131 A\u011fustos ay\u0131na kadar vize ba\u015fvurular\u0131nda randevu almadan i\u015flemler ger\u00e7ekle\u015ftirilebiliyordu. Ancak 2022 y\u0131l\u0131 A\u011fustos ay\u0131ndan itibaren Kanada parmak izi uygulamas\u0131 istedi\u011fi \u00fclkeler aras\u0131nda T\u00fcrkiye\u2019 yi de eklemi\u015f durumdad\u0131r. Vize ba\u015fvurular\u0131nda evraklar i\u00e7in haz\u0131rlanan dosya sonras\u0131nda parmak izi verilebilmesi i\u00e7in randevu al\u0131nmas\u0131 gerekmektedir.<\/span><\/p>\n<p><span style=\"font-family: Roboto; font-size: 14px;\"><strong>Kanada \u0130stanbul Konsoloslu\u011fu<\/strong> vize i\u00e7in gerekli olan parmak izi uygulamas\u0131nda VSF Global adl\u0131 bir firmay\u0131 yetkili olarak k\u0131lm\u0131\u015f ve buradan randevu alarak parmak izinin sisteme kayd\u0131 yap\u0131labilmektedir. 30 g\u00fcn i\u00e7erisinde sisteme bir kay\u0131t yapt\u0131r\u0131ld\u0131ysa b\u00f6yle bir kayda ihtiya\u00e7 olmayacakt\u0131r ancak VSF Global sisteminde kay\u0131tlar 30 g\u00fcn sonunda silindi\u011fi i\u00e7in \u00f6ncesinde yap\u0131lan kay\u0131tlar\u0131n tarihlerine dikkat edilmesi gerekmektedir.<\/span><\/p>\n<p><span style=\"font-family: Roboto; font-size: 14px;\"><strong>Kanada vize<\/strong> randevusundan \u00f6nce talep edilen vize i\u00e7in gerekli evraklar\u0131n haz\u0131rlanmas\u0131 gerekmektedir. Vize ba\u015fvuru randevusunu planlanan seyahatten en az 2 ay \u00f6ncesinde al\u0131nmas\u0131 seyahat tarihinde bir aksakl\u0131k olmamas\u0131 a\u00e7\u0131s\u0131ndan \u00f6nemli bir ayr\u0131nt\u0131d\u0131r.<\/span><\/p>\n","protected":false},"excerpt":{"rendered":"<p>Kanada Edirne Konsoloslu\u011fu Hakk\u0131nda Kanada Edirne Fahri Konsoloslu\u011fu, Kanada \u00fclkesinin T\u00fcrkiye\u2019de bulunan ve diplomatik olmayan temsilcili\u011findendir. Edirne\u2019de Kanada ba\u015fkonsolosluk ve konsolosluku kurulmas\u0131 gerek g\u00f6r\u00fclmedi\u011fi i\u00e7in Kanada ad\u0131 Edirne ve \u00e7evresinde ticari faaliyeti y\u00f6netmesi ve yeni ticari i\u015f birli\u011fi yapmas\u0131 i\u00e7in Kanada Edirne Fahri Konsoloslu\u011fu kurulmu\u015fdur. Kanada Edirne Fahri Konsoloslu\u011fu birincil ve en \u00f6nemli ama\u00e7lar\u0131, Kanada<\/p>\n","protected":false},"author":1,"featured_media":0,"parent":69,"menu_order":0,"comment_status":"open","ping_status":"closed","template":"","meta":{"footnotes":""},"class_list":["post-86","page","type-page","status-publish","hentry"],"yoast_head":"<!-- This site is optimized with the Yoast SEO plugin v24.0 - https:\/\/yoast.com\/wordpress\/plugins\/seo\/ -->\n<title>Kanada Edirne Fahri Konsoloslu\u011fu - MyVize<\/title>\n<meta name=\"description\" content=\"Kanada Edirne Fahri Konsoloslu\u011fu Vize \u0130\u015flemleri. Kanada Edirne Fahri Konsoloslu\u011funa Ula\u015fmak \u0130\u00e7in Hemen T\u0131klay\u0131n.\" \/>\n<meta name=\"robots\" content=\"index, follow, max-snippet:-1, max-image-preview:large, max-video-preview:-1\" \/>\n<link rel=\"canonical\" href=\"https:\/\/www.myvize.com.tr\/kanada\/konsolosluklar\/edirne-fahri-konsoloslugu\/\" \/>\n<meta property=\"og:locale\" content=\"tr_TR\" \/>\n<meta property=\"og:type\" content=\"article\" \/>\n<meta property=\"og:title\" content=\"Kanada Edirne Fahri Konsoloslu\u011fu - MyVize\" \/>\n<meta property=\"og:description\" content=\"Kanada Edirne Fahri Konsoloslu\u011fu Vize \u0130\u015flemleri. Kanada Edirne Fahri Konsoloslu\u011funa Ula\u015fmak \u0130\u00e7in Hemen T\u0131klay\u0131n.\" \/>\n<meta property=\"og:url\" content=\"https:\/\/www.myvize.com.tr\/kanada\/konsolosluklar\/edirne-fahri-konsoloslugu\/\" \/>\n<meta property=\"og:site_name\" content=\"Kanada Vizesi\" \/>\n<meta property=\"article:modified_time\" content=\"2022-07-02T09:28:11+00:00\" \/>\n<meta property=\"og:image\" content=\"https:\/\/www.myvize.com.tr\/kanada\/wp-content\/uploads\/2021\/10\/36.jpg\" \/>\n<meta name=\"twitter:card\" content=\"summary_large_image\" \/>\n<meta name=\"twitter:label1\" content=\"Tahmini okuma s\u00fcresi\" \/>\n\t<meta name=\"twitter:data1\" content=\"4 dakika\" \/>\n<script type=\"application\/ld+json\" class=\"yoast-schema-graph\">{\"@context\":\"https:\/\/schema.org\",\"@graph\":[{\"@type\":\"WebPage\",\"@id\":\"https:\/\/www.myvize.com.tr\/kanada\/konsolosluklar\/edirne-fahri-konsoloslugu\/\",\"url\":\"https:\/\/www.myvize.com.tr\/kanada\/konsolosluklar\/edirne-fahri-konsoloslugu\/\",\"name\":\"Kanada Edirne Fahri Konsoloslu\u011fu - MyVize\",\"isPartOf\":{\"@id\":\"https:\/\/www.myvize.com.tr\/kanada\/#website\"},\"primaryImageOfPage\":{\"@id\":\"https:\/\/www.myvize.com.tr\/kanada\/konsolosluklar\/edirne-fahri-konsoloslugu\/#primaryimage\"},\"image\":{\"@id\":\"https:\/\/www.myvize.com.tr\/kanada\/konsolosluklar\/edirne-fahri-konsoloslugu\/#primaryimage\"},\"thumbnailUrl\":\"https:\/\/www.myvize.com.tr\/kanada\/wp-content\/uploads\/2021\/10\/36.jpg\",\"datePublished\":\"2020-11-30T10:05:31+00:00\",\"dateModified\":\"2022-07-02T09:28:11+00:00\",\"description\":\"Kanada Edirne Fahri Konsoloslu\u011fu Vize \u0130\u015flemleri. Kanada Edirne Fahri Konsoloslu\u011funa Ula\u015fmak \u0130\u00e7in Hemen T\u0131klay\u0131n.\",\"breadcrumb\":{\"@id\":\"https:\/\/www.myvize.com.tr\/kanada\/konsolosluklar\/edirne-fahri-konsoloslugu\/#breadcrumb\"},\"inLanguage\":\"tr\",\"potentialAction\":[{\"@type\":\"ReadAction\",\"target\":[\"https:\/\/www.myvize.com.tr\/kanada\/konsolosluklar\/edirne-fahri-konsoloslugu\/\"]}]},{\"@type\":\"ImageObject\",\"inLanguage\":\"tr\",\"@id\":\"https:\/\/www.myvize.com.tr\/kanada\/konsolosluklar\/edirne-fahri-konsoloslugu\/#primaryimage\",\"url\":\"https:\/\/www.myvize.com.tr\/kanada\/wp-content\/uploads\/2021\/10\/36.jpg\",\"contentUrl\":\"https:\/\/www.myvize.com.tr\/kanada\/wp-content\/uploads\/2021\/10\/36.jpg\",\"width\":800,\"height\":500,\"caption\":\"Kanada Edirne Konsoloslu\u011fu\"},{\"@type\":\"BreadcrumbList\",\"@id\":\"https:\/\/www.myvize.com.tr\/kanada\/konsolosluklar\/edirne-fahri-konsoloslugu\/#breadcrumb\",\"itemListElement\":[{\"@type\":\"ListItem\",\"position\":1,\"name\":\"Anasayfa\",\"item\":\"https:\/\/www.myvize.com.tr\/kanada\/\"},{\"@type\":\"ListItem\",\"position\":2,\"name\":\"KONSOLOSLUKLAR\",\"item\":\"https:\/\/www.myvize.com.tr\/kanada\/konsolosluklar\/\"},{\"@type\":\"ListItem\",\"position\":3,\"name\":\"Kanada Edirne Konsoloslu\u011fu\"}]},{\"@type\":\"WebSite\",\"@id\":\"https:\/\/www.myvize.com.tr\/kanada\/#website\",\"url\":\"https:\/\/www.myvize.com.tr\/kanada\/\",\"name\":\"Kanada Vizesi\",\"description\":\"\",\"potentialAction\":[{\"@type\":\"SearchAction\",\"target\":{\"@type\":\"EntryPoint\",\"urlTemplate\":\"https:\/\/www.myvize.com.tr\/kanada\/?s={search_term_string}\"},\"query-input\":{\"@type\":\"PropertyValueSpecification\",\"valueRequired\":true,\"valueName\":\"search_term_string\"}}],\"inLanguage\":\"tr\"}]}<\/script>\n<!-- \/ Yoast SEO plugin. -->","yoast_head_json":{"title":"Kanada Edirne Fahri Konsoloslu\u011fu - MyVize","description":"Kanada Edirne Fahri Konsoloslu\u011fu Vize \u0130\u015flemleri. Kanada Edirne Fahri Konsoloslu\u011funa Ula\u015fmak \u0130\u00e7in Hemen T\u0131klay\u0131n.","robots":{"index":"index","follow":"follow","max-snippet":"max-snippet:-1","max-image-preview":"max-image-preview:large","max-video-preview":"max-video-preview:-1"},"canonical":"https:\/\/www.myvize.com.tr\/kanada\/konsolosluklar\/edirne-fahri-konsoloslugu\/","og_locale":"tr_TR","og_type":"article","og_title":"Kanada Edirne Fahri Konsoloslu\u011fu - MyVize","og_description":"Kanada Edirne Fahri Konsoloslu\u011fu Vize \u0130\u015flemleri. Kanada Edirne Fahri Konsoloslu\u011funa Ula\u015fmak \u0130\u00e7in Hemen T\u0131klay\u0131n.","og_url":"https:\/\/www.myvize.com.tr\/kanada\/konsolosluklar\/edirne-fahri-konsoloslugu\/","og_site_name":"Kanada Vizesi","article_modified_time":"2022-07-02T09:28:11+00:00","og_image":[{"url":"https:\/\/www.myvize.com.tr\/kanada\/wp-content\/uploads\/2021\/10\/36.jpg","type":"","width":"","height":""}],"twitter_card":"summary_large_image","twitter_misc":{"Tahmini okuma s\u00fcresi":"4 dakika"},"schema":{"@context":"https:\/\/schema.org","@graph":[{"@type":"WebPage","@id":"https:\/\/www.myvize.com.tr\/kanada\/konsolosluklar\/edirne-fahri-konsoloslugu\/","url":"https:\/\/www.myvize.com.tr\/kanada\/konsolosluklar\/edirne-fahri-konsoloslugu\/","name":"Kanada Edirne Fahri Konsoloslu\u011fu - MyVize","isPartOf":{"@id":"https:\/\/www.myvize.com.tr\/kanada\/#website"},"primaryImageOfPage":{"@id":"https:\/\/www.myvize.com.tr\/kanada\/konsolosluklar\/edirne-fahri-konsoloslugu\/#primaryimage"},"image":{"@id":"https:\/\/www.myvize.com.tr\/kanada\/konsolosluklar\/edirne-fahri-konsoloslugu\/#primaryimage"},"thumbnailUrl":"https:\/\/www.myvize.com.tr\/kanada\/wp-content\/uploads\/2021\/10\/36.jpg","datePublished":"2020-11-30T10:05:31+00:00","dateModified":"2022-07-02T09:28:11+00:00","description":"Kanada Edirne Fahri Konsoloslu\u011fu Vize \u0130\u015flemleri. Kanada Edirne Fahri Konsoloslu\u011funa Ula\u015fmak \u0130\u00e7in Hemen T\u0131klay\u0131n.","breadcrumb":{"@id":"https:\/\/www.myvize.com.tr\/kanada\/konsolosluklar\/edirne-fahri-konsoloslugu\/#breadcrumb"},"inLanguage":"tr","potentialAction":[{"@type":"ReadAction","target":["https:\/\/www.myvize.com.tr\/kanada\/konsolosluklar\/edirne-fahri-konsoloslugu\/"]}]},{"@type":"ImageObject","inLanguage":"tr","@id":"https:\/\/www.myvize.com.tr\/kanada\/konsolosluklar\/edirne-fahri-konsoloslugu\/#primaryimage","url":"https:\/\/www.myvize.com.tr\/kanada\/wp-content\/uploads\/2021\/10\/36.jpg","contentUrl":"https:\/\/www.myvize.com.tr\/kanada\/wp-content\/uploads\/2021\/10\/36.jpg","width":800,"height":500,"caption":"Kanada Edirne Konsoloslu\u011fu"},{"@type":"BreadcrumbList","@id":"https:\/\/www.myvize.com.tr\/kanada\/konsolosluklar\/edirne-fahri-konsoloslugu\/#breadcrumb","itemListElement":[{"@type":"ListItem","position":1,"name":"Anasayfa","item":"https:\/\/www.myvize.com.tr\/kanada\/"},{"@type":"ListItem","position":2,"name":"KONSOLOSLUKLAR","item":"https:\/\/www.myvize.com.tr\/kanada\/konsolosluklar\/"},{"@type":"ListItem","position":3,"name":"Kanada Edirne Konsoloslu\u011fu"}]},{"@type":"WebSite","@id":"https:\/\/www.myvize.com.tr\/kanada\/#website","url":"https:\/\/www.myvize.com.tr\/kanada\/","name":"Kanada Vizesi","description":"","potentialAction":[{"@type":"SearchAction","target":{"@type":"EntryPoint","urlTemplate":"https:\/\/www.myvize.com.tr\/kanada\/?s={search_term_string}"},"query-input":{"@type":"PropertyValueSpecification","valueRequired":true,"valueName":"search_term_string"}}],"inLanguage":"tr"}]}},"_links":{"self":[{"href":"https:\/\/www.myvize.com.tr\/kanada\/wp-json\/wp\/v2\/pages\/86","targetHints":{"allow":["GET"]}}],"collection":[{"href":"https:\/\/www.myvize.com.tr\/kanada\/wp-json\/wp\/v2\/pages"}],"about":[{"href":"https:\/\/www.myvize.com.tr\/kanada\/wp-json\/wp\/v2\/types\/page"}],"author":[{"embeddable":true,"href":"https:\/\/www.myvize.com.tr\/kanada\/wp-json\/wp\/v2\/users\/1"}],"replies":[{"embeddable":true,"href":"https:\/\/www.myvize.com.tr\/kanada\/wp-json\/wp\/v2\/comments?post=86"}],"version-history":[{"count":7,"href":"https:\/\/www.myvize.com.tr\/kanada\/wp-json\/wp\/v2\/pages\/86\/revisions"}],"predecessor-version":[{"id":1210,"href":"https:\/\/www.myvize.com.tr\/kanada\/wp-json\/wp\/v2\/pages\/86\/revisions\/1210"}],"up":[{"embeddable":true,"href":"https:\/\/www.myvize.com.tr\/kanada\/wp-json\/wp\/v2\/pages\/69"}],"wp:attachment":[{"href":"https:\/\/www.myvize.com.tr\/kanada\/wp-json\/wp\/v2\/media?parent=86"}],"curies":[{"name":"wp","href":"https:\/\/api.w.org\/{rel}","templated":true}]}}