{"id":88,"date":"2020-11-30T13:05:51","date_gmt":"2020-11-30T10:05:51","guid":{"rendered":"https:\/\/www.myvize.com.tr\/kanada\/?page_id=88"},"modified":"2022-06-06T14:08:44","modified_gmt":"2022-06-06T11:08:44","slug":"bodrum-fahri-konsoloslugu","status":"publish","type":"page","link":"https:\/\/www.myvize.com.tr\/kanada\/konsolosluklar\/bodrum-fahri-konsoloslugu\/","title":{"rendered":"Kanada Bodrum Konsoloslu\u011fu"},"content":{"rendered":"<p><span style=\"font-family: Roboto; font-size: 14px;\"> Haftai\u00e7i her g\u00fcn 08.00 ile 17.00 saatleri aras\u0131nda hizmet vermekte olan <strong>Kanada Bodrum Fahri Konsoloslu\u011fu<\/strong>, T\u00fcrkiye ve Kanada aras\u0131ndaki ticari ili\u015fkileri geli\u015ftirmekte ve bunun yan\u0131nda Kanada ad\u0131na yerel bas\u0131n ile ileti\u015fim sa\u011flamaktad\u0131r. Kanada Fahri Konsoloslu\u011fu, b\u00f6lgedeki Kanada vatanda\u015flar\u0131na do\u011fum, \u00f6l\u00fcm, pasaport, kimlik i\u015flemleri gibi konularda yard\u0131mc\u0131 olmaktad\u0131r. Ayr\u0131ca vatanda\u015flar\u0131n acil durumlar\u0131nda ihtiyaca binaen; fotokopi tasdiki, resmi belge tasdiki gibi noter i\u015flemleri de Kanada Fahri Konsoloslu\u011funda yap\u0131labilmektedir.<\/span><\/p>\n<h2><span style=\"font-family: Roboto; font-size: 27px;\"><strong>Kanada Bodrum Konsoloslu\u011fu 2022<\/strong><\/span><\/h2>\n<p><span style=\"font-family: Roboto; font-size: 14px;\">Kanada\u2019n\u0131n T\u00fcrkiye\u2019de bulunan ve diplomat yetkisi olmayan temsilcilikden birisi <strong>Kanada Bodrum Fahri Konsoloslu\u011fu<\/strong>. Kanada Bodrum Fahri Konsolosluk; T\u00fcrkiye ve Kanada aras\u0131nda k\u00fclt\u00fcrel ve sosyal ili\u015fkilerin geli\u015fmesi ve yeni i\u015f birli\u011fi i\u00e7in \u00e7al\u0131maktad\u0131r. Ayr\u0131ca Kanada ad\u0131 yerel bas\u0131n ile ileti\u015fim sa\u011flamakta.<\/span><\/p>\n<p><span style=\"font-family: Roboto; font-size: 14px;\"><strong>Kanada Bodrum Fahri Konsolosluklar\u0131,<\/strong> T\u00fcrkiye ve Kanada aras\u0131nda ticari ba\u011flar\u0131 geli\u015ftirmektedir ve yeni yat\u0131r\u0131m alan\u0131 bulmaya \u00e7al\u0131\u015fmakta. Kanada ad\u0131na T\u00fcrkiye\u2019nin Bodrum ve \u00e7evresine bulunan ticaret ili\u015fkisini d\u00fczenlemekte.<\/span><\/p>\n<p><span style=\"font-family: Roboto; font-size: 14px;\"><strong>Kanada Bodrum Fahri Konsoloslu\u011fu<\/strong>; sadece acil durumda Kanada vatanda\u015f\u0131n\u0131n, belge ve kopya (fotokopisi) tasdik gibi noter i\u015flemini yapmaktad\u0131r. Bu i\u015flem d\u0131\u015f\u0131nda konsolosluk hizmetleri verilmemektedir. Ayr\u0131ca Kanada vize kabul etme ve <span style=\"color: #2acec2;\"><strong><a style=\"color: #2acec2;\" href=\"https:\/\/www.myvize.com.tr\/kanada\/vize-islemleri\/kanada-vizesi\/\" target=\"_blank\" rel=\"noopener\">Kanada vizesi<\/a><\/strong><\/span> ba\u015fvurusunu inceleme yetkisi de bulunmamakta. Kanada\u2019ya seyahat edecek olan T\u00fcrk vatanda\u015f\u0131,<strong> Kanada vize ba\u015fvurusunu<\/strong> Kanada\u2019n\u0131n T\u00fcrkiye\u2019de bulunan diplomat temsilcili\u011fine yapabilir.<\/span><\/p>\n<p><span style=\"font-family: Roboto; font-size: 14px;\"><strong>Kanada Bodrum Fahri Konsolosluklar\u0131<\/strong>, hafta i\u00e7i saat 08.00 ve 17.00 aras\u0131nda \u00e7al\u0131\u015fmakta.<\/span><\/p>\n<p><span style=\"font-family: Roboto; font-size: 14px;\"><strong>Kanada Bodrum Fahri Konsoloslu\u011fu<\/strong> T\u00fcrkiye ile Kanada aras\u0131nda ticari ili\u015fkiyi geli\u015ftirmektedir. B\u00f6lgede ki Kanada vatanda\u015f\u0131na do\u011fum, \u00f6l\u00fcm, pasaport, kimlik i\u015fleminde destek olmakta. Ayr\u0131ca fotokopi tasdikleri, resmi belge tasdikleri gibi noter i\u015flemi yapmaktad\u0131r.<\/span><\/p>\n<p><span style=\"font-family: Roboto; font-size: 14px;\"><strong>Kanada Bodrum Fahri Konsolosluk<\/strong> vize ba\u015fvurusunu kabul etmemektedir. <span style=\"color: #2acec2;\"><strong><a style=\"color: #2acec2;\" href=\"https:\/\/www.myvize.com.tr\/kanada\/vize-islemleri\/kanada-vize-basvurusu\/\" target=\"_blank\" rel=\"noopener\">Kanada Vize ba\u015fvurusu<\/a><\/strong><\/span> yetkilendirilmi\u015f vize ba\u015fvuru merkezi, konsolosluk ve ba\u015fkonsolosluk taraf\u0131ndan kabul edilmekte. Vize ba\u015fvurusunda karar verme yetkileri b\u00fcy\u00fckel\u00e7ili\u011fe aittir.<strong> Kanada Bodrum Fahri Konsoloslu\u011fu<\/strong> vize i\u015flemi ve s\u00fcreci hakk\u0131nda bilgiler vermektedir.<\/span><\/p>\n<p><span style=\"font-family: Roboto; font-size: 14px;\"><img decoding=\"async\" src=\"https:\/\/www.myvize.com.tr\/kanada\/wp-content\/uploads\/2021\/10\/37.jpg\" \/><\/span><\/p>\n<h2><span style=\"font-family: Roboto; font-size: 27px;\"><strong>Kanada Bodrum Konsolosu Kimdir?<\/strong><\/span><\/h2>\n<p><span style=\"font-family: Roboto; font-size: 14px;\">\u00a0 \u00a0<strong> Kanada Fahri Konsoloslu\u011fu<\/strong>, Kanada&#8217;n\u0131n T\u00fcrkiye&#8217;de bulunan temsilciliklerinden bir tanesidir. Kanada Bodrum Fahri Konsoloslu\u011fu\u2019nun y\u00f6neticisi ise hakk\u0131nda herhangi bir ek bilgi bulunmayan Kanada Bodrum Fahri Konsolosu&#8217;dur. Genellikle toplum taraf\u0131ndan sevilen i\u015f insanlar\u0131 aras\u0131ndan se\u00e7ilmekte olan ve her Fahri Konsolos gibi yar\u0131 diplomat say\u0131lan ayr\u0131ca askerlikten muaf tutulan Kanada\u2019n\u0131n Bodrum Fahri Konsolosu, Kanada ile T\u00fcrkiye aras\u0131ndaki ili\u015fkileri belirli bir seviyede tutmay\u0131 ya da daha ileri seviyelere \u00e7\u0131karmay\u0131 hedeflemektedir. Bunun yan\u0131 s\u0131ra Kanada ve T\u00fcrkiye aras\u0131nda bulunan ticari ili\u015fkileri geli\u015ftirmek, yeni ticari i\u015fbirlikleri ve yat\u0131r\u0131m ortakl\u0131klar\u0131n\u0131 ortaya \u00e7\u0131karmak da Kanada Bodrum Fahri Konsolosu&#8217;nun ama\u00e7lar\u0131 aras\u0131nda bulunmaktad\u0131r. Kanada Bodrum Fahri Konsolosu, Kanada&#8217;n\u0131n Ankara B\u00fcy\u00fckel\u00e7ili\u011fine ba\u011fl\u0131 olarak \u00e7al\u0131\u015fma g\u00f6stermektedir. Gerekti\u011fi durumlarda Kanada vatanda\u015flar\u0131na vatanda\u015fl\u0131k hizmeti veren Kanada Bodrum Konsolosu; e\u011fitim, sa\u011fl\u0131k, hukuk, sosyal ve ekonomik alanlarda Kanada vatanda\u015flar\u0131na destek sa\u011flamaktad\u0131r.\u00a0<\/span><\/p>\n<h2><span style=\"font-family: Roboto; font-size: 27px;\"><strong>Kanada Bodrum Konsoloslu\u011fu Vize \u0130\u015flemleri<\/strong><\/span><\/h2>\n<p><span style=\"font-family: Roboto; font-size: 14px;\">Bodrum veye \u00e7evresinde ikamet etmekte olan ve <strong>Kanada&#8217;ya seyahat etmek<\/strong> isteyen kimseler, Kanada vize ba\u015fvurular\u0131 i\u00e7in, karar verme yetkisinin Konsoloslu\u011fa de\u011fil, B\u00fcy\u00fckel\u00e7ili\u011fe ait oldu\u011fu unutmamal\u0131d\u0131r. Ba\u015fvuruda bulunacak ki\u015fi veya ki\u015filer, Kanada Bodrum Fahri Konsoloslu\u011fu vize i\u015flemleri i\u00e7in \u00f6ncelikle Kanada&#8217;ya olan seyahat ama\u00e7lar\u0131na uygun vize t\u00fcr\u00fcn\u00fc belirlemelilerdir. Vize t\u00fcr\u00fcn\u00fcn belirlenmesinin ard\u0131ndan, ba\u015fvuruda bulunan ki\u015filer Kanada vize ba\u015fvuru formunu belirledikleri vize t\u00fcr\u00fcne g\u00f6re online yani internet \u00fczerinden doldurmal\u0131lard\u0131r. <strong>Kanada online vize ba\u015fvuru<\/strong> formunun doldurulmas\u0131n\u0131n ard\u0131ndan, <strong>Kanada vizesi<\/strong> har\u00e7 bedelinin yine internet \u00fczerinden, online olarak yat\u0131r\u0131lmas\u0131 gerekmektedir. Bunun yan\u0131nda Kanada vize ba\u015fvurusunda bulunan ki\u015filerin, ba\u015fvuru i\u00e7in parmak izi verisi istenmektedir. Sonras\u0131nda, Kanada Bodrum Fahri Konsoloslu\u011fu&#8217;dan vize talebi i\u00e7in randevu al\u0131nmal\u0131d\u0131r. Al\u0131nan randevu tarihine kadar gerekli olan vize evraklar\u0131n\u0131n eksiksiz olarak haz\u0131rlanmas\u0131 \u00f6nem ta\u015f\u0131maktad\u0131r. Randevu tarihinde, eksiksiz olarak tamamlanm\u0131\u015f evraklar yetkililere teslim edilmelidir. Teslim edilen evraklar Kanada Bodrum Fahri Konsoloslu\u011fu taraf\u0131ndan, vize i\u00e7in karar verme yetkisi bulunan Kanada temsilcili\u011fi Ankara B\u00fcy\u00fck El\u00e7ili\u011fine g\u00f6nderilmektedir.\u00a0<\/span><\/p>\n<h2><span style=\"font-family: Roboto; font-size: 27px;\"><strong>Kanada Bodrum Konsoloslu\u011fu Vize Ba\u015fvurusu<\/strong><\/span><\/h2>\n<p><span style=\"font-family: Roboto; font-size: 14px;\">Kanada&#8217;ya belirli bir ama\u00e7 \u00fczerine seyahat etmek isteyen ve <strong>Kanada vizesi almak<\/strong> isteyen Bodrum veya \u00e7evresinde ikamet etmekte olan ki\u015filer, vize ba\u015fvurular\u0131n\u0131 Kanada Bodrum Konsoloslu\u011fu&#8217;na yapmal\u0131d\u0131rlar. Kanada online vize ba\u015fvursunun doldurulmas\u0131 ard\u0131ndan, Kanada Fahri Konsoloslu\u011fu&#8217;ndan randevu al\u0131nmal\u0131 ve haz\u0131rlanan gerekli evraklar eksiksiz olarak konsoloslu\u011fa teslim edilmelidir. Ba\u015fvuru yapacak ki\u015filerin, Kanada&#8217;da ge\u00e7erli olan ki\u015finin seyahati s\u0131ras\u0131nda kar\u015f\u0131la\u015fabilece\u011fi; seyahatin iptali, aile \u00fcyelerinden birinin \u00f6l\u00fcm\u00fc, ki\u015finin evinde meydana gelen hasar gibi durumlarda g\u00fcvence niteli\u011fi ta\u015f\u0131yan seyahat sigortalar\u0131n\u0131 yapt\u0131rmalar\u0131 gerekmektedir. Ba\u015fvuruda bulunan ve seyahat etmek isteyen ki\u015filerin adli sicil kay\u0131tlar\u0131n\u0131n temiz ve beyan edilmi\u015f olmas\u0131 da ba\u015fvuru \u015fartlar\u0131 aras\u0131ndad\u0131r. Bunlar\u0131n yan\u0131 s\u0131ra ki\u015finin seyahat masraflar\u0131n\u0131 kar\u015f\u0131layabilecek ekonomik duruma sahip olmas\u0131 gerekir. Ayr\u0131ca ki\u015fi veya ki\u015filerin, Kanada Bodrum Fahri Konsoloslu\u011funa, vize s\u00fcreleri bitiminden \u00f6nce Kanada&#8217;dan ayr\u0131lacaklar\u0131n\u0131 kan\u0131tl\u0131 olarak beyan etmesi gerekmektedir.\u00a0<\/span><\/p>\n<h3><span style=\"font-family: Roboto; font-size: 24px;\"><strong>Kanada Bodrum Konsoloslu\u011fu Vize Randevusu<\/strong><\/span><\/h3>\n<p><span style=\"font-family: Roboto; font-size: 14px;\">Kanada&#8217;ya belirli bir ama\u00e7 \u00fczerine seyahat etmek isteyen ki\u015fi veya ki\u015filerden Bodrum ve \u00e7evresinde ikamet etmekte olanlar, Kanada Bodrum Fahri Konsoloslu\u011fu randevusu i\u00e7in \u00f6ncelikle online yani internet \u00fczerinden vize talebi ba\u015fvuru formunu doldurmal\u0131d\u0131rlar. Ard\u0131ndan gerekli olan biyometrik parmak izi verisi i\u00e7in Kanada Bodrum Fahri Konsoloslu\u011fu&#8217;ndan ayr\u0131 bir randevu alabilmektedirler. Bunun yan\u0131nda ba\u015fvuruda bulunan ki\u015filerin, ba\u015fvuru formunda se\u00e7mi\u015f olduklar\u0131 m\u00fcracaat b\u00f6lgesine ba\u011fl\u0131 olarak biyometrik parmak izi verisini verebilecekleri yere site arac\u0131l\u0131\u011f\u0131yla otomatik olarak da y\u00f6nlendirilebildikleri bilinmektedir. Belirtilen randevular\u0131 almak i\u00e7in <strong>Kanada Bodrum Konsoloslu\u011fu<\/strong> ile ileti\u015fime ge\u00e7mek gerekmektedir. \u0130leti\u015fim bilgilerine, Kanada Konsolosluklar\u0131n\u0131n resmi siteleri \u00fczerinden ula\u015f\u0131labilmektedir. Al\u0131nan vize randevusu i\u00e7in gerekli olan <strong>Kanada vizesi evraklar\u0131<\/strong> randevu tarihinde teslim edilmelidir. Kanada Bodrum Fahri Konsoloslu\u011fu&#8217;ndan al\u0131nan randevunun ka\u00e7\u0131r\u0131lmas\u0131 halinde s\u00fcrecin uzayaca\u011f\u0131, baz\u0131 i\u015flemlerin tekrarlanmas\u0131 daha da \u00f6nemlisi Kanada vizesi i\u015flemlerinin iptalinin muhtemel olmas\u0131 durumundan dolay\u0131 randevu tarihinin ka\u00e7\u0131r\u0131lmamas\u0131 ba\u015fvuruda bulunan ki\u015filer i\u00e7in b\u00fcy\u00fck \u00f6nem ta\u015f\u0131maktad\u0131r.\u00a0<\/span><\/p>\n","protected":false},"excerpt":{"rendered":"<p>Haftai\u00e7i her g\u00fcn 08.00 ile 17.00 saatleri aras\u0131nda hizmet vermekte olan Kanada Bodrum Fahri Konsoloslu\u011fu, T\u00fcrkiye ve Kanada aras\u0131ndaki ticari ili\u015fkileri geli\u015ftirmekte ve bunun yan\u0131nda Kanada ad\u0131na yerel bas\u0131n ile ileti\u015fim sa\u011flamaktad\u0131r. Kanada Fahri Konsoloslu\u011fu, b\u00f6lgedeki Kanada vatanda\u015flar\u0131na do\u011fum, \u00f6l\u00fcm, pasaport, kimlik i\u015flemleri gibi konularda yard\u0131mc\u0131 olmaktad\u0131r. Ayr\u0131ca vatanda\u015flar\u0131n acil durumlar\u0131nda ihtiyaca binaen; fotokopi tasdiki,<\/p>\n","protected":false},"author":1,"featured_media":0,"parent":69,"menu_order":0,"comment_status":"open","ping_status":"closed","template":"","meta":{"footnotes":""},"class_list":["post-88","page","type-page","status-publish","hentry"],"yoast_head":"<!-- This site is optimized with the Yoast SEO plugin v24.0 - https:\/\/yoast.com\/wordpress\/plugins\/seo\/ -->\n<title>Kanada Bodrum Fahri Konsoloslu\u011fu - MyVize<\/title>\n<meta name=\"description\" content=\"Kanada Bodrum Fahri Konsoloslu\u011fu \u0130leti\u015fim Bilgileri Telefon Numaras\u0131 Mail Adresi Bilgileri \u0130\u00e7erir. Kanada Vize Dan\u0131\u015fman\u0131 \u0130\u00e7in Hemen Aray\u0131n.\" \/>\n<meta name=\"robots\" content=\"index, follow, max-snippet:-1, max-image-preview:large, max-video-preview:-1\" \/>\n<link rel=\"canonical\" href=\"https:\/\/www.myvize.com.tr\/kanada\/konsolosluklar\/bodrum-fahri-konsoloslugu\/\" \/>\n<meta property=\"og:locale\" content=\"tr_TR\" \/>\n<meta property=\"og:type\" content=\"article\" \/>\n<meta property=\"og:title\" content=\"Kanada Bodrum Fahri Konsoloslu\u011fu - MyVize\" \/>\n<meta property=\"og:description\" content=\"Kanada Bodrum Fahri Konsoloslu\u011fu \u0130leti\u015fim Bilgileri Telefon Numaras\u0131 Mail Adresi Bilgileri \u0130\u00e7erir. Kanada Vize Dan\u0131\u015fman\u0131 \u0130\u00e7in Hemen Aray\u0131n.\" \/>\n<meta property=\"og:url\" content=\"https:\/\/www.myvize.com.tr\/kanada\/konsolosluklar\/bodrum-fahri-konsoloslugu\/\" \/>\n<meta property=\"og:site_name\" content=\"Kanada Vizesi\" \/>\n<meta property=\"article:modified_time\" content=\"2022-06-06T11:08:44+00:00\" \/>\n<meta property=\"og:image\" content=\"https:\/\/www.myvize.com.tr\/kanada\/wp-content\/uploads\/2021\/10\/37.jpg\" \/>\n<meta name=\"twitter:card\" content=\"summary_large_image\" \/>\n<meta name=\"twitter:label1\" content=\"Tahmini okuma s\u00fcresi\" \/>\n\t<meta name=\"twitter:data1\" content=\"4 dakika\" \/>\n<script type=\"application\/ld+json\" class=\"yoast-schema-graph\">{\"@context\":\"https:\/\/schema.org\",\"@graph\":[{\"@type\":\"WebPage\",\"@id\":\"https:\/\/www.myvize.com.tr\/kanada\/konsolosluklar\/bodrum-fahri-konsoloslugu\/\",\"url\":\"https:\/\/www.myvize.com.tr\/kanada\/konsolosluklar\/bodrum-fahri-konsoloslugu\/\",\"name\":\"Kanada Bodrum Fahri Konsoloslu\u011fu - MyVize\",\"isPartOf\":{\"@id\":\"https:\/\/www.myvize.com.tr\/kanada\/#website\"},\"primaryImageOfPage\":{\"@id\":\"https:\/\/www.myvize.com.tr\/kanada\/konsolosluklar\/bodrum-fahri-konsoloslugu\/#primaryimage\"},\"image\":{\"@id\":\"https:\/\/www.myvize.com.tr\/kanada\/konsolosluklar\/bodrum-fahri-konsoloslugu\/#primaryimage\"},\"thumbnailUrl\":\"https:\/\/www.myvize.com.tr\/kanada\/wp-content\/uploads\/2021\/10\/37.jpg\",\"datePublished\":\"2020-11-30T10:05:51+00:00\",\"dateModified\":\"2022-06-06T11:08:44+00:00\",\"description\":\"Kanada Bodrum Fahri Konsoloslu\u011fu \u0130leti\u015fim Bilgileri Telefon Numaras\u0131 Mail Adresi Bilgileri \u0130\u00e7erir. Kanada Vize Dan\u0131\u015fman\u0131 \u0130\u00e7in Hemen Aray\u0131n.\",\"breadcrumb\":{\"@id\":\"https:\/\/www.myvize.com.tr\/kanada\/konsolosluklar\/bodrum-fahri-konsoloslugu\/#breadcrumb\"},\"inLanguage\":\"tr\",\"potentialAction\":[{\"@type\":\"ReadAction\",\"target\":[\"https:\/\/www.myvize.com.tr\/kanada\/konsolosluklar\/bodrum-fahri-konsoloslugu\/\"]}]},{\"@type\":\"ImageObject\",\"inLanguage\":\"tr\",\"@id\":\"https:\/\/www.myvize.com.tr\/kanada\/konsolosluklar\/bodrum-fahri-konsoloslugu\/#primaryimage\",\"url\":\"https:\/\/www.myvize.com.tr\/kanada\/wp-content\/uploads\/2021\/10\/37.jpg\",\"contentUrl\":\"https:\/\/www.myvize.com.tr\/kanada\/wp-content\/uploads\/2021\/10\/37.jpg\",\"width\":800,\"height\":500,\"caption\":\"Kanada Bodrum Konsoloslu\u011fu\"},{\"@type\":\"BreadcrumbList\",\"@id\":\"https:\/\/www.myvize.com.tr\/kanada\/konsolosluklar\/bodrum-fahri-konsoloslugu\/#breadcrumb\",\"itemListElement\":[{\"@type\":\"ListItem\",\"position\":1,\"name\":\"Anasayfa\",\"item\":\"https:\/\/www.myvize.com.tr\/kanada\/\"},{\"@type\":\"ListItem\",\"position\":2,\"name\":\"KONSOLOSLUKLAR\",\"item\":\"https:\/\/www.myvize.com.tr\/kanada\/konsolosluklar\/\"},{\"@type\":\"ListItem\",\"position\":3,\"name\":\"Kanada Bodrum Konsoloslu\u011fu\"}]},{\"@type\":\"WebSite\",\"@id\":\"https:\/\/www.myvize.com.tr\/kanada\/#website\",\"url\":\"https:\/\/www.myvize.com.tr\/kanada\/\",\"name\":\"Kanada Vizesi\",\"description\":\"\",\"potentialAction\":[{\"@type\":\"SearchAction\",\"target\":{\"@type\":\"EntryPoint\",\"urlTemplate\":\"https:\/\/www.myvize.com.tr\/kanada\/?s={search_term_string}\"},\"query-input\":{\"@type\":\"PropertyValueSpecification\",\"valueRequired\":true,\"valueName\":\"search_term_string\"}}],\"inLanguage\":\"tr\"}]}<\/script>\n<!-- \/ Yoast SEO plugin. -->","yoast_head_json":{"title":"Kanada Bodrum Fahri Konsoloslu\u011fu - MyVize","description":"Kanada Bodrum Fahri Konsoloslu\u011fu \u0130leti\u015fim Bilgileri Telefon Numaras\u0131 Mail Adresi Bilgileri \u0130\u00e7erir. Kanada Vize Dan\u0131\u015fman\u0131 \u0130\u00e7in Hemen Aray\u0131n.","robots":{"index":"index","follow":"follow","max-snippet":"max-snippet:-1","max-image-preview":"max-image-preview:large","max-video-preview":"max-video-preview:-1"},"canonical":"https:\/\/www.myvize.com.tr\/kanada\/konsolosluklar\/bodrum-fahri-konsoloslugu\/","og_locale":"tr_TR","og_type":"article","og_title":"Kanada Bodrum Fahri Konsoloslu\u011fu - MyVize","og_description":"Kanada Bodrum Fahri Konsoloslu\u011fu \u0130leti\u015fim Bilgileri Telefon Numaras\u0131 Mail Adresi Bilgileri \u0130\u00e7erir. Kanada Vize Dan\u0131\u015fman\u0131 \u0130\u00e7in Hemen Aray\u0131n.","og_url":"https:\/\/www.myvize.com.tr\/kanada\/konsolosluklar\/bodrum-fahri-konsoloslugu\/","og_site_name":"Kanada Vizesi","article_modified_time":"2022-06-06T11:08:44+00:00","og_image":[{"url":"https:\/\/www.myvize.com.tr\/kanada\/wp-content\/uploads\/2021\/10\/37.jpg","type":"","width":"","height":""}],"twitter_card":"summary_large_image","twitter_misc":{"Tahmini okuma s\u00fcresi":"4 dakika"},"schema":{"@context":"https:\/\/schema.org","@graph":[{"@type":"WebPage","@id":"https:\/\/www.myvize.com.tr\/kanada\/konsolosluklar\/bodrum-fahri-konsoloslugu\/","url":"https:\/\/www.myvize.com.tr\/kanada\/konsolosluklar\/bodrum-fahri-konsoloslugu\/","name":"Kanada Bodrum Fahri Konsoloslu\u011fu - MyVize","isPartOf":{"@id":"https:\/\/www.myvize.com.tr\/kanada\/#website"},"primaryImageOfPage":{"@id":"https:\/\/www.myvize.com.tr\/kanada\/konsolosluklar\/bodrum-fahri-konsoloslugu\/#primaryimage"},"image":{"@id":"https:\/\/www.myvize.com.tr\/kanada\/konsolosluklar\/bodrum-fahri-konsoloslugu\/#primaryimage"},"thumbnailUrl":"https:\/\/www.myvize.com.tr\/kanada\/wp-content\/uploads\/2021\/10\/37.jpg","datePublished":"2020-11-30T10:05:51+00:00","dateModified":"2022-06-06T11:08:44+00:00","description":"Kanada Bodrum Fahri Konsoloslu\u011fu \u0130leti\u015fim Bilgileri Telefon Numaras\u0131 Mail Adresi Bilgileri \u0130\u00e7erir. Kanada Vize Dan\u0131\u015fman\u0131 \u0130\u00e7in Hemen Aray\u0131n.","breadcrumb":{"@id":"https:\/\/www.myvize.com.tr\/kanada\/konsolosluklar\/bodrum-fahri-konsoloslugu\/#breadcrumb"},"inLanguage":"tr","potentialAction":[{"@type":"ReadAction","target":["https:\/\/www.myvize.com.tr\/kanada\/konsolosluklar\/bodrum-fahri-konsoloslugu\/"]}]},{"@type":"ImageObject","inLanguage":"tr","@id":"https:\/\/www.myvize.com.tr\/kanada\/konsolosluklar\/bodrum-fahri-konsoloslugu\/#primaryimage","url":"https:\/\/www.myvize.com.tr\/kanada\/wp-content\/uploads\/2021\/10\/37.jpg","contentUrl":"https:\/\/www.myvize.com.tr\/kanada\/wp-content\/uploads\/2021\/10\/37.jpg","width":800,"height":500,"caption":"Kanada Bodrum Konsoloslu\u011fu"},{"@type":"BreadcrumbList","@id":"https:\/\/www.myvize.com.tr\/kanada\/konsolosluklar\/bodrum-fahri-konsoloslugu\/#breadcrumb","itemListElement":[{"@type":"ListItem","position":1,"name":"Anasayfa","item":"https:\/\/www.myvize.com.tr\/kanada\/"},{"@type":"ListItem","position":2,"name":"KONSOLOSLUKLAR","item":"https:\/\/www.myvize.com.tr\/kanada\/konsolosluklar\/"},{"@type":"ListItem","position":3,"name":"Kanada Bodrum Konsoloslu\u011fu"}]},{"@type":"WebSite","@id":"https:\/\/www.myvize.com.tr\/kanada\/#website","url":"https:\/\/www.myvize.com.tr\/kanada\/","name":"Kanada Vizesi","description":"","potentialAction":[{"@type":"SearchAction","target":{"@type":"EntryPoint","urlTemplate":"https:\/\/www.myvize.com.tr\/kanada\/?s={search_term_string}"},"query-input":{"@type":"PropertyValueSpecification","valueRequired":true,"valueName":"search_term_string"}}],"inLanguage":"tr"}]}},"_links":{"self":[{"href":"https:\/\/www.myvize.com.tr\/kanada\/wp-json\/wp\/v2\/pages\/88","targetHints":{"allow":["GET"]}}],"collection":[{"href":"https:\/\/www.myvize.com.tr\/kanada\/wp-json\/wp\/v2\/pages"}],"about":[{"href":"https:\/\/www.myvize.com.tr\/kanada\/wp-json\/wp\/v2\/types\/page"}],"author":[{"embeddable":true,"href":"https:\/\/www.myvize.com.tr\/kanada\/wp-json\/wp\/v2\/users\/1"}],"replies":[{"embeddable":true,"href":"https:\/\/www.myvize.com.tr\/kanada\/wp-json\/wp\/v2\/comments?post=88"}],"version-history":[{"count":7,"href":"https:\/\/www.myvize.com.tr\/kanada\/wp-json\/wp\/v2\/pages\/88\/revisions"}],"predecessor-version":[{"id":964,"href":"https:\/\/www.myvize.com.tr\/kanada\/wp-json\/wp\/v2\/pages\/88\/revisions\/964"}],"up":[{"embeddable":true,"href":"https:\/\/www.myvize.com.tr\/kanada\/wp-json\/wp\/v2\/pages\/69"}],"wp:attachment":[{"href":"https:\/\/www.myvize.com.tr\/kanada\/wp-json\/wp\/v2\/media?parent=88"}],"curies":[{"name":"wp","href":"https:\/\/api.w.org\/{rel}","templated":true}]}}