{"id":94,"date":"2020-11-30T13:07:41","date_gmt":"2020-11-30T10:07:41","guid":{"rendered":"https:\/\/www.myvize.com.tr\/kanada\/?page_id=94"},"modified":"2022-07-02T12:35:54","modified_gmt":"2022-07-02T09:35:54","slug":"baskonsolosluk-bolumleri","status":"publish","type":"page","link":"https:\/\/www.myvize.com.tr\/kanada\/konsolosluklar\/baskonsolosluk-bolumleri\/","title":{"rendered":"Kanada Ba\u015fkonsolosluk B\u00f6l\u00fcmleri"},"content":{"rendered":"<h2><span style=\"font-family: Roboto; font-size: 27px;\"><strong>Kanada Ba\u015fkonsolosluk B\u00f6l\u00fcmleri 2022<\/strong><\/span><\/h2>\n<p><span style=\"font-family: Roboto; font-size: 14px;\"><strong>Kanada Ba\u015fkonsoloslu\u011fu<\/strong>, T\u00fcrkiye ve Kanada aras\u0131nda ticari, ekonomik, k\u00fclt\u00fcr, sosyal ve siyasal ili\u015fkisi d\u00fczenleme ve geli\u015ftirmek ile g\u00f6revlidir. Ayr\u0131ca T\u00fcrkiye\u2019de ya\u015fayan Kanada vatanda\u015f\u0131na hukuk, sa\u011fl\u0131k, e\u011fitim alan\u0131nda destek olmakta. <strong>Kanada Ba\u015fkonsoloslu\u011fu<\/strong> bu hizmetin her biri i\u00e7in farkl\u0131 b\u00f6l\u00fcm\u00fc b\u00fcnyesinde bar\u0131nd\u0131rmakta. A\u015fa\u011f\u0131da Kanada Ba\u015fkonsoloslu\u011fu b\u00f6l\u00fcm\u00fc verilmi\u015ftir. Kanada Ba\u015fkonsoloslu\u011fu, T\u00fcrkiye\u2019de bulunan Kanada temsilcili\u011finden birisidir. Amac\u0131 T\u00fcrkiye\u2019de Kanada \u00e7\u0131kar\u0131n\u0131 koruma ve Kanada vatanda\u015f\u0131na vatanda\u015fl\u0131k hizmet vermektir. \u00a0T\u00fcrkiye ile Kanada ars\u0131nda ki ba\u011f\u0131 g\u00fc\u00e7lendirmek, korumak ve belirli bir seviyede tutmay\u0131 ama\u00e7lamakta.<\/span><br \/>\n<span style=\"font-family: Roboto; font-size: 14px;\"><strong>Y\u00f6netim B\u00f6l\u00fcm\u00fc<\/strong>: <strong>Kanada Ba\u015fkonsolosluk<\/strong> b\u00f6l\u00fcm aras\u0131nda bulunan <strong>Y\u00f6netim B\u00f6l\u00fcm\u00fc ba\u015fkonsoloslu\u011fu<\/strong> y\u00f6netim ile ilgilenmektedir. Ba\u015fkonsolosluk binas\u0131 bak\u0131m\u0131, personel i\u015fi, b\u00fct\u00e7e da\u011f\u0131l\u0131m gibi konu y\u00f6netim b\u00f6l\u00fcm kapsam\u0131na girmektedir.<\/span><br \/>\n<span style=\"font-family: Roboto; font-size: 14px;\"><strong>Vize B\u00f6l\u00fcm\u00fc<\/strong>: Kanada Ba\u015fkonsolosluk b\u00f6l\u00fcm\u00fc aras\u0131nda bulunan bir di\u011fer b\u00f6l\u00fcm vize b\u00f6l\u00fcm\u00fc. Vize b\u00f6l\u00fcm\u00fc T\u00fcrkiye Cumhuriyet vatanda\u015f\u0131na ve T\u00fcrkiye\u2019de oturum izini olan di\u011fer \u00fclke vatanda\u015f\u0131na vize hizmeti vermektedir.<\/span><br \/>\n<span style=\"font-family: Roboto; font-size: 14px;\"><strong>Ticaret B\u00f6l\u00fcm\u00fc<\/strong>: Kanada Ba\u015fkonsolosluk b\u00f6l\u00fcm\u00fc aras\u0131nda bulunan b\u00f6l\u00fcmden birisi de ticaret b\u00f6l\u00fcm\u00fc. Bu b\u00f6l\u00fcm Kanada ve T\u00fcrkiye aras\u0131ndaki ticari ili\u015fki ile ilgilenmektedir.<\/span><br \/>\n<span style=\"font-family: Roboto; font-size: 14px;\"><strong>Bas\u0131n B\u00f6l\u00fcm\u00fc<\/strong>: Kanada Ba\u015fkonsolosluk b\u00f6l\u00fcm\u00fc aras\u0131nda bulunun b\u00f6l\u00fcmden birisi de bas\u0131n b\u00f6l\u00fcm\u00fc. Bas\u0131n b\u00f6l\u00fcm\u00fc Ba\u015fkonsoloslu\u011fu bas\u0131n a\u00e7\u0131klamas\u0131 ve di\u011fer bas\u0131n i\u015fi ile ilgilenmektedir.<\/span><br \/>\n<span style=\"font-family: Roboto; font-size: 14px;\"><strong>Konsolosluk \u0130\u015fleri B\u00f6l\u00fcm\u00fc<\/strong>: Konsolosluk i\u015fi b\u00f6l\u00fcm\u00fc, Kanada Ba\u015fkonsolosluk b\u00f6l\u00fcm\u00fc aras\u0131nda bulunmakta. Bu b\u00f6l\u00fcm\u00fcn g\u00f6revi T\u00fcrkiye\u2019de ya\u015fayan Kanada vatanda\u015f\u0131na resmi i\u015finde hizmet vermektedir.<\/span><br \/>\n<span style=\"font-family: Roboto; font-size: 14px;\"><strong>E\u011fitim B\u00f6l\u00fcm\u00fc<\/strong>: E\u011fitim b\u00f6l\u00fcm, T\u00fcrkiye\u2019de ya\u015fayan Kanada vatanda\u015f\u0131n\u0131n e\u011fitimi i\u00e7in dan\u0131\u015fabilece\u011fi b\u00f6l\u00fcmdendir.<\/span><\/p>\n<p><span style=\"font-family: Roboto; font-size: 14px;\"><span style=\"color: #2acec2;\"><strong><a style=\"color: #2acec2;\" href=\"https:\/\/www.myvize.com.tr\/kanada\/konsolosluklar\/kanada-konsolosluk-islemleri\/\" target=\"_blank\" rel=\"noopener\">Kanada Konsolosluk \u0130\u015flemleri<\/a><\/strong><\/span> ile ilgili bilgi almak i\u00e7in bizi aray\u0131n\u0131z.<\/span><\/p>\n<p><span style=\"font-family: Roboto; font-size: 14px;\"><img decoding=\"async\" src=\"https:\/\/www.myvize.com.tr\/kanada\/wp-content\/uploads\/2021\/10\/40.jpg\" \/><\/span><\/p>\n","protected":false},"excerpt":{"rendered":"<p>Kanada Ba\u015fkonsolosluk B\u00f6l\u00fcmleri 2022 Kanada Ba\u015fkonsoloslu\u011fu, T\u00fcrkiye ve Kanada aras\u0131nda ticari, ekonomik, k\u00fclt\u00fcr, sosyal ve siyasal ili\u015fkisi d\u00fczenleme ve geli\u015ftirmek ile g\u00f6revlidir. Ayr\u0131ca T\u00fcrkiye\u2019de ya\u015fayan Kanada vatanda\u015f\u0131na hukuk, sa\u011fl\u0131k, e\u011fitim alan\u0131nda destek olmakta. Kanada Ba\u015fkonsoloslu\u011fu bu hizmetin her biri i\u00e7in farkl\u0131 b\u00f6l\u00fcm\u00fc b\u00fcnyesinde bar\u0131nd\u0131rmakta. A\u015fa\u011f\u0131da Kanada Ba\u015fkonsoloslu\u011fu b\u00f6l\u00fcm\u00fc verilmi\u015ftir. Kanada Ba\u015fkonsoloslu\u011fu, T\u00fcrkiye\u2019de bulunan Kanada temsilcili\u011finden<\/p>\n","protected":false},"author":1,"featured_media":0,"parent":69,"menu_order":0,"comment_status":"open","ping_status":"closed","template":"","meta":{"footnotes":""},"class_list":["post-94","page","type-page","status-publish","hentry"],"yoast_head":"<!-- This site is optimized with the Yoast SEO plugin v24.0 - https:\/\/yoast.com\/wordpress\/plugins\/seo\/ -->\n<title>Kanada Ba\u015fkonsolosluk B\u00f6l\u00fcmleri - MyVize<\/title>\n<meta name=\"description\" content=\"Kanada Ba\u015fkonsolosluk B\u00f6l\u00fcmleri Nelerdir? Kanada Ba\u015fkonsolosluk B\u00f6l\u00fcmleri 2022 G\u00fcncel Bilgileri Nelerdir? Bilgi \u0130\u00e7in Aray\u0131n: 0850 346 84 93\" \/>\n<meta name=\"robots\" content=\"index, follow, max-snippet:-1, max-image-preview:large, max-video-preview:-1\" \/>\n<link rel=\"canonical\" href=\"https:\/\/www.myvize.com.tr\/kanada\/konsolosluklar\/baskonsolosluk-bolumleri\/\" \/>\n<meta property=\"og:locale\" content=\"tr_TR\" \/>\n<meta property=\"og:type\" content=\"article\" \/>\n<meta property=\"og:title\" content=\"Kanada Ba\u015fkonsolosluk B\u00f6l\u00fcmleri - MyVize\" \/>\n<meta property=\"og:description\" content=\"Kanada Ba\u015fkonsolosluk B\u00f6l\u00fcmleri Nelerdir? Kanada Ba\u015fkonsolosluk B\u00f6l\u00fcmleri 2022 G\u00fcncel Bilgileri Nelerdir? Bilgi \u0130\u00e7in Aray\u0131n: 0850 346 84 93\" \/>\n<meta property=\"og:url\" content=\"https:\/\/www.myvize.com.tr\/kanada\/konsolosluklar\/baskonsolosluk-bolumleri\/\" \/>\n<meta property=\"og:site_name\" content=\"Kanada Vizesi\" \/>\n<meta property=\"article:modified_time\" content=\"2022-07-02T09:35:54+00:00\" \/>\n<meta property=\"og:image\" content=\"https:\/\/www.myvize.com.tr\/kanada\/wp-content\/uploads\/2021\/10\/40.jpg\" \/>\n<meta name=\"twitter:card\" content=\"summary_large_image\" \/>\n<meta name=\"twitter:label1\" content=\"Tahmini okuma s\u00fcresi\" \/>\n\t<meta name=\"twitter:data1\" content=\"2 dakika\" \/>\n<script type=\"application\/ld+json\" class=\"yoast-schema-graph\">{\"@context\":\"https:\/\/schema.org\",\"@graph\":[{\"@type\":\"WebPage\",\"@id\":\"https:\/\/www.myvize.com.tr\/kanada\/konsolosluklar\/baskonsolosluk-bolumleri\/\",\"url\":\"https:\/\/www.myvize.com.tr\/kanada\/konsolosluklar\/baskonsolosluk-bolumleri\/\",\"name\":\"Kanada Ba\u015fkonsolosluk B\u00f6l\u00fcmleri - MyVize\",\"isPartOf\":{\"@id\":\"https:\/\/www.myvize.com.tr\/kanada\/#website\"},\"primaryImageOfPage\":{\"@id\":\"https:\/\/www.myvize.com.tr\/kanada\/konsolosluklar\/baskonsolosluk-bolumleri\/#primaryimage\"},\"image\":{\"@id\":\"https:\/\/www.myvize.com.tr\/kanada\/konsolosluklar\/baskonsolosluk-bolumleri\/#primaryimage\"},\"thumbnailUrl\":\"https:\/\/www.myvize.com.tr\/kanada\/wp-content\/uploads\/2021\/10\/40.jpg\",\"datePublished\":\"2020-11-30T10:07:41+00:00\",\"dateModified\":\"2022-07-02T09:35:54+00:00\",\"description\":\"Kanada Ba\u015fkonsolosluk B\u00f6l\u00fcmleri Nelerdir? Kanada Ba\u015fkonsolosluk B\u00f6l\u00fcmleri 2022 G\u00fcncel Bilgileri Nelerdir? Bilgi \u0130\u00e7in Aray\u0131n: 0850 346 84 93\",\"breadcrumb\":{\"@id\":\"https:\/\/www.myvize.com.tr\/kanada\/konsolosluklar\/baskonsolosluk-bolumleri\/#breadcrumb\"},\"inLanguage\":\"tr\",\"potentialAction\":[{\"@type\":\"ReadAction\",\"target\":[\"https:\/\/www.myvize.com.tr\/kanada\/konsolosluklar\/baskonsolosluk-bolumleri\/\"]}]},{\"@type\":\"ImageObject\",\"inLanguage\":\"tr\",\"@id\":\"https:\/\/www.myvize.com.tr\/kanada\/konsolosluklar\/baskonsolosluk-bolumleri\/#primaryimage\",\"url\":\"https:\/\/www.myvize.com.tr\/kanada\/wp-content\/uploads\/2021\/10\/40.jpg\",\"contentUrl\":\"https:\/\/www.myvize.com.tr\/kanada\/wp-content\/uploads\/2021\/10\/40.jpg\",\"width\":800,\"height\":500,\"caption\":\"Kanada Ba\u015fkonsolosluk B\u00f6l\u00fcmleri\"},{\"@type\":\"BreadcrumbList\",\"@id\":\"https:\/\/www.myvize.com.tr\/kanada\/konsolosluklar\/baskonsolosluk-bolumleri\/#breadcrumb\",\"itemListElement\":[{\"@type\":\"ListItem\",\"position\":1,\"name\":\"Anasayfa\",\"item\":\"https:\/\/www.myvize.com.tr\/kanada\/\"},{\"@type\":\"ListItem\",\"position\":2,\"name\":\"KONSOLOSLUKLAR\",\"item\":\"https:\/\/www.myvize.com.tr\/kanada\/konsolosluklar\/\"},{\"@type\":\"ListItem\",\"position\":3,\"name\":\"Kanada Ba\u015fkonsolosluk B\u00f6l\u00fcmleri\"}]},{\"@type\":\"WebSite\",\"@id\":\"https:\/\/www.myvize.com.tr\/kanada\/#website\",\"url\":\"https:\/\/www.myvize.com.tr\/kanada\/\",\"name\":\"Kanada Vizesi\",\"description\":\"\",\"potentialAction\":[{\"@type\":\"SearchAction\",\"target\":{\"@type\":\"EntryPoint\",\"urlTemplate\":\"https:\/\/www.myvize.com.tr\/kanada\/?s={search_term_string}\"},\"query-input\":{\"@type\":\"PropertyValueSpecification\",\"valueRequired\":true,\"valueName\":\"search_term_string\"}}],\"inLanguage\":\"tr\"}]}<\/script>\n<!-- \/ Yoast SEO plugin. -->","yoast_head_json":{"title":"Kanada Ba\u015fkonsolosluk B\u00f6l\u00fcmleri - MyVize","description":"Kanada Ba\u015fkonsolosluk B\u00f6l\u00fcmleri Nelerdir? Kanada Ba\u015fkonsolosluk B\u00f6l\u00fcmleri 2022 G\u00fcncel Bilgileri Nelerdir? Bilgi \u0130\u00e7in Aray\u0131n: 0850 346 84 93","robots":{"index":"index","follow":"follow","max-snippet":"max-snippet:-1","max-image-preview":"max-image-preview:large","max-video-preview":"max-video-preview:-1"},"canonical":"https:\/\/www.myvize.com.tr\/kanada\/konsolosluklar\/baskonsolosluk-bolumleri\/","og_locale":"tr_TR","og_type":"article","og_title":"Kanada Ba\u015fkonsolosluk B\u00f6l\u00fcmleri - MyVize","og_description":"Kanada Ba\u015fkonsolosluk B\u00f6l\u00fcmleri Nelerdir? Kanada Ba\u015fkonsolosluk B\u00f6l\u00fcmleri 2022 G\u00fcncel Bilgileri Nelerdir? Bilgi \u0130\u00e7in Aray\u0131n: 0850 346 84 93","og_url":"https:\/\/www.myvize.com.tr\/kanada\/konsolosluklar\/baskonsolosluk-bolumleri\/","og_site_name":"Kanada Vizesi","article_modified_time":"2022-07-02T09:35:54+00:00","og_image":[{"url":"https:\/\/www.myvize.com.tr\/kanada\/wp-content\/uploads\/2021\/10\/40.jpg","type":"","width":"","height":""}],"twitter_card":"summary_large_image","twitter_misc":{"Tahmini okuma s\u00fcresi":"2 dakika"},"schema":{"@context":"https:\/\/schema.org","@graph":[{"@type":"WebPage","@id":"https:\/\/www.myvize.com.tr\/kanada\/konsolosluklar\/baskonsolosluk-bolumleri\/","url":"https:\/\/www.myvize.com.tr\/kanada\/konsolosluklar\/baskonsolosluk-bolumleri\/","name":"Kanada Ba\u015fkonsolosluk B\u00f6l\u00fcmleri - MyVize","isPartOf":{"@id":"https:\/\/www.myvize.com.tr\/kanada\/#website"},"primaryImageOfPage":{"@id":"https:\/\/www.myvize.com.tr\/kanada\/konsolosluklar\/baskonsolosluk-bolumleri\/#primaryimage"},"image":{"@id":"https:\/\/www.myvize.com.tr\/kanada\/konsolosluklar\/baskonsolosluk-bolumleri\/#primaryimage"},"thumbnailUrl":"https:\/\/www.myvize.com.tr\/kanada\/wp-content\/uploads\/2021\/10\/40.jpg","datePublished":"2020-11-30T10:07:41+00:00","dateModified":"2022-07-02T09:35:54+00:00","description":"Kanada Ba\u015fkonsolosluk B\u00f6l\u00fcmleri Nelerdir? Kanada Ba\u015fkonsolosluk B\u00f6l\u00fcmleri 2022 G\u00fcncel Bilgileri Nelerdir? Bilgi \u0130\u00e7in Aray\u0131n: 0850 346 84 93","breadcrumb":{"@id":"https:\/\/www.myvize.com.tr\/kanada\/konsolosluklar\/baskonsolosluk-bolumleri\/#breadcrumb"},"inLanguage":"tr","potentialAction":[{"@type":"ReadAction","target":["https:\/\/www.myvize.com.tr\/kanada\/konsolosluklar\/baskonsolosluk-bolumleri\/"]}]},{"@type":"ImageObject","inLanguage":"tr","@id":"https:\/\/www.myvize.com.tr\/kanada\/konsolosluklar\/baskonsolosluk-bolumleri\/#primaryimage","url":"https:\/\/www.myvize.com.tr\/kanada\/wp-content\/uploads\/2021\/10\/40.jpg","contentUrl":"https:\/\/www.myvize.com.tr\/kanada\/wp-content\/uploads\/2021\/10\/40.jpg","width":800,"height":500,"caption":"Kanada Ba\u015fkonsolosluk B\u00f6l\u00fcmleri"},{"@type":"BreadcrumbList","@id":"https:\/\/www.myvize.com.tr\/kanada\/konsolosluklar\/baskonsolosluk-bolumleri\/#breadcrumb","itemListElement":[{"@type":"ListItem","position":1,"name":"Anasayfa","item":"https:\/\/www.myvize.com.tr\/kanada\/"},{"@type":"ListItem","position":2,"name":"KONSOLOSLUKLAR","item":"https:\/\/www.myvize.com.tr\/kanada\/konsolosluklar\/"},{"@type":"ListItem","position":3,"name":"Kanada Ba\u015fkonsolosluk B\u00f6l\u00fcmleri"}]},{"@type":"WebSite","@id":"https:\/\/www.myvize.com.tr\/kanada\/#website","url":"https:\/\/www.myvize.com.tr\/kanada\/","name":"Kanada Vizesi","description":"","potentialAction":[{"@type":"SearchAction","target":{"@type":"EntryPoint","urlTemplate":"https:\/\/www.myvize.com.tr\/kanada\/?s={search_term_string}"},"query-input":{"@type":"PropertyValueSpecification","valueRequired":true,"valueName":"search_term_string"}}],"inLanguage":"tr"}]}},"_links":{"self":[{"href":"https:\/\/www.myvize.com.tr\/kanada\/wp-json\/wp\/v2\/pages\/94","targetHints":{"allow":["GET"]}}],"collection":[{"href":"https:\/\/www.myvize.com.tr\/kanada\/wp-json\/wp\/v2\/pages"}],"about":[{"href":"https:\/\/www.myvize.com.tr\/kanada\/wp-json\/wp\/v2\/types\/page"}],"author":[{"embeddable":true,"href":"https:\/\/www.myvize.com.tr\/kanada\/wp-json\/wp\/v2\/users\/1"}],"replies":[{"embeddable":true,"href":"https:\/\/www.myvize.com.tr\/kanada\/wp-json\/wp\/v2\/comments?post=94"}],"version-history":[{"count":5,"href":"https:\/\/www.myvize.com.tr\/kanada\/wp-json\/wp\/v2\/pages\/94\/revisions"}],"predecessor-version":[{"id":1211,"href":"https:\/\/www.myvize.com.tr\/kanada\/wp-json\/wp\/v2\/pages\/94\/revisions\/1211"}],"up":[{"embeddable":true,"href":"https:\/\/www.myvize.com.tr\/kanada\/wp-json\/wp\/v2\/pages\/69"}],"wp:attachment":[{"href":"https:\/\/www.myvize.com.tr\/kanada\/wp-json\/wp\/v2\/media?parent=94"}],"curies":[{"name":"wp","href":"https:\/\/api.w.org\/{rel}","templated":true}]}}