{"id":18,"date":"2020-11-30T08:50:13","date_gmt":"2020-11-30T05:50:13","guid":{"rendered":"https:\/\/www.myvize.com.tr\/letonya\/?page_id=18"},"modified":"2022-04-21T12:37:49","modified_gmt":"2022-04-21T09:37:49","slug":"vize-islemleri","status":"publish","type":"page","link":"https:\/\/www.myvize.com.tr\/letonya\/vize-islemleri\/","title":{"rendered":"V\u0130ZE \u0130\u015eLEMLER\u0130"},"content":{"rendered":"<p><span style=\"font-family: Roboto;\"><\/span><\/p>\r\n<p><span style=\"font-family: Roboto; font-size: 14px;\">Letonya Cumhuriyeti Avrupa\u2019n\u0131n kuzeyinde yer alan \u00fclkelerden biridir. Parlamenter demokrasi ile y\u00f6netilen \u00fclke d\u00fcnyan\u0131n bir\u00e7ok yerinden misafir a\u011f\u0131rl\u0131yor. T\u00fcrkiye\u2019den de Letonya gitmek isteyen ki\u015filer vize ba\u015fvurusu yaparak seyahatlerini ger\u00e7ekle\u015ftirebilirler. Letonya diplomatik, hizmet, hususi Pasaportun sahibi olan T\u00fcrk vatanda\u015flar\u0131ndan 6 ay i\u00e7erisinde tek bir seferlik olarak 90 g\u00fcne kadar vize muafiyeti sunuyor. Ancak umuma mahsus pasaport sahipleri vize i\u015flemi yapt\u0131rmak durumundad\u0131r.<\/span><\/p>\r\n<p><span style=\"font-family: Roboto; font-size: 14px;\">\r\n\r\n<\/span><\/p>\r\n<h2><span style=\"font-family: Roboto; font-size: 27px;\"><strong>Letonya Vize \u0130\u015flemleri<\/strong><\/span><\/h2>\r\n<p><span style=\"font-family: Roboto; font-size: 14px;\">\r\n\r\n<\/span><\/p>\r\n<p><span style=\"font-family: Roboto; font-size: 14px;\">Letonya vizesi alacak olan ki\u015filerin belirli prosed\u00fcrleri yerine getirmesi gereklidir. Ki\u015filerin alabilecekleri vize t\u00fcrleri aras\u0131nda \u015funlar say\u0131labilir:<\/span><\/p>\r\n<p><span style=\"font-family: Roboto; font-size: 14px;\">\r\n\r\n<\/span><\/p>\r\n<p><span style=\"font-family: Roboto; font-size: 14px;\">l Aile ve arkada\u015f vizesi<\/span><\/p>\r\n<p><span style=\"font-family: Roboto; font-size: 14px;\">\r\n\r\n<\/span><\/p>\r\n<p><span style=\"font-family: Roboto; font-size: 14px;\">l Turistik vize<\/span><\/p>\r\n<p><span style=\"font-family: Roboto; font-size: 14px;\">\r\n\r\n<\/span><\/p>\r\n<p><span style=\"font-family: Roboto; font-size: 14px;\">l Ticari vize<\/span><\/p>\r\n<p><span style=\"font-family: Roboto; font-size: 14px;\">\r\n\r\n<\/span><\/p>\r\n<p><span style=\"font-family: Roboto; font-size: 14px;\">l K\u0131sa ya da uzun d\u00f6nemli vize<\/span><\/p>\r\n<p><span style=\"font-family: Roboto; font-size: 14px;\">\r\n\r\n<\/span><\/p>\r\n<p><span style=\"font-family: Roboto; font-size: 14px;\">l \u00d6\u011frenci vizesi<\/span><\/p>\r\n<p><span style=\"font-family: Roboto; font-size: 14px;\">\r\n\r\n<\/span><\/p>\r\n<p><span style=\"font-family: Roboto; font-size: 14px;\">l G\u00f6n\u00fcll\u00fc \u00c7al\u0131\u015fma vizesi<\/span><\/p>\r\n<p><span style=\"font-family: Roboto; font-size: 14px;\">\r\n\r\n<\/span><\/p>\r\n<p><span style=\"font-family: Roboto; font-size: 14px;\">Gibi bize t\u00fcrlerinden birisi tercih edilerek Letonya\u2019ya seyahat ger\u00e7ekle\u015ftirebilirsiniz. Bu i\u015flemlerin yap\u0131labilmesi i\u00e7in ki\u015filerin evraklar\u0131n\u0131 eksiksiz bir \u015fekilde haz\u0131rlayarak ilgili konsolosluklara teslim etmeleri gereklidir.<\/span><\/p>\r\n<p><span style=\"font-family: Roboto; font-size: 14px;\"><span style=\"color: #2acec2;\"><strong><a style=\"color: #2acec2;\" href=\"https:\/\/www.myvize.com.tr\/letonya\/letonya-erasmus-vizesi\/\" target=\"_blank\" rel=\"noopener\">Letonya Erasmus Vize<\/a><\/strong><\/span> ile ilgili bilgi almak i\u00e7in bizi aray\u0131n\u0131z.<\/span><\/p>\r\n<p><span style=\"font-family: Roboto; font-size: 14px;\"> <img decoding=\"async\" src=\"https:\/\/www.myvize.com.tr\/letonya\/wp-content\/uploads\/2021\/10\/33.jpg\" \/> <\/span><\/p>\r\n<h2><span style=\"font-family: Roboto; font-size: 27px;\"><strong>Letonya Vize Evraklar\u0131 Nelerdir?<\/strong><\/span><\/h2>\r\n<p><span style=\"font-family: Roboto; font-size: 14px;\">\r\n\r\n<\/span><\/p>\r\n<p><span style=\"font-family: Roboto; font-size: 14px;\">Letonya vizesi alacak olan ki\u015filerin evrak konusunda belli ba\u015fl\u0131 standartlar\u0131 kar\u015f\u0131lamas\u0131 gerekir. \u00d6ncelikle ge\u00e7erli bir pasaportun sahibi olmalar\u0131 \u00f6nemli bir detayd\u0131r. Ba\u015fvuru formunun hangi dilde doldurulmas\u0131 gerekiyorsa eksiksiz bir \u015fekilde doldurulmas\u0131 ve dilek\u00e7enin belirtilen kriterlere uygun olarak doldurulmas\u0131 aran\u0131lan en \u00f6nemli noktalardan biridir.<\/span><\/p>\r\n<p><span style=\"font-family: Roboto; font-size: 14px;\">\r\n\r\n<\/span><\/p>\r\n<p><span style=\"font-family: Roboto; font-size: 14px;\">Ki\u015filerin seyahat i\u00e7in gerekli olan t\u00fcm evraklar\u0131 bir dosya halinde randevu tarihinde sunmas\u0131 son derece \u00f6nemli bir kriterdir. Evraklar i\u00e7erisinde \u00e7al\u0131\u015fma belgeleri ve finansal belgelerin olmas\u0131na bilhassa dikkat edilmelidir. Onun yan\u0131nda ki\u015filerin seyahat planlar\u0131 ile ilgili t\u00fcm detaylar\u0131 vize ba\u015fvurusu s\u0131ras\u0131nda belirtmeleri \u00f6nem arz eder.<\/span><\/p>\r\n<p><span style=\"font-family: Roboto; font-size: 14px;\"><span style=\"color: #2acec2;\"><strong><a style=\"color: #2acec2;\" href=\"https:\/\/www.myvize.com.tr\/letonya\/vize-islemleri\/letonya-vize-basvuru-formu\/\" target=\"_blank\" rel=\"noopener\">Letonya Vize Ba\u015fvuru Formu<\/a><\/strong><\/span> ile ilgili bilgi almak i\u00e7in bizi aray\u0131n\u0131z.<\/span><\/p>\r\n<p><span style=\"font-family: Roboto; font-size: 14px;\">\r\n\r\n<\/span><\/p>\r\n<h3><span style=\"font-family: Roboto; font-size: 24px;\"><strong>Letonya Vizesi Ne Zaman \u00c7\u0131kar?<\/strong><\/span><\/h3>\r\n<p><span style=\"font-family: Roboto; font-size: 14px;\">\r\n\r\n<\/span><\/p>\r\n<p><span style=\"font-family: Roboto; font-size: 14px;\">Vize evraklar\u0131n\u0131 haz\u0131rlayan ki\u015filerin vize ba\u015fvuru \u00fccretlerini de detayl\u0131 bir \u015fekilde yat\u0131rmalar\u0131 ve kar\u015f\u0131l\u0131\u011f\u0131nda banka dekontu almalar\u0131 gereklidir. Sonras\u0131nda 10 i\u015f g\u00fcn\u00fc gibi bir s\u00fcre i\u00e7erisinde ki\u015filer vizelerini alabilirler. Ancak \u00e7e\u015fitli durumlarla vizenin al\u0131nma s\u00fcreci uzayabilir Bu nedenle seyahatiniz den bir ay \u00f6ncesinden vize i\u015flemlerine ba\u015flaman\u0131z \u00f6nerilen bir durumdur.<\/span><\/p>\r\n<h3><strong><span style=\"font-family: Roboto; font-size: 24px;\">Letonya Vize \u0130\u015flemleri Nas\u0131l Yap\u0131l\u0131r?<\/span><\/strong><\/h3>\r\n<p><span style=\"font-family: Roboto; font-size: 14px;\">K\u0131sa veya uzun s\u00fcreli olarak iki \u00e7e\u015fit olan <strong>Letonya Vize \u0130\u015flemleri Nas\u0131l Yap\u0131l\u0131r?<\/strong>\u00a0Sorusuna yan\u0131t bulabileceksiniz. <strong>Schengen vizeleri<\/strong> kapsam\u0131nda ba\u015fvurular\u0131n\u0131z\u0131 yapabilir ve C tipi k\u0131sa s\u00fcreli vizelerinizi alarak seyahat ama\u00e7lar\u0131n\u0131za uygun ad\u0131mlar\u0131 atabilirsiniz. Ayr\u0131ca uzun s\u00fcreli konaklaman\u0131z\u0131 gerektiren durumlarda ise D tipi <strong>ulusal vize<\/strong> ba\u015fvurular\u0131n\u0131 ger\u00e7ekle\u015ftirmeniz gerekmektedir. Gerekli evrak listesine ula\u015fabilmek i\u00e7in g\u00fcncel bilgileri aktaracak olan adresimizle ileti\u015fime ge\u00e7ebilirsiniz. Dan\u0131\u015fmanl\u0131k hizmetlerinden faydalanmak i\u00e7in bizleri araman\u0131z yeterli olacakt\u0131r. G\u00fcncel ve do\u011fru bilgileri almak istedi\u011finizde hayati \u00f6nem ta\u015f\u0131yan bu a\u015famalar\u0131 daha verimli bir \u015fekilde tamamlayabileceksiniz. Resmi yaz\u0131\u015fmalar\u0131n yap\u0131lmas\u0131 ve randevular\u0131n al\u0131nmas\u0131 i\u00e7in do\u011fru tercihlerde bulunabilece\u011finiz firmam\u0131z sayesinde \u015fartlar\u0131 \u00f6\u011frenebileceksiniz. T\u00fcrkiye Cumhuriyeti vatanda\u015fl\u0131\u011f\u0131na sahip olan ki\u015filerin, ba\u011flay\u0131c\u0131 sebepleri delilleri ile birlikte sunmalar\u0131 istenmektedir. Ayr\u0131ca maddi durumunuzun yeterli oldu\u011funu ve seyahat s\u00fcrecinde zorluk ya\u015famayaca\u011f\u0131n\u0131z\u0131 da beyan etmeniz gerekmektedir. <strong>T\u00fcrkiye Cumhuriyeti<\/strong> vatanda\u015fl\u0131\u011f\u0131na sahip olmayan ki\u015filerin ise <strong>oturum izni<\/strong>ni ve di\u011fer evraklar\u0131 sunmalar\u0131 gerekmektedir. Vize randevular\u0131n\u0131z\u0131n al\u0131nmas\u0131 ve evraklar\u0131n\u0131z\u0131n sunulmas\u0131 i\u00e7in titizlikle hareket edecek olan ekiplerimizi aramay\u0131 ihmal etmeyin.<\/span><\/p>\r\n<p><span style=\"font-family: Roboto; font-size: 14px;\"><span style=\"color: #2acec2;\"><strong><a style=\"color: #2acec2;\" href=\"https:\/\/www.myvize.com.tr\/letonya\/vize-islemleri\/letonya-aile-ziyareti-vizesi\/\" target=\"_blank\" rel=\"noopener\">Letonya Aile Ziyareti Vizesi<\/a><\/strong><\/span> ile ilgili bilgi almak i\u00e7in bizi aray\u0131n\u0131z.<\/span><\/p>\r\n<p><span style=\"font-family: Roboto;\"><\/span><\/p>","protected":false},"excerpt":{"rendered":"<p>Letonya Cumhuriyeti Avrupa\u2019n\u0131n kuzeyinde yer alan \u00fclkelerden biridir. Parlamenter demokrasi ile y\u00f6netilen \u00fclke d\u00fcnyan\u0131n bir\u00e7ok yerinden misafir a\u011f\u0131rl\u0131yor. T\u00fcrkiye\u2019den de Letonya gitmek isteyen ki\u015filer vize ba\u015fvurusu yaparak seyahatlerini ger\u00e7ekle\u015ftirebilirler. Letonya diplomatik, hizmet, hususi Pasaportun sahibi olan T\u00fcrk vatanda\u015flar\u0131ndan 6 ay i\u00e7erisinde tek bir seferlik olarak 90 g\u00fcne kadar vize muafiyeti sunuyor. Ancak umuma mahsus pasaport<\/p>\n","protected":false},"author":1,"featured_media":0,"parent":0,"menu_order":0,"comment_status":"open","ping_status":"closed","template":"","meta":{"footnotes":""},"class_list":["post-18","page","type-page","status-publish","hentry"],"yoast_head":"<!-- This site is optimized with the Yoast SEO plugin v24.0 - https:\/\/yoast.com\/wordpress\/plugins\/seo\/ -->\n<title>Letonya Vize \u0130\u015flemleri - Letonya Vize Ba\u015fvurusu - MyVize<\/title>\n<meta name=\"description\" content=\"Letonya Vize \u0130\u015flemleri Nelerdir? Letonya Vize \u0130\u015flemleri \u0130\u00e7in Hangi Evraklar Gereklidir? Bilgi \u0130\u00e7in Vize Uzmanlar\u0131m\u0131z\u0131 Aray\u0131n: 0850 346 84 93\" \/>\n<meta name=\"robots\" content=\"index, follow, max-snippet:-1, max-image-preview:large, max-video-preview:-1\" \/>\n<link rel=\"canonical\" href=\"https:\/\/www.myvize.com.tr\/letonya\/vize-islemleri\/\" \/>\n<meta property=\"og:locale\" content=\"tr_TR\" \/>\n<meta property=\"og:type\" content=\"article\" \/>\n<meta property=\"og:title\" content=\"Letonya Vize \u0130\u015flemleri - Letonya Vize Ba\u015fvurusu - MyVize\" \/>\n<meta property=\"og:description\" content=\"Letonya Vize \u0130\u015flemleri Nelerdir? Letonya Vize \u0130\u015flemleri \u0130\u00e7in Hangi Evraklar Gereklidir? Bilgi \u0130\u00e7in Vize Uzmanlar\u0131m\u0131z\u0131 Aray\u0131n: 0850 346 84 93\" \/>\n<meta property=\"og:url\" content=\"https:\/\/www.myvize.com.tr\/letonya\/vize-islemleri\/\" \/>\n<meta property=\"og:site_name\" content=\"Letonya Vizesi\" \/>\n<meta property=\"article:modified_time\" content=\"2022-04-21T09:37:49+00:00\" \/>\n<meta property=\"og:image\" content=\"https:\/\/www.myvize.com.tr\/letonya\/wp-content\/uploads\/2021\/10\/33.jpg\" \/>\n<meta name=\"twitter:card\" content=\"summary_large_image\" \/>\n<meta name=\"twitter:label1\" content=\"Tahmini okuma s\u00fcresi\" \/>\n\t<meta name=\"twitter:data1\" content=\"3 dakika\" \/>\n<script type=\"application\/ld+json\" class=\"yoast-schema-graph\">{\"@context\":\"https:\/\/schema.org\",\"@graph\":[{\"@type\":\"WebPage\",\"@id\":\"https:\/\/www.myvize.com.tr\/letonya\/vize-islemleri\/\",\"url\":\"https:\/\/www.myvize.com.tr\/letonya\/vize-islemleri\/\",\"name\":\"Letonya Vize \u0130\u015flemleri - Letonya Vize Ba\u015fvurusu - MyVize\",\"isPartOf\":{\"@id\":\"https:\/\/www.myvize.com.tr\/letonya\/#website\"},\"primaryImageOfPage\":{\"@id\":\"https:\/\/www.myvize.com.tr\/letonya\/vize-islemleri\/#primaryimage\"},\"image\":{\"@id\":\"https:\/\/www.myvize.com.tr\/letonya\/vize-islemleri\/#primaryimage\"},\"thumbnailUrl\":\"https:\/\/www.myvize.com.tr\/letonya\/wp-content\/uploads\/2021\/10\/33.jpg\",\"datePublished\":\"2020-11-30T05:50:13+00:00\",\"dateModified\":\"2022-04-21T09:37:49+00:00\",\"description\":\"Letonya Vize \u0130\u015flemleri Nelerdir? Letonya Vize \u0130\u015flemleri \u0130\u00e7in Hangi Evraklar Gereklidir? Bilgi \u0130\u00e7in Vize Uzmanlar\u0131m\u0131z\u0131 Aray\u0131n: 0850 346 84 93\",\"breadcrumb\":{\"@id\":\"https:\/\/www.myvize.com.tr\/letonya\/vize-islemleri\/#breadcrumb\"},\"inLanguage\":\"tr\",\"potentialAction\":[{\"@type\":\"ReadAction\",\"target\":[\"https:\/\/www.myvize.com.tr\/letonya\/vize-islemleri\/\"]}]},{\"@type\":\"ImageObject\",\"inLanguage\":\"tr\",\"@id\":\"https:\/\/www.myvize.com.tr\/letonya\/vize-islemleri\/#primaryimage\",\"url\":\"https:\/\/www.myvize.com.tr\/letonya\/wp-content\/uploads\/2021\/10\/33.jpg\",\"contentUrl\":\"https:\/\/www.myvize.com.tr\/letonya\/wp-content\/uploads\/2021\/10\/33.jpg\",\"width\":800,\"height\":500,\"caption\":\"Letonya Vize \u0130\u015flemleri\"},{\"@type\":\"BreadcrumbList\",\"@id\":\"https:\/\/www.myvize.com.tr\/letonya\/vize-islemleri\/#breadcrumb\",\"itemListElement\":[{\"@type\":\"ListItem\",\"position\":1,\"name\":\"Anasayfa\",\"item\":\"https:\/\/www.myvize.com.tr\/letonya\/\"},{\"@type\":\"ListItem\",\"position\":2,\"name\":\"V\u0130ZE \u0130\u015eLEMLER\u0130\"}]},{\"@type\":\"WebSite\",\"@id\":\"https:\/\/www.myvize.com.tr\/letonya\/#website\",\"url\":\"https:\/\/www.myvize.com.tr\/letonya\/\",\"name\":\"Letonya Vizesi\",\"description\":\"\",\"potentialAction\":[{\"@type\":\"SearchAction\",\"target\":{\"@type\":\"EntryPoint\",\"urlTemplate\":\"https:\/\/www.myvize.com.tr\/letonya\/?s={search_term_string}\"},\"query-input\":{\"@type\":\"PropertyValueSpecification\",\"valueRequired\":true,\"valueName\":\"search_term_string\"}}],\"inLanguage\":\"tr\"}]}<\/script>\n<!-- \/ Yoast SEO plugin. -->","yoast_head_json":{"title":"Letonya Vize \u0130\u015flemleri - Letonya Vize Ba\u015fvurusu - MyVize","description":"Letonya Vize \u0130\u015flemleri Nelerdir? Letonya Vize \u0130\u015flemleri \u0130\u00e7in Hangi Evraklar Gereklidir? Bilgi \u0130\u00e7in Vize Uzmanlar\u0131m\u0131z\u0131 Aray\u0131n: 0850 346 84 93","robots":{"index":"index","follow":"follow","max-snippet":"max-snippet:-1","max-image-preview":"max-image-preview:large","max-video-preview":"max-video-preview:-1"},"canonical":"https:\/\/www.myvize.com.tr\/letonya\/vize-islemleri\/","og_locale":"tr_TR","og_type":"article","og_title":"Letonya Vize \u0130\u015flemleri - Letonya Vize Ba\u015fvurusu - MyVize","og_description":"Letonya Vize \u0130\u015flemleri Nelerdir? Letonya Vize \u0130\u015flemleri \u0130\u00e7in Hangi Evraklar Gereklidir? Bilgi \u0130\u00e7in Vize Uzmanlar\u0131m\u0131z\u0131 Aray\u0131n: 0850 346 84 93","og_url":"https:\/\/www.myvize.com.tr\/letonya\/vize-islemleri\/","og_site_name":"Letonya Vizesi","article_modified_time":"2022-04-21T09:37:49+00:00","og_image":[{"url":"https:\/\/www.myvize.com.tr\/letonya\/wp-content\/uploads\/2021\/10\/33.jpg","type":"","width":"","height":""}],"twitter_card":"summary_large_image","twitter_misc":{"Tahmini okuma s\u00fcresi":"3 dakika"},"schema":{"@context":"https:\/\/schema.org","@graph":[{"@type":"WebPage","@id":"https:\/\/www.myvize.com.tr\/letonya\/vize-islemleri\/","url":"https:\/\/www.myvize.com.tr\/letonya\/vize-islemleri\/","name":"Letonya Vize \u0130\u015flemleri - Letonya Vize Ba\u015fvurusu - MyVize","isPartOf":{"@id":"https:\/\/www.myvize.com.tr\/letonya\/#website"},"primaryImageOfPage":{"@id":"https:\/\/www.myvize.com.tr\/letonya\/vize-islemleri\/#primaryimage"},"image":{"@id":"https:\/\/www.myvize.com.tr\/letonya\/vize-islemleri\/#primaryimage"},"thumbnailUrl":"https:\/\/www.myvize.com.tr\/letonya\/wp-content\/uploads\/2021\/10\/33.jpg","datePublished":"2020-11-30T05:50:13+00:00","dateModified":"2022-04-21T09:37:49+00:00","description":"Letonya Vize \u0130\u015flemleri Nelerdir? Letonya Vize \u0130\u015flemleri \u0130\u00e7in Hangi Evraklar Gereklidir? Bilgi \u0130\u00e7in Vize Uzmanlar\u0131m\u0131z\u0131 Aray\u0131n: 0850 346 84 93","breadcrumb":{"@id":"https:\/\/www.myvize.com.tr\/letonya\/vize-islemleri\/#breadcrumb"},"inLanguage":"tr","potentialAction":[{"@type":"ReadAction","target":["https:\/\/www.myvize.com.tr\/letonya\/vize-islemleri\/"]}]},{"@type":"ImageObject","inLanguage":"tr","@id":"https:\/\/www.myvize.com.tr\/letonya\/vize-islemleri\/#primaryimage","url":"https:\/\/www.myvize.com.tr\/letonya\/wp-content\/uploads\/2021\/10\/33.jpg","contentUrl":"https:\/\/www.myvize.com.tr\/letonya\/wp-content\/uploads\/2021\/10\/33.jpg","width":800,"height":500,"caption":"Letonya Vize \u0130\u015flemleri"},{"@type":"BreadcrumbList","@id":"https:\/\/www.myvize.com.tr\/letonya\/vize-islemleri\/#breadcrumb","itemListElement":[{"@type":"ListItem","position":1,"name":"Anasayfa","item":"https:\/\/www.myvize.com.tr\/letonya\/"},{"@type":"ListItem","position":2,"name":"V\u0130ZE \u0130\u015eLEMLER\u0130"}]},{"@type":"WebSite","@id":"https:\/\/www.myvize.com.tr\/letonya\/#website","url":"https:\/\/www.myvize.com.tr\/letonya\/","name":"Letonya Vizesi","description":"","potentialAction":[{"@type":"SearchAction","target":{"@type":"EntryPoint","urlTemplate":"https:\/\/www.myvize.com.tr\/letonya\/?s={search_term_string}"},"query-input":{"@type":"PropertyValueSpecification","valueRequired":true,"valueName":"search_term_string"}}],"inLanguage":"tr"}]}},"_links":{"self":[{"href":"https:\/\/www.myvize.com.tr\/letonya\/wp-json\/wp\/v2\/pages\/18","targetHints":{"allow":["GET"]}}],"collection":[{"href":"https:\/\/www.myvize.com.tr\/letonya\/wp-json\/wp\/v2\/pages"}],"about":[{"href":"https:\/\/www.myvize.com.tr\/letonya\/wp-json\/wp\/v2\/types\/page"}],"author":[{"embeddable":true,"href":"https:\/\/www.myvize.com.tr\/letonya\/wp-json\/wp\/v2\/users\/1"}],"replies":[{"embeddable":true,"href":"https:\/\/www.myvize.com.tr\/letonya\/wp-json\/wp\/v2\/comments?post=18"}],"version-history":[{"count":5,"href":"https:\/\/www.myvize.com.tr\/letonya\/wp-json\/wp\/v2\/pages\/18\/revisions"}],"predecessor-version":[{"id":759,"href":"https:\/\/www.myvize.com.tr\/letonya\/wp-json\/wp\/v2\/pages\/18\/revisions\/759"}],"wp:attachment":[{"href":"https:\/\/www.myvize.com.tr\/letonya\/wp-json\/wp\/v2\/media?parent=18"}],"curies":[{"name":"wp","href":"https:\/\/api.w.org\/{rel}","templated":true}]}}