{"id":196,"date":"2020-12-25T10:33:54","date_gmt":"2020-12-25T07:33:54","guid":{"rendered":"https:\/\/www.myvize.com.tr\/letonya\/?page_id=196"},"modified":"2022-08-05T15:10:15","modified_gmt":"2022-08-05T12:10:15","slug":"letonya-fotograf-olculeri","status":"publish","type":"page","link":"https:\/\/www.myvize.com.tr\/letonya\/form-ve-dilekce\/letonya-fotograf-olculeri\/","title":{"rendered":"Letonya Foto\u011fraf \u00d6l\u00e7\u00fcleri"},"content":{"rendered":"<h2><span style=\"font-family: Roboto; font-size: 27px;\">Letonya Vize Foto\u011fraf \u00d6l\u00e7\u00fcleri Hakk\u0131nda<\/span><\/h2>\n<p><span style=\"font-family: Roboto; font-size: 14px;\"><span style=\"color: #2acec2;\"><strong><a style=\"color: #2acec2;\" href=\"https:\/\/www.myvize.com.tr\/letonya\/vize-islemleri\/letonya-vizesi\/\" target=\"_blank\" rel=\"noopener\">Letonya vizesi<\/a><\/strong><\/span> i\u00e7in istenen foto\u011fraf biyometrik foto\u011fraft\u0131r. <strong>Letonya<\/strong> <strong>vizesi<\/strong> i\u00e7in istenen foto\u011fraflar\u0131n <strong>Letonya Konsoloslu\u011fu<\/strong> taraf\u0131ndan\u00a0istenen boyutlarda ve \u00f6zellikte olmas\u0131 gerekmektedir. Letonya vize ba\u015fvurusunda foto\u011fraflar\u0131n istenen \u00f6zellikte olmamas\u0131 durumunda <strong>Letonya vize ba\u015fvurusu<\/strong> reddedilir. Letonya vizesi alacak olan ki\u015filerin haz\u0131rlamas\u0131 gereken biyometrik foto\u011fraf\u0131n \u00f6zellikleri \u015fu \u015fekildedir;<\/span><\/p>\n<ul>\n<li><span style=\"font-family: Roboto; font-size: 14px;\">Letonya vize foto\u011fraf 6 ay i\u00e7erisinde \u00e7ekilmelidir.<\/span><\/li>\n<li><span style=\"font-family: Roboto; font-size: 14px;\">Letonya vizesi i\u00e7in 2 adet foto\u011fraf bulundurmal\u0131s\u0131n\u0131z.<\/span><\/li>\n<li><span style=\"font-family: Roboto; font-size: 14px;\"><strong>Letonya vize foto\u011fraf\u0131<\/strong> renkli olmal\u0131d\u0131r.<\/span><\/li>\n<li><span style=\"font-family: Roboto; font-size: 14px;\">Kafa y\u00fcksekli\u011fi en fazla 36, en az 32 mm boyutunda olmal\u0131d\u0131r.<\/span><\/li>\n<li><span style=\"font-family: Roboto; font-size: 14px;\">Foto\u011fraf \u00e7ok parlak bir \u015fekilde olmamal\u0131d\u0131r. Foto\u011fraf \u00fczerinde dijital oynama yap\u0131lmamal\u0131d\u0131r.<\/span><\/li>\n<li><span style=\"font-family: Roboto; font-size: 14px;\"><strong>Letonya vize ba\u015fvurusu<\/strong> i\u00e7in\u00a0foto\u011fraf\u0131n \u00f6l\u00e7\u00fcs\u00fc 45X35 mm boyutunda olmas\u0131 gerekmektedir.<\/span><\/li>\n<li><span style=\"font-family: Roboto; font-size: 14px;\">Foto\u011frafta kafa boyutu, foto\u011fraf\u0131n tamam\u0131n\u0131n\u00a0en az y\u00fczde 70\u2019ini kaplamal\u0131, en fazla ise y\u00fczde 80\u2019inini kaplamal\u0131d\u0131r.<\/span><\/li>\n<li><span style=\"font-family: Roboto; font-size: 14px;\">Foto\u011fraf \u00e7ekilirken g\u00f6zl\u00fck ve ba\u015f\u00f6rt\u00fcs\u00fc tak\u0131lmas\u0131nda sorun yoktur. Ancak y\u00fcz\u00fcn tan\u0131nmas\u0131n\u0131 engellememelidir.<\/span><\/li>\n<li><span style=\"font-family: Roboto; font-size: 14px;\">Foto\u011fraf\u0131n arka fonu tek renk beyaz ya da gri olmal\u0131d\u0131r.<\/span><\/li>\n<li><span style=\"font-family: Roboto; font-size: 14px;\"><strong>Letonya vize ba\u015fvurusu<\/strong> yapacak olan ki\u015filer do\u011frudan kameraya bak\u0131yor olmal\u0131d\u0131r.<\/span><\/li>\n<li><span style=\"font-family: Roboto; font-size: 14px;\">Foto\u011fraf \u00e7ekecek olan ki\u015filer normal y\u00fcz ifadesi ile olmal\u0131d\u0131r. Foto\u011fraf \u00e7ekilen ki\u015fi g\u00fclmemelidir.<\/span><\/li>\n<li><span style=\"font-family: Roboto; font-size: 14px;\">Foto\u011fraf \u00e7ekilen ki\u015filerin y\u00fcz\u00fcn\u00fcn tam olarak g\u00f6r\u00fcnmelidir.\u00a0Y\u00fcz\u00fcn tan\u0131nmas\u0131n\u0131 engelleyecek aksesuar tak\u0131lmamal\u0131d\u0131r.<\/span><\/li>\n<\/ul>\n<p><span style=\"font-family: Roboto; font-size: 14px;\"><span style=\"color: #2acec2;\"><strong><a style=\"color: #2acec2;\" href=\"https:\/\/www.myvize.com.tr\/letonya\/letonya-vize-ucreti\/\" target=\"_blank\" rel=\"noopener\">Letonya Vize \u00dccreti<\/a><\/strong><\/span> ile ilgili bilgi almak i\u00e7in bizi aray\u0131n\u0131z.<\/span><\/p>\n<h2><strong><span style=\"font-family: Roboto; font-size: 27px;\">Letonya Vizesi \u0130\u00e7in Foto\u011fraf Gerekli mi?<\/span><\/strong><\/h2>\n<p><span style=\"font-family: Roboto; font-size: 14px;\"><strong>Letonya seyahati yapmak<\/strong> isteyen ki\u015filerden vize almas\u0131 gerekenler ve vizeye muaf olmayanlar vard\u0131r. Vize almas\u0131 gereken ki\u015filerin vize ba\u015fvurular\u0131n\u0131 yaparken gerekli baz\u0131 belgelere ihtiya\u00e7lar\u0131 vard\u0131r. Bu belgelerden biri de biyometrik foto\u011fraft\u0131r. Vize ba\u015fvurusunda istenilen foto\u011fraf ki\u015finin bir sembol\u00fc niteli\u011findedir ve foto\u011fraf olmadan yap\u0131lan ba\u015fvurular ge\u00e7ersizdir. <strong>Letonya vizesi foto\u011fraf\u0131<\/strong> Letonya Konsoloslu\u011fu taraf\u0131ndan istenilen \u00f6zelliklerde olmas\u0131 gerekmektedir. Belirtilen \u00f6zelliklerdeki foto\u011fraf ba\u015fvuru i\u00e7in sorun te\u015fkil eder. Letonya vizesi i\u00e7in vermeniz gereken biyometrik foto\u011fraf 2 adet olmal\u0131d\u0131r. Letonya seyahati yapmak i\u00e7in vize ba\u015fvurusu yapan ki\u015filerin \u00f6ncelikle hangi ama\u00e7la gittiklerine dair bilgi vermeliler ve ona g\u00f6re vize ba\u015fvuru i\u015flemleri ba\u015flat\u0131lmal\u0131d\u0131r. Vize karar\u0131 verildikten sonra yap\u0131lacak vizenin ba\u015fvurusu i\u00e7in gerekli belgelerin haz\u0131rlanmas\u0131 gerekir. Bu belgelerden \u00f6nem niteli\u011fi y\u00fcksek olanlardan biri pasaporttur. Pasaport olmadan ba\u015fvuru yap\u0131lamaz. Pasaport kadar \u00f6nem ta\u015f\u0131masa da olmadan ba\u015fvuru yap\u0131lmayan cisim vize foto\u011fraf\u0131d\u0131r. Vize foto\u011fraf\u0131 ba\u015fvuru i\u00e7in gerekli bir belgedir. Foto\u011fraf belgesi olmadan ba\u015fvuru ger\u00e7ekle\u015fmez. Dedi\u011fimiz \u00fczere foto\u011fraf\u0131n \u00f6zellikleri bulunmaktad\u0131r. Alacak oldu\u011funuz vize de\u011fi\u015fti\u011fi takdirde foto\u011fraf \u00f6zellikleri de\u011fi\u015fmez \u00e7\u00fcnk\u00fc b\u00fct\u00fcn vizeler Letonya vizesi ba\u015fl\u0131\u011f\u0131 alt\u0131ndad\u0131r.<\/span><\/p>\n<h2><strong><span style=\"font-family: Roboto; font-size: 27px;\">Letonya Foto\u011fraf \u00d6l\u00e7\u00fc \u00d6zellikleri<\/span><\/strong><\/h2>\n<p><span style=\"font-family: Roboto; font-size: 14px;\"><strong>Letonya\u2019 ya gitmek<\/strong> isteyen ki\u015filerin vize alma zorunlulu\u011fu varsa e\u011fer vize ba\u015fvurusu yaparken gerekli belgeleri getirmek zorundad\u0131rlar. Bu belgelerden olmazsa olmaz olan\u0131 vize foto\u011fraf\u0131d\u0131r. Vize foto\u011fraf\u0131 \u00e7ektirilirken belirli \u00f6zellikler g\u00f6z \u00f6n\u00fcnde bulundurularak \u00e7ektirilmelidir. Yoksa ba\u015fvurunu kabul olmayabilir. Foto\u011fraf\u0131n \u00f6l\u00e7\u00fc ve \u00f6zellikleri \u015funlard\u0131r; vize ba\u015fvurusu i\u00e7in kullanaca\u011f\u0131n\u0131z foto\u011fraf en ge\u00e7 6 ay i\u00e7inde \u00e7ekilmi\u015f olmal\u0131d\u0131r. Foto\u011fraf i\u00e7indeki ki\u015finin kafa y\u00fcksekli\u011fi 36 mm ile 32 mm y\u00fcksekli\u011fi aral\u0131\u011f\u0131nda olmal\u0131d\u0131r 36 ve 32 d3ahildir. Foto\u011fraf\u0131n \u00f6l\u00e7\u00fcs\u00fc ise eni <strong>35 mm boyu 45 mm<\/strong> olacak \u015fekilde olmal\u0131d\u0131r. Foto\u011fraf\u0131n kafa boyutu en az y\u00fczde 70\u2019lik bir kaplama alan\u0131na sahip olmal\u0131d\u0131r. Ba\u015f\u00f6rt\u00fc kullanan ki\u015filerin y\u00fczlerini kaplamayacak \u015fekilde foto\u011fraf\u0131 \u00e7ektirmelidir. Foto\u011fraf arka plan\u0131 mutlaka beyaz veya gri renkli olmal\u0131d\u0131r. Arka planda hi\u00e7bir desen bulunmamal\u0131d\u0131r. Arka plana ki\u015finin g\u00f6lgesi de d\u00fc\u015fmemelidir. Ki\u015filer do\u011frudan kameraya bakarak \u00e7ektirmelidir foto\u011fraflar\u0131n\u0131. Foto\u011fraf \u00e7ekimi s\u0131ras\u0131nda g\u00f6zlerin parlamamas\u0131 gerekmektedir. Foto\u011frafta ki\u015fi mimiklerini kullanmamal\u0131d\u0131r. N\u00f6tr bir y\u00fcz ifadesiyle poz vermelidir. B\u00fct\u00fcn bu gereksinimleri kar\u015f\u0131layan foto\u011fraflar ba\u015fvuruda kullan\u0131labilir.<\/span><\/p>\n<h2><strong><span style=\"font-family: Roboto; font-size: 27px;\">Letonya Pasaport ve Vize Foto\u011fraf\u0131 Ayn\u0131 Olur mu?<\/span><\/strong><\/h2>\n<p><span style=\"font-family: Roboto; font-size: 14px;\"><strong>Letonya seyahati<\/strong> planlayan ki\u015filer vizeli seyyah ve vizesiz olmak \u00fczere ikiye ayr\u0131l\u0131r. Vizesiz seyyahlar vizeden muaf olarak vizesiz bir \u015fekilde seyahat edebilirler. Vize almadan seyahat etmelerinin sebebi ise sahip olduklar\u0131 pasaport t\u00fcrleridir. Umuma mahsus pasaporta sahip ki\u015filer vize almaya mahk\u00fbmdur. Vize almak i\u00e7in yetkili \u015fubelerden ba\u015fvuru randevusu al\u0131n\u0131r ve ba\u015fvuru yap\u0131lmak \u00fczere gerekli evrak ve belgeler haz\u0131rlan\u0131r. B\u00fct\u00fcn belgeler randevu yerine tarihi ve zaman\u0131nda yeti\u015ftirilmelidir. Haz\u0131rlanan belgelerin i\u00e7inde vize foto\u011fraf\u0131 ve pasaport bulunmaktad\u0131r. Vize foto\u011fraf\u0131n\u0131n nas\u0131l olmas\u0131 gerekti\u011fi hakk\u0131nda i\u00e7eri\u011fimizin \u00f6nceki k\u0131s\u0131mlar\u0131nda bahsetmi\u015ftik. Pasaportumuzun da ba\u015fvuru i\u00e7in ge\u00e7erli olmas\u0131 i\u00e7in bir tak\u0131m \u00f6zelliklere sahip olmal\u0131d\u0131r. \u00a0Bu \u00f6zellikler, son 10 y\u0131l i\u00e7inde \u00e7\u0131kart\u0131lm\u0131\u015f bir pasaport olmas\u0131, en az 6 ay daha kullan\u0131labilirli\u011finin olmas\u0131 ve en az 2 sayfas\u0131n\u0131n bo\u015f olmas\u0131d\u0131r. Bunlarla birlikte pasaportunuzun bir tane pasaport resminin olmas\u0131 gerekmektedir. Pasaport foto\u011fraf\u0131n\u0131z\u0131n nitelikleri vize foto\u011fraf\u0131yla ayn\u0131 olmaktad\u0131r. Boyutlar\u0131na da gelecek olursak 35 mm 45 mm olacak \u015fekilde yine vize foto\u011fraf\u0131yla ayn\u0131 boyutlara sahip olmaktad\u0131r. \u00d6zelliklerini ayn\u0131 olmas\u0131 birbirlerinin yerlerine kullan\u0131labilir olduklar\u0131n\u0131 da g\u00f6stermektedir.<\/span><\/p>\n","protected":false},"excerpt":{"rendered":"<p>Letonya Vize Foto\u011fraf \u00d6l\u00e7\u00fcleri Hakk\u0131nda Letonya vizesi i\u00e7in istenen foto\u011fraf biyometrik foto\u011fraft\u0131r. Letonya vizesi i\u00e7in istenen foto\u011fraflar\u0131n Letonya Konsoloslu\u011fu taraf\u0131ndan\u00a0istenen boyutlarda ve \u00f6zellikte olmas\u0131 gerekmektedir. Letonya vize ba\u015fvurusunda foto\u011fraflar\u0131n istenen \u00f6zellikte olmamas\u0131 durumunda Letonya vize ba\u015fvurusu reddedilir. Letonya vizesi alacak olan ki\u015filerin haz\u0131rlamas\u0131 gereken biyometrik foto\u011fraf\u0131n \u00f6zellikleri \u015fu \u015fekildedir; Letonya vize foto\u011fraf 6 ay i\u00e7erisinde<\/p>\n","protected":false},"author":1,"featured_media":0,"parent":171,"menu_order":0,"comment_status":"open","ping_status":"closed","template":"","meta":{"footnotes":""},"class_list":["post-196","page","type-page","status-publish","hentry"],"yoast_head":"<!-- This site is optimized with the Yoast SEO plugin v24.0 - https:\/\/yoast.com\/wordpress\/plugins\/seo\/ -->\n<title>Letonya Foto\u011fraf \u00d6l\u00e7\u00fcleri - Letonya Vizesi - MyVize<\/title>\n<meta name=\"description\" content=\"Letonya Foto\u011fraf \u00d6l\u00e7\u00fcleri nas\u0131ld\u0131r? Letonya Foto\u011fraf \u00d6l\u00e7\u00fc \u00f6zellikleri nelerdir? Bilgi \u0130\u00e7in Vize Uzmanlar\u0131m\u0131z\u0131 Aray\u0131n: 0850 346 84 93\" \/>\n<meta name=\"robots\" content=\"index, follow, max-snippet:-1, max-image-preview:large, max-video-preview:-1\" \/>\n<link rel=\"canonical\" href=\"https:\/\/www.myvize.com.tr\/letonya\/form-ve-dilekce\/letonya-fotograf-olculeri\/\" \/>\n<meta property=\"og:locale\" content=\"tr_TR\" \/>\n<meta property=\"og:type\" content=\"article\" \/>\n<meta property=\"og:title\" content=\"Letonya Foto\u011fraf \u00d6l\u00e7\u00fcleri - Letonya Vizesi - MyVize\" \/>\n<meta property=\"og:description\" content=\"Letonya Foto\u011fraf \u00d6l\u00e7\u00fcleri nas\u0131ld\u0131r? Letonya Foto\u011fraf \u00d6l\u00e7\u00fc \u00f6zellikleri nelerdir? Bilgi \u0130\u00e7in Vize Uzmanlar\u0131m\u0131z\u0131 Aray\u0131n: 0850 346 84 93\" \/>\n<meta property=\"og:url\" content=\"https:\/\/www.myvize.com.tr\/letonya\/form-ve-dilekce\/letonya-fotograf-olculeri\/\" \/>\n<meta property=\"og:site_name\" content=\"Letonya Vizesi\" \/>\n<meta property=\"article:modified_time\" content=\"2022-08-05T12:10:15+00:00\" \/>\n<meta name=\"twitter:card\" content=\"summary_large_image\" \/>\n<meta name=\"twitter:label1\" content=\"Tahmini okuma s\u00fcresi\" \/>\n\t<meta name=\"twitter:data1\" content=\"5 dakika\" \/>\n<script type=\"application\/ld+json\" class=\"yoast-schema-graph\">{\"@context\":\"https:\/\/schema.org\",\"@graph\":[{\"@type\":\"WebPage\",\"@id\":\"https:\/\/www.myvize.com.tr\/letonya\/form-ve-dilekce\/letonya-fotograf-olculeri\/\",\"url\":\"https:\/\/www.myvize.com.tr\/letonya\/form-ve-dilekce\/letonya-fotograf-olculeri\/\",\"name\":\"Letonya Foto\u011fraf \u00d6l\u00e7\u00fcleri - Letonya Vizesi - MyVize\",\"isPartOf\":{\"@id\":\"https:\/\/www.myvize.com.tr\/letonya\/#website\"},\"datePublished\":\"2020-12-25T07:33:54+00:00\",\"dateModified\":\"2022-08-05T12:10:15+00:00\",\"description\":\"Letonya Foto\u011fraf \u00d6l\u00e7\u00fcleri nas\u0131ld\u0131r? Letonya Foto\u011fraf \u00d6l\u00e7\u00fc \u00f6zellikleri nelerdir? Bilgi \u0130\u00e7in Vize Uzmanlar\u0131m\u0131z\u0131 Aray\u0131n: 0850 346 84 93\",\"breadcrumb\":{\"@id\":\"https:\/\/www.myvize.com.tr\/letonya\/form-ve-dilekce\/letonya-fotograf-olculeri\/#breadcrumb\"},\"inLanguage\":\"tr\",\"potentialAction\":[{\"@type\":\"ReadAction\",\"target\":[\"https:\/\/www.myvize.com.tr\/letonya\/form-ve-dilekce\/letonya-fotograf-olculeri\/\"]}]},{\"@type\":\"BreadcrumbList\",\"@id\":\"https:\/\/www.myvize.com.tr\/letonya\/form-ve-dilekce\/letonya-fotograf-olculeri\/#breadcrumb\",\"itemListElement\":[{\"@type\":\"ListItem\",\"position\":1,\"name\":\"Anasayfa\",\"item\":\"https:\/\/www.myvize.com.tr\/letonya\/\"},{\"@type\":\"ListItem\",\"position\":2,\"name\":\"FORM VE D\u0130LEK\u00c7E\",\"item\":\"https:\/\/www.myvize.com.tr\/letonya\/form-ve-dilekce\/\"},{\"@type\":\"ListItem\",\"position\":3,\"name\":\"Letonya Foto\u011fraf \u00d6l\u00e7\u00fcleri\"}]},{\"@type\":\"WebSite\",\"@id\":\"https:\/\/www.myvize.com.tr\/letonya\/#website\",\"url\":\"https:\/\/www.myvize.com.tr\/letonya\/\",\"name\":\"Letonya Vizesi\",\"description\":\"\",\"potentialAction\":[{\"@type\":\"SearchAction\",\"target\":{\"@type\":\"EntryPoint\",\"urlTemplate\":\"https:\/\/www.myvize.com.tr\/letonya\/?s={search_term_string}\"},\"query-input\":{\"@type\":\"PropertyValueSpecification\",\"valueRequired\":true,\"valueName\":\"search_term_string\"}}],\"inLanguage\":\"tr\"}]}<\/script>\n<!-- \/ Yoast SEO plugin. -->","yoast_head_json":{"title":"Letonya Foto\u011fraf \u00d6l\u00e7\u00fcleri - Letonya Vizesi - MyVize","description":"Letonya Foto\u011fraf \u00d6l\u00e7\u00fcleri nas\u0131ld\u0131r? Letonya Foto\u011fraf \u00d6l\u00e7\u00fc \u00f6zellikleri nelerdir? Bilgi \u0130\u00e7in Vize Uzmanlar\u0131m\u0131z\u0131 Aray\u0131n: 0850 346 84 93","robots":{"index":"index","follow":"follow","max-snippet":"max-snippet:-1","max-image-preview":"max-image-preview:large","max-video-preview":"max-video-preview:-1"},"canonical":"https:\/\/www.myvize.com.tr\/letonya\/form-ve-dilekce\/letonya-fotograf-olculeri\/","og_locale":"tr_TR","og_type":"article","og_title":"Letonya Foto\u011fraf \u00d6l\u00e7\u00fcleri - Letonya Vizesi - MyVize","og_description":"Letonya Foto\u011fraf \u00d6l\u00e7\u00fcleri nas\u0131ld\u0131r? Letonya Foto\u011fraf \u00d6l\u00e7\u00fc \u00f6zellikleri nelerdir? Bilgi \u0130\u00e7in Vize Uzmanlar\u0131m\u0131z\u0131 Aray\u0131n: 0850 346 84 93","og_url":"https:\/\/www.myvize.com.tr\/letonya\/form-ve-dilekce\/letonya-fotograf-olculeri\/","og_site_name":"Letonya Vizesi","article_modified_time":"2022-08-05T12:10:15+00:00","twitter_card":"summary_large_image","twitter_misc":{"Tahmini okuma s\u00fcresi":"5 dakika"},"schema":{"@context":"https:\/\/schema.org","@graph":[{"@type":"WebPage","@id":"https:\/\/www.myvize.com.tr\/letonya\/form-ve-dilekce\/letonya-fotograf-olculeri\/","url":"https:\/\/www.myvize.com.tr\/letonya\/form-ve-dilekce\/letonya-fotograf-olculeri\/","name":"Letonya Foto\u011fraf \u00d6l\u00e7\u00fcleri - Letonya Vizesi - MyVize","isPartOf":{"@id":"https:\/\/www.myvize.com.tr\/letonya\/#website"},"datePublished":"2020-12-25T07:33:54+00:00","dateModified":"2022-08-05T12:10:15+00:00","description":"Letonya Foto\u011fraf \u00d6l\u00e7\u00fcleri nas\u0131ld\u0131r? Letonya Foto\u011fraf \u00d6l\u00e7\u00fc \u00f6zellikleri nelerdir? Bilgi \u0130\u00e7in Vize Uzmanlar\u0131m\u0131z\u0131 Aray\u0131n: 0850 346 84 93","breadcrumb":{"@id":"https:\/\/www.myvize.com.tr\/letonya\/form-ve-dilekce\/letonya-fotograf-olculeri\/#breadcrumb"},"inLanguage":"tr","potentialAction":[{"@type":"ReadAction","target":["https:\/\/www.myvize.com.tr\/letonya\/form-ve-dilekce\/letonya-fotograf-olculeri\/"]}]},{"@type":"BreadcrumbList","@id":"https:\/\/www.myvize.com.tr\/letonya\/form-ve-dilekce\/letonya-fotograf-olculeri\/#breadcrumb","itemListElement":[{"@type":"ListItem","position":1,"name":"Anasayfa","item":"https:\/\/www.myvize.com.tr\/letonya\/"},{"@type":"ListItem","position":2,"name":"FORM VE D\u0130LEK\u00c7E","item":"https:\/\/www.myvize.com.tr\/letonya\/form-ve-dilekce\/"},{"@type":"ListItem","position":3,"name":"Letonya Foto\u011fraf \u00d6l\u00e7\u00fcleri"}]},{"@type":"WebSite","@id":"https:\/\/www.myvize.com.tr\/letonya\/#website","url":"https:\/\/www.myvize.com.tr\/letonya\/","name":"Letonya Vizesi","description":"","potentialAction":[{"@type":"SearchAction","target":{"@type":"EntryPoint","urlTemplate":"https:\/\/www.myvize.com.tr\/letonya\/?s={search_term_string}"},"query-input":{"@type":"PropertyValueSpecification","valueRequired":true,"valueName":"search_term_string"}}],"inLanguage":"tr"}]}},"_links":{"self":[{"href":"https:\/\/www.myvize.com.tr\/letonya\/wp-json\/wp\/v2\/pages\/196","targetHints":{"allow":["GET"]}}],"collection":[{"href":"https:\/\/www.myvize.com.tr\/letonya\/wp-json\/wp\/v2\/pages"}],"about":[{"href":"https:\/\/www.myvize.com.tr\/letonya\/wp-json\/wp\/v2\/types\/page"}],"author":[{"embeddable":true,"href":"https:\/\/www.myvize.com.tr\/letonya\/wp-json\/wp\/v2\/users\/1"}],"replies":[{"embeddable":true,"href":"https:\/\/www.myvize.com.tr\/letonya\/wp-json\/wp\/v2\/comments?post=196"}],"version-history":[{"count":5,"href":"https:\/\/www.myvize.com.tr\/letonya\/wp-json\/wp\/v2\/pages\/196\/revisions"}],"predecessor-version":[{"id":805,"href":"https:\/\/www.myvize.com.tr\/letonya\/wp-json\/wp\/v2\/pages\/196\/revisions\/805"}],"up":[{"embeddable":true,"href":"https:\/\/www.myvize.com.tr\/letonya\/wp-json\/wp\/v2\/pages\/171"}],"wp:attachment":[{"href":"https:\/\/www.myvize.com.tr\/letonya\/wp-json\/wp\/v2\/media?parent=196"}],"curies":[{"name":"wp","href":"https:\/\/api.w.org\/{rel}","templated":true}]}}