{"id":37,"date":"2021-06-26T12:00:00","date_gmt":"2021-06-26T09:00:00","guid":{"rendered":"https:\/\/www.myvize.com.tr\/letonya\/?page_id=37"},"modified":"2022-04-21T12:41:15","modified_gmt":"2022-04-21T09:41:15","slug":"letonya-aile-birlesimi-vizesi","status":"publish","type":"page","link":"https:\/\/www.myvize.com.tr\/letonya\/vize-islemleri\/letonya-aile-birlesimi-vizesi\/","title":{"rendered":"Letonya Aile Birle\u015fimi Vizesi"},"content":{"rendered":"<p><span style=\"font-family: Roboto;\"><\/span><\/p>\r\n<p><span style=\"font-family: Roboto; font-size: 14px;\"><strong>Letonya aile birle\u015fimi\u00a0vizesi<\/strong> alarak ki\u015filer Letonya\u2019da ya\u015fayan aile \u00fcyeleri ile birlikte ya\u015famaya ba\u015flayabilir. Bu s\u00fcre\u00e7te ki\u015filerin vize i\u015flemleri s\u0131ras\u0131nda belgelerinin tam olmas\u0131 son derece \u00f6nemlidir. Bu s\u00fcre\u00e7te her iki taraf\u0131n da haz\u0131rlamak zorunda oldu\u011fu belgeler bulunmaktad\u0131r. G\u00fcncel ve eksik olmayan bir vize dosyas\u0131 teslimi ile birlikte vizenizi rahat bir \u015fekilde alabilirsiniz.<\/span><\/p>\r\n<p><span style=\"font-family: Roboto; font-size: 14px;\">\r\n\r\n<\/span><\/p>\r\n<p><span style=\"font-family: Roboto; font-size: 14px;\">Letonya\u2019da belli bir s\u00fcre de olsa ya\u015fama hakk\u0131 veren bu izin sayesinde ki\u015filer son derece keyifli zaman ge\u00e7irebilme \u015fans\u0131 bulabilmektedir. <strong>Aile birle\u015fim vizesi<\/strong> alacak olan ki\u015filerin finansal durumlar\u0131n\u0131 g\u00f6steren belgeleri, meslek belgelerini, daha \u00f6nce evlenme bo\u015fanma ya\u015fam\u0131\u015flarsa bu i\u015flemlerin evraklar\u0131n\u0131 vize dosyas\u0131nda sunmal\u0131d\u0131rlar.<\/span><\/p>\r\n<p><span style=\"font-family: Roboto; font-size: 14px;\">\r\n\r\n<\/span><\/p>\r\n<p><img decoding=\"async\" src=\"https:\/\/www.myvize.com.tr\/letonya\/wp-content\/uploads\/2021\/10\/36.jpg\" \/><\/p>\r\n<h2><span style=\"font-family: Roboto; font-size: 27px;\"><b>Letonya Aile Birle\u015fimi Vizesi Hakk\u0131nda<\/b><\/span><\/h2>\r\n<p><span style=\"font-family: Roboto; font-size: 14px;\"><strong>Letonya aile birle\u015fimi<\/strong>, bir vize t\u00fcr\u00fc olup e\u015flerin tek bir ikamete kavu\u015fmalar\u0131n\u0131 sa\u011flamaktad\u0131r. T\u00fcrkiye Cumhuriyeti vatanda\u015f\u0131 olup, Letonya \u00fclkesinde ikamet etmekte olan e\u015fin yan\u0131na yerle\u015fme niyetiyle yap\u0131lan ve ba\u015fvurulan bir vize t\u00fcr\u00fcd\u00fcr. Evlilik haricinde uzun zamand\u0131r Letonya \u00fclkesinde ikamet eden birisi ile evlenme niyetinde de ba\u015fvurulabilen ve al\u0131nabilen bir vizedir.<\/span><\/p>\r\n<p><span style=\"font-family: Roboto; font-size: 14px;\">Ba\u015fvuran ki\u015finin veya ki\u015filerin \u00e7ocuklar\u0131n\u0131n olmas\u0131 durumunda ise, \u00e7ocuklar\u0131 yan\u0131na alabilmek isteyen ki\u015filerin veya ebeveynlerin de ba\u015fvurabilece\u011fi bir vizedir\u00a0<strong>Letonya Aile Birle\u015fimi Vizesi<\/strong>. Bu nedenle etrafl\u0131ca ara\u015ft\u0131r\u0131p eksiksiz belge sunulmas\u0131 gereken bir vize t\u00fcr\u00fcd\u00fcr. \u00a0<\/span><\/p>\r\n<p><span style=\"font-family: Roboto; font-size: 14px;\">Letonya \u00fclkeye giri\u015f \u00e7\u0131k\u0131\u015flar i\u00e7in vize ve pasaport zorunlulu\u011funu uygulamaktad\u0131r. D tipi 180 g\u00fcnl\u00fck vize veya C tipi 90 g\u00fcnl\u00fck vize i\u015flemleri yap\u0131labilmektedir. Ancak <strong>aile birle\u015fimi vizesi<\/strong> olduk\u00e7a farkl\u0131 bir t\u00fcrd\u00fcr.<\/span><\/p>\r\n<p><span style=\"font-family: Roboto; font-size: 14px;\"><strong>Letonya aile birle\u015fimi vizesi<\/strong> i\u00e7in gerekli olan <span style=\"color: #2acec2;\"><strong><a style=\"color: #2acec2;\" href=\"https:\/\/www.myvize.com.tr\/letonya\/vize-islemleri\/letonya-vize-basvuru-formu\/\" target=\"_blank\" rel=\"noopener\">Letonya vize ba\u015fvuru formu<\/a><\/strong><\/span> \u0130ngilizce olarak doldurulabilir ve \u0131slak imzal\u0131 ile onaylanmas\u0131 gerekmektedir. Formda beyan edilen bilgilerin ve gerekli belgelerin eksiksiz ve do\u011fru olmas\u0131 gerekmektedir.<strong> Aile birle\u015fim vizesi<\/strong> i\u00e7in ise baz\u0131 belgeler gereklidir. Bu belgelerin ise ba\u015fvuruda eksiksiz ve tutarl\u0131 olmas\u0131 gerekmektedir.<\/span><\/p>\r\n<h2><strong><span style=\"font-family: Roboto; font-size: 27px;\">Letonya Aile Birle\u015fimi Vizesi Nas\u0131l Al\u0131n\u0131r?<\/span><\/strong><\/h2>\r\n<p><span style=\"font-family: Roboto; font-size: 14px;\">\u00c7e\u015fitli sebeplerle 90 g\u00fcnden fazla kalmak isteyen ki\u015filerin ba\u015fvurular\u0131nda dikkat edilecek baz\u0131 hususlar bulunmaktad\u0131r. Uzun s\u00fcreli kalman\u0131z\u0131 gerektirecek gerek\u00e7eler aras\u0131nda aile birle\u015fimi talepleri bulunmaktad\u0131r. B\u00fcy\u00fckel\u00e7ilik veya konsolosluk arac\u0131l\u0131\u011f\u0131yla de\u011ferlendirilecek olan ba\u015fvurular\u0131 yaparken nelere dikkat etmeniz gerekti\u011fini bizlerden \u00f6\u011frenebilirsiniz.\u00a0<strong>Letonya Aile Birle\u015fimi Vizesi Nas\u0131l Al\u0131n\u0131r?<\/strong> Sorusuna yan\u0131t verecek olan deneyimli ekiplerimizin deste\u011fini hissedeceksiniz. Parmak izi ibraz\u0131 ve biyometrik veriler i\u00e7in \u015fahsen ba\u015fvurman\u0131z gerekti\u011fini unutmamal\u0131s\u0131n\u0131z. Pasaportlar\u0131n\u0131z\u0131n ge\u00e7erlili\u011fini korumas\u0131 ve di\u011fer evraklar\u0131n da g\u00fcncel olarak haz\u0131rlanmas\u0131 sayesinde problemle kar\u015f\u0131la\u015fmayacaks\u0131n\u0131z. Maddi durumlar\u0131n\u0131z\u0131n yeterli olmas\u0131 veya sponsorlar\u0131n\u0131za ait belgelerin ilave edilmesi sayesinde pratik ad\u0131mlar\u0131 atabileceksiniz. Re\u015fit olmayan 18 ya\u015f\u0131n\u0131n alt\u0131ndaki bireylerin ba\u015fvurular\u0131nda yasal vasilerin belgeleri bulunmal\u0131d\u0131r. Konsolosluk \/ b\u00fcy\u00fckel\u00e7ilik mercileri belgelerdeki problemler ve sorunlar kar\u015f\u0131s\u0131nda ek g\u00f6r\u00fc\u015fme talep edebilir veya m\u00fclakata \u00e7a\u011f\u0131rabilir. Bu tutars\u0131zl\u0131klar\u0131n giderilmesi i\u00e7in en ba\u015f\u0131ndan itibaren yan\u0131n\u0131zda olan ekiplerimizin deste\u011fini almay\u0131 ihmal etmeyin. Ba\u015fvuru esnas\u0131nda hi\u00e7bir s\u0131k\u0131nt\u0131yla kar\u015f\u0131la\u015fmamak ad\u0131na dan\u0131\u015fmanl\u0131k hizmetlerini alman\u0131z\u0131 \u00f6neriyoruz. Bu sayede haz\u0131rlayaca\u011f\u0131n\u0131z evraklar\u0131n prosed\u00fcrlere uygun olmas\u0131, yeniden masraf yapman\u0131z\u0131n da \u00f6n\u00fcne ge\u00e7ecektir.<\/span><\/p>\r\n<p><span style=\"font-family: Roboto; font-size: 14px;\"><span style=\"color: #2acec2;\"><strong><a style=\"color: #2acec2;\" href=\"https:\/\/www.myvize.com.tr\/letonya\/vize-islemleri\/letonya-aile-ziyareti-vizesi\/\" target=\"_blank\" rel=\"noopener\">Letonya Aile Ziyareti Vizesi<\/a><\/strong><\/span> ile ilgili bilgi almak i\u00e7in bizi aray\u0131n\u0131z.<\/span><\/p>\r\n<h2><span style=\"font-family: Roboto; font-size: 27px;\"><strong>Letonya Aile Birle\u015fim Vizesi Evraklar\u0131<\/strong><\/span><\/h2>\r\n<p><span style=\"font-family: Roboto; font-size: 14px;\">\r\n\r\n<\/span><\/p>\r\n<p><span style=\"font-family: Roboto; font-size: 14px;\">Ki\u015filerin <strong>Letonya aile birle\u015fim vizesi<\/strong> i\u00e7in haz\u0131rlamas\u0131 gereken evrak listesi i\u00e7erisinde \u015funlar bulunmaktad\u0131r:<\/span><\/p>\r\n<p><span style=\"font-family: Roboto; font-size: 14px;\">\r\n\r\n<\/span><\/p>\r\n<ul class=\"wp-block-list\">\r\n<li><span style=\"font-family: Roboto; font-size: 14px;\">Ba\u015fvuru sahibinin iki tane biyometrik foto\u011fraf\u0131<\/span><\/li>\r\n<li><span style=\"font-family: Roboto; font-size: 14px;\">Ba\u015fvuru sahibinin pasaportu, ba\u015fvuru formu, dilek\u00e7e ve davetiyesi<\/span><\/li>\r\n<li><span style=\"font-family: Roboto; font-size: 14px;\">Ba\u015fvuru sahibinin kimlik fotokopisi, seyahat sa\u011fl\u0131k sigortas\u0131 ve tam vukuatl\u0131 n\u00fcfus kay\u0131t \u00f6rne\u011fi<\/span><\/li>\r\n<li><span style=\"font-family: Roboto; font-size: 14px;\">Ba\u015fvuru sahibi i\u00e7in 3 ayl\u0131k banka d\u00f6k\u00fcm\u00fc, kira kontrat\u0131, \u00fczerine kay\u0131tl\u0131 gayrimenkullerin tapusu<\/span><\/li>\r\n<li><span style=\"font-family: Roboto; font-size: 14px;\">Ba\u015fvuru sahibinin adli sicil kayd\u0131<\/span><\/li>\r\n<\/ul>\r\n<p><span style=\"font-family: Roboto; font-size: 14px;\">\r\n\r\n<\/span><\/p>\r\n<p><span style=\"font-family: Roboto; font-size: 14px;\">Bu belgeler yan\u0131nda Letonya\u2019da ya\u015fayan aile \u00fcyesi i\u00e7in de birtak\u0131m belgeler istenmektedir. Kal\u0131nacak olan konutun kira kontrat\u0131 ya da tapusunun fotokopisi, burada ya\u015fayan ki\u015finin \u00e7al\u0131\u015fma ve oturma izni gereklidir. E\u011fer <strong>Letonya vatanda\u015f\u0131<\/strong> ise bu ki\u015filerin uluslararas\u0131 alanda ge\u00e7erlili\u011fi olan do\u011fum belgelerinin olmas\u0131 gerekmektedir.<\/span><\/p>\r\n<p><span style=\"font-family: Roboto; font-size: 14px;\"><span style=\"color: #2acec2;\"><strong><a style=\"color: #2acec2;\" href=\"https:\/\/www.myvize.com.tr\/letonya\/vize-islemleri\/letonya-oturum-izni\/\" target=\"_blank\" rel=\"noopener\">Letonya Oturum \u0130zni<\/a><\/strong><\/span> ile ilgili bilgi almak i\u00e7in bizi aray\u0131n\u0131z.<\/span><\/p>\r\n<p><span style=\"font-family: Roboto;\"><\/span><\/p>","protected":false},"excerpt":{"rendered":"<p>Letonya aile birle\u015fimi\u00a0vizesi alarak ki\u015filer Letonya\u2019da ya\u015fayan aile \u00fcyeleri ile birlikte ya\u015famaya ba\u015flayabilir. Bu s\u00fcre\u00e7te ki\u015filerin vize i\u015flemleri s\u0131ras\u0131nda belgelerinin tam olmas\u0131 son derece \u00f6nemlidir. Bu s\u00fcre\u00e7te her iki taraf\u0131n da haz\u0131rlamak zorunda oldu\u011fu belgeler bulunmaktad\u0131r. G\u00fcncel ve eksik olmayan bir vize dosyas\u0131 teslimi ile birlikte vizenizi rahat bir \u015fekilde alabilirsiniz. Letonya\u2019da belli bir s\u00fcre<\/p>\n","protected":false},"author":1,"featured_media":0,"parent":18,"menu_order":0,"comment_status":"open","ping_status":"closed","template":"","meta":{"footnotes":""},"class_list":["post-37","page","type-page","status-publish","hentry"],"yoast_head":"<!-- This site is optimized with the Yoast SEO plugin v24.0 - https:\/\/yoast.com\/wordpress\/plugins\/seo\/ -->\n<title>Letonya Aile Birle\u015fimi Vizesi - Letonya Vize - MyVize<\/title>\n<meta name=\"description\" content=\"Letonya Aile Birle\u015fimi Vizesi almak i\u00e7in gerekli t\u00fcm evraklar listesi 2022 hemen t\u0131kla! Letonya Vize Randevusu i\u00e7in hemen ara: 0850 346 84 93\" \/>\n<meta name=\"robots\" content=\"index, follow, max-snippet:-1, max-image-preview:large, max-video-preview:-1\" \/>\n<link rel=\"canonical\" href=\"https:\/\/www.myvize.com.tr\/letonya\/vize-islemleri\/letonya-aile-birlesimi-vizesi\/\" \/>\n<meta property=\"og:locale\" content=\"tr_TR\" \/>\n<meta property=\"og:type\" content=\"article\" \/>\n<meta property=\"og:title\" content=\"Letonya Aile Birle\u015fimi Vizesi - Letonya Vize - MyVize\" \/>\n<meta property=\"og:description\" content=\"Letonya Aile Birle\u015fimi Vizesi almak i\u00e7in gerekli t\u00fcm evraklar listesi 2022 hemen t\u0131kla! Letonya Vize Randevusu i\u00e7in hemen ara: 0850 346 84 93\" \/>\n<meta property=\"og:url\" content=\"https:\/\/www.myvize.com.tr\/letonya\/vize-islemleri\/letonya-aile-birlesimi-vizesi\/\" \/>\n<meta property=\"og:site_name\" content=\"Letonya Vizesi\" \/>\n<meta property=\"article:modified_time\" content=\"2022-04-21T09:41:15+00:00\" \/>\n<meta property=\"og:image\" content=\"https:\/\/www.myvize.com.tr\/letonya\/wp-content\/uploads\/2021\/10\/36.jpg\" \/>\n<meta name=\"twitter:card\" content=\"summary_large_image\" \/>\n<meta name=\"twitter:label1\" content=\"Tahmini okuma s\u00fcresi\" \/>\n\t<meta name=\"twitter:data1\" content=\"3 dakika\" \/>\n<script type=\"application\/ld+json\" class=\"yoast-schema-graph\">{\"@context\":\"https:\/\/schema.org\",\"@graph\":[{\"@type\":\"WebPage\",\"@id\":\"https:\/\/www.myvize.com.tr\/letonya\/vize-islemleri\/letonya-aile-birlesimi-vizesi\/\",\"url\":\"https:\/\/www.myvize.com.tr\/letonya\/vize-islemleri\/letonya-aile-birlesimi-vizesi\/\",\"name\":\"Letonya Aile Birle\u015fimi Vizesi - Letonya Vize - MyVize\",\"isPartOf\":{\"@id\":\"https:\/\/www.myvize.com.tr\/letonya\/#website\"},\"primaryImageOfPage\":{\"@id\":\"https:\/\/www.myvize.com.tr\/letonya\/vize-islemleri\/letonya-aile-birlesimi-vizesi\/#primaryimage\"},\"image\":{\"@id\":\"https:\/\/www.myvize.com.tr\/letonya\/vize-islemleri\/letonya-aile-birlesimi-vizesi\/#primaryimage\"},\"thumbnailUrl\":\"https:\/\/www.myvize.com.tr\/letonya\/wp-content\/uploads\/2021\/10\/36.jpg\",\"datePublished\":\"2021-06-26T09:00:00+00:00\",\"dateModified\":\"2022-04-21T09:41:15+00:00\",\"description\":\"Letonya Aile Birle\u015fimi Vizesi almak i\u00e7in gerekli t\u00fcm evraklar listesi 2022 hemen t\u0131kla! Letonya Vize Randevusu i\u00e7in hemen ara: 0850 346 84 93\",\"breadcrumb\":{\"@id\":\"https:\/\/www.myvize.com.tr\/letonya\/vize-islemleri\/letonya-aile-birlesimi-vizesi\/#breadcrumb\"},\"inLanguage\":\"tr\",\"potentialAction\":[{\"@type\":\"ReadAction\",\"target\":[\"https:\/\/www.myvize.com.tr\/letonya\/vize-islemleri\/letonya-aile-birlesimi-vizesi\/\"]}]},{\"@type\":\"ImageObject\",\"inLanguage\":\"tr\",\"@id\":\"https:\/\/www.myvize.com.tr\/letonya\/vize-islemleri\/letonya-aile-birlesimi-vizesi\/#primaryimage\",\"url\":\"https:\/\/www.myvize.com.tr\/letonya\/wp-content\/uploads\/2021\/10\/36.jpg\",\"contentUrl\":\"https:\/\/www.myvize.com.tr\/letonya\/wp-content\/uploads\/2021\/10\/36.jpg\",\"width\":800,\"height\":500,\"caption\":\"Letonya Aile Birle\u015fimi Vizesi\"},{\"@type\":\"BreadcrumbList\",\"@id\":\"https:\/\/www.myvize.com.tr\/letonya\/vize-islemleri\/letonya-aile-birlesimi-vizesi\/#breadcrumb\",\"itemListElement\":[{\"@type\":\"ListItem\",\"position\":1,\"name\":\"Anasayfa\",\"item\":\"https:\/\/www.myvize.com.tr\/letonya\/\"},{\"@type\":\"ListItem\",\"position\":2,\"name\":\"V\u0130ZE \u0130\u015eLEMLER\u0130\",\"item\":\"https:\/\/www.myvize.com.tr\/letonya\/vize-islemleri\/\"},{\"@type\":\"ListItem\",\"position\":3,\"name\":\"Letonya Aile Birle\u015fimi Vizesi\"}]},{\"@type\":\"WebSite\",\"@id\":\"https:\/\/www.myvize.com.tr\/letonya\/#website\",\"url\":\"https:\/\/www.myvize.com.tr\/letonya\/\",\"name\":\"Letonya Vizesi\",\"description\":\"\",\"potentialAction\":[{\"@type\":\"SearchAction\",\"target\":{\"@type\":\"EntryPoint\",\"urlTemplate\":\"https:\/\/www.myvize.com.tr\/letonya\/?s={search_term_string}\"},\"query-input\":{\"@type\":\"PropertyValueSpecification\",\"valueRequired\":true,\"valueName\":\"search_term_string\"}}],\"inLanguage\":\"tr\"}]}<\/script>\n<!-- \/ Yoast SEO plugin. -->","yoast_head_json":{"title":"Letonya Aile Birle\u015fimi Vizesi - Letonya Vize - MyVize","description":"Letonya Aile Birle\u015fimi Vizesi almak i\u00e7in gerekli t\u00fcm evraklar listesi 2022 hemen t\u0131kla! Letonya Vize Randevusu i\u00e7in hemen ara: 0850 346 84 93","robots":{"index":"index","follow":"follow","max-snippet":"max-snippet:-1","max-image-preview":"max-image-preview:large","max-video-preview":"max-video-preview:-1"},"canonical":"https:\/\/www.myvize.com.tr\/letonya\/vize-islemleri\/letonya-aile-birlesimi-vizesi\/","og_locale":"tr_TR","og_type":"article","og_title":"Letonya Aile Birle\u015fimi Vizesi - Letonya Vize - MyVize","og_description":"Letonya Aile Birle\u015fimi Vizesi almak i\u00e7in gerekli t\u00fcm evraklar listesi 2022 hemen t\u0131kla! Letonya Vize Randevusu i\u00e7in hemen ara: 0850 346 84 93","og_url":"https:\/\/www.myvize.com.tr\/letonya\/vize-islemleri\/letonya-aile-birlesimi-vizesi\/","og_site_name":"Letonya Vizesi","article_modified_time":"2022-04-21T09:41:15+00:00","og_image":[{"url":"https:\/\/www.myvize.com.tr\/letonya\/wp-content\/uploads\/2021\/10\/36.jpg","type":"","width":"","height":""}],"twitter_card":"summary_large_image","twitter_misc":{"Tahmini okuma s\u00fcresi":"3 dakika"},"schema":{"@context":"https:\/\/schema.org","@graph":[{"@type":"WebPage","@id":"https:\/\/www.myvize.com.tr\/letonya\/vize-islemleri\/letonya-aile-birlesimi-vizesi\/","url":"https:\/\/www.myvize.com.tr\/letonya\/vize-islemleri\/letonya-aile-birlesimi-vizesi\/","name":"Letonya Aile Birle\u015fimi Vizesi - Letonya Vize - MyVize","isPartOf":{"@id":"https:\/\/www.myvize.com.tr\/letonya\/#website"},"primaryImageOfPage":{"@id":"https:\/\/www.myvize.com.tr\/letonya\/vize-islemleri\/letonya-aile-birlesimi-vizesi\/#primaryimage"},"image":{"@id":"https:\/\/www.myvize.com.tr\/letonya\/vize-islemleri\/letonya-aile-birlesimi-vizesi\/#primaryimage"},"thumbnailUrl":"https:\/\/www.myvize.com.tr\/letonya\/wp-content\/uploads\/2021\/10\/36.jpg","datePublished":"2021-06-26T09:00:00+00:00","dateModified":"2022-04-21T09:41:15+00:00","description":"Letonya Aile Birle\u015fimi Vizesi almak i\u00e7in gerekli t\u00fcm evraklar listesi 2022 hemen t\u0131kla! Letonya Vize Randevusu i\u00e7in hemen ara: 0850 346 84 93","breadcrumb":{"@id":"https:\/\/www.myvize.com.tr\/letonya\/vize-islemleri\/letonya-aile-birlesimi-vizesi\/#breadcrumb"},"inLanguage":"tr","potentialAction":[{"@type":"ReadAction","target":["https:\/\/www.myvize.com.tr\/letonya\/vize-islemleri\/letonya-aile-birlesimi-vizesi\/"]}]},{"@type":"ImageObject","inLanguage":"tr","@id":"https:\/\/www.myvize.com.tr\/letonya\/vize-islemleri\/letonya-aile-birlesimi-vizesi\/#primaryimage","url":"https:\/\/www.myvize.com.tr\/letonya\/wp-content\/uploads\/2021\/10\/36.jpg","contentUrl":"https:\/\/www.myvize.com.tr\/letonya\/wp-content\/uploads\/2021\/10\/36.jpg","width":800,"height":500,"caption":"Letonya Aile Birle\u015fimi Vizesi"},{"@type":"BreadcrumbList","@id":"https:\/\/www.myvize.com.tr\/letonya\/vize-islemleri\/letonya-aile-birlesimi-vizesi\/#breadcrumb","itemListElement":[{"@type":"ListItem","position":1,"name":"Anasayfa","item":"https:\/\/www.myvize.com.tr\/letonya\/"},{"@type":"ListItem","position":2,"name":"V\u0130ZE \u0130\u015eLEMLER\u0130","item":"https:\/\/www.myvize.com.tr\/letonya\/vize-islemleri\/"},{"@type":"ListItem","position":3,"name":"Letonya Aile Birle\u015fimi Vizesi"}]},{"@type":"WebSite","@id":"https:\/\/www.myvize.com.tr\/letonya\/#website","url":"https:\/\/www.myvize.com.tr\/letonya\/","name":"Letonya Vizesi","description":"","potentialAction":[{"@type":"SearchAction","target":{"@type":"EntryPoint","urlTemplate":"https:\/\/www.myvize.com.tr\/letonya\/?s={search_term_string}"},"query-input":{"@type":"PropertyValueSpecification","valueRequired":true,"valueName":"search_term_string"}}],"inLanguage":"tr"}]}},"_links":{"self":[{"href":"https:\/\/www.myvize.com.tr\/letonya\/wp-json\/wp\/v2\/pages\/37","targetHints":{"allow":["GET"]}}],"collection":[{"href":"https:\/\/www.myvize.com.tr\/letonya\/wp-json\/wp\/v2\/pages"}],"about":[{"href":"https:\/\/www.myvize.com.tr\/letonya\/wp-json\/wp\/v2\/types\/page"}],"author":[{"embeddable":true,"href":"https:\/\/www.myvize.com.tr\/letonya\/wp-json\/wp\/v2\/users\/1"}],"replies":[{"embeddable":true,"href":"https:\/\/www.myvize.com.tr\/letonya\/wp-json\/wp\/v2\/comments?post=37"}],"version-history":[{"count":9,"href":"https:\/\/www.myvize.com.tr\/letonya\/wp-json\/wp\/v2\/pages\/37\/revisions"}],"predecessor-version":[{"id":762,"href":"https:\/\/www.myvize.com.tr\/letonya\/wp-json\/wp\/v2\/pages\/37\/revisions\/762"}],"up":[{"embeddable":true,"href":"https:\/\/www.myvize.com.tr\/letonya\/wp-json\/wp\/v2\/pages\/18"}],"wp:attachment":[{"href":"https:\/\/www.myvize.com.tr\/letonya\/wp-json\/wp\/v2\/media?parent=37"}],"curies":[{"name":"wp","href":"https:\/\/api.w.org\/{rel}","templated":true}]}}