{"id":43,"date":"2020-11-30T12:47:27","date_gmt":"2020-11-30T09:47:27","guid":{"rendered":"https:\/\/www.myvize.com.tr\/letonya\/?page_id=43"},"modified":"2022-04-21T12:46:30","modified_gmt":"2022-04-21T09:46:30","slug":"letonya-calisma-izni","status":"publish","type":"page","link":"https:\/\/www.myvize.com.tr\/letonya\/vize-islemleri\/letonya-calisma-izni\/","title":{"rendered":"Letonya \u00c7al\u0131\u015fma \u0130zni"},"content":{"rendered":"<p><span style=\"font-family: Roboto;\"><\/span><\/p>\r\n<p><span style=\"font-family: Roboto; font-size: 14px;\"><strong>Letonya\u00a0\u00e7al\u0131\u015fma vizesi<\/strong> i\u00e7in Letonya\u00a0d\u0131\u015f temsilciliklerine ba\u015fvuruda bulunulmas\u0131 gerekmektedir. Gerekli evraklar\u0131n haz\u0131rlanabilmesi i\u00e7in ki\u015filer Letonya\u00a0d\u0131\u015f temsilcilikleri taraf\u0131ndan yetki verilmi\u015f ba\u015fvuru merkezleri arac\u0131l\u0131\u011f\u0131yla veya yetkili seyahat acenteleri ile g\u00f6r\u00fc\u015febilirler.\u00a0<\/span><\/p>\r\n<h2><span style=\"font-family: Roboto; font-size: 27px;\"><b>Letonya \u00c7al\u0131\u015fma \u0130zni Hakk\u0131nda<\/b><\/span><\/h2>\r\n<p><span style=\"font-family: Roboto; font-size: 14px;\"><strong>Letonya \u00e7al\u0131\u015fma izni,<\/strong>\u00a0Letonya \u00fclkesinde \u00e7al\u0131\u015fmak isteyen ve Avrupa Ekonomik Alan\u0131 vatanda\u015f\u0131 olmayan, bu kapsam\u0131n d\u0131\u015f\u0131nda olan yabanc\u0131 \u00fclke vatanda\u015flar\u0131n almas\u0131 ve bulundurmas\u0131 gereken <strong>Letonya izni<\/strong> t\u00fcrlerinden birisidir.<\/span><\/p>\r\n<p><span style=\"font-family: Roboto; font-size: 14px;\"><strong><span style=\"color: #2acec2;\"><a style=\"color: #2acec2;\" href=\"https:\/\/www.myvize.com.tr\/letonya\/vize-islemleri\/letonya-oturum-izni\/\" target=\"_blank\" rel=\"noopener\">Letonya oturum izni<\/a><\/span> ve \u00e7al\u0131\u015fma izni<\/strong>, mutlaka Letonya \u00e7al\u0131\u015fma vizesini gerektirmektedir. Letonya i\u00e7in <strong>\u00e7al\u0131\u015fma vizesi<\/strong> veya izni D tipi vize kategorisinde de\u011ferlendirilmektedir.<strong> Letonya \u00e7al\u0131\u015fma vizesi<\/strong>, onayland\u0131\u011f\u0131 takdirde 90 g\u00fcnden fazla g\u00fcn s\u00fcresince Letonya\u2019da ikamet edilmesine olanak tan\u0131r.<\/span><\/p>\r\n<p><span style=\"font-family: Roboto; font-size: 14px;\">Letonya \u00e7al\u0131\u015fma vizesi ba\u015fvurusu i\u00e7in gerekli evraklar ise;<\/span><\/p>\r\n<ul>\r\n<li><span style=\"font-family: Roboto; font-size: 14px;\">\u0130ngilizce ya da Letonca dilinde eksiksiz ve d\u00fczg\u00fcn olarak doldurulmu\u015f<strong>\u00a0Letonya \u00e7al\u0131\u015fma vizesi ba\u015fvuru formu<\/strong>,<\/span><\/li>\r\n<li><span style=\"font-family: Roboto; font-size: 14px;\"><strong>Pasaport<\/strong>, en az Letonya \u00e7al\u0131\u015fma vizesinin biti\u015f s\u00fcresinden itibaren 3 ay sonras\u0131na kadar ge\u00e7erli olabilecek bir pasaport<\/span><\/li>\r\n<li><span style=\"font-family: Roboto; font-size: 14px;\"><strong>Adli sicil kay\u0131tlar\u0131<\/strong><\/span><\/li>\r\n<li><span style=\"font-family: Roboto; font-size: 14px;\"><strong>Kimlik bilgileri<\/strong>: Ba\u015fvuran ki\u015fi ikamet etti\u011fi \u00fclkenin vatanda\u015f\u0131 ise as\u0131l kimlik fotokopisi, o \u00fclkenin vatanda\u015f\u0131 de\u011fil ise oturma izni belgesi<\/span><\/li>\r\n<li><span style=\"font-family: Roboto; font-size: 14px;\"><strong>Foto\u011fraf<\/strong>: Son alt\u0131 ay i\u00e7erisinde \u00e7ekilmi\u015f g\u00fcncel biyometrik foto\u011fraf\u0131<\/span><\/li>\r\n<li><span style=\"font-family: Roboto; font-size: 14px;\"><strong>Seyahat sa\u011fl\u0131k sigortas\u0131<\/strong>: \u00e7al\u0131\u015fma vizesi boyunca ge\u00e7erli olacak seyahat sa\u011fl\u0131k sigortas\u0131 belgesi<\/span><\/li>\r\n<li><span style=\"font-family: Roboto; font-size: 14px;\"><strong>Sa\u011fl\u0131k raporu<\/strong><\/span><\/li>\r\n<\/ul>\r\n<p><span style=\"font-family: Roboto; font-size: 14px;\">Bu belge ve ko\u015fullar\u0131n sa\u011flanmas\u0131 halinde gerekli \u00e7al\u0131\u015fma izinleri onaylanabilecektir.\u00a0<\/span><\/p>\r\n<p><span style=\"font-family: Roboto; font-size: 14px;\">\r\n\r\n<\/span><\/p>\r\n<p><img decoding=\"async\" src=\"https:\/\/www.myvize.com.tr\/letonya\/wp-content\/uploads\/2021\/10\/38.jpg\" \/><\/p>\r\n<h2 class=\"wp-block-heading\"><strong><span style=\"font-family: Roboto; font-size: 27px;\">Letonya \u00c7al\u0131\u015fma \u0130zni Nas\u0131l Al\u0131n\u0131r?<\/span><\/strong><\/h2>\r\n<p><span style=\"font-family: Roboto; font-size: 14px;\">Yabanc\u0131 uyruklu vatanda\u015flar\u0131n Letonya&#8217;da 90 g\u00fcnden uzun s\u00fcre kalabilmeleri i\u00e7in D tipi vize ba\u015fvurusunda bulunmalar\u0131 gerekmektedir. Bu sayede \u00e7al\u0131\u015fmak i\u00e7in gerekli izinleri alabileceklerine de\u011finmekteyiz. Ba\u015fvurular\u0131n\u0131z\u0131 yaparken profesyonel destekleri alman\u0131z gerekmektedir. Herhangi bir eksikli\u011fin olmas\u0131 durumunda ba\u015fvurular\u0131n\u0131zda aksakl\u0131klar meydana gelebilir. Bu gibi durumlardan kurtulabilmek i\u00e7in gerekli evraklar\u0131 do\u011fru haz\u0131rlaman\u0131z gerekmektedir. \u0130\u015f sahibi olmak, \u00e7al\u0131\u015fan olarak kalabilmek veya \u015firket kurmak i\u00e7in gerekli izinleri alm\u0131\u015f olacaks\u0131n\u0131z. Vize ba\u015fvuru formunu doldurman\u0131z, pasaportunuzun ge\u00e7erli oldu\u011funu kontrol etmeniz, kimlik bilgilerini ilave etmeniz, sa\u011fl\u0131k sigortas\u0131 yapt\u0131rman\u0131z ve davetiyelerinizin tam olmas\u0131 gerekecektir. Bu gibi hususlarda itinal\u0131 hizmetleri verecek olan ekiplerimizle ileti\u015fime ge\u00e7ebilirsiniz. \u0130\u015finizi \u015fansa b\u0131rakmamak i\u00e7in \u00e7al\u0131\u015fma izni alman\u0131z\u0131 sa\u011flayacak ad\u0131mlar\u0131 bizlerle atabilirsiniz. Randevular\u0131n\u0131z\u0131n al\u0131nmas\u0131 ve tam zaman\u0131nda yetkili mercilerde bulunulmas\u0131 gerekmektedir. \u00c7al\u0131\u015fma ve ya\u015fam ko\u015fullar\u0131n\u0131 incelemenizin ard\u0131ndan \u015fartlar\u0131n uygun olup olmad\u0131\u011f\u0131na karar verebilirsiniz. Vize \u00fccretlerini kalaca\u011f\u0131n\u0131z s\u00fcrelere ve alaca\u011f\u0131n\u0131z vize t\u00fcr\u00fcne g\u00f6re \u00f6demeniz gerekecektir.\u00a0<strong>Letonya \u00c7al\u0131\u015fma \u0130zni Nas\u0131l Al\u0131n\u0131r?<\/strong>\u00a0Sorusunun yan\u0131t\u0131n\u0131 almak ve g\u00fcvenilir arac\u0131larla hareket edebilmek i\u00e7in bizleri arayabilirsiniz.<\/span><\/p>\r\n<p><span style=\"font-family: Roboto; font-size: 14px;\"><span style=\"color: #2acec2;\"><strong><a style=\"color: #2acec2;\" href=\"https:\/\/www.myvize.com.tr\/letonya\/vize-islemleri\/letonya-aile-ziyareti-vizesi\/\" target=\"_blank\" rel=\"noopener\">Letonya Aile Ziyareti Vizesi<\/a><\/strong><\/span> ile ilgili bilgi almak i\u00e7in bizi aray\u0131n\u0131z.<\/span><\/p>\r\n<h2><span style=\"font-family: Roboto; font-size: 27px;\"><strong>Letonya\u00a0\u00c7al\u0131\u015fma \u0130zni Alma \u015eartlar\u0131 Nedir?\u00a0<\/strong><\/span><\/h2>\r\n<p><span style=\"font-family: Roboto; font-size: 14px;\">\r\n\r\n<\/span><\/p>\r\n<ul class=\"wp-block-list\">\r\n<li><span style=\"font-family: Roboto; font-size: 14px;\"><span style=\"color: #2acec2;\"><strong><a style=\"color: #2acec2;\" href=\"https:\/\/www.myvize.com.tr\/letonya\/vize-islemleri\/letonya-vize-basvuru-formu\/\" target=\"_blank\" rel=\"noopener\">Letonya Vize Ba\u015fvuru Formu<\/a><\/strong><\/span>: Letonya \u00e7al\u0131\u015fma vizesi i\u00e7in gereken ba\u015fvuru formunun do\u011fru \u015fekilde doldurulmamas\u0131 ve \u0131slak imzal\u0131 olarak teslim edilmesi gerekir.\u00a0<\/span><\/li>\r\n<li><span style=\"font-family: Roboto; font-size: 14px;\">Pasaport: Ba\u015fvuru sahibinin minimum 10 y\u0131l ge\u00e7erlili\u011fe sahip, d\u00f6n\u00fc\u015f tarihinden itibaren 6 ay ge\u00e7erlili\u011fe sahip ve kar\u015f\u0131l\u0131kl\u0131 2 sayfas\u0131 bo\u015f pasaporta sahip olmas\u0131 gerekir.\u00a0<\/span><\/li>\r\n<li><span style=\"font-family: Roboto; font-size: 14px;\">Foto\u011fraf: Son 6 ay i\u00e7erisinde beyaz fonda \u00e7ekilmi\u015f, 2 adet\u00a0biyometrik\u00a0foto\u011fraf ibraz edilmelidir.\u00a0<\/span><\/li>\r\n<li><span style=\"font-family: Roboto; font-size: 14px;\">N\u00fcfus C\u00fczdan\u0131 Fotokopisi\u00a0<\/span><\/li>\r\n<li><span style=\"font-family: Roboto; font-size: 14px;\">Tam Vukuatl\u0131 N\u00fcfus Kay\u0131t \u00d6rne\u011fi\u00a0<\/span><\/li>\r\n<li><span style=\"font-family: Roboto; font-size: 14px;\">Yabanc\u0131 Dil Evraklar\u0131: Ba\u015fvuru sahibinin <strong>Letonca bildi\u011fini\u00a0<\/strong>kan\u0131tlayan belgeleri ibraz etmesi gerekir.\u00a0<\/span><\/li>\r\n<li><span style=\"font-family: Roboto; font-size: 14px;\">Seyahat Sa\u011fl\u0131k Sigortas\u0131: 30,000 Euro teminatl\u0131\u00a0\u00a0<\/span><\/li>\r\n<li><span style=\"font-family: Roboto; font-size: 14px;\">Ba\u015fvuru sahibinin Letonya\u2019da \u0130stihdam Edilece\u011fini\u00a0Kan\u0131tlayan Belge:\u00a0A\u015fa\u011f\u0131da tarif edildi\u011fi \u015fekilde d\u00fczenlenip ibraz edilmelidir.\u00a0<\/span><\/li>\r\n<\/ul>\r\n<p><span style=\"font-family: Roboto; font-size: 14px;\">\r\n\r\n<\/span><\/p>\r\n<p><span style=\"font-family: Roboto; font-size: 14px;\">\u00a0 \u00a0 \u00a0 \u00a0 \u00a0 \u00a0 \u00a0 \u00a0\u00a0\u00a0 \u00a0\u0130\u015fverenin ad\u0131\u00a0ve soyad\u0131 belirtilmelidir.\u00a0<\/span><\/p>\r\n<p><span style=\"font-family: Roboto; font-size: 14px;\">\r\n\r\n<\/span><\/p>\r\n<p><span style=\"font-family: Roboto; font-size: 14px;\">\u00a0 \u00a0 \u00a0 \u00a0 \u00a0 \u00a0 \u00a0 \u00a0 \u00a0 \u00a0\u0130\u015fverenin adresi, telefon numaras\u0131\u00a0belirtilmelidir.\u00a0\u00a0<\/span><\/p>\r\n<p><span style=\"font-family: Roboto; font-size: 14px;\">\r\n\r\n<\/span><\/p>\r\n<p><span style=\"font-family: Roboto; font-size: 14px;\">\u00a0 \u00a0 \u00a0 \u00a0 \u00a0 \u00a0 \u00a0 \u00a0 \u00a0 \u00a0Ba\u015fvuru sahibinin \u00e7al\u0131\u015faca\u011f\u0131 pozisyona dair bilgiler a\u00e7\u0131klanmal\u0131d\u0131r.<\/span><\/p>\r\n<p><span style=\"font-family: Roboto; font-size: 14px;\">\r\n\r\n<\/span><\/p>\r\n<ul class=\"wp-block-list\">\r\n<li><span style=\"font-family: Roboto; font-size: 14px;\">\u0130\u015f Evraklar\u0131: Ki\u015finin i\u015fiyle ilgili tecr\u00fcbeli oldu\u011funu kan\u0131tlayan ve i\u015finin Letonya\u2019da ge\u00e7erli oldu\u011funu a\u00e7\u0131klayan belgeler sunulmal\u0131d\u0131r.\u00a0<\/span><\/li>\r\n<li><span style=\"font-family: Roboto; font-size: 14px;\">Ba\u015fvuru sahibinin Letonya\u2019da bulundu\u011fu s\u00fcrede ge\u00e7inebilece\u011fini kan\u0131tlayan hesap d\u00f6k\u00fcm evraklar\u0131 ibraz edilmelidir.\u00a0<\/span><\/li>\r\n<li><span style=\"font-family: Roboto; font-size: 14px;\">Seyahat Bilgileri: <strong>Letonya \u00e7al\u0131\u015fma vizesine<\/strong> ba\u015fvuran ki\u015finin u\u00e7ak bileti rezervasyonlar\u0131n\u0131 ve konaklama bilgilerini ibraz etmesi gerekir.\u00a0\u00a0\u00a0<\/span><\/li>\r\n<li><span style=\"font-family: Roboto; font-size: 14px;\">E\u011fitim Dok\u00fcmanlar\u0131: Letonya \u00e7al\u0131\u015fma vizesine ba\u015fvuran ki\u015finin, seyahat amac\u0131yla \u00f6rt\u00fc\u015fen ve \u00f6\u011frenim durumunu g\u00f6steren belgeleri ibraz etmesi gerekir.\u00a0(Diploma, Sertifika)\u00a0<\/span><\/li>\r\n<\/ul>\r\n<p><span style=\"font-family: Roboto;\"><\/span><\/p>","protected":false},"excerpt":{"rendered":"<p>Letonya\u00a0\u00e7al\u0131\u015fma vizesi i\u00e7in Letonya\u00a0d\u0131\u015f temsilciliklerine ba\u015fvuruda bulunulmas\u0131 gerekmektedir. Gerekli evraklar\u0131n haz\u0131rlanabilmesi i\u00e7in ki\u015filer Letonya\u00a0d\u0131\u015f temsilcilikleri taraf\u0131ndan yetki verilmi\u015f ba\u015fvuru merkezleri arac\u0131l\u0131\u011f\u0131yla veya yetkili seyahat acenteleri ile g\u00f6r\u00fc\u015febilirler.\u00a0 Letonya \u00c7al\u0131\u015fma \u0130zni Hakk\u0131nda Letonya \u00e7al\u0131\u015fma izni,\u00a0Letonya \u00fclkesinde \u00e7al\u0131\u015fmak isteyen ve Avrupa Ekonomik Alan\u0131 vatanda\u015f\u0131 olmayan, bu kapsam\u0131n d\u0131\u015f\u0131nda olan yabanc\u0131 \u00fclke vatanda\u015flar\u0131n almas\u0131 ve bulundurmas\u0131 gereken Letonya<\/p>\n","protected":false},"author":1,"featured_media":0,"parent":18,"menu_order":0,"comment_status":"open","ping_status":"closed","template":"","meta":{"footnotes":""},"class_list":["post-43","page","type-page","status-publish","hentry"],"yoast_head":"<!-- This site is optimized with the Yoast SEO plugin v24.0 - https:\/\/yoast.com\/wordpress\/plugins\/seo\/ -->\n<title>Letonya \u00c7al\u0131\u015fma \u0130zni - Letonya \u00c7al\u0131\u015fma Vizesi - MyVize<\/title>\n<meta name=\"description\" content=\"Letonya \u00c7al\u0131\u015fma Vizesi almak i\u00e7in gerekli t\u00fcm evraklar listesi 2022 hemen t\u0131kla! Letonya Vize Randevusu i\u00e7in hemen ara: 0850 346 84 93\" \/>\n<meta name=\"robots\" content=\"index, follow, max-snippet:-1, max-image-preview:large, max-video-preview:-1\" \/>\n<link rel=\"canonical\" href=\"https:\/\/www.myvize.com.tr\/letonya\/vize-islemleri\/letonya-calisma-izni\/\" \/>\n<meta property=\"og:locale\" content=\"tr_TR\" \/>\n<meta property=\"og:type\" content=\"article\" \/>\n<meta property=\"og:title\" content=\"Letonya \u00c7al\u0131\u015fma \u0130zni - Letonya \u00c7al\u0131\u015fma Vizesi - MyVize\" \/>\n<meta property=\"og:description\" content=\"Letonya \u00c7al\u0131\u015fma Vizesi almak i\u00e7in gerekli t\u00fcm evraklar listesi 2022 hemen t\u0131kla! Letonya Vize Randevusu i\u00e7in hemen ara: 0850 346 84 93\" \/>\n<meta property=\"og:url\" content=\"https:\/\/www.myvize.com.tr\/letonya\/vize-islemleri\/letonya-calisma-izni\/\" \/>\n<meta property=\"og:site_name\" content=\"Letonya Vizesi\" \/>\n<meta property=\"article:modified_time\" content=\"2022-04-21T09:46:30+00:00\" \/>\n<meta property=\"og:image\" content=\"https:\/\/www.myvize.com.tr\/letonya\/wp-content\/uploads\/2021\/10\/38.jpg\" \/>\n<meta name=\"twitter:card\" content=\"summary_large_image\" \/>\n<meta name=\"twitter:label1\" content=\"Tahmini okuma s\u00fcresi\" \/>\n\t<meta name=\"twitter:data1\" content=\"3 dakika\" \/>\n<script type=\"application\/ld+json\" class=\"yoast-schema-graph\">{\"@context\":\"https:\/\/schema.org\",\"@graph\":[{\"@type\":\"WebPage\",\"@id\":\"https:\/\/www.myvize.com.tr\/letonya\/vize-islemleri\/letonya-calisma-izni\/\",\"url\":\"https:\/\/www.myvize.com.tr\/letonya\/vize-islemleri\/letonya-calisma-izni\/\",\"name\":\"Letonya \u00c7al\u0131\u015fma \u0130zni - Letonya \u00c7al\u0131\u015fma Vizesi - MyVize\",\"isPartOf\":{\"@id\":\"https:\/\/www.myvize.com.tr\/letonya\/#website\"},\"primaryImageOfPage\":{\"@id\":\"https:\/\/www.myvize.com.tr\/letonya\/vize-islemleri\/letonya-calisma-izni\/#primaryimage\"},\"image\":{\"@id\":\"https:\/\/www.myvize.com.tr\/letonya\/vize-islemleri\/letonya-calisma-izni\/#primaryimage\"},\"thumbnailUrl\":\"https:\/\/www.myvize.com.tr\/letonya\/wp-content\/uploads\/2021\/10\/38.jpg\",\"datePublished\":\"2020-11-30T09:47:27+00:00\",\"dateModified\":\"2022-04-21T09:46:30+00:00\",\"description\":\"Letonya \u00c7al\u0131\u015fma Vizesi almak i\u00e7in gerekli t\u00fcm evraklar listesi 2022 hemen t\u0131kla! Letonya Vize Randevusu i\u00e7in hemen ara: 0850 346 84 93\",\"breadcrumb\":{\"@id\":\"https:\/\/www.myvize.com.tr\/letonya\/vize-islemleri\/letonya-calisma-izni\/#breadcrumb\"},\"inLanguage\":\"tr\",\"potentialAction\":[{\"@type\":\"ReadAction\",\"target\":[\"https:\/\/www.myvize.com.tr\/letonya\/vize-islemleri\/letonya-calisma-izni\/\"]}]},{\"@type\":\"ImageObject\",\"inLanguage\":\"tr\",\"@id\":\"https:\/\/www.myvize.com.tr\/letonya\/vize-islemleri\/letonya-calisma-izni\/#primaryimage\",\"url\":\"https:\/\/www.myvize.com.tr\/letonya\/wp-content\/uploads\/2021\/10\/38.jpg\",\"contentUrl\":\"https:\/\/www.myvize.com.tr\/letonya\/wp-content\/uploads\/2021\/10\/38.jpg\",\"width\":800,\"height\":500,\"caption\":\"Letonya \u00c7al\u0131\u015fma \u0130zni\"},{\"@type\":\"BreadcrumbList\",\"@id\":\"https:\/\/www.myvize.com.tr\/letonya\/vize-islemleri\/letonya-calisma-izni\/#breadcrumb\",\"itemListElement\":[{\"@type\":\"ListItem\",\"position\":1,\"name\":\"Anasayfa\",\"item\":\"https:\/\/www.myvize.com.tr\/letonya\/\"},{\"@type\":\"ListItem\",\"position\":2,\"name\":\"V\u0130ZE \u0130\u015eLEMLER\u0130\",\"item\":\"https:\/\/www.myvize.com.tr\/letonya\/vize-islemleri\/\"},{\"@type\":\"ListItem\",\"position\":3,\"name\":\"Letonya \u00c7al\u0131\u015fma \u0130zni\"}]},{\"@type\":\"WebSite\",\"@id\":\"https:\/\/www.myvize.com.tr\/letonya\/#website\",\"url\":\"https:\/\/www.myvize.com.tr\/letonya\/\",\"name\":\"Letonya Vizesi\",\"description\":\"\",\"potentialAction\":[{\"@type\":\"SearchAction\",\"target\":{\"@type\":\"EntryPoint\",\"urlTemplate\":\"https:\/\/www.myvize.com.tr\/letonya\/?s={search_term_string}\"},\"query-input\":{\"@type\":\"PropertyValueSpecification\",\"valueRequired\":true,\"valueName\":\"search_term_string\"}}],\"inLanguage\":\"tr\"}]}<\/script>\n<!-- \/ Yoast SEO plugin. -->","yoast_head_json":{"title":"Letonya \u00c7al\u0131\u015fma \u0130zni - Letonya \u00c7al\u0131\u015fma Vizesi - MyVize","description":"Letonya \u00c7al\u0131\u015fma Vizesi almak i\u00e7in gerekli t\u00fcm evraklar listesi 2022 hemen t\u0131kla! Letonya Vize Randevusu i\u00e7in hemen ara: 0850 346 84 93","robots":{"index":"index","follow":"follow","max-snippet":"max-snippet:-1","max-image-preview":"max-image-preview:large","max-video-preview":"max-video-preview:-1"},"canonical":"https:\/\/www.myvize.com.tr\/letonya\/vize-islemleri\/letonya-calisma-izni\/","og_locale":"tr_TR","og_type":"article","og_title":"Letonya \u00c7al\u0131\u015fma \u0130zni - Letonya \u00c7al\u0131\u015fma Vizesi - MyVize","og_description":"Letonya \u00c7al\u0131\u015fma Vizesi almak i\u00e7in gerekli t\u00fcm evraklar listesi 2022 hemen t\u0131kla! Letonya Vize Randevusu i\u00e7in hemen ara: 0850 346 84 93","og_url":"https:\/\/www.myvize.com.tr\/letonya\/vize-islemleri\/letonya-calisma-izni\/","og_site_name":"Letonya Vizesi","article_modified_time":"2022-04-21T09:46:30+00:00","og_image":[{"url":"https:\/\/www.myvize.com.tr\/letonya\/wp-content\/uploads\/2021\/10\/38.jpg","type":"","width":"","height":""}],"twitter_card":"summary_large_image","twitter_misc":{"Tahmini okuma s\u00fcresi":"3 dakika"},"schema":{"@context":"https:\/\/schema.org","@graph":[{"@type":"WebPage","@id":"https:\/\/www.myvize.com.tr\/letonya\/vize-islemleri\/letonya-calisma-izni\/","url":"https:\/\/www.myvize.com.tr\/letonya\/vize-islemleri\/letonya-calisma-izni\/","name":"Letonya \u00c7al\u0131\u015fma \u0130zni - Letonya \u00c7al\u0131\u015fma Vizesi - MyVize","isPartOf":{"@id":"https:\/\/www.myvize.com.tr\/letonya\/#website"},"primaryImageOfPage":{"@id":"https:\/\/www.myvize.com.tr\/letonya\/vize-islemleri\/letonya-calisma-izni\/#primaryimage"},"image":{"@id":"https:\/\/www.myvize.com.tr\/letonya\/vize-islemleri\/letonya-calisma-izni\/#primaryimage"},"thumbnailUrl":"https:\/\/www.myvize.com.tr\/letonya\/wp-content\/uploads\/2021\/10\/38.jpg","datePublished":"2020-11-30T09:47:27+00:00","dateModified":"2022-04-21T09:46:30+00:00","description":"Letonya \u00c7al\u0131\u015fma Vizesi almak i\u00e7in gerekli t\u00fcm evraklar listesi 2022 hemen t\u0131kla! Letonya Vize Randevusu i\u00e7in hemen ara: 0850 346 84 93","breadcrumb":{"@id":"https:\/\/www.myvize.com.tr\/letonya\/vize-islemleri\/letonya-calisma-izni\/#breadcrumb"},"inLanguage":"tr","potentialAction":[{"@type":"ReadAction","target":["https:\/\/www.myvize.com.tr\/letonya\/vize-islemleri\/letonya-calisma-izni\/"]}]},{"@type":"ImageObject","inLanguage":"tr","@id":"https:\/\/www.myvize.com.tr\/letonya\/vize-islemleri\/letonya-calisma-izni\/#primaryimage","url":"https:\/\/www.myvize.com.tr\/letonya\/wp-content\/uploads\/2021\/10\/38.jpg","contentUrl":"https:\/\/www.myvize.com.tr\/letonya\/wp-content\/uploads\/2021\/10\/38.jpg","width":800,"height":500,"caption":"Letonya \u00c7al\u0131\u015fma \u0130zni"},{"@type":"BreadcrumbList","@id":"https:\/\/www.myvize.com.tr\/letonya\/vize-islemleri\/letonya-calisma-izni\/#breadcrumb","itemListElement":[{"@type":"ListItem","position":1,"name":"Anasayfa","item":"https:\/\/www.myvize.com.tr\/letonya\/"},{"@type":"ListItem","position":2,"name":"V\u0130ZE \u0130\u015eLEMLER\u0130","item":"https:\/\/www.myvize.com.tr\/letonya\/vize-islemleri\/"},{"@type":"ListItem","position":3,"name":"Letonya \u00c7al\u0131\u015fma \u0130zni"}]},{"@type":"WebSite","@id":"https:\/\/www.myvize.com.tr\/letonya\/#website","url":"https:\/\/www.myvize.com.tr\/letonya\/","name":"Letonya Vizesi","description":"","potentialAction":[{"@type":"SearchAction","target":{"@type":"EntryPoint","urlTemplate":"https:\/\/www.myvize.com.tr\/letonya\/?s={search_term_string}"},"query-input":{"@type":"PropertyValueSpecification","valueRequired":true,"valueName":"search_term_string"}}],"inLanguage":"tr"}]}},"_links":{"self":[{"href":"https:\/\/www.myvize.com.tr\/letonya\/wp-json\/wp\/v2\/pages\/43","targetHints":{"allow":["GET"]}}],"collection":[{"href":"https:\/\/www.myvize.com.tr\/letonya\/wp-json\/wp\/v2\/pages"}],"about":[{"href":"https:\/\/www.myvize.com.tr\/letonya\/wp-json\/wp\/v2\/types\/page"}],"author":[{"embeddable":true,"href":"https:\/\/www.myvize.com.tr\/letonya\/wp-json\/wp\/v2\/users\/1"}],"replies":[{"embeddable":true,"href":"https:\/\/www.myvize.com.tr\/letonya\/wp-json\/wp\/v2\/comments?post=43"}],"version-history":[{"count":9,"href":"https:\/\/www.myvize.com.tr\/letonya\/wp-json\/wp\/v2\/pages\/43\/revisions"}],"predecessor-version":[{"id":763,"href":"https:\/\/www.myvize.com.tr\/letonya\/wp-json\/wp\/v2\/pages\/43\/revisions\/763"}],"up":[{"embeddable":true,"href":"https:\/\/www.myvize.com.tr\/letonya\/wp-json\/wp\/v2\/pages\/18"}],"wp:attachment":[{"href":"https:\/\/www.myvize.com.tr\/letonya\/wp-json\/wp\/v2\/media?parent=43"}],"curies":[{"name":"wp","href":"https:\/\/api.w.org\/{rel}","templated":true}]}}