{"id":45,"date":"2020-11-30T12:47:57","date_gmt":"2020-11-30T09:47:57","guid":{"rendered":"https:\/\/www.myvize.com.tr\/letonya\/?page_id=45"},"modified":"2022-08-16T12:41:14","modified_gmt":"2022-08-16T09:41:14","slug":"letonya-oturum-izni","status":"publish","type":"page","link":"https:\/\/www.myvize.com.tr\/letonya\/vize-islemleri\/letonya-oturum-izni\/","title":{"rendered":"Letonya Oturum \u0130zni"},"content":{"rendered":"<h2><span style=\"font-family: Roboto; font-size: 27px;\"><b>Letonya Oturum \u0130zni Hakk\u0131nda<\/b><\/span><\/h2>\n<p><span style=\"font-family: Roboto; font-size: 14px;\"><strong>Letonya oturum izni<\/strong>\u00a0kapsam\u0131na ve verilen izne ba\u011fl\u0131 olarak yabanc\u0131 bir \u00fclke vatanda\u015f\u0131na Letonya Cumhuriyeti\u2019nde s\u00fcreli veya s\u00fcresiz olmak \u00fczere ikamet etme yani ya\u015fama, \u00e7al\u0131\u015fma, okuma veya ticari faaliyetlerde bulunma hakk\u0131 tan\u0131yan yasal bir belgedir. Fiziksel bir ikamet kart\u0131 \u015feklinde kullan\u0131c\u0131lara verilen kart s\u00fcreli ya da s\u00fcresiz olabilmektedir.<\/span><\/p>\n<p><span style=\"font-family: Roboto; font-size: 14px;\">Oturum izni, Letonya\u2019da 90 g\u00fcn ve fazlas\u0131n\u0131 ge\u00e7irmek isteyen veya di\u011fer Schengen \u00fcye \u00fclkelerine seyahat etmek i\u00e7in olduk\u00e7a mant\u0131kl\u0131 bir y\u00f6ntemdir. \u00c7\u00fcnk\u00fc <strong>Letonya Schengen \u00fcye<\/strong> \u00fclkeleri aras\u0131nda oldu\u011fundan bir <strong>Schengen b\u00f6lgesi<\/strong> \u00fclkelerinin birinde oturum iznine sahip olanlar, di\u011fer \u00fcye \u00fclkeleri rahatl\u0131kla ziyaret edebilir ve bunu yaparken vize almak gibi prosed\u00fcrlerle u\u011fra\u015fmak zorunda kalmazlar. Bu nedenle bu gibi ama\u00e7lar\u0131 olan kimseler i\u00e7in <strong>Letonya oturum izni<\/strong> olduk\u00e7a mant\u0131kl\u0131 bir ad\u0131md\u0131r. \u00a0<\/span><\/p>\n<p><span style=\"font-family: Roboto; font-size: 14px;\">Letonya taraf\u0131ndan kal\u0131c\u0131 ve ge\u00e7ici olmak \u00fczere iki t\u00fcr oturum izni mevcuttur. Letonya\u2019da ki\u015fisel bir ba\u011flant\u0131s\u0131 bulunmayan veya oturum izni sa\u011flayabilecek bir ili\u015fki yok ise yani AB Vatanda\u015fl\u0131\u011f\u0131, aile birle\u015fimi i\u015flemi, aile g\u00f6\u00e7\u00fc gibi<strong> Letonya oturum izni<\/strong> alman\u0131n iki yolu vard\u0131r.<\/span><\/p>\n<ul>\n<li><span style=\"font-family: Roboto; font-size: 14px;\">Gayrimenkul yat\u0131r\u0131m\u0131 ya da sat\u0131n al\u0131nmas\u0131 yoluyla oturum izni almak. Letonya\u2019da bir gayrimenkul veya m\u00fclk almak, 5 y\u0131ll\u0131k oturum iznini sa\u011flayacakt\u0131r.<\/span><\/li>\n<li><span style=\"font-family: Roboto; font-size: 14px;\">\u00a0\u00a0Yat\u0131r\u0131m yoluyla oturum izni almak. Letonya\u2019da bir i\u015f kurmak veya bir i\u015fe yat\u0131r\u0131m yapacak finansal kaynak sahibi iseniz,\u00a0<strong>i\u015f yat\u0131r\u0131m\u0131 arac\u0131l\u0131\u011f\u0131yla oturum izni alman\u0131z <\/strong>m\u00fcmk\u00fcnd\u00fcr.<\/span><\/li>\n<\/ul>\n<p><img decoding=\"async\" src=\"https:\/\/www.myvize.com.tr\/letonya\/wp-content\/uploads\/2021\/10\/44.jpg\" \/><\/p>\n<h2><strong><span style=\"font-family: Roboto; font-size: 27px;\">Letonya Oturum \u0130zni ile \u0130lgili\u00a0<\/span><\/strong><\/h2>\n<p><span style=\"font-family: Roboto; font-size: 14px;\">Bir s\u00fcreli\u011fine veya s\u00fcresiz olarak ikamet etmek isteyece\u011finiz\u00a0<strong>Letonya i\u00e7in oturum izni<\/strong>\u00a0ba\u015fvurular\u0131nda bulunabilirsiniz. Oturum izni alarak ya\u015fam\u0131n\u0131z\u0131 s\u00fcrd\u00fcrmek, \u00e7al\u0131\u015fma hakk\u0131n\u0131 elde etmek veya e\u011fitiminize devam edebilmek i\u00e7in gerekli s\u00fcre\u00e7leri ba\u015flatacak olan ofislerimizden bilgi alabilirsiniz. Sizler de 90 g\u00fcnden daha uzun s\u00fcreyle kalmak istedi\u011finizde D tipi<strong> ulusal vize<\/strong> tipine ba\u015fvuru yapmal\u0131s\u0131n\u0131z. Kal\u0131c\u0131 veya ge\u00e7ici olarak <strong>Letonya Oturum izni<\/strong> ba\u015fvurular\u0131nda bulunabilmeniz i\u00e7in baz\u0131 \u015fartlara sahip olman\u0131z gerekmektedir. AB vatanda\u015fl\u0131\u011f\u0131ndan, Aile birle\u015fiminden ya da g\u00f6\u00e7 gibi sebeplerden dolay\u0131 <strong>oturum izni<\/strong> alman\u0131z m\u00fcmk\u00fcn iken, bu \u015fartlara sahip olmayan ki\u015filerin ise gayrimenkul veya yat\u0131r\u0131m yoluyla oturum izni alabileceklerini de vurgulamaktay\u0131z. Kendinize \u00f6zg\u00fc olabilecek y\u00f6ntemleri belirleyebilir ve b\u00fcy\u00fck avantajlardan faydalanabilirsiniz. Sizler de akrabalar\u0131n\u0131z\u0131 ziyaret ederken, di\u011fer <strong>Schengen<\/strong> \u00fclkelerine giri\u015f yaparken, AB f\u0131rsatlar\u0131ndan ve ticari alandaki yeniliklerden faydalan\u0131rken Letonya Oturum izni ayr\u0131cal\u0131klar\u0131n\u0131 ya\u015fayabilirsiniz. Ayr\u0131ca oy kullanman\u0131z, se\u00e7imlerde bulunman\u0131z ve memur olarak kamu kurumlar\u0131nda \u00e7al\u0131\u015fman\u0131z m\u00fcmk\u00fcn olacakt\u0131r. Daha fazla bilgi alabilmek i\u00e7in <strong>Letonya vizeleri<\/strong> ve <strong>oturum izni<\/strong> alan\u0131nda uzman olan ekiplerimizi aramaya ba\u015flayabilirsiniz.<\/span><\/p>\n<p><span style=\"font-family: Roboto; font-size: 14px;\"><span style=\"color: #2acec2;\"><strong><a style=\"color: #2acec2;\" href=\"https:\/\/www.myvize.com.tr\/letonya\/vize-islemleri\/letonya-vize-randevusu\/\" target=\"_blank\" rel=\"noopener\">Letonya Vize Randevusu<\/a><\/strong><\/span> ile ilgili bilgi almak i\u00e7in bizi aray\u0131n\u0131z.<\/span><\/p>\n<h2><span style=\"font-family: Roboto; font-size: 27px;\"><strong>Letonya\u2019 ya Yerle\u015fmek \u0130stiyorum<\/strong><\/span><\/h2>\n<p><span style=\"font-family: Roboto; font-size: 14px;\">Letonya Cumhuriyeti Kuzey Avrupa\u2019 da yer alarak Balt\u0131k \u00fclkeleri olarak bilinen \u00fc\u00e7 \u00fclkeden biridir. I. D\u00fcnya sava\u015f\u0131na kadar Rus \u0130mparatorlu\u011fu egemenli\u011finde olan Letonya 1991 y\u0131l\u0131na kadar Sovyetler Birli\u011fine ba\u011fl\u0131 olarak kalm\u0131\u015ft\u0131r. 21 A\u011fustos 1991 tarihinde ise Sovyetler Birli\u011finden de ayr\u0131larak tam ba\u011f\u0131ms\u0131zl\u0131\u011f\u0131n\u0131 ilan etmi\u015ftir. 2004 y\u0131l\u0131nda ise Avrupa Birli\u011fine ve NATO\u2019 ya \u00fcye olan \u00fclkeler aras\u0131na girmi\u015f ve \u00fcyelikleri halen de devam etmektedir.<\/span><\/p>\n<p><span style=\"font-family: Roboto; font-size: 14px;\">Letonya tam ba\u011f\u0131ms\u0131zl\u0131\u011f\u0131n\u0131 ilan ettikten ve Avrupa Birli\u011fine\u2019 de \u00fcye olduktan sonra h\u0131zl\u0131 bir ekonomik b\u00fcy\u00fcme d\u00f6nemine girmi\u015ftir ancak sonras\u0131nda t\u00fcm Avrupa \u00fclkelerinde de ya\u015fanan ekonomik krizden en \u00e7ok etkilenen \u00fclke olmu\u015ftur. \u015eu anda ise istikrarl\u0131 olarak b\u00fcy\u00fcmesine devam etmektedir. <strong>Letonya\u2019 da ya\u015fam<\/strong> di\u011fer Avrupa \u00fclkelerine g\u00f6re \u00e7ok daha ekonomiktir. Bu sebeple yurt d\u0131\u015f\u0131nda \u00f6\u011frenim g\u00f6rmek isteyen \u00f6\u011frenciler taraf\u0131ndan ve \u00fclke d\u0131\u015f\u0131na \u00e7al\u0131\u015fmak isteyenler taraf\u0131ndan tercih edilmektedir.<\/span><\/p>\n<p><span style=\"font-family: Roboto; font-size: 14px;\"><strong>Letonya\u2019 da oturum izni alabilmek<\/strong> i\u00e7in \u00f6ncelikle \u00fclkede bir i\u015f bulunmas\u0131 ve kendisinin ve ailesinin rahatl\u0131kla ya\u015fayabilece\u011fi gelire sahip olundu\u011funun kan\u0131tlanmas\u0131 gerekir.<\/span><\/p>\n<h2><span style=\"font-family: Roboto; font-size: 27px;\"><strong>Letonya Oturum \u0130zni Alma<\/strong><\/span><\/h2>\n<p><span style=\"font-family: Roboto; font-size: 14px;\">Letonya oturum izni, Letonya\u2019 da 90 g\u00fcnden uzun s\u00fcreli yap\u0131lacak olan konaklamalar i\u00e7in ba\u015fvurulmas\u0131 gereken bir izindir. Letonya oturum izinlerine ba\u015fvuruda bulunmadan \u00f6nce ilk olarak nas\u0131l bir oturum iznine ihtiya\u00e7 duyuldu\u011funa bak\u0131lmal\u0131 ve buna g\u00f6re ba\u015fvuru i\u015flemleri yap\u0131lmal\u0131d\u0131r. Letonya oturum izni \u00e7e\u015fitlerine g\u00f6re ilk olarak ge\u00e7ici oturum izni verilmektedir, sonras\u0131nda kal\u0131c\u0131 oturum iznine ba\u015fvuruda bulunulabilir.<\/span><\/p>\n<p><span style=\"font-family: Roboto; font-size: 14px;\"><strong>Letonya\u2019 da oturum izinleri<\/strong> oturum izni alma sebebine ba\u011fl\u0131 olarak farkl\u0131 t\u00fcrlerde verilmektedir. Ancak genel olarak oturum iznine ba\u015fvuruda bulunabilmek i\u00e7in a\u015fa\u011f\u0131da belirtilen evraklar\u0131n haz\u0131rlanmas\u0131 gerekmektedir.<\/span><\/p>\n<ul>\n<li><span style=\"font-family: Roboto; font-size: 14px;\">10 y\u0131ldan eski olmayan ve kullan\u0131m s\u00fcresi devam eden pasaport<\/span><\/li>\n<li><span style=\"font-family: Roboto; font-size: 14px;\">Letonya oturum izni ba\u015fvuru formu<\/span><\/li>\n<li><span style=\"font-family: Roboto; font-size: 14px;\">Biyometrik standartlarda \u00e7ekilmi\u015f foto\u011fraf<\/span><\/li>\n<li><span style=\"font-family: Roboto; font-size: 14px;\">Finansal yeterlili\u011fi ispatlayan evraklar, maa\u015f bordrosu ve banka hesap d\u00f6k\u00fcm\u00fc gibi<\/span><\/li>\n<li><span style=\"font-family: Roboto; font-size: 14px;\">Dil yeterlili\u011fi, Litvanya E\u011fitim Bakanl\u0131\u011f\u0131na ba\u011fl\u0131 olan Ulusal S\u0131nav merkezinin Litvanca dili \u00fczerine yapt\u0131\u011f\u0131 s\u0131navdan al\u0131nan ba\u015far\u0131 belgesi.<\/span><\/li>\n<li><span style=\"font-family: Roboto; font-size: 14px;\">T\u00fcrkiye\u2019 den al\u0131nm\u0131\u015f olan sab\u0131ka kayd\u0131.<\/span><\/li>\n<li><span style=\"font-family: Roboto; font-size: 14px;\">Uluslararas\u0131 ge\u00e7erlili\u011fi olan sa\u011fl\u0131k sigortas\u0131<\/span><\/li>\n<li><span style=\"font-family: Roboto; font-size: 14px;\">Evli ise evlilik c\u00fczdan\u0131<\/span><\/li>\n<li><span style=\"font-family: Roboto; font-size: 14px;\">Hen\u00fcz re\u015fit olmayan bireyler i\u00e7in muvafakatname<\/span><\/li>\n<\/ul>\n<p><span style=\"font-family: Roboto; font-size: 14px;\">Bu evraklar ile yap\u0131lan oturum izni ba\u015fvurular\u0131 olumlu olarak yan\u0131tlanmaktad\u0131r.<\/span><\/p>\n<h3><span style=\"font-family: Roboto; font-size: 24px;\"><strong>Letonya Oturum \u0130zni Nas\u0131l Al\u0131n\u0131r?<\/strong><\/span><\/h3>\n<p><span style=\"font-family: Roboto; font-size: 14px;\">Letonya oturum izinleri Letonya\u2019 da bulunma amac\u0131na ba\u011fl\u0131 olarak farkl\u0131 prosed\u00fcrlerde al\u0131nabilmektedir. Letonya oturum iznine ba\u015fvuruda bulunabilmek i\u00e7in ilk olarak hangi sebeple Letonya\u2019 da bulunuldu\u011fu belirtilmeli ve istenilen \u015fartlar yerine getirilmelidir.<\/span><\/p>\n<p><span style=\"font-family: Roboto; font-size: 14px;\">Letonya oturum izinlerinde uygulanan prosed\u00fcrler \u015f\u00f6yledir;<\/span><\/p>\n<ul>\n<li><span style=\"font-family: Roboto; font-size: 14px;\">Letonya e\u011fitim i\u00e7in oturum izni; Letonya e\u011fitim ama\u00e7l\u0131 oturum izinleri i\u00e7in yap\u0131lmas\u0131 gereken ilk i\u015flem \u00fclkede bulunan \u00fcniversitelerden veya dil okullar\u0131ndan birine ba\u015fvuruda bulunulmas\u0131d\u0131r. Ba\u015fvuru onay\u0131 geldikten sonra al\u0131nan davet mektubu ile Letonya Konsolosluklar\u0131ndan oturum iznine ba\u015fvuruda bulunulabilir. Bu ba\u015fvuru sonucunda al\u0131nabilen oturum izni ile kabul edilen e\u011fitim kurumunun belirtti\u011fi e\u011fitim s\u00fcresince oturum iznine sahip olunabilir.<\/span><\/li>\n<li><span style=\"font-family: Roboto; font-size: 14px;\">Letonya \u00e7al\u0131\u015fma i\u00e7in al\u0131nabilen oturum izni; Letonya\u2019da i\u015f bulmaya ba\u011fl\u0131 olarak bir oturum izninin al\u0131nabilmesi i\u00e7in ilk olarak Letonya\u2019 da bir i\u015fe girilmesi gerekmektedir. Letonya\u2019 da i\u015fe girebilmek di\u011fer Avrupa \u00fclkelerine g\u00f6re daha kolay olmaktad\u0131r.<\/span><\/li>\n<li><span style=\"font-family: Roboto; font-size: 14px;\">Letonya aile birle\u015fimi ile oturum izni alma;<span style=\"color: #2acec2;\"><strong><a style=\"color: #2acec2;\" href=\"https:\/\/www.myvize.com.tr\/letonya\/oturum-2\/aile-birlesimi\/\" target=\"_blank\" rel=\"noopener\"> Letonya aile birle\u015fimi<\/a><\/strong><\/span> ile al\u0131nabilen oturum izinleridir.<\/span><\/li>\n<li><span style=\"font-family: Roboto; font-size: 14px;\">Letonya yat\u0131r\u0131m yolu ile oturum izni alma; Letonya\u2019 da yat\u0131r\u0131m yolu ile oturum izni almak m\u00fcmk\u00fcnd\u00fcr ve bunun birden fazla yolu vard\u0131r. Letonya\u2019 da bulunan bir \u015firkete; az 36.000 Euro ekleyip ortak olarak ya da ana sermayeye sahip yeni bir \u015firket kurarak, Letonya Bankas\u0131na bono halinde minimum 300.000 Euro yat\u0131r\u0131m yaparak ve son olarak Letonya\u2019 n\u0131n herhangi bir kentinde konut al\u0131m\u0131 ile oturum iznine ba\u015fvuruda bulunulabilir.<\/span><\/li>\n<\/ul>\n<h3><span style=\"font-family: Roboto; font-size: 24px;\"><strong>Letonya Oturum \u0130zni \u015eartlar\u0131<\/strong><\/span><\/h3>\n<p><span style=\"font-family: Roboto; font-size: 14px;\">Letonya oturum izni ilk olarak ge\u00e7ici oturum izni ve uzun s\u00fcreli oturum izni olarak ikiye ayr\u0131lmaktad\u0131r. Letonya \u00fclkesi oturum izinlerinin ilk ba\u015fvuru a\u015famas\u0131nda ge\u00e7ici oturum izinleri yap\u0131lan ba\u015fvurulara cevap vermektedir. Sonras\u0131nda istenilen \u015fartlar\u0131n devaml\u0131 olarak sa\u011flanmas\u0131 halinde kal\u0131c\u0131 oturum iznine sahip olunabilir.<\/span><\/p>\n<p><span style=\"font-family: Roboto; font-size: 14px;\"><strong>Letonya oturum i\u015flemleri<\/strong> talep edilen oturum izni gerek\u00e7elerine g\u00f6re de de\u011fi\u015fiklik g\u00f6stermektedir. Oturum iznine ba\u015fvuruda bulunabilmek i\u00e7in ilk olarak a\u015fa\u011f\u0131da belirtilen \u015fartlar\u0131n yerine getirilmesi beklenmektedir.<\/span><\/p>\n<ul>\n<li><span style=\"font-family: Roboto; font-size: 14px;\"><strong>Letonya\u2019 da \u00e7al\u0131\u015fma izni<\/strong> olmadan ka\u00e7ak yollarla herhangi bir i\u015fte \u00e7al\u0131\u015f\u0131lmam\u0131\u015f olmas\u0131 gerekir.<\/span><\/li>\n<li><span style=\"font-family: Roboto; font-size: 14px;\">Oturum izni ba\u015fvuru belgesi eksiksiz ve hatas\u0131z olarak doldurulmal\u0131<\/span><\/li>\n<li><span style=\"font-family: Roboto; font-size: 14px;\">Letonya\u2019 da ya\u015farken ge\u00e7imini sa\u011flamak i\u00e7in yeterli gelirinin oldu\u011fu ispatlanmal\u0131<\/span><\/li>\n<li><span style=\"font-family: Roboto; font-size: 14px;\">Letonya\u2019 da ikamet edece\u011fi adresin ibraz edilmesi<\/span><\/li>\n<li><span style=\"font-family: Roboto; font-size: 14px;\">Letonya\u2019da bir su\u00e7tan dolay\u0131 mahkeme karar\u0131yla su\u00e7lu bulunmam\u0131\u015f olmal\u0131d\u0131r.<\/span><\/li>\n<li><span style=\"font-family: Roboto; font-size: 14px;\">Letonya\u2019da ikamet edildi\u011fi s\u00fcre boyunca trafik cezas\u0131 gibi idari bir su\u00e7 i\u015flenmi\u015f ise yasalarda belirtildi\u011fi \u015fekilde ceza \u00f6demelerinin yap\u0131lm\u0131\u015f olmas\u0131 gereklidir.<\/span><\/li>\n<\/ul>\n","protected":false},"excerpt":{"rendered":"<p>Letonya Oturum \u0130zni Hakk\u0131nda Letonya oturum izni\u00a0kapsam\u0131na ve verilen izne ba\u011fl\u0131 olarak yabanc\u0131 bir \u00fclke vatanda\u015f\u0131na Letonya Cumhuriyeti\u2019nde s\u00fcreli veya s\u00fcresiz olmak \u00fczere ikamet etme yani ya\u015fama, \u00e7al\u0131\u015fma, okuma veya ticari faaliyetlerde bulunma hakk\u0131 tan\u0131yan yasal bir belgedir. Fiziksel bir ikamet kart\u0131 \u015feklinde kullan\u0131c\u0131lara verilen kart s\u00fcreli ya da s\u00fcresiz olabilmektedir. Oturum izni, Letonya\u2019da 90<\/p>\n","protected":false},"author":1,"featured_media":0,"parent":18,"menu_order":0,"comment_status":"open","ping_status":"closed","template":"","meta":{"footnotes":""},"class_list":["post-45","page","type-page","status-publish","hentry"],"yoast_head":"<!-- This site is optimized with the Yoast SEO plugin v24.0 - https:\/\/yoast.com\/wordpress\/plugins\/seo\/ -->\n<title>Letonya Oturum \u0130zni Nas\u0131l Al\u0131n\u0131r? - MyVize<\/title>\n<meta name=\"description\" content=\"Letonya Oturum \u0130zni almak i\u00e7in gerekli t\u00fcm evraklar listesi 2022 hemen t\u0131kla! Letonya Vize Randevusu i\u00e7in hemen ara: 0850 346 84 93\" \/>\n<meta name=\"robots\" content=\"index, follow, max-snippet:-1, max-image-preview:large, max-video-preview:-1\" \/>\n<link rel=\"canonical\" href=\"https:\/\/www.myvize.com.tr\/letonya\/vize-islemleri\/letonya-oturum-izni\/\" \/>\n<meta property=\"og:locale\" content=\"tr_TR\" \/>\n<meta property=\"og:type\" content=\"article\" \/>\n<meta property=\"og:title\" content=\"Letonya Oturum \u0130zni Nas\u0131l Al\u0131n\u0131r? - MyVize\" \/>\n<meta property=\"og:description\" content=\"Letonya Oturum \u0130zni almak i\u00e7in gerekli t\u00fcm evraklar listesi 2022 hemen t\u0131kla! Letonya Vize Randevusu i\u00e7in hemen ara: 0850 346 84 93\" \/>\n<meta property=\"og:url\" content=\"https:\/\/www.myvize.com.tr\/letonya\/vize-islemleri\/letonya-oturum-izni\/\" \/>\n<meta property=\"og:site_name\" content=\"Letonya Vizesi\" \/>\n<meta property=\"article:modified_time\" content=\"2022-08-16T09:41:14+00:00\" \/>\n<meta property=\"og:image\" content=\"https:\/\/www.myvize.com.tr\/letonya\/wp-content\/uploads\/2021\/10\/44.jpg\" \/>\n<meta name=\"twitter:card\" content=\"summary_large_image\" \/>\n<meta name=\"twitter:label1\" content=\"Tahmini okuma s\u00fcresi\" \/>\n\t<meta name=\"twitter:data1\" content=\"7 dakika\" \/>\n<script type=\"application\/ld+json\" class=\"yoast-schema-graph\">{\"@context\":\"https:\/\/schema.org\",\"@graph\":[{\"@type\":\"WebPage\",\"@id\":\"https:\/\/www.myvize.com.tr\/letonya\/vize-islemleri\/letonya-oturum-izni\/\",\"url\":\"https:\/\/www.myvize.com.tr\/letonya\/vize-islemleri\/letonya-oturum-izni\/\",\"name\":\"Letonya Oturum \u0130zni Nas\u0131l Al\u0131n\u0131r? - MyVize\",\"isPartOf\":{\"@id\":\"https:\/\/www.myvize.com.tr\/letonya\/#website\"},\"primaryImageOfPage\":{\"@id\":\"https:\/\/www.myvize.com.tr\/letonya\/vize-islemleri\/letonya-oturum-izni\/#primaryimage\"},\"image\":{\"@id\":\"https:\/\/www.myvize.com.tr\/letonya\/vize-islemleri\/letonya-oturum-izni\/#primaryimage\"},\"thumbnailUrl\":\"https:\/\/www.myvize.com.tr\/letonya\/wp-content\/uploads\/2021\/10\/44.jpg\",\"datePublished\":\"2020-11-30T09:47:57+00:00\",\"dateModified\":\"2022-08-16T09:41:14+00:00\",\"description\":\"Letonya Oturum \u0130zni almak i\u00e7in gerekli t\u00fcm evraklar listesi 2022 hemen t\u0131kla! Letonya Vize Randevusu i\u00e7in hemen ara: 0850 346 84 93\",\"breadcrumb\":{\"@id\":\"https:\/\/www.myvize.com.tr\/letonya\/vize-islemleri\/letonya-oturum-izni\/#breadcrumb\"},\"inLanguage\":\"tr\",\"potentialAction\":[{\"@type\":\"ReadAction\",\"target\":[\"https:\/\/www.myvize.com.tr\/letonya\/vize-islemleri\/letonya-oturum-izni\/\"]}]},{\"@type\":\"ImageObject\",\"inLanguage\":\"tr\",\"@id\":\"https:\/\/www.myvize.com.tr\/letonya\/vize-islemleri\/letonya-oturum-izni\/#primaryimage\",\"url\":\"https:\/\/www.myvize.com.tr\/letonya\/wp-content\/uploads\/2021\/10\/44.jpg\",\"contentUrl\":\"https:\/\/www.myvize.com.tr\/letonya\/wp-content\/uploads\/2021\/10\/44.jpg\",\"width\":800,\"height\":500,\"caption\":\"Letonya Oturum \u0130zni\"},{\"@type\":\"BreadcrumbList\",\"@id\":\"https:\/\/www.myvize.com.tr\/letonya\/vize-islemleri\/letonya-oturum-izni\/#breadcrumb\",\"itemListElement\":[{\"@type\":\"ListItem\",\"position\":1,\"name\":\"Anasayfa\",\"item\":\"https:\/\/www.myvize.com.tr\/letonya\/\"},{\"@type\":\"ListItem\",\"position\":2,\"name\":\"V\u0130ZE \u0130\u015eLEMLER\u0130\",\"item\":\"https:\/\/www.myvize.com.tr\/letonya\/vize-islemleri\/\"},{\"@type\":\"ListItem\",\"position\":3,\"name\":\"Letonya Oturum \u0130zni\"}]},{\"@type\":\"WebSite\",\"@id\":\"https:\/\/www.myvize.com.tr\/letonya\/#website\",\"url\":\"https:\/\/www.myvize.com.tr\/letonya\/\",\"name\":\"Letonya Vizesi\",\"description\":\"\",\"potentialAction\":[{\"@type\":\"SearchAction\",\"target\":{\"@type\":\"EntryPoint\",\"urlTemplate\":\"https:\/\/www.myvize.com.tr\/letonya\/?s={search_term_string}\"},\"query-input\":{\"@type\":\"PropertyValueSpecification\",\"valueRequired\":true,\"valueName\":\"search_term_string\"}}],\"inLanguage\":\"tr\"}]}<\/script>\n<!-- \/ Yoast SEO plugin. -->","yoast_head_json":{"title":"Letonya Oturum \u0130zni Nas\u0131l Al\u0131n\u0131r? - MyVize","description":"Letonya Oturum \u0130zni almak i\u00e7in gerekli t\u00fcm evraklar listesi 2022 hemen t\u0131kla! Letonya Vize Randevusu i\u00e7in hemen ara: 0850 346 84 93","robots":{"index":"index","follow":"follow","max-snippet":"max-snippet:-1","max-image-preview":"max-image-preview:large","max-video-preview":"max-video-preview:-1"},"canonical":"https:\/\/www.myvize.com.tr\/letonya\/vize-islemleri\/letonya-oturum-izni\/","og_locale":"tr_TR","og_type":"article","og_title":"Letonya Oturum \u0130zni Nas\u0131l Al\u0131n\u0131r? - MyVize","og_description":"Letonya Oturum \u0130zni almak i\u00e7in gerekli t\u00fcm evraklar listesi 2022 hemen t\u0131kla! Letonya Vize Randevusu i\u00e7in hemen ara: 0850 346 84 93","og_url":"https:\/\/www.myvize.com.tr\/letonya\/vize-islemleri\/letonya-oturum-izni\/","og_site_name":"Letonya Vizesi","article_modified_time":"2022-08-16T09:41:14+00:00","og_image":[{"url":"https:\/\/www.myvize.com.tr\/letonya\/wp-content\/uploads\/2021\/10\/44.jpg","type":"","width":"","height":""}],"twitter_card":"summary_large_image","twitter_misc":{"Tahmini okuma s\u00fcresi":"7 dakika"},"schema":{"@context":"https:\/\/schema.org","@graph":[{"@type":"WebPage","@id":"https:\/\/www.myvize.com.tr\/letonya\/vize-islemleri\/letonya-oturum-izni\/","url":"https:\/\/www.myvize.com.tr\/letonya\/vize-islemleri\/letonya-oturum-izni\/","name":"Letonya Oturum \u0130zni Nas\u0131l Al\u0131n\u0131r? - MyVize","isPartOf":{"@id":"https:\/\/www.myvize.com.tr\/letonya\/#website"},"primaryImageOfPage":{"@id":"https:\/\/www.myvize.com.tr\/letonya\/vize-islemleri\/letonya-oturum-izni\/#primaryimage"},"image":{"@id":"https:\/\/www.myvize.com.tr\/letonya\/vize-islemleri\/letonya-oturum-izni\/#primaryimage"},"thumbnailUrl":"https:\/\/www.myvize.com.tr\/letonya\/wp-content\/uploads\/2021\/10\/44.jpg","datePublished":"2020-11-30T09:47:57+00:00","dateModified":"2022-08-16T09:41:14+00:00","description":"Letonya Oturum \u0130zni almak i\u00e7in gerekli t\u00fcm evraklar listesi 2022 hemen t\u0131kla! Letonya Vize Randevusu i\u00e7in hemen ara: 0850 346 84 93","breadcrumb":{"@id":"https:\/\/www.myvize.com.tr\/letonya\/vize-islemleri\/letonya-oturum-izni\/#breadcrumb"},"inLanguage":"tr","potentialAction":[{"@type":"ReadAction","target":["https:\/\/www.myvize.com.tr\/letonya\/vize-islemleri\/letonya-oturum-izni\/"]}]},{"@type":"ImageObject","inLanguage":"tr","@id":"https:\/\/www.myvize.com.tr\/letonya\/vize-islemleri\/letonya-oturum-izni\/#primaryimage","url":"https:\/\/www.myvize.com.tr\/letonya\/wp-content\/uploads\/2021\/10\/44.jpg","contentUrl":"https:\/\/www.myvize.com.tr\/letonya\/wp-content\/uploads\/2021\/10\/44.jpg","width":800,"height":500,"caption":"Letonya Oturum \u0130zni"},{"@type":"BreadcrumbList","@id":"https:\/\/www.myvize.com.tr\/letonya\/vize-islemleri\/letonya-oturum-izni\/#breadcrumb","itemListElement":[{"@type":"ListItem","position":1,"name":"Anasayfa","item":"https:\/\/www.myvize.com.tr\/letonya\/"},{"@type":"ListItem","position":2,"name":"V\u0130ZE \u0130\u015eLEMLER\u0130","item":"https:\/\/www.myvize.com.tr\/letonya\/vize-islemleri\/"},{"@type":"ListItem","position":3,"name":"Letonya Oturum \u0130zni"}]},{"@type":"WebSite","@id":"https:\/\/www.myvize.com.tr\/letonya\/#website","url":"https:\/\/www.myvize.com.tr\/letonya\/","name":"Letonya Vizesi","description":"","potentialAction":[{"@type":"SearchAction","target":{"@type":"EntryPoint","urlTemplate":"https:\/\/www.myvize.com.tr\/letonya\/?s={search_term_string}"},"query-input":{"@type":"PropertyValueSpecification","valueRequired":true,"valueName":"search_term_string"}}],"inLanguage":"tr"}]}},"_links":{"self":[{"href":"https:\/\/www.myvize.com.tr\/letonya\/wp-json\/wp\/v2\/pages\/45","targetHints":{"allow":["GET"]}}],"collection":[{"href":"https:\/\/www.myvize.com.tr\/letonya\/wp-json\/wp\/v2\/pages"}],"about":[{"href":"https:\/\/www.myvize.com.tr\/letonya\/wp-json\/wp\/v2\/types\/page"}],"author":[{"embeddable":true,"href":"https:\/\/www.myvize.com.tr\/letonya\/wp-json\/wp\/v2\/users\/1"}],"replies":[{"embeddable":true,"href":"https:\/\/www.myvize.com.tr\/letonya\/wp-json\/wp\/v2\/comments?post=45"}],"version-history":[{"count":9,"href":"https:\/\/www.myvize.com.tr\/letonya\/wp-json\/wp\/v2\/pages\/45\/revisions"}],"predecessor-version":[{"id":464,"href":"https:\/\/www.myvize.com.tr\/letonya\/wp-json\/wp\/v2\/pages\/45\/revisions\/464"}],"up":[{"embeddable":true,"href":"https:\/\/www.myvize.com.tr\/letonya\/wp-json\/wp\/v2\/pages\/18"}],"wp:attachment":[{"href":"https:\/\/www.myvize.com.tr\/letonya\/wp-json\/wp\/v2\/media?parent=45"}],"curies":[{"name":"wp","href":"https:\/\/api.w.org\/{rel}","templated":true}]}}