{"id":231,"date":"2020-12-25T11:53:53","date_gmt":"2020-12-25T08:53:53","guid":{"rendered":"https:\/\/www.myvize.com.tr\/litvanya\/?page_id=231"},"modified":"2022-01-14T13:09:00","modified_gmt":"2022-01-14T10:09:00","slug":"konya","status":"publish","type":"page","link":"https:\/\/www.myvize.com.tr\/litvanya\/subelerimiz\/konya\/","title":{"rendered":"Konya"},"content":{"rendered":"<h2><strong><span style=\"font-family: Roboto; font-size: 27px;\">Litvanya Vize Ba\u015fvuru Merkezi, Konya<\/span><\/strong><\/h2>\n<p><span style=\"font-family: Roboto; font-size: 14px;\">Bordo pasaporta sahip olan ki\u015filerin ge\u00e7erli <strong>Schengen vizesi<\/strong>ni alarak Litvanya&#8217;ya seyahat edebileceklerini aktar\u0131yoruz. Konya&#8217;dan ba\u015fvurmak isteyenlere dan\u0131\u015fmanl\u0131k hizmetlerini sunan adreslerimizle birlikte hareket edebilirsiniz. 180 g\u00fcn i\u00e7erisinde 90 g\u00fcn\u00fc a\u015fmamak suretiyle <strong>Schengen<\/strong> seyahatlerinin ger\u00e7ekle\u015ftirilmesi m\u00fcmk\u00fcn olacakt\u0131r. Bu kapsamda ba\u015fvuru yapacak olan ki\u015filer i\u00e7in detayl\u0131 bilgilerin verilece\u011fini vurguluyoruz. <strong>Turistik<\/strong>, <strong>ticari<\/strong> veya ziyaret vizelerini al\u0131rken kategorilere g\u00f6re i\u015flemleri ger\u00e7ekle\u015ftirebilirsiniz. Bu konu hakk\u0131nda bilgi alman\u0131z i\u00e7in yard\u0131mc\u0131 olan firmam\u0131za u\u011framay\u0131 unutmay\u0131n. Uzmanlar\u0131m\u0131z taraf\u0131ndan de\u011ferlendirilecek olan ba\u015fvurularda evraklar\u0131n\u0131z\u0131n haz\u0131rlanaca\u011f\u0131n\u0131 belirtmekteyiz. Yakla\u015f\u0131k 7-14 g\u00fcnl\u00fck s\u00fcre\u00e7te olumlu yan\u0131tlar\u0131n al\u0131nmas\u0131 i\u00e7in harekete ge\u00e7ilecektir. Seyahatlerinizi zaman\u0131nda yapabilmek i\u00e7in aylar \u00f6ncesinden ad\u0131m atmay\u0131 unutmamal\u0131s\u0131n\u0131z. Belgelerin haz\u0131rlanmas\u0131, onaylanmas\u0131 ve pasaportlar\u0131n al\u0131nmas\u0131 gibi i\u015flemlerin profesyonelce tahmin edilece\u011fini vurguluyoruz.\u00a0<strong>Konya Litvanya Vize Ba\u015fvurusu<\/strong> ve \u00fccret \u00f6demeleri i\u00e7in gerekli y\u00f6nlendirmeleri ger\u00e7ekle\u015ftiriyoruz. Yetkililerimiz sayesinde do\u011fru zamanda ve h\u0131zla hizmet verilece\u011finin alt\u0131n\u0131 \u00e7iziyoruz. Konsolosluk taraf\u0131ndan belirlenen \u015fartlara uygun olacak ad\u0131mlar\u0131 atmaya ba\u015flayabilirsiniz. Ofislerimizi ziyaret ederek verimli sonu\u00e7lara ula\u015fabilir ve dan\u0131\u015fmanl\u0131k hizmetlerini hi\u00e7bir bedel \u00f6demeden hemen alabilirsiniz.<\/span><\/p>\n<p><span style=\"font-family: Roboto; font-size: 14px;\"><span style=\"color: #2acec2;\"><strong><a style=\"color: #2acec2;\" href=\"https:\/\/www.myvize.com.tr\/litvanya\/vize-islemleri\/litvanya-vize-basvuru-formu\/\" target=\"_blank\" rel=\"noopener\">Litvanya Vize Ba\u015fvuru Formu<\/a><\/strong><\/span> ile ilgili bilgi almak i\u00e7in bizi aray\u0131n\u0131z.<\/span><\/p>\n","protected":false},"excerpt":{"rendered":"<p>Litvanya Vize Ba\u015fvuru Merkezi, Konya Bordo pasaporta sahip olan ki\u015filerin ge\u00e7erli Schengen vizesini alarak Litvanya&#8217;ya seyahat edebileceklerini aktar\u0131yoruz. Konya&#8217;dan ba\u015fvurmak isteyenlere dan\u0131\u015fmanl\u0131k hizmetlerini sunan adreslerimizle birlikte hareket edebilirsiniz. 180 g\u00fcn i\u00e7erisinde 90 g\u00fcn\u00fc a\u015fmamak suretiyle Schengen seyahatlerinin ger\u00e7ekle\u015ftirilmesi m\u00fcmk\u00fcn olacakt\u0131r. Bu kapsamda ba\u015fvuru yapacak olan ki\u015filer i\u00e7in detayl\u0131 bilgilerin verilece\u011fini vurguluyoruz. Turistik, ticari veya ziyaret<\/p>\n","protected":false},"author":1,"featured_media":0,"parent":176,"menu_order":0,"comment_status":"open","ping_status":"closed","template":"","meta":{"footnotes":""},"class_list":["post-231","page","type-page","status-publish","hentry"],"yoast_head":"<!-- This site is optimized with the Yoast SEO plugin v24.0 - https:\/\/yoast.com\/wordpress\/plugins\/seo\/ -->\n<title>Litvanya Vize Ba\u015fvuru \u015eubesi Konya - MyVize<\/title>\n<meta name=\"description\" content=\"Litvanya Vizesi Konya Vize Ba\u015fvuru Merkezi. Litvanya Vizesi Nas\u0131l Al\u0131n\u0131r? Ba\u015fvuru Yapmak \u0130\u00e7in Konya \u015eubemizi Aray\u0131n: 0850 346 84 93\" \/>\n<meta name=\"robots\" content=\"index, follow, max-snippet:-1, max-image-preview:large, max-video-preview:-1\" \/>\n<link rel=\"canonical\" href=\"https:\/\/www.myvize.com.tr\/litvanya\/subelerimiz\/konya\/\" \/>\n<meta property=\"og:locale\" content=\"tr_TR\" \/>\n<meta property=\"og:type\" content=\"article\" \/>\n<meta property=\"og:title\" content=\"Litvanya Vize Ba\u015fvuru \u015eubesi Konya - MyVize\" \/>\n<meta property=\"og:description\" content=\"Litvanya Vizesi Konya Vize Ba\u015fvuru Merkezi. Litvanya Vizesi Nas\u0131l Al\u0131n\u0131r? Ba\u015fvuru Yapmak \u0130\u00e7in Konya \u015eubemizi Aray\u0131n: 0850 346 84 93\" \/>\n<meta property=\"og:url\" content=\"https:\/\/www.myvize.com.tr\/litvanya\/subelerimiz\/konya\/\" \/>\n<meta property=\"og:site_name\" content=\"Litvanya Vizesi\" \/>\n<meta property=\"article:modified_time\" content=\"2022-01-14T10:09:00+00:00\" \/>\n<meta name=\"twitter:card\" content=\"summary_large_image\" \/>\n<meta name=\"twitter:label1\" content=\"Tahmini okuma s\u00fcresi\" \/>\n\t<meta name=\"twitter:data1\" content=\"1 dakika\" \/>\n<script type=\"application\/ld+json\" class=\"yoast-schema-graph\">{\"@context\":\"https:\/\/schema.org\",\"@graph\":[{\"@type\":\"WebPage\",\"@id\":\"https:\/\/www.myvize.com.tr\/litvanya\/subelerimiz\/konya\/\",\"url\":\"https:\/\/www.myvize.com.tr\/litvanya\/subelerimiz\/konya\/\",\"name\":\"Litvanya Vize Ba\u015fvuru \u015eubesi Konya - MyVize\",\"isPartOf\":{\"@id\":\"https:\/\/www.myvize.com.tr\/litvanya\/#website\"},\"datePublished\":\"2020-12-25T08:53:53+00:00\",\"dateModified\":\"2022-01-14T10:09:00+00:00\",\"description\":\"Litvanya Vizesi Konya Vize Ba\u015fvuru Merkezi. Litvanya Vizesi Nas\u0131l Al\u0131n\u0131r? Ba\u015fvuru Yapmak \u0130\u00e7in Konya \u015eubemizi Aray\u0131n: 0850 346 84 93\",\"breadcrumb\":{\"@id\":\"https:\/\/www.myvize.com.tr\/litvanya\/subelerimiz\/konya\/#breadcrumb\"},\"inLanguage\":\"tr\",\"potentialAction\":[{\"@type\":\"ReadAction\",\"target\":[\"https:\/\/www.myvize.com.tr\/litvanya\/subelerimiz\/konya\/\"]}]},{\"@type\":\"BreadcrumbList\",\"@id\":\"https:\/\/www.myvize.com.tr\/litvanya\/subelerimiz\/konya\/#breadcrumb\",\"itemListElement\":[{\"@type\":\"ListItem\",\"position\":1,\"name\":\"Anasayfa\",\"item\":\"https:\/\/www.myvize.com.tr\/litvanya\/\"},{\"@type\":\"ListItem\",\"position\":2,\"name\":\"\u015eUBELER\u0130M\u0130Z\",\"item\":\"https:\/\/www.myvize.com.tr\/litvanya\/subelerimiz\/\"},{\"@type\":\"ListItem\",\"position\":3,\"name\":\"Konya\"}]},{\"@type\":\"WebSite\",\"@id\":\"https:\/\/www.myvize.com.tr\/litvanya\/#website\",\"url\":\"https:\/\/www.myvize.com.tr\/litvanya\/\",\"name\":\"Litvanya Vizesi\",\"description\":\"\",\"potentialAction\":[{\"@type\":\"SearchAction\",\"target\":{\"@type\":\"EntryPoint\",\"urlTemplate\":\"https:\/\/www.myvize.com.tr\/litvanya\/?s={search_term_string}\"},\"query-input\":{\"@type\":\"PropertyValueSpecification\",\"valueRequired\":true,\"valueName\":\"search_term_string\"}}],\"inLanguage\":\"tr\"}]}<\/script>\n<!-- \/ Yoast SEO plugin. -->","yoast_head_json":{"title":"Litvanya Vize Ba\u015fvuru \u015eubesi Konya - MyVize","description":"Litvanya Vizesi Konya Vize Ba\u015fvuru Merkezi. Litvanya Vizesi Nas\u0131l Al\u0131n\u0131r? Ba\u015fvuru Yapmak \u0130\u00e7in Konya \u015eubemizi Aray\u0131n: 0850 346 84 93","robots":{"index":"index","follow":"follow","max-snippet":"max-snippet:-1","max-image-preview":"max-image-preview:large","max-video-preview":"max-video-preview:-1"},"canonical":"https:\/\/www.myvize.com.tr\/litvanya\/subelerimiz\/konya\/","og_locale":"tr_TR","og_type":"article","og_title":"Litvanya Vize Ba\u015fvuru \u015eubesi Konya - MyVize","og_description":"Litvanya Vizesi Konya Vize Ba\u015fvuru Merkezi. Litvanya Vizesi Nas\u0131l Al\u0131n\u0131r? Ba\u015fvuru Yapmak \u0130\u00e7in Konya \u015eubemizi Aray\u0131n: 0850 346 84 93","og_url":"https:\/\/www.myvize.com.tr\/litvanya\/subelerimiz\/konya\/","og_site_name":"Litvanya Vizesi","article_modified_time":"2022-01-14T10:09:00+00:00","twitter_card":"summary_large_image","twitter_misc":{"Tahmini okuma s\u00fcresi":"1 dakika"},"schema":{"@context":"https:\/\/schema.org","@graph":[{"@type":"WebPage","@id":"https:\/\/www.myvize.com.tr\/litvanya\/subelerimiz\/konya\/","url":"https:\/\/www.myvize.com.tr\/litvanya\/subelerimiz\/konya\/","name":"Litvanya Vize Ba\u015fvuru \u015eubesi Konya - MyVize","isPartOf":{"@id":"https:\/\/www.myvize.com.tr\/litvanya\/#website"},"datePublished":"2020-12-25T08:53:53+00:00","dateModified":"2022-01-14T10:09:00+00:00","description":"Litvanya Vizesi Konya Vize Ba\u015fvuru Merkezi. Litvanya Vizesi Nas\u0131l Al\u0131n\u0131r? Ba\u015fvuru Yapmak \u0130\u00e7in Konya \u015eubemizi Aray\u0131n: 0850 346 84 93","breadcrumb":{"@id":"https:\/\/www.myvize.com.tr\/litvanya\/subelerimiz\/konya\/#breadcrumb"},"inLanguage":"tr","potentialAction":[{"@type":"ReadAction","target":["https:\/\/www.myvize.com.tr\/litvanya\/subelerimiz\/konya\/"]}]},{"@type":"BreadcrumbList","@id":"https:\/\/www.myvize.com.tr\/litvanya\/subelerimiz\/konya\/#breadcrumb","itemListElement":[{"@type":"ListItem","position":1,"name":"Anasayfa","item":"https:\/\/www.myvize.com.tr\/litvanya\/"},{"@type":"ListItem","position":2,"name":"\u015eUBELER\u0130M\u0130Z","item":"https:\/\/www.myvize.com.tr\/litvanya\/subelerimiz\/"},{"@type":"ListItem","position":3,"name":"Konya"}]},{"@type":"WebSite","@id":"https:\/\/www.myvize.com.tr\/litvanya\/#website","url":"https:\/\/www.myvize.com.tr\/litvanya\/","name":"Litvanya Vizesi","description":"","potentialAction":[{"@type":"SearchAction","target":{"@type":"EntryPoint","urlTemplate":"https:\/\/www.myvize.com.tr\/litvanya\/?s={search_term_string}"},"query-input":{"@type":"PropertyValueSpecification","valueRequired":true,"valueName":"search_term_string"}}],"inLanguage":"tr"}]}},"_links":{"self":[{"href":"https:\/\/www.myvize.com.tr\/litvanya\/wp-json\/wp\/v2\/pages\/231","targetHints":{"allow":["GET"]}}],"collection":[{"href":"https:\/\/www.myvize.com.tr\/litvanya\/wp-json\/wp\/v2\/pages"}],"about":[{"href":"https:\/\/www.myvize.com.tr\/litvanya\/wp-json\/wp\/v2\/types\/page"}],"author":[{"embeddable":true,"href":"https:\/\/www.myvize.com.tr\/litvanya\/wp-json\/wp\/v2\/users\/1"}],"replies":[{"embeddable":true,"href":"https:\/\/www.myvize.com.tr\/litvanya\/wp-json\/wp\/v2\/comments?post=231"}],"version-history":[{"count":5,"href":"https:\/\/www.myvize.com.tr\/litvanya\/wp-json\/wp\/v2\/pages\/231\/revisions"}],"predecessor-version":[{"id":732,"href":"https:\/\/www.myvize.com.tr\/litvanya\/wp-json\/wp\/v2\/pages\/231\/revisions\/732"}],"up":[{"embeddable":true,"href":"https:\/\/www.myvize.com.tr\/litvanya\/wp-json\/wp\/v2\/pages\/176"}],"wp:attachment":[{"href":"https:\/\/www.myvize.com.tr\/litvanya\/wp-json\/wp\/v2\/media?parent=231"}],"curies":[{"name":"wp","href":"https:\/\/api.w.org\/{rel}","templated":true}]}}