{"id":55,"date":"2020-11-30T12:50:43","date_gmt":"2020-11-30T09:50:43","guid":{"rendered":"https:\/\/www.myvize.com.tr\/litvanya\/?page_id=55"},"modified":"2022-08-02T13:02:40","modified_gmt":"2022-08-02T10:02:40","slug":"turkiyede-oturum-ve-calisma-izni","status":"publish","type":"page","link":"https:\/\/www.myvize.com.tr\/litvanya\/vize-islemleri\/turkiyede-oturum-ve-calisma-izni\/","title":{"rendered":"Litvanya T\u00fcrkiye&#8217;de Oturum ve \u00c7al\u0131\u015fma \u0130zni"},"content":{"rendered":"<h2><span style=\"font-family: Roboto; font-size: 27px;\">Litvanya Vatanda\u015flar\u0131 \u0130\u00e7in T\u00fcrkiye\u2019de Oturum Ve \u00c7al\u0131\u015fma \u0130zni<\/span><\/h2>\n<p><span style=\"font-family: Roboto; font-size: 14px;\">T\u00fcrkiye\u2019de yasal bir \u015fekilde ikamet etmek isteyen Litvanya vatanda\u015flar\u0131, i\u00e7in T\u00fcrkiye oturum izni almal\u0131d\u0131r. Oturum izni alabilmek i\u00e7in T\u00fcrkiye oturum izni ba\u015fvurusunda bulunmal\u0131d\u0131rlar. T\u00fcrkiye Cumhuriyeti oturum izni ba\u015fvurusu yapacak olan <strong>Litvanya vatanda\u015flar\u0131<\/strong> ba\u015fvurular\u0131n\u0131, T\u00fcrkiye\u2019nin Litvanya\u2019da bulunan diplomatik temsilciliklerine yapabilir. Ge\u00e7erli bir T\u00fcrkiye vizesi ile T\u00fcrkiye\u2019de bulunan Litvanya vatanda\u015flar\u0131 ise bulunduklar\u0131 \u015fehrin valili\u011fine oturum izni ba\u015fvurusu yapabilir.<\/span><\/p>\n<p><span style=\"font-family: Roboto; font-size: 14px;\"><strong>T\u00fcrkiye Cumhuriyeti oturum izni<\/strong> alacak olan Litvanya vatanda\u015flar\u0131, T\u00fcrkiye oturum izni ba\u015fvurusu i\u00e7in gerekli olan belgeleri do\u011fru, eksiksiz, g\u00fcncel ve y\u0131pranmam\u0131\u015f bir \u015fekilde tamamlamal\u0131d\u0131r. <strong>T\u00fcrkiye oturum izni<\/strong> ba\u015fvurusu yapacak olan Litvanya vatanda\u015flar\u0131n\u0131n pasaportlar\u0131 talep edilen T\u00fcrkiye ikamet izninden 60 g\u00fcn daha fazla ge\u00e7erli olmal\u0131d\u0131r.<\/span><\/p>\n<p><span style=\"font-family: Roboto; font-size: 14px;\">T\u00fcrkiye\u2019de \u00e7al\u0131\u015fmak isteyen Litvanya vatanda\u015flar\u0131, T\u00fcrkiye \u00e7al\u0131\u015fma izni ba\u015fvurusunda bulunmal\u0131d\u0131r. \u00c7al\u0131\u015fma izni ba\u015fvurular\u0131 Litvanya\u2019da bulunan T\u00fcrk temsilciliklerine yap\u0131lmal\u0131d\u0131r. T\u00fcrkiye\u2019de ge\u00e7erli bir vize ile bulunanlar ise ba\u015fvurular\u0131n\u0131 bulunduklar\u0131 ilin T\u00fcrk valiliklerine yapabilir.<\/span><\/p>\n<p><span style=\"font-family: Roboto; font-size: 14px;\">T\u00fcrkiye\u2019de bulunan ve Litvanya vatanda\u015f\u0131na i\u015fe veren \u015firket davetiye g\u00f6ndermelidir. T\u00fcrkiye\u2019de bulunan \u015firket bunun yan\u0131nda i\u015fe al\u0131m i\u00e7in ba\u015fvuruda bulunmal\u0131d\u0131r. \u0130\u015fveren ba\u015fvurular\u0131n\u0131 <strong>\u00c7al\u0131\u015fma ve Sosyal G\u00fcvenlik Bakanl\u0131\u011f\u0131\u2019na (\u00c7SGB)<\/strong> yapmal\u0131d\u0131r.<\/span><\/p>\n<p><span style=\"font-family: Roboto; font-size: 14px;\"><strong><span style=\"color: #2acec2;\"><a style=\"color: #2acec2;\" href=\"https:\/\/www.myvize.com.tr\/litvanya\/vize-islemleri\/litvanya-vize-randevusu\/\" target=\"_blank\" rel=\"noopener\">Litvanya Vize Randevusu<\/a><\/span> ile ilgili bilgi almak i\u00e7in bizi aray\u0131n.<\/strong><\/span><\/p>\n<p><img decoding=\"async\" src=\"https:\/\/www.myvize.com.tr\/litvanya\/wp-content\/uploads\/2021\/10\/48.jpg\" \/><\/p>\n<h2><strong><span style=\"font-family: Roboto; font-size: 27px;\">Litvanya Vatanda\u015flar\u0131 \u0130\u00e7in T\u00fcrkiye\u2019de Oturum ve \u00c7al\u0131\u015fma \u0130zni 2022<\/span><\/strong><\/h2>\n<p><span style=\"font-family: Roboto; font-size: 14px;\">Yasal bir bi\u00e7imde\u00a0<strong>Litvanya Vatanda\u015flar\u0131 \u0130\u00e7in T\u00fcrkiye\u2019de Oturum ve \u00c7al\u0131\u015fma \u0130zni 2021<\/strong> alabilmek i\u00e7in t\u00fcm \u015fartlar\u0131 bizlerden \u00f6\u011frenebilirsiniz. Diplomatik temsilcilerle ileti\u015fime ge\u00e7erek yapaca\u011f\u0131n\u0131z ba\u015fvurularda nelere dikkat etmeniz gerekti\u011fini a\u00e7\u0131kl\u0131yoruz. T\u00fcrkiye vizelerine sahip olman\u0131z durumunda Litvanya vatanda\u015f\u0131 olarak ba\u015fvurular\u0131n\u0131z\u0131 iletebilirsiniz. Bu sayede \u015fartlar\u0131n\u0131z\u0131n uygun olmas\u0131yla birlikte oturum izni ba\u015fvurular\u0131n\u0131z\u0131n de\u011ferlendirilece\u011fini ve en k\u0131sa s\u00fcre\u00e7te sonu\u00e7land\u0131r\u0131laca\u011f\u0131n\u0131 g\u00f6rebileceksiniz. T\u00fcrkiye\u2019de oturum izni almak istedi\u011finizde t\u00fcm evraklar\u0131n\u0131z\u0131n eksiksiz ve hatas\u0131z olmas\u0131, y\u0131pranmam\u0131\u015f ve g\u00fcncel bi\u00e7imde sunulmas\u0131 gerekmektedir. Pasaportlar\u0131n ge\u00e7erlili\u011fini korumas\u0131na ve T\u00fcrkiye\u2019de vize biti\u015f tarihi itibariyle 60 g\u00fcn daha ge\u00e7erli olmas\u0131na dikkat edilmelidir.<strong> T\u00fcrkiye\u2019de \u00e7al\u0131\u015fmak<\/strong> veya oturum izni almak istedi\u011finizde T\u00fcrk temsilcilikleri ile ileti\u015fime ge\u00e7meniz gerekmektedir. Vizenizin devam etmesi halinde ise<strong> T\u00fcrkiye Cumhuriyeti<\/strong> s\u0131n\u0131rlar\u0131nda bulunan valililerin ba\u015fvurular\u0131 ald\u0131klar\u0131n\u0131 belirtebiliriz. <strong>Litvanya \u00c7al\u0131\u015fma izni<\/strong> almak istedi\u011finizde T\u00fcrkiye\u2019de hizmet veren \u015firket taraf\u0131ndan davetiyenizin olmas\u0131 gerekmektedir. <strong>Litvanya Oturum izni<\/strong> veya \u00e7al\u0131\u015fma izni almak istedi\u011finizde prosed\u00fcrleri sizler i\u00e7in a\u00e7\u0131klayacak olan donan\u0131ml\u0131 personellerimizin deste\u011fini daima hissedebileceksiniz. Detayl\u0131 bilgileri almak ve vize randevular\u0131n\u0131n olu\u015fturulmas\u0131 sa\u011flamak amac\u0131yla ge\u00e7 kalmadan ekiplerimizle ileti\u015fime ge\u00e7ebilirsiniz.<\/span><\/p>\n","protected":false},"excerpt":{"rendered":"<p>Litvanya Vatanda\u015flar\u0131 \u0130\u00e7in T\u00fcrkiye\u2019de Oturum Ve \u00c7al\u0131\u015fma \u0130zni T\u00fcrkiye\u2019de yasal bir \u015fekilde ikamet etmek isteyen Litvanya vatanda\u015flar\u0131, i\u00e7in T\u00fcrkiye oturum izni almal\u0131d\u0131r. Oturum izni alabilmek i\u00e7in T\u00fcrkiye oturum izni ba\u015fvurusunda bulunmal\u0131d\u0131rlar. T\u00fcrkiye Cumhuriyeti oturum izni ba\u015fvurusu yapacak olan Litvanya vatanda\u015flar\u0131 ba\u015fvurular\u0131n\u0131, T\u00fcrkiye\u2019nin Litvanya\u2019da bulunan diplomatik temsilciliklerine yapabilir. Ge\u00e7erli bir T\u00fcrkiye vizesi ile T\u00fcrkiye\u2019de bulunan Litvanya<\/p>\n","protected":false},"author":1,"featured_media":0,"parent":18,"menu_order":0,"comment_status":"open","ping_status":"closed","template":"","meta":{"footnotes":""},"class_list":["post-55","page","type-page","status-publish","hentry"],"yoast_head":"<!-- This site is optimized with the Yoast SEO plugin v24.0 - https:\/\/yoast.com\/wordpress\/plugins\/seo\/ -->\n<title>Litvanya T\u00fcrkiye\u2019de Oturum ve \u00c7al\u0131\u015fma \u0130zni - MyVize<\/title>\n<meta name=\"description\" content=\"Litvanya T\u00fcrkiye\u2019de Oturum ve \u00c7al\u0131\u015fma \u0130zni Ba\u015fvurusu i\u00e7in gerekli t\u00fcm evraklar listesi 2022 hemen t\u0131kla! Bilgi \u0130\u00e7in Hemen Ara: 0850 346 84 93\" \/>\n<meta name=\"robots\" content=\"index, follow, max-snippet:-1, max-image-preview:large, max-video-preview:-1\" \/>\n<link rel=\"canonical\" href=\"https:\/\/www.myvize.com.tr\/litvanya\/vize-islemleri\/turkiyede-oturum-ve-calisma-izni\/\" \/>\n<meta property=\"og:locale\" content=\"tr_TR\" \/>\n<meta property=\"og:type\" content=\"article\" \/>\n<meta property=\"og:title\" content=\"Litvanya T\u00fcrkiye\u2019de Oturum ve \u00c7al\u0131\u015fma \u0130zni - MyVize\" \/>\n<meta property=\"og:description\" content=\"Litvanya T\u00fcrkiye\u2019de Oturum ve \u00c7al\u0131\u015fma \u0130zni Ba\u015fvurusu i\u00e7in gerekli t\u00fcm evraklar listesi 2022 hemen t\u0131kla! Bilgi \u0130\u00e7in Hemen Ara: 0850 346 84 93\" \/>\n<meta property=\"og:url\" content=\"https:\/\/www.myvize.com.tr\/litvanya\/vize-islemleri\/turkiyede-oturum-ve-calisma-izni\/\" \/>\n<meta property=\"og:site_name\" content=\"Litvanya Vizesi\" \/>\n<meta property=\"article:modified_time\" content=\"2022-08-02T10:02:40+00:00\" \/>\n<meta property=\"og:image\" content=\"https:\/\/www.myvize.com.tr\/litvanya\/wp-content\/uploads\/2021\/10\/48.jpg\" \/>\n<meta name=\"twitter:card\" content=\"summary_large_image\" \/>\n<meta name=\"twitter:label1\" content=\"Tahmini okuma s\u00fcresi\" \/>\n\t<meta name=\"twitter:data1\" content=\"2 dakika\" \/>\n<script type=\"application\/ld+json\" class=\"yoast-schema-graph\">{\"@context\":\"https:\/\/schema.org\",\"@graph\":[{\"@type\":\"WebPage\",\"@id\":\"https:\/\/www.myvize.com.tr\/litvanya\/vize-islemleri\/turkiyede-oturum-ve-calisma-izni\/\",\"url\":\"https:\/\/www.myvize.com.tr\/litvanya\/vize-islemleri\/turkiyede-oturum-ve-calisma-izni\/\",\"name\":\"Litvanya T\u00fcrkiye\u2019de Oturum ve \u00c7al\u0131\u015fma \u0130zni - MyVize\",\"isPartOf\":{\"@id\":\"https:\/\/www.myvize.com.tr\/litvanya\/#website\"},\"primaryImageOfPage\":{\"@id\":\"https:\/\/www.myvize.com.tr\/litvanya\/vize-islemleri\/turkiyede-oturum-ve-calisma-izni\/#primaryimage\"},\"image\":{\"@id\":\"https:\/\/www.myvize.com.tr\/litvanya\/vize-islemleri\/turkiyede-oturum-ve-calisma-izni\/#primaryimage\"},\"thumbnailUrl\":\"https:\/\/www.myvize.com.tr\/litvanya\/wp-content\/uploads\/2021\/10\/48.jpg\",\"datePublished\":\"2020-11-30T09:50:43+00:00\",\"dateModified\":\"2022-08-02T10:02:40+00:00\",\"description\":\"Litvanya T\u00fcrkiye\u2019de Oturum ve \u00c7al\u0131\u015fma \u0130zni Ba\u015fvurusu i\u00e7in gerekli t\u00fcm evraklar listesi 2022 hemen t\u0131kla! Bilgi \u0130\u00e7in Hemen Ara: 0850 346 84 93\",\"breadcrumb\":{\"@id\":\"https:\/\/www.myvize.com.tr\/litvanya\/vize-islemleri\/turkiyede-oturum-ve-calisma-izni\/#breadcrumb\"},\"inLanguage\":\"tr\",\"potentialAction\":[{\"@type\":\"ReadAction\",\"target\":[\"https:\/\/www.myvize.com.tr\/litvanya\/vize-islemleri\/turkiyede-oturum-ve-calisma-izni\/\"]}]},{\"@type\":\"ImageObject\",\"inLanguage\":\"tr\",\"@id\":\"https:\/\/www.myvize.com.tr\/litvanya\/vize-islemleri\/turkiyede-oturum-ve-calisma-izni\/#primaryimage\",\"url\":\"https:\/\/www.myvize.com.tr\/litvanya\/wp-content\/uploads\/2021\/10\/48.jpg\",\"contentUrl\":\"https:\/\/www.myvize.com.tr\/litvanya\/wp-content\/uploads\/2021\/10\/48.jpg\",\"width\":800,\"height\":500,\"caption\":\"Litvanya T\u00fcrkiye'de Oturum ve \u00c7al\u0131\u015fma \u0130zni\"},{\"@type\":\"BreadcrumbList\",\"@id\":\"https:\/\/www.myvize.com.tr\/litvanya\/vize-islemleri\/turkiyede-oturum-ve-calisma-izni\/#breadcrumb\",\"itemListElement\":[{\"@type\":\"ListItem\",\"position\":1,\"name\":\"Anasayfa\",\"item\":\"https:\/\/www.myvize.com.tr\/litvanya\/\"},{\"@type\":\"ListItem\",\"position\":2,\"name\":\"L\u0130TVANYA V\u0130ZE \u0130\u015eLEMLER\u0130\",\"item\":\"https:\/\/www.myvize.com.tr\/litvanya\/vize-islemleri\/\"},{\"@type\":\"ListItem\",\"position\":3,\"name\":\"Litvanya T\u00fcrkiye&#8217;de Oturum ve \u00c7al\u0131\u015fma \u0130zni\"}]},{\"@type\":\"WebSite\",\"@id\":\"https:\/\/www.myvize.com.tr\/litvanya\/#website\",\"url\":\"https:\/\/www.myvize.com.tr\/litvanya\/\",\"name\":\"Litvanya Vizesi\",\"description\":\"\",\"potentialAction\":[{\"@type\":\"SearchAction\",\"target\":{\"@type\":\"EntryPoint\",\"urlTemplate\":\"https:\/\/www.myvize.com.tr\/litvanya\/?s={search_term_string}\"},\"query-input\":{\"@type\":\"PropertyValueSpecification\",\"valueRequired\":true,\"valueName\":\"search_term_string\"}}],\"inLanguage\":\"tr\"}]}<\/script>\n<!-- \/ Yoast SEO plugin. -->","yoast_head_json":{"title":"Litvanya T\u00fcrkiye\u2019de Oturum ve \u00c7al\u0131\u015fma \u0130zni - MyVize","description":"Litvanya T\u00fcrkiye\u2019de Oturum ve \u00c7al\u0131\u015fma \u0130zni Ba\u015fvurusu i\u00e7in gerekli t\u00fcm evraklar listesi 2022 hemen t\u0131kla! Bilgi \u0130\u00e7in Hemen Ara: 0850 346 84 93","robots":{"index":"index","follow":"follow","max-snippet":"max-snippet:-1","max-image-preview":"max-image-preview:large","max-video-preview":"max-video-preview:-1"},"canonical":"https:\/\/www.myvize.com.tr\/litvanya\/vize-islemleri\/turkiyede-oturum-ve-calisma-izni\/","og_locale":"tr_TR","og_type":"article","og_title":"Litvanya T\u00fcrkiye\u2019de Oturum ve \u00c7al\u0131\u015fma \u0130zni - MyVize","og_description":"Litvanya T\u00fcrkiye\u2019de Oturum ve \u00c7al\u0131\u015fma \u0130zni Ba\u015fvurusu i\u00e7in gerekli t\u00fcm evraklar listesi 2022 hemen t\u0131kla! Bilgi \u0130\u00e7in Hemen Ara: 0850 346 84 93","og_url":"https:\/\/www.myvize.com.tr\/litvanya\/vize-islemleri\/turkiyede-oturum-ve-calisma-izni\/","og_site_name":"Litvanya Vizesi","article_modified_time":"2022-08-02T10:02:40+00:00","og_image":[{"url":"https:\/\/www.myvize.com.tr\/litvanya\/wp-content\/uploads\/2021\/10\/48.jpg","type":"","width":"","height":""}],"twitter_card":"summary_large_image","twitter_misc":{"Tahmini okuma s\u00fcresi":"2 dakika"},"schema":{"@context":"https:\/\/schema.org","@graph":[{"@type":"WebPage","@id":"https:\/\/www.myvize.com.tr\/litvanya\/vize-islemleri\/turkiyede-oturum-ve-calisma-izni\/","url":"https:\/\/www.myvize.com.tr\/litvanya\/vize-islemleri\/turkiyede-oturum-ve-calisma-izni\/","name":"Litvanya T\u00fcrkiye\u2019de Oturum ve \u00c7al\u0131\u015fma \u0130zni - MyVize","isPartOf":{"@id":"https:\/\/www.myvize.com.tr\/litvanya\/#website"},"primaryImageOfPage":{"@id":"https:\/\/www.myvize.com.tr\/litvanya\/vize-islemleri\/turkiyede-oturum-ve-calisma-izni\/#primaryimage"},"image":{"@id":"https:\/\/www.myvize.com.tr\/litvanya\/vize-islemleri\/turkiyede-oturum-ve-calisma-izni\/#primaryimage"},"thumbnailUrl":"https:\/\/www.myvize.com.tr\/litvanya\/wp-content\/uploads\/2021\/10\/48.jpg","datePublished":"2020-11-30T09:50:43+00:00","dateModified":"2022-08-02T10:02:40+00:00","description":"Litvanya T\u00fcrkiye\u2019de Oturum ve \u00c7al\u0131\u015fma \u0130zni Ba\u015fvurusu i\u00e7in gerekli t\u00fcm evraklar listesi 2022 hemen t\u0131kla! Bilgi \u0130\u00e7in Hemen Ara: 0850 346 84 93","breadcrumb":{"@id":"https:\/\/www.myvize.com.tr\/litvanya\/vize-islemleri\/turkiyede-oturum-ve-calisma-izni\/#breadcrumb"},"inLanguage":"tr","potentialAction":[{"@type":"ReadAction","target":["https:\/\/www.myvize.com.tr\/litvanya\/vize-islemleri\/turkiyede-oturum-ve-calisma-izni\/"]}]},{"@type":"ImageObject","inLanguage":"tr","@id":"https:\/\/www.myvize.com.tr\/litvanya\/vize-islemleri\/turkiyede-oturum-ve-calisma-izni\/#primaryimage","url":"https:\/\/www.myvize.com.tr\/litvanya\/wp-content\/uploads\/2021\/10\/48.jpg","contentUrl":"https:\/\/www.myvize.com.tr\/litvanya\/wp-content\/uploads\/2021\/10\/48.jpg","width":800,"height":500,"caption":"Litvanya T\u00fcrkiye'de Oturum ve \u00c7al\u0131\u015fma \u0130zni"},{"@type":"BreadcrumbList","@id":"https:\/\/www.myvize.com.tr\/litvanya\/vize-islemleri\/turkiyede-oturum-ve-calisma-izni\/#breadcrumb","itemListElement":[{"@type":"ListItem","position":1,"name":"Anasayfa","item":"https:\/\/www.myvize.com.tr\/litvanya\/"},{"@type":"ListItem","position":2,"name":"L\u0130TVANYA V\u0130ZE \u0130\u015eLEMLER\u0130","item":"https:\/\/www.myvize.com.tr\/litvanya\/vize-islemleri\/"},{"@type":"ListItem","position":3,"name":"Litvanya T\u00fcrkiye&#8217;de Oturum ve \u00c7al\u0131\u015fma \u0130zni"}]},{"@type":"WebSite","@id":"https:\/\/www.myvize.com.tr\/litvanya\/#website","url":"https:\/\/www.myvize.com.tr\/litvanya\/","name":"Litvanya Vizesi","description":"","potentialAction":[{"@type":"SearchAction","target":{"@type":"EntryPoint","urlTemplate":"https:\/\/www.myvize.com.tr\/litvanya\/?s={search_term_string}"},"query-input":{"@type":"PropertyValueSpecification","valueRequired":true,"valueName":"search_term_string"}}],"inLanguage":"tr"}]}},"_links":{"self":[{"href":"https:\/\/www.myvize.com.tr\/litvanya\/wp-json\/wp\/v2\/pages\/55","targetHints":{"allow":["GET"]}}],"collection":[{"href":"https:\/\/www.myvize.com.tr\/litvanya\/wp-json\/wp\/v2\/pages"}],"about":[{"href":"https:\/\/www.myvize.com.tr\/litvanya\/wp-json\/wp\/v2\/types\/page"}],"author":[{"embeddable":true,"href":"https:\/\/www.myvize.com.tr\/litvanya\/wp-json\/wp\/v2\/users\/1"}],"replies":[{"embeddable":true,"href":"https:\/\/www.myvize.com.tr\/litvanya\/wp-json\/wp\/v2\/comments?post=55"}],"version-history":[{"count":5,"href":"https:\/\/www.myvize.com.tr\/litvanya\/wp-json\/wp\/v2\/pages\/55\/revisions"}],"predecessor-version":[{"id":836,"href":"https:\/\/www.myvize.com.tr\/litvanya\/wp-json\/wp\/v2\/pages\/55\/revisions\/836"}],"up":[{"embeddable":true,"href":"https:\/\/www.myvize.com.tr\/litvanya\/wp-json\/wp\/v2\/pages\/18"}],"wp:attachment":[{"href":"https:\/\/www.myvize.com.tr\/litvanya\/wp-json\/wp\/v2\/media?parent=55"}],"curies":[{"name":"wp","href":"https:\/\/api.w.org\/{rel}","templated":true}]}}