{"id":207,"date":"2020-12-28T14:47:56","date_gmt":"2020-12-28T11:47:56","guid":{"rendered":"https:\/\/www.myvize.com.tr\/macaristan\/?page_id=207"},"modified":"2022-06-23T12:28:01","modified_gmt":"2022-06-23T09:28:01","slug":"turistik-vize-dilekce-ornegi","status":"publish","type":"page","link":"https:\/\/www.myvize.com.tr\/macaristan\/form-ve-dilekce\/turistik-vize-dilekce-ornegi\/","title":{"rendered":"Macaristan Turistik Vize Dilek\u00e7e \u00d6rne\u011fi"},"content":{"rendered":"<p><span style=\"font-family: Roboto;\"><\/span><\/p>\r\n<h2 class=\"wp-block-heading\" style=\"font-size: 27px;\"><strong><span style=\"font-family: Roboto;\">Macaristan Turistlik Vize Dilek\u00e7e \u00d6rne\u011fi Hakk\u0131nda<\/span><\/strong><\/h2>\r\n<p><span style=\"font-family: Roboto;\">\r\n\r\n<\/span><\/p>\r\n<p style=\"font-size: 14px;\"><span style=\"font-family: Roboto;\">Macaristan\u2019a turistlik seyahat i\u00e7in gidece\u011finiz zaman vize almak zorundas\u0131n\u0131z.\u00a0<strong>Macaristan vize i\u015flemleri\u00a0<\/strong>i\u00e7in sizden gerekli olan baz\u0131 evraklar istenmektedir. Bu evraklarla birlikte <strong><a href=\"https:\/\/www.myvize.com.tr\/macaristan\/vize-islemleri\/macaristan-vize-basvuru-formu\/\" target=\"_blank\" rel=\"noreferrer noopener\"><span class=\"has-inline-color\" style=\"color: #2acec2;\">Macaristan vize ba\u015fvuru formu <\/span><\/a><\/strong>ve vize dilek\u00e7esi talep edilmektedir. Macaristan vizesi i\u00e7in ba\u015fvurunuzda talep formu olu\u015ftururken dilek\u00e7enizin sunmu\u015f oldu\u011funuz evraklarla uyum i\u00e7inde olmas\u0131 gerekir.<\/span><\/p>\r\n<p><span style=\"font-family: Roboto;\">\r\n\r\n<\/span><\/p>\r\n<p style=\"font-size: 14px;\"><span style=\"font-family: Roboto;\"><strong><span class=\"has-inline-color\">Macaristan vizesi<\/span><\/strong> dilek\u00e7esi olu\u015ftururken dikkat etmeniz gereken noktalar \u015funlard\u0131r;<\/span><\/p>\r\n<p><span style=\"font-family: Roboto;\">\r\n\r\n<\/span><\/p>\r\n<ul class=\"wp-block-list\" style=\"font-size: 14px;\">\r\n<li><span style=\"font-family: Roboto;\"><strong>Macaristan vizesi <\/strong>i\u00e7in olu\u015fturaca\u011f\u0131n\u0131z vize dilek\u00e7esi Macarca ve \u0130ngilizce olarak yaz\u0131lmal\u0131d\u0131r.<\/span><\/li>\r\n<li><span style=\"font-family: Roboto;\">Dilek\u00e7e de kesinlikle yaz\u0131lan g\u00fcn\u00fcn tarihi belirtilmelidir.<\/span><\/li>\r\n<li><span style=\"font-family: Roboto;\">Macaristan i\u00e7in hitap etti\u011finiz temsilcili\u011fi ve departman\u0131 kesinlikle bildirmeniz gerekir.<\/span><\/li>\r\n<li><span style=\"font-family: Roboto;\">Ad, soy ad ve pasaport numaran\u0131z\u0131 yazmal\u0131s\u0131n\u0131z.<\/span><\/li>\r\n<li><span style=\"font-family: Roboto;\">Seyahat tarihlerinizi net olarak bildirmeniz gerekmektedir.<\/span><\/li>\r\n<li><span style=\"font-family: Roboto;\">Mesleki bilgilerinizi belirtmelisiniz.<\/span><\/li>\r\n<li><span style=\"font-family: Roboto;\">Dilek\u00e7ede belirtece\u011finiz seyahat tarihiniz, otel tarihi, ba\u015fvuru formu tarihi, u\u00e7ak tarihi ve sa\u011fl\u0131k sigortas\u0131 tarihi ile uyumlu olmal\u0131d\u0131r.<\/span><\/li>\r\n<li><span style=\"font-family: Roboto;\">Seyahat plan\u0131n\u0131z\u0131 birebir bildirmeniz gerekmektedir.<\/span><\/li>\r\n<li><span style=\"font-family: Roboto;\">Ge\u00e7mi\u015f seyahatlerinizde e\u011fer <strong><a href=\"https:\/\/www.myvize.com.tr\/macaristan\/vize-islemleri\/macaristan-vize-reddi\/\" target=\"_blank\" rel=\"noreferrer noopener\"><span class=\"has-inline-color\" style=\"color: #2acec2;\">Macaristan vize reddi <\/span><\/a><\/strong>ald\u0131ysan\u0131z bunun nedeni ile birlikte dilek\u00e7e de bildirmeniz gerekmektedir.<\/span><\/li>\r\n<li><span style=\"font-family: Roboto;\">Dilek\u00e7enizde vize talebiniz s\u00fcresine ba\u011fl\u0131 olarak bir kez, iki kez ya da \u00e7ok giri\u015fli se\u00e7eneklerini belirtmeniz gerekmektedir.<\/span><\/li>\r\n<\/ul>\r\n<p><span style=\"font-family: Roboto;\">\r\n\r\n<\/span><\/p>\r\n<p style=\"font-size: 14px;\"><span style=\"font-family: Roboto;\"><strong>Macaristan vizesi<\/strong>\u00a0i\u015flemlerini yaparken bu hususlara olduk\u00e7a dikkat etmeniz gerekmektedir. Dilek\u00e7e, form ya da belgelerde herhangi bir yanl\u0131\u015fl\u0131k, eksiklik olursa vize i\u015flemleriniz geri \u00e7evrilir. Bunun i\u00e7in formunuzu ve dilek\u00e7enizi dikkatli bir \u015fekilde \u00f6zenle doldurman\u0131z gerekir. T\u00fcm bu i\u015flemleri eksiksiz ve do\u011fru bir \u015fekilde yapt\u0131\u011f\u0131n\u0131z zaman\u00a0<strong>Macaristan vize<\/strong> i\u015flemleriniz k\u0131sa s\u00fcrede olumlu olarak sonu\u00e7lan\u0131r.<\/span><\/p>\r\n<h2><strong><span style=\"font-family: Roboto; font-size: 27px;\">\u00a0Macaristan Turistik Vize i\u015flemleri<\/span><\/strong><\/h2>\r\n<p><span style=\"font-family: Roboto; font-size: 14px;\">Macaristan Turistik vize ile Macaristan&#8217;a giri\u015f yapmay\u0131 ama\u00e7layan ki\u015filerin Macaristan seyahati\u00a0\u00f6ncesi turistik vizesi i\u00e7in ba\u015fvurusunu ger\u00e7ekle\u015ftirmesi ve yapaca\u011f\u0131 seyahatleri ger\u00e7ek amac\u0131n\u0131z turistik nedenden kaynakland\u0131\u011f\u0131 belgesi gerekmektedir. Macaristan Turist vizesi tek giri\u015f olarak onaylanmaktad\u0131r. Macaristan Turistik vize ve di\u011fer Macaristan vizesi onay\u0131 sadece Macaristan Konsoloslu\u011fu yetkili makam\u0131 taraf\u0131ndan ger\u00e7ekle\u015ftirmektedir. Onaylanan Macaristan vizesi Konsolosluk taraf\u0131ndan g\u00f6revlendirmi\u015f yetkili vize hizmetleri merkezine iade edilerek, vizenin pasaport sahibine ula\u015ft\u0131r\u0131lmas\u0131 sa\u011flanmaktad\u0131r. Turistik vize ba\u015fvurular\u0131n\u0131z onaylamadan \u00f6nce Macaristan seyahatini ger\u00e7ekle\u015ftirmesi d\u00fc\u015f\u00fcnen ki\u015finin \u00f6ncelikle planlanan seyahatin ger\u00e7ekle\u015ftirece\u011fi tarih aras\u0131nda ki otel konfirmasyonu tamamlayarak ba\u015fvuru da bulunmas\u0131 vize onay\u0131 a\u00e7\u0131s\u0131nda \u00f6nemlidir. Macaristan Konsoloslu\u011fu taraf\u0131ndan g\u00f6revlendirilen Macaristan vizesi hizmet merkezlerinden bu konular hakk\u0131nda detayl\u0131ca bilgiler alabilir, vize ba\u015fvuru ve seyahat planlar\u0131n\u0131z i\u00e7in gereken otel konfirmasyonu ger\u00e7ekle\u015ftirebilirsiniz.<\/span><\/p>\r\n<h2><strong><span style=\"font-family: Roboto; font-size: 27px;\">Macaristan Turistik Vize Dilek\u00e7esi Nas\u0131l Yaz\u0131l\u0131r?<\/span><\/strong><\/h2>\r\n<p><span style=\"font-family: Roboto; font-size: 14px;\">Macaristan vizesi ba\u015fvuru form \u0130ngilizce ve T\u00fcrk\u00e7e olarak doldurulmaktad\u0131r. Macaristan vizesi ba\u015fvuru form doldurma i\u015flemleri s\u0131ras\u0131nda t\u00fckenmez kalem kullanmal\u0131, b\u00fcy\u00fck harfle doldurmak ve ba\u015fvuru evraklar\u0131nda bulunan bilgilerinizi destekleyecek \u015fekilde olmas\u0131 \u00f6zen g\u00f6sterilmelidir. Macaristan Konsoloslu\u011fu belirledi\u011fi \u00f6l\u00e7\u00fc de olan 35x45mm \u00f6l\u00e7\u00fcs\u00fcnde ki biyometrik foto\u011fraf\u0131 formu foto\u011fraf kutucu\u011fa yap\u0131\u015ft\u0131rarak, vize ba\u015fvuru formunun en alt k\u00f6\u015fesine iki b\u00f6l\u00fcme imza at\u0131larak ba\u015fvuru form doldurma i\u015flemi tamamlayabilirsiniz. Atacak oldu\u011fu imza pasaportuna bulunan imzan\u0131z ve ayn\u0131 olmas\u0131 ise Macaristan Konsoloslu\u011fa g\u00f6z \u00f6n\u00fcnde bulunduracak. Macaristan vize i\u015flemi s\u0131ras\u0131nda birbirleriyle ayn\u0131 olan imza kullanmaya \u00f6zen g\u00f6stermelisin. Macaristan \u0130stanbul Ba\u015fkonsoloslu\u011funa ve Macaristan Ankara B\u00fcy\u00fckel\u00e7ili\u011fine yap\u0131lan ba\u015fvuruda form de\u011fi\u015febilmekte. Macaristan vizesi ba\u015fvuru form, Macaristan Konsoloslu\u011funun internet \u00fczerinde ki adresinden, Macaristan Konsoloslu\u011fun kendisinden yahut dan\u0131\u015fman\u0131 yapmak da olan vize merkezinden formunu temin edebilirsiniz. Macaristan vizesi ba\u015fvuru formunu indirmek i\u00e7in Macaristan vizesi i\u015flemi i\u00e7in \u00e7al\u0131\u015fma y\u00fcr\u00fcten kurumun web \u00fczerindeki ileti\u015fim arac\u0131ndan ve bu web sitenin Macaristan Konsoloslu\u011fa vize ba\u015fvuru form linkinden indirebilirsiniz.<\/span><\/p>\r\n<h2><strong><span style=\"font-family: Roboto; font-size: 27px;\">Macaristan Turistik Vize Dilek\u00e7esi Yaz\u0131l\u0131rken Dikkat Edilmesi Gerekenler<\/span><\/strong><\/h2>\r\n<p><span style=\"font-family: Roboto; font-size: 14px;\">Macaristan Turistik vize talep dilek\u00e7eleri yaz\u0131l\u0131rken dikkat edilmesi gereken husus a\u015fa\u011f\u0131daki gibidir. Macaristan vizesi dilek\u00e7esi ya da vize ba\u015fvuru formu yapaca\u011f\u0131 en k\u00fc\u00e7\u00fck bir hata veya\u00a0 tutars\u0131zl\u0131k ba\u015fvuru de\u011ferlendirmesi s\u00fcrecinizi etkileyebilir. \u00a0 \u00dclkeye yap\u0131lacak seyahat amac\u0131 tart\u0131\u015fmas\u0131z olarak ifade edilmelidir. Seyahat tarihi a\u00e7\u0131k\u00e7a yaz\u0131lmal\u0131d\u0131r. Macaristan Turistik Vize ba\u015fvurusu yapacak ki\u015fi Macaristan Turistik vize talep dilek\u00e7esine \u00fclkelere giri\u015f yapaca\u011f\u0131 tarihler, \u00fclkeden ayr\u0131laca\u011f\u0131 tarihleri\u00a0ve ayn\u0131 s\u00fcre\u00e7 i\u00e7inde ba\u015fka bir \u00fclkeye ge\u00e7i\u015f yapaca\u011f\u0131 bir seyahat var ise bu seyahat tarihini a\u00e7\u0131k\u00e7a yazmal\u0131d\u0131r. Seyahat masraf\u0131n\u0131n nas\u0131l kar\u015f\u0131lanaca\u011f\u0131 a\u00e7\u0131k\u00e7a ifade edilmeli. Macaristan Turistik vizesi dilek\u00e7e yazarken ki\u015filerin seyahati s\u00fcresine olu\u015facak masraf\u0131n nas\u0131l kar\u015f\u0131lanaca\u011f\u0131 net \u015fekilde ifade edilmelidir. Macaristan Konsoloslu\u011funa Turistik vize ba\u015fvurusu sunulan belgeler ile Macaristan Turistik vize talep dilek\u00e7esine yer verilen ifadelerin birbirlerini destekleyici olmalar\u0131na dikkat edilmelidir.<\/span><\/p>\r\n<h3><strong><span style=\"font-family: Roboto; font-size: 24px;\">Macaristan Turistik Vize Dilek\u00e7e \u00d6rne\u011fi 2022<\/span><\/strong><\/h3>\r\n<p><span style=\"font-family: Roboto; font-size: 14px;\">&#8230;..\/&#8230;..\/2022<\/span><\/p>\r\n<p><span style=\"font-family: Roboto; font-size: 14px;\">Macaristan B\u00dcY\u00dcKEL\u00c7\u0130L\u0130\u011e\u0130<\/span><\/p>\r\n<p><span style=\"font-family: Roboto; font-size: 14px;\">V\u0130ZE DEPARTMAN<\/span><\/p>\r\n<p><span style=\"font-family: Roboto; font-size: 14px;\">ANKARA<\/span><\/p>\r\n<p><span style=\"font-family: Roboto; font-size: 14px;\">Macaristan&#8217;a yapacak oldu\u011fum &#8230;..\/&#8230;..\u00a02022,\u00a0&#8230;..\/&#8230;.. 2022 tarihleri aras\u0131ndaki turistik seyahatler i\u00e7in gerekli olan vize taraf\u0131 verilmesini arz ederim.<\/span><\/p>\r\n<p><span style=\"font-family: Roboto; font-size: 14px;\">SAYGILARIMLA<\/span><\/p>\r\n<p><span style=\"font-family: Roboto; font-size: 14px;\">Macaristan vize ba\u015fvuru formu, Macaristan Konsoloslu\u011fu taraf\u0131nda haz\u0131rlanm\u0131\u015f olup, konsoloslu\u011fa Macaristan vize talebinde bulunan ki\u015fi hakk\u0131nda bilgi edinmesini sa\u011flamaktad\u0131r. Macaristan Konsoloslu\u011fu haz\u0131rlam\u0131\u015f oldu\u011fu ba\u015fvuru formu doldurmas\u0131 zorunlu ve Macaristan vizesi ba\u015fvuru i\u015flemleri ilk ad\u0131m\u0131n\u0131 Macaristan vizesi ba\u015fvuru formu olu\u015fturacakt\u0131r. Macaristan vizesi ba\u015fvuru form, eksiksiz ve ger\u00e7e\u011fe uygun bilgiyle doldurularak ba\u015fvuru belgeleri aras\u0131nda bulundurmal\u0131s\u0131n. Macaristan Konsoloslu\u011fu vizesi ba\u015fvuru sahipleri hakk\u0131nda ki detayl\u0131 bilgiye ba\u015fvuru form arac\u0131l\u0131\u011f\u0131 ile ula\u015f\u0131rken, Macaristan vize ba\u015fvuru formuna eksiksiz ve ger\u00e7e\u011fe uygun olan bilgi verilmelidir. Macaristan vizesi ba\u015fvuru formuna verili\u015f olan\u00a0bilgilerin, ba\u015fvuru evraklar\u0131nda bulunan bilginizi desteklemesi Macaristan Konsoloslu\u011funun g\u00f6z \u00f6n\u00fcnde bulunduraca\u011f\u0131 bir konudur. Macaristan Konsoloslu\u011funa vize ba\u015fvuru form ve ba\u015fvuru evraklar\u0131 aras\u0131nda beyan etti\u011finiz bilgiyi dikkate alacak, uyumu olmayan\u00a0ve ger\u00e7e\u011fe uygunlu\u011fu bulunmayan bilginizle kar\u015f\u0131la\u015fmas\u0131 halinde, vize ba\u015fvuru i\u015fleminiz reddedebilecektir.<\/span><\/p>\r\n<p><span style=\"font-size: 18px;\"><span style=\"font-family: Roboto;\"><img loading=\"lazy\" decoding=\"async\" src=\"..\/..\/..\/romanya\/wp-content\/uploads\/2021\/07\/aDOBE-LOGO-1.png\" width=\"75\" height=\"75\" \/><strong> \u00a0<\/strong><\/span><strong><span style=\"font-family: Roboto;\"> Macaristan Turistik Vize Dilek\u00e7e \u00d6rne\u011fi\u00a0 <span style=\"color: #2acec2;\"><a style=\"color: #2acec2;\" href=\"https:\/\/www.myvize.com.tr\/macaristan\/wp-content\/uploads\/2021\/12\/Macaristan-turistik-Dilekce-Ornek-Ankara.pdf\" target=\"_blank\" rel=\"noreferrer noopener\">(\u0130ndirmek \u0130\u00e7in T\u0131klay\u0131n\u0131z!!)<\/a><\/span><\/span><\/strong><\/span><\/p>\r\n<p><span style=\"font-family: Roboto;\"><\/span><\/p>","protected":false},"excerpt":{"rendered":"<p>Macaristan Turistlik Vize Dilek\u00e7e \u00d6rne\u011fi Hakk\u0131nda Macaristan\u2019a turistlik seyahat i\u00e7in gidece\u011finiz zaman vize almak zorundas\u0131n\u0131z.\u00a0Macaristan vize i\u015flemleri\u00a0i\u00e7in sizden gerekli olan baz\u0131 evraklar istenmektedir. Bu evraklarla birlikte Macaristan vize ba\u015fvuru formu ve vize dilek\u00e7esi talep edilmektedir. Macaristan vizesi i\u00e7in ba\u015fvurunuzda talep formu olu\u015ftururken dilek\u00e7enizin sunmu\u015f oldu\u011funuz evraklarla uyum i\u00e7inde olmas\u0131 gerekir. Macaristan vizesi dilek\u00e7esi olu\u015ftururken dikkat<\/p>\n","protected":false},"author":1,"featured_media":0,"parent":167,"menu_order":0,"comment_status":"open","ping_status":"closed","template":"","meta":{"footnotes":""},"class_list":["post-207","page","type-page","status-publish","hentry"],"yoast_head":"<!-- This site is optimized with the Yoast SEO plugin v24.0 - https:\/\/yoast.com\/wordpress\/plugins\/seo\/ -->\n<title>Macaristan Turistik Vize Dilek\u00e7e \u00d6rnekleri - MyVize<\/title>\n<meta name=\"description\" content=\"Macaristan turistik vize dilek\u00e7e \u00f6rnekleri g\u00fcncel 2022 g\u00f6rselleri. \u00d6rneklerini ofislerimizden isteyebilirsiniz.\" \/>\n<meta name=\"robots\" content=\"index, follow, max-snippet:-1, max-image-preview:large, max-video-preview:-1\" \/>\n<link rel=\"canonical\" href=\"https:\/\/www.myvize.com.tr\/macaristan\/form-ve-dilekce\/turistik-vize-dilekce-ornegi\/\" \/>\n<meta property=\"og:locale\" content=\"tr_TR\" \/>\n<meta property=\"og:type\" content=\"article\" \/>\n<meta property=\"og:title\" content=\"Macaristan Turistik Vize Dilek\u00e7e \u00d6rnekleri - MyVize\" \/>\n<meta property=\"og:description\" content=\"Macaristan turistik vize dilek\u00e7e \u00f6rnekleri g\u00fcncel 2022 g\u00f6rselleri. \u00d6rneklerini ofislerimizden isteyebilirsiniz.\" \/>\n<meta property=\"og:url\" content=\"https:\/\/www.myvize.com.tr\/macaristan\/form-ve-dilekce\/turistik-vize-dilekce-ornegi\/\" \/>\n<meta property=\"og:site_name\" content=\"Macaristan Vizesi\" \/>\n<meta property=\"article:modified_time\" content=\"2022-06-23T09:28:01+00:00\" \/>\n<meta name=\"twitter:card\" content=\"summary_large_image\" \/>\n<meta name=\"twitter:label1\" content=\"Tahmini okuma s\u00fcresi\" \/>\n\t<meta name=\"twitter:data1\" content=\"4 dakika\" \/>\n<script type=\"application\/ld+json\" class=\"yoast-schema-graph\">{\"@context\":\"https:\/\/schema.org\",\"@graph\":[{\"@type\":\"WebPage\",\"@id\":\"https:\/\/www.myvize.com.tr\/macaristan\/form-ve-dilekce\/turistik-vize-dilekce-ornegi\/\",\"url\":\"https:\/\/www.myvize.com.tr\/macaristan\/form-ve-dilekce\/turistik-vize-dilekce-ornegi\/\",\"name\":\"Macaristan Turistik Vize Dilek\u00e7e \u00d6rnekleri - MyVize\",\"isPartOf\":{\"@id\":\"https:\/\/www.myvize.com.tr\/macaristan\/#website\"},\"datePublished\":\"2020-12-28T11:47:56+00:00\",\"dateModified\":\"2022-06-23T09:28:01+00:00\",\"description\":\"Macaristan turistik vize dilek\u00e7e \u00f6rnekleri g\u00fcncel 2022 g\u00f6rselleri. \u00d6rneklerini ofislerimizden isteyebilirsiniz.\",\"breadcrumb\":{\"@id\":\"https:\/\/www.myvize.com.tr\/macaristan\/form-ve-dilekce\/turistik-vize-dilekce-ornegi\/#breadcrumb\"},\"inLanguage\":\"tr\",\"potentialAction\":[{\"@type\":\"ReadAction\",\"target\":[\"https:\/\/www.myvize.com.tr\/macaristan\/form-ve-dilekce\/turistik-vize-dilekce-ornegi\/\"]}]},{\"@type\":\"BreadcrumbList\",\"@id\":\"https:\/\/www.myvize.com.tr\/macaristan\/form-ve-dilekce\/turistik-vize-dilekce-ornegi\/#breadcrumb\",\"itemListElement\":[{\"@type\":\"ListItem\",\"position\":1,\"name\":\"Anasayfa\",\"item\":\"https:\/\/www.myvize.com.tr\/macaristan\/\"},{\"@type\":\"ListItem\",\"position\":2,\"name\":\"FORM VE D\u0130LEK\u00c7E\",\"item\":\"https:\/\/www.myvize.com.tr\/macaristan\/form-ve-dilekce\/\"},{\"@type\":\"ListItem\",\"position\":3,\"name\":\"Macaristan Turistik Vize Dilek\u00e7e \u00d6rne\u011fi\"}]},{\"@type\":\"WebSite\",\"@id\":\"https:\/\/www.myvize.com.tr\/macaristan\/#website\",\"url\":\"https:\/\/www.myvize.com.tr\/macaristan\/\",\"name\":\"Macaristan Vizesi\",\"description\":\"\",\"potentialAction\":[{\"@type\":\"SearchAction\",\"target\":{\"@type\":\"EntryPoint\",\"urlTemplate\":\"https:\/\/www.myvize.com.tr\/macaristan\/?s={search_term_string}\"},\"query-input\":{\"@type\":\"PropertyValueSpecification\",\"valueRequired\":true,\"valueName\":\"search_term_string\"}}],\"inLanguage\":\"tr\"}]}<\/script>\n<!-- \/ Yoast SEO plugin. -->","yoast_head_json":{"title":"Macaristan Turistik Vize Dilek\u00e7e \u00d6rnekleri - MyVize","description":"Macaristan turistik vize dilek\u00e7e \u00f6rnekleri g\u00fcncel 2022 g\u00f6rselleri. \u00d6rneklerini ofislerimizden isteyebilirsiniz.","robots":{"index":"index","follow":"follow","max-snippet":"max-snippet:-1","max-image-preview":"max-image-preview:large","max-video-preview":"max-video-preview:-1"},"canonical":"https:\/\/www.myvize.com.tr\/macaristan\/form-ve-dilekce\/turistik-vize-dilekce-ornegi\/","og_locale":"tr_TR","og_type":"article","og_title":"Macaristan Turistik Vize Dilek\u00e7e \u00d6rnekleri - MyVize","og_description":"Macaristan turistik vize dilek\u00e7e \u00f6rnekleri g\u00fcncel 2022 g\u00f6rselleri. \u00d6rneklerini ofislerimizden isteyebilirsiniz.","og_url":"https:\/\/www.myvize.com.tr\/macaristan\/form-ve-dilekce\/turistik-vize-dilekce-ornegi\/","og_site_name":"Macaristan Vizesi","article_modified_time":"2022-06-23T09:28:01+00:00","twitter_card":"summary_large_image","twitter_misc":{"Tahmini okuma s\u00fcresi":"4 dakika"},"schema":{"@context":"https:\/\/schema.org","@graph":[{"@type":"WebPage","@id":"https:\/\/www.myvize.com.tr\/macaristan\/form-ve-dilekce\/turistik-vize-dilekce-ornegi\/","url":"https:\/\/www.myvize.com.tr\/macaristan\/form-ve-dilekce\/turistik-vize-dilekce-ornegi\/","name":"Macaristan Turistik Vize Dilek\u00e7e \u00d6rnekleri - MyVize","isPartOf":{"@id":"https:\/\/www.myvize.com.tr\/macaristan\/#website"},"datePublished":"2020-12-28T11:47:56+00:00","dateModified":"2022-06-23T09:28:01+00:00","description":"Macaristan turistik vize dilek\u00e7e \u00f6rnekleri g\u00fcncel 2022 g\u00f6rselleri. \u00d6rneklerini ofislerimizden isteyebilirsiniz.","breadcrumb":{"@id":"https:\/\/www.myvize.com.tr\/macaristan\/form-ve-dilekce\/turistik-vize-dilekce-ornegi\/#breadcrumb"},"inLanguage":"tr","potentialAction":[{"@type":"ReadAction","target":["https:\/\/www.myvize.com.tr\/macaristan\/form-ve-dilekce\/turistik-vize-dilekce-ornegi\/"]}]},{"@type":"BreadcrumbList","@id":"https:\/\/www.myvize.com.tr\/macaristan\/form-ve-dilekce\/turistik-vize-dilekce-ornegi\/#breadcrumb","itemListElement":[{"@type":"ListItem","position":1,"name":"Anasayfa","item":"https:\/\/www.myvize.com.tr\/macaristan\/"},{"@type":"ListItem","position":2,"name":"FORM VE D\u0130LEK\u00c7E","item":"https:\/\/www.myvize.com.tr\/macaristan\/form-ve-dilekce\/"},{"@type":"ListItem","position":3,"name":"Macaristan Turistik Vize Dilek\u00e7e \u00d6rne\u011fi"}]},{"@type":"WebSite","@id":"https:\/\/www.myvize.com.tr\/macaristan\/#website","url":"https:\/\/www.myvize.com.tr\/macaristan\/","name":"Macaristan Vizesi","description":"","potentialAction":[{"@type":"SearchAction","target":{"@type":"EntryPoint","urlTemplate":"https:\/\/www.myvize.com.tr\/macaristan\/?s={search_term_string}"},"query-input":{"@type":"PropertyValueSpecification","valueRequired":true,"valueName":"search_term_string"}}],"inLanguage":"tr"}]}},"_links":{"self":[{"href":"https:\/\/www.myvize.com.tr\/macaristan\/wp-json\/wp\/v2\/pages\/207","targetHints":{"allow":["GET"]}}],"collection":[{"href":"https:\/\/www.myvize.com.tr\/macaristan\/wp-json\/wp\/v2\/pages"}],"about":[{"href":"https:\/\/www.myvize.com.tr\/macaristan\/wp-json\/wp\/v2\/types\/page"}],"author":[{"embeddable":true,"href":"https:\/\/www.myvize.com.tr\/macaristan\/wp-json\/wp\/v2\/users\/1"}],"replies":[{"embeddable":true,"href":"https:\/\/www.myvize.com.tr\/macaristan\/wp-json\/wp\/v2\/comments?post=207"}],"version-history":[{"count":8,"href":"https:\/\/www.myvize.com.tr\/macaristan\/wp-json\/wp\/v2\/pages\/207\/revisions"}],"predecessor-version":[{"id":897,"href":"https:\/\/www.myvize.com.tr\/macaristan\/wp-json\/wp\/v2\/pages\/207\/revisions\/897"}],"up":[{"embeddable":true,"href":"https:\/\/www.myvize.com.tr\/macaristan\/wp-json\/wp\/v2\/pages\/167"}],"wp:attachment":[{"href":"https:\/\/www.myvize.com.tr\/macaristan\/wp-json\/wp\/v2\/media?parent=207"}],"curies":[{"name":"wp","href":"https:\/\/api.w.org\/{rel}","templated":true}]}}