{"id":348,"date":"2021-07-02T10:43:15","date_gmt":"2021-07-02T07:43:15","guid":{"rendered":"https:\/\/www.myvize.com.tr\/macaristan\/?page_id=348"},"modified":"2022-07-20T12:37:47","modified_gmt":"2022-07-20T09:37:47","slug":"macaristan-sofor-vizesi","status":"publish","type":"page","link":"https:\/\/www.myvize.com.tr\/macaristan\/macaristan-sofor-vizesi\/","title":{"rendered":"Macaristan \u015eof\u00f6r Vizesi"},"content":{"rendered":"<p><span style=\"font-family: Roboto;\"><\/span><\/p>\r\n<p style=\"font-size: 14px;\"><span style=\"font-family: Roboto;\">Schengen \u00fcye \u00fclkelerinden kabul edilen\u00a0<strong>Macaristan \u015fof\u00f6r vizesi<\/strong>\u00a0yolcu veya y\u00fck ta\u015f\u0131mac\u0131l\u0131\u011f\u0131 yapman\u0131z i\u00e7in\u00a0<strong>Macaristan<\/strong>\u00a0<strong>\u015fof\u00f6r vizesi<\/strong>\u00a0ba\u015fvurusu yapman\u0131z mutlaka gerekmekte. <strong>\u015eof\u00f6r vizesi<\/strong> ba\u015fvuru uzun zamanl\u0131 oturma hakk\u0131 tan\u0131mamaktad\u0131r.\u00a0<strong>Macaristan<\/strong>\u00a0<strong>\u015fof\u00f6r vizesi<\/strong>\u00a0alan T\u00fcrkiye Cumhuriyeti bireylerinin 180 g\u00fcnde 90 g\u00fcn konaklama hakk\u0131 oldu\u011funu unutmamal\u0131d\u0131r. \u0130lk kez Schengen s\u00fcr\u00fcc\u00fc vizesi al\u0131yorsan\u0131z Schengen \u00fcye \u00fclkelerinin ortak sonucu ile parmak izi vermeniz zorunludur. Parmak izinizin 5 sene ge\u00e7erlili\u011fi olup bu zaman sonunda yine yenilemeniz gerekmekte. 2014 y\u0131l\u0131 eyl\u00fcl ay\u0131ndan beri ile Schengen \u00fcye devletleri parmak izi sistemine ge\u00e7i\u015f elde etmi\u015ftir.\u00a0<strong>Macaristan<\/strong>\u00a0<strong>\u015fof\u00f6r vizesi<\/strong>\u00a0evraklar\u0131 karma\u015fa oldu\u011fu i\u00e7in ve vize ba\u015fvurusunun negatif sonu\u00e7lanmas\u0131 vb. Durumlardan \u00f6t\u00fcr\u00fc\u00a0Macaristan Konsoloslu\u011fu \u015fof\u00f6r vizesine ba\u015fvuru meydana getirecek ki\u015filerin ustala\u015fm\u0131\u015f yard\u0131m almas\u0131n\u0131 \u00f6nermektedir. Gerekli \u015fartlara ve belgelere haiz olan herkes\u00a0<strong>Macaristan \u015fof\u00f6r vizesi<\/strong>ne m\u00fcracaat yapabilir.\u00a0<strong>Macaristan<\/strong>\u00a0<strong>\u015fof\u00f6r vizesi\u00a0<\/strong>i\u00e7in evraklar ise \u015funlard\u0131r; pasaport, <strong><a href=\"https:\/\/www.myvize.com.tr\/macaristan\/vize-islemleri\/macaristan-vize-basvuru-formu\/\" target=\"_blank\" rel=\"noreferrer noopener\"><span class=\"has-inline-color\" style=\"color: #2acec2;\">Macaristan vize ba\u015fvuru formu<\/span><\/a><\/strong><span class=\"has-inline-color\" style=\"color: #2acec2;\">,<\/span> n\u00fcfus c\u00fczdan\u0131 fotokopisi, evli olanlar i\u00e7in evlilik c\u00fczdan fotokopisi, 2 adet foto\u011fraf (35\u00d745, renkli, son 6 ay i\u00e7inde \u00e7ekilmi\u015f. Orijinal biyometrik foto\u011fraf), 30.000 \u20ac teminatl\u0131 seyahat sa\u011fl\u0131k sigortas\u0131, u\u00e7ak ve otel rezervasyonlar\u0131, tur sat\u0131n alanlar\u0131n tur program kiti ibraz etmeleri gereklidir. Seyahat masraflar\u0131n\u0131n iyi mi kar\u015f\u0131lanaca\u011f\u0131n\u0131 g\u00f6sterir belgeler, g\u00fcncel banka hesap d\u00f6k\u00fcm\u00fc, tam vukuatl\u0131 n\u00fcfus kay\u0131t \u00f6rne\u011fi, davetiye, Schengen B\u00f6lgesine ve\/ya da B\u00f6lgesi \u00dczerinden T\u0131r Kullan\u0131m\u0131 Ama\u00e7l\u0131 <strong>Schengen Vizesi<\/strong> Ba\u015fvurusu \u0130\u00e7in Gerekli Evrak Listesi; firma ve \u015fayet \u015firket \u00fcye ise UND (Uluslararas\u0131 Nakliyeciler Derne\u011fi) taraf\u0131ndan verilen g\u00fcvence. Firma s\u00fcr\u00fcc\u00fcleri s\u0131ralamas\u0131. SGK (toplumsal emniyet) sicil belgesi, SGK hizmet d\u00f6k\u00fcm\u00fc (barkodlu) ve ge\u00e7mi\u015f SGK detaylar\u0131. S\u00fcr\u00fcc\u00fc i\u00e7in \u00f6demeler listesi. Firman\u0131n Ticaret Odas\u0131 sicil i\u00e7in\u00a0kayd\u0131. C2 sertifikas\u0131 (ithalat izni). S\u00fcr\u00fcc\u00fcn\u00fcn milli ve uluslararas\u0131 \u015fof\u00f6r belgesi. AB\u2019deki bir firmadan davetiye veya i\u015f payla\u015f\u0131m\u0131 sertifikas\u0131.<\/span><\/p>\r\n<p><span style=\"font-family: Roboto;\"> <img decoding=\"async\" src=\"https:\/\/www.myvize.com.tr\/macaristan\/wp-content\/uploads\/2021\/10\/35.jpg\" \/><\/span><\/p>\r\n<h2><strong><span style=\"font-family: Roboto; font-size: 27px;\">Macaristan \u015eof\u00f6r Vizesi Nedir?<\/span><\/strong><\/h2>\r\n<p><span style=\"font-family: Roboto; font-size: 14px;\">Macaristan y\u00fck ve yolcu ta\u015f\u0131yan \u015fof\u00f6r vizesi, ticari ama\u00e7l\u0131 t\u0131rla veya\u00a0 hususi ara\u00e7 ile Schengen sahas\u0131nda veya\u00a0 Schengen sahas\u0131n\u0131n \u00fczerinden ge\u00e7mek i\u00e7in ba\u015fvurulan vize t\u00fcr\u00fcd\u00fcr. <strong>Macaristan\u2019a t\u0131r ve otob\u00fcs \u015fof\u00f6r\u00fc vizesi<\/strong>, be\u015f y\u0131l kadar d\u00fczenlenebilmekte ve hamiline 6 ayl\u0131k periyot i\u00e7erisinde en fazla \u00fc\u00e7 ay olacak \u015fekilde Macaristan ile Schengen \u00fcye \u00fclkesi i\u00e7inde yolcu, y\u00fck ta\u015f\u0131ma ve kalma hakk\u0131 sa\u011flamaktad\u0131r.\u00a0 Macaristan vizesi i\u00e7in gerekli olan evraklar\u0131 eksiksiz verme ve evrak bilgilerini do\u011fru olarak haz\u0131rlamak \u00e7ok \u00f6nemlidir. Eksik evraklar olmas\u0131 durumunda Macaristan Konsolosluklar\u0131, sizden ek evrak isteyebilir ve b\u00f6ylece vize ba\u015fvurusu s\u00fcreci uzayabilir. Evraklar\u0131n\u0131z\u0131 eksiksiz olarak haz\u0131rlad\u0131ktan sonras\u0131 kargo- kurye veya\u00a0 elden, evraklar\u0131n\u0131z\u0131 bize teslim edebilirsiniz.\u00a0 Bir firmaya ba\u011fl\u0131 olarak \u015fof\u00f6r yap\u0131lacak olan ba\u015fvuru sahiplerinin, \u015fof\u00f6r vizesi almas\u0131 i\u00e7in haz\u0131rlamalar\u0131 gereken evraklar a\u015fa\u011f\u0131daki gibidir:<\/span><\/p>\r\n<ul>\r\n<li><span style=\"font-family: Roboto; font-size: 14px;\">Pasaport\u00a0<\/span><\/li>\r\n<li><span style=\"font-family: Roboto; font-size: 14px;\">2 adet biyometri yeni foto\u011fraf<\/span><\/li>\r\n<li><span style=\"font-family: Roboto; font-size: 14px;\">Uluslararas\u0131 s\u00fcr\u00fcc\u00fc belgesi<\/span><\/li>\r\n<li><span style=\"font-family: Roboto; font-size: 14px;\">\u015eirket s\u00fcr\u00fcc\u00fc listeleri<\/span><\/li>\r\n<li><span style=\"font-family: Roboto; font-size: 14px;\">C2 belgeleri\u00a0<\/span><\/li>\r\n<li><span style=\"font-family: Roboto; font-size: 14px;\">B1 ve B2 belgesi<\/span><\/li>\r\n<li><span style=\"font-family: Roboto; font-size: 14px;\">S\u00fcr\u00fcc\u00fc g\u00fcncel sab\u0131ka kay\u0131t\u0131<\/span><\/li>\r\n<li><span style=\"font-family: Roboto; font-size: 14px;\">\u015eirket yaz\u0131s\u0131\u00a0<\/span><\/li>\r\n<li><span style=\"font-family: Roboto; font-size: 14px;\">Davet mektubu ya da i\u015f ortakl\u0131\u011f\u0131 belgesi\u00a0<\/span><\/li>\r\n<\/ul>\r\n<h2 style=\"font-size: 27px;\"><strong><span style=\"font-family: Roboto;\">Macaristan \u015eof\u00f6r Vizesi Nas\u0131l Al\u0131n\u0131r?<\/span><\/strong><\/h2>\r\n<p><span style=\"font-family: Roboto;\"><!-- \/wp:heading -->\r\n\r\n<!-- wp:paragraph {\"style\":{\"typography\":{\"fontSize\":14}}} --><\/span><\/p>\r\n<p style=\"font-size: 14px;\"><span style=\"font-family: Roboto;\">Macaristan \u00fclkesinde yolcu ta\u015f\u0131mac\u0131l\u0131\u011f\u0131 ya da y\u00fck ta\u015f\u0131mac\u0131l\u0131\u011f\u0131 yapmak istiyorsan\u0131z <strong>Macaristan \u015fof\u00f6r vizesi<\/strong> ba\u015fvurusu yapman\u0131z \u015fartt\u0131r. <strong>Macaristan \u015fof\u00f6r vizesi<\/strong> alman\u0131z size Macaristan\u2019da uzun s\u00fcreli bir oturum hakk\u0131 sa\u011flamaz.\u00a0<strong>Macaristan vizesi<\/strong>\u00a0al\u0131rken \u015fof\u00f6r olarak almak istedi\u011finizi \u00f6zellikle belirtmeniz gerekmektedir. Bu vizeyi ald\u0131\u011f\u0131n\u0131z zaman 6 ay i\u00e7erisinde 3 ay konaklama hakk\u0131n\u0131z oldu\u011funu unutmamal\u0131s\u0131n\u0131z.<\/span><\/p>\r\n<p><span style=\"font-family: Roboto;\"><!-- \/wp:paragraph -->\r\n\r\n<!-- wp:paragraph {\"style\":{\"typography\":{\"fontSize\":14}}} --><\/span><\/p>\r\n<p style=\"font-size: 14px;\"><span style=\"font-family: Roboto;\"><strong>Macaristan vize i\u015flemleri\u00a0<\/strong>konsolosluk taraf\u0131ndan ger\u00e7ekle\u015fmektedir ve ilk kez <strong>\u015fof\u00f6r vizesi<\/strong> alacaksan\u0131z konsoloslu\u011fa parmak izi vermek zorundas\u0131n\u0131z. Parmak izi ko\u015fulu t\u00fcm <strong>schengen \u00fcyesi<\/strong> olan \u00fclkelerde vize i\u015flemlerinde al\u0131nmas\u0131 gereken bir ko\u015fuldur. Parmak izi her 5 y\u0131lda bir silinmektedir. E\u011fer vize alal\u0131 5 y\u0131l\u0131 ge\u00e7tiyse parmak izinizi yeniletmeniz gerekmektedir.<\/span><\/p>\r\n<p><span style=\"font-family: Roboto;\"><!-- \/wp:paragraph -->\r\n\r\n<!-- wp:quote {\"className\":\"is-style-default\"} --><\/span><\/p>\r\n<blockquote class=\"wp-block-quote is-style-default\">\r\n<p><span style=\"font-family: Roboto;\"><strong><a href=\"https:\/\/www.myvize.com.tr\/macaristan\/vize-islemleri\/macaristan-vizesi\/\" target=\"_blank\" rel=\"noreferrer noopener\"><span class=\"has-inline-color\" style=\"color: #2acec2;\">Macaristan Vizesi<\/span><\/a><\/strong><\/span><\/p>\r\n<\/blockquote>\r\n<p><span style=\"font-family: Roboto;\"><!-- \/wp:quote -->\r\n\r\n<!-- wp:paragraph {\"style\":{\"typography\":{\"fontSize\":14}}} --><\/span><\/p>\r\n<p style=\"font-size: 14px;\"><span style=\"font-family: Roboto;\"><strong>Macaristan \u015fof\u00f6r vizesi <\/strong>i\u015flemleri olduk\u00e7a karma\u015f\u0131k ve \u00e7ok prosed\u00fcrl\u00fc i\u015flemlerdir. Bundan dolay\u0131 profesyonel bir ekip ile \u00e7al\u0131\u015fman\u0131z ve temas halinde olman\u0131z olduk\u00e7a \u00f6nemlidir. E\u011fer vize i\u015flemlerim zaman\u0131nda ve olumlu bir \u015fekilde tamamlans\u0131n diyorsan\u0131z kesinlikle profesyonel yard\u0131m almal\u0131s\u0131n\u0131z. Profesyonel ekip sizin ad\u0131n\u0131za\u00a0<strong>Macaristan vize<\/strong>\u00a0i\u015flemlerinizi y\u00fcr\u00fct\u00fcr.<\/span><\/p>\r\n<p><span style=\"font-family: Roboto;\"><!-- \/wp:paragraph -->\r\n\r\n<!-- wp:paragraph {\"style\":{\"typography\":{\"fontSize\":14}}} --><\/span><\/p>\r\n<p style=\"font-size: 14px;\"><span style=\"font-family: Roboto;\"><strong>Macaristan \u015fof\u00f6r vizesi <\/strong>i\u00e7in olduk\u00e7a fazla evrak temini istemektedirler. E\u011fer bu konuda bir tecr\u00fcbeniz yok ise ve destek almad\u0131ysan\u0131z vize ba\u015fvurunuz olumsuz sonu\u00e7lanabilir. Profesyonel bir ekip hangi evraklar\u0131n nas\u0131l haz\u0131rlanmas\u0131 gerekti\u011fi konusunda tecr\u00fcbe sahibidir ve s\u00fcrecin nas\u0131l ilerleyece\u011fini bilirler. En ufak bir aksilikte nas\u0131l bir aksiyon almalar\u0131 gerekti\u011fi konusunda bilgi sahibidirler ve bu sayede sizin i\u015flemlerinizin olumlu sonu\u00e7lanmas\u0131n\u0131 sa\u011flayabilirler.<\/span><\/p>\r\n<h2><strong><span style=\"font-family: Roboto; font-size: 27px;\">Macaristan \u015eof\u00f6r \u0130zni Nereden Al\u0131n\u0131r?<\/span><\/strong><\/h2>\r\n<p><span style=\"font-family: Roboto; font-size: 14px;\">Macaristan \u015eof\u00f6r vize ba\u015fvurular\u0131 Macaristan\u2019\u0131n T\u00fcrkiye\u2019de bulunan temsilciliklerine yap\u0131lmal\u0131d\u0131r. Macaristan \u015eof\u00f6r vizesi ba\u015fvurular\u0131n\u0131 inceleme yetkisi de <strong>Macaristan Ankara B\u00fcy\u00fckel\u00e7ili\u011fi<\/strong> ve Macaristan \u0130stanbul Ba\u015fkonsoloslu\u011fu\u2019na aittir. Macaristan \u015eof\u00f6r vizesi ba\u015fvurular\u0131 incelendikten sonra olumlu sonu\u00e7lan\u0131rsa Macaristan \u015eof\u00f6r vizesi pasaporta bas\u0131l\u0131r. Pasaporta bas\u0131lan <strong>Macaristan vizesi<\/strong> istenirse Macaristan temsilcili\u011finden al\u0131nabilir. Ayr\u0131ca kargo hizmeti ile pasaportun adresinize g\u00f6nderilmesini isteyebilirsiniz. Ancak bunun i\u00e7in ek hizmet bedeli ve kargo hizmeti bedeli \u00f6demeniz gerekmektedir. Macaristan \u015eof\u00f6r vizesi ba\u015fvurusu yapacak olan ki\u015filer vizelerini Macaristan temsilciliklerinden al\u0131r. Macaristan \u015eof\u00f6r vizesi nereden al\u0131n\u0131r? sorusuna k\u0131saca Macaristan temsilcili\u011fi cevab\u0131 verilebilir. Macaristan \u015eof\u00f6r vizesi ba\u015fvurusu Macaristan temsilciliklerine yap\u0131labilir ba\u015fvurular\u0131 inceleme yetkisi yine Macaristan temsilcili\u011fine aittir. Macaristan \u015eof\u00f6r vizesi hakk\u0131nda merak etti\u011finiz sorular\u0131 Macaristan temsilciliklerine yapabilirsiniz.<\/span><\/p>\r\n<h2><strong><span style=\"font-family: Roboto; font-size: 27px;\">Macaristan \u015eof\u00f6r Vizesi Ka\u00e7 G\u00fcnde \u00c7\u0131kar?<\/span><\/strong><\/h2>\r\n<p><span style=\"font-family: Roboto; font-size: 14px;\">Macaristan \u015eof\u00f6r vizesini alacak olan ki\u015filer vizenin ne kadar s\u00fcrede \u00e7\u0131kaca\u011f\u0131n\u0131 merak etmektedir. A\u015fa\u011f\u0131da Macaristan \u015eof\u00f6r vizesi alacak olan ki\u015filer i\u00e7in \u201cMacaristan \u015eof\u00f6r vizesi ka\u00e7 g\u00fcnde \u00e7\u0131kar?\u201d sorusunun cevab\u0131 verilmi\u015ftir. <strong>Macaristan \u015eof\u00f6r vizesi<\/strong> her Macaristan vize ba\u015fvurusu i\u00e7in farkl\u0131 farkl\u0131 de\u011ferlendirilmektedir. Bu nedenle de Macaristan \u015eof\u00f6r vizesi ba\u015fvurusunun sonu\u00e7lanma s\u00fcresi de farkl\u0131l\u0131k g\u00f6stermektedir. Ancak vize ba\u015fvurular\u0131 ortalama olarak 7 g\u00fcn i\u00e7erisinde sonu\u00e7lanmaktad\u0131r. Macaristan \u015eof\u00f6r vizesi ba\u015fvurusunun sonu\u00e7lanmas\u0131na etki eden durumlar;<\/span><\/p>\r\n<ul>\r\n<li><span style=\"font-family: Roboto; font-size: 14px;\"><strong>Macaristan vize<\/strong> ba\u015fvurusunu inceleyen temsilcili\u011fin yo\u011funlu\u011fu<\/span><\/li>\r\n<li><span style=\"font-family: Roboto; font-size: 14px;\">Ba\u015fvuru sahibinden ek belge talebi<\/span><\/li>\r\n<li><span style=\"font-family: Roboto; font-size: 14px;\">Ba\u015fvuru yapan ki\u015finin y\u00fcz y\u00fcze g\u00f6r\u00fc\u015fmesi,<\/span><\/li>\r\n<li><span style=\"font-family: Roboto; font-size: 14px;\">Ba\u015fvuru s\u0131ras\u0131nda eksik ve hatal\u0131 belge beyan\u0131,<\/span><\/li>\r\n<li><span style=\"font-family: Roboto; font-size: 14px;\"><strong>Macaristan vize ba\u015fvurusu<\/strong> yapan ki\u015finin mesle\u011fi, e\u011fitimi, ya\u015f\u0131 gibi durumlar.<\/span><\/li>\r\n<\/ul>\r\n<h3><strong><span style=\"font-family: Roboto; font-size: 24px;\">Macaristan \u015eof\u00f6r Vizesi Ba\u015fvurusu<\/span><\/strong><\/h3>\r\n<p><span style=\"font-family: Roboto; font-size: 14px;\">\u00a0\u00a0T\u00fcrkiye Cumhuriyeti vatanda\u015flar\u0131 i\u00e7in Macaristan vizesini almak bir \u00e7ok a\u00e7\u0131dan kolayd\u0131r. Macaristan vizesinin kolay al\u0131nmas\u0131n\u0131 sa\u011flayan fakt\u00f6rler k\u0131saca \u015f\u00f6yledir: Macaristan ile T\u00fcrkiye aras\u0131nda ki co\u011frafi yak\u0131n vatanda\u015f\u0131n\u0131z\u0131n seyahat ama\u00e7lar\u0131n\u0131 her zaman inand\u0131r\u0131c\u0131 k\u0131lmaktad\u0131rlar. \u0130ki \u00fclke aras\u0131ndaki tarihi ve k\u00fclt\u00fcrel ba\u011f vatanda\u015f\u0131m\u0131z\u0131n bu \u00fclkeye s\u0131kl\u0131kla seyahat etmesi neden olmaktad\u0131r ve ba\u015fvuru sahibini <strong>Macaristan seyahat<\/strong> ge\u00e7mi\u015fini her zaman daha kolay vize almas\u0131n\u0131 sa\u011flamaktad\u0131r. Macaristan\u2019\u0131n en ekonomik \u00fclke konumunda olmas\u0131 vatanda\u015flar\u0131m\u0131z\u0131n Macaristan seyahatlerine kolay eri\u015febilmelerini sa\u011flamaktad\u0131r ve b\u00f6ylelikle vatanda\u015flar\u0131m\u0131z\u0131n vize alabilmek i\u00e7in iyi bir gelire sahip olmalar\u0131 \u015fart de\u011fildir. \u00d6zellikle seyahat amac\u0131 net olan, gidi\u015f d\u00f6n\u00fc\u015f u\u00e7ak biletleri ve otel rezervasyon i\u015flem s\u00fcresine iptallere d\u00fc\u015fmemi\u015f olan vatanda\u015flar\u0131m\u0131z\u0131n Macaristan vizesini almas\u0131 daha kolay olacakt\u0131r. Vize ba\u015fvurular\u0131 ortalama olarak 7 g\u00fcn i\u00e7erisinde sonu\u00e7lanmaktad\u0131r.<\/span><\/p>\r\n<p><span style=\"font-family: Roboto;\"><!-- wp:heading {\"style\":{\"typography\":{\"fontSize\":27}}} --><\/span><\/p>\r\n<p><span style=\"font-family: Roboto;\"><!-- \/wp:paragraph --><\/span><\/p>","protected":false},"excerpt":{"rendered":"<p>Schengen \u00fcye \u00fclkelerinden kabul edilen\u00a0Macaristan \u015fof\u00f6r vizesi\u00a0yolcu veya y\u00fck ta\u015f\u0131mac\u0131l\u0131\u011f\u0131 yapman\u0131z i\u00e7in\u00a0Macaristan\u00a0\u015fof\u00f6r vizesi\u00a0ba\u015fvurusu yapman\u0131z mutlaka gerekmekte. \u015eof\u00f6r vizesi ba\u015fvuru uzun zamanl\u0131 oturma hakk\u0131 tan\u0131mamaktad\u0131r.\u00a0Macaristan\u00a0\u015fof\u00f6r vizesi\u00a0alan T\u00fcrkiye Cumhuriyeti bireylerinin 180 g\u00fcnde 90 g\u00fcn konaklama hakk\u0131 oldu\u011funu unutmamal\u0131d\u0131r. \u0130lk kez Schengen s\u00fcr\u00fcc\u00fc vizesi al\u0131yorsan\u0131z Schengen \u00fcye \u00fclkelerinin ortak sonucu ile parmak izi vermeniz zorunludur. Parmak izinizin 5<\/p>\n","protected":false},"author":1,"featured_media":0,"parent":0,"menu_order":0,"comment_status":"open","ping_status":"closed","template":"","meta":{"footnotes":""},"class_list":["post-348","page","type-page","status-publish","hentry"],"yoast_head":"<!-- This site is optimized with the Yoast SEO plugin v24.0 - https:\/\/yoast.com\/wordpress\/plugins\/seo\/ -->\n<title>Macaristan \u015eof\u00f6r Vizesi - MyVize Vize Ba\u015fvuru Merkezi<\/title>\n<meta name=\"description\" content=\"Macaristan \u015eof\u00f6r Vizesi Nas\u0131l Al\u0131n\u0131r? Macaristan \u015eof\u00f6r Vize Ba\u015fvurusu Nas\u0131l Yap\u0131l\u0131r? Macaristan \u015eof\u00f6r Vize \u00dccreti Ne Kadar?\" \/>\n<meta name=\"robots\" content=\"index, follow, max-snippet:-1, max-image-preview:large, max-video-preview:-1\" \/>\n<link rel=\"canonical\" href=\"https:\/\/www.myvize.com.tr\/macaristan\/macaristan-sofor-vizesi\/\" \/>\n<meta property=\"og:locale\" content=\"tr_TR\" \/>\n<meta property=\"og:type\" content=\"article\" \/>\n<meta property=\"og:title\" content=\"Macaristan \u015eof\u00f6r Vizesi - MyVize Vize Ba\u015fvuru Merkezi\" \/>\n<meta property=\"og:description\" content=\"Macaristan \u015eof\u00f6r Vizesi Nas\u0131l Al\u0131n\u0131r? Macaristan \u015eof\u00f6r Vize Ba\u015fvurusu Nas\u0131l Yap\u0131l\u0131r? Macaristan \u015eof\u00f6r Vize \u00dccreti Ne Kadar?\" \/>\n<meta property=\"og:url\" content=\"https:\/\/www.myvize.com.tr\/macaristan\/macaristan-sofor-vizesi\/\" \/>\n<meta property=\"og:site_name\" content=\"Macaristan Vizesi\" \/>\n<meta property=\"article:modified_time\" content=\"2022-07-20T09:37:47+00:00\" \/>\n<meta property=\"og:image\" content=\"https:\/\/www.myvize.com.tr\/macaristan\/wp-content\/uploads\/2021\/10\/35.jpg\" \/>\n<meta name=\"twitter:card\" content=\"summary_large_image\" \/>\n<meta name=\"twitter:label1\" content=\"Tahmini okuma s\u00fcresi\" \/>\n\t<meta name=\"twitter:data1\" content=\"5 dakika\" \/>\n<script type=\"application\/ld+json\" class=\"yoast-schema-graph\">{\"@context\":\"https:\/\/schema.org\",\"@graph\":[{\"@type\":\"WebPage\",\"@id\":\"https:\/\/www.myvize.com.tr\/macaristan\/macaristan-sofor-vizesi\/\",\"url\":\"https:\/\/www.myvize.com.tr\/macaristan\/macaristan-sofor-vizesi\/\",\"name\":\"Macaristan \u015eof\u00f6r Vizesi - MyVize Vize Ba\u015fvuru Merkezi\",\"isPartOf\":{\"@id\":\"https:\/\/www.myvize.com.tr\/macaristan\/#website\"},\"primaryImageOfPage\":{\"@id\":\"https:\/\/www.myvize.com.tr\/macaristan\/macaristan-sofor-vizesi\/#primaryimage\"},\"image\":{\"@id\":\"https:\/\/www.myvize.com.tr\/macaristan\/macaristan-sofor-vizesi\/#primaryimage\"},\"thumbnailUrl\":\"https:\/\/www.myvize.com.tr\/macaristan\/wp-content\/uploads\/2021\/10\/35.jpg\",\"datePublished\":\"2021-07-02T07:43:15+00:00\",\"dateModified\":\"2022-07-20T09:37:47+00:00\",\"description\":\"Macaristan \u015eof\u00f6r Vizesi Nas\u0131l Al\u0131n\u0131r? Macaristan \u015eof\u00f6r Vize Ba\u015fvurusu Nas\u0131l Yap\u0131l\u0131r? Macaristan \u015eof\u00f6r Vize \u00dccreti Ne Kadar?\",\"breadcrumb\":{\"@id\":\"https:\/\/www.myvize.com.tr\/macaristan\/macaristan-sofor-vizesi\/#breadcrumb\"},\"inLanguage\":\"tr\",\"potentialAction\":[{\"@type\":\"ReadAction\",\"target\":[\"https:\/\/www.myvize.com.tr\/macaristan\/macaristan-sofor-vizesi\/\"]}]},{\"@type\":\"ImageObject\",\"inLanguage\":\"tr\",\"@id\":\"https:\/\/www.myvize.com.tr\/macaristan\/macaristan-sofor-vizesi\/#primaryimage\",\"url\":\"https:\/\/www.myvize.com.tr\/macaristan\/wp-content\/uploads\/2021\/10\/35.jpg\",\"contentUrl\":\"https:\/\/www.myvize.com.tr\/macaristan\/wp-content\/uploads\/2021\/10\/35.jpg\",\"width\":800,\"height\":500,\"caption\":\"Macaristan \u015eof\u00f6r Vizesi\"},{\"@type\":\"BreadcrumbList\",\"@id\":\"https:\/\/www.myvize.com.tr\/macaristan\/macaristan-sofor-vizesi\/#breadcrumb\",\"itemListElement\":[{\"@type\":\"ListItem\",\"position\":1,\"name\":\"Anasayfa\",\"item\":\"https:\/\/www.myvize.com.tr\/macaristan\/\"},{\"@type\":\"ListItem\",\"position\":2,\"name\":\"Macaristan \u015eof\u00f6r Vizesi\"}]},{\"@type\":\"WebSite\",\"@id\":\"https:\/\/www.myvize.com.tr\/macaristan\/#website\",\"url\":\"https:\/\/www.myvize.com.tr\/macaristan\/\",\"name\":\"Macaristan Vizesi\",\"description\":\"\",\"potentialAction\":[{\"@type\":\"SearchAction\",\"target\":{\"@type\":\"EntryPoint\",\"urlTemplate\":\"https:\/\/www.myvize.com.tr\/macaristan\/?s={search_term_string}\"},\"query-input\":{\"@type\":\"PropertyValueSpecification\",\"valueRequired\":true,\"valueName\":\"search_term_string\"}}],\"inLanguage\":\"tr\"}]}<\/script>\n<!-- \/ Yoast SEO plugin. -->","yoast_head_json":{"title":"Macaristan \u015eof\u00f6r Vizesi - MyVize Vize Ba\u015fvuru Merkezi","description":"Macaristan \u015eof\u00f6r Vizesi Nas\u0131l Al\u0131n\u0131r? Macaristan \u015eof\u00f6r Vize Ba\u015fvurusu Nas\u0131l Yap\u0131l\u0131r? Macaristan \u015eof\u00f6r Vize \u00dccreti Ne Kadar?","robots":{"index":"index","follow":"follow","max-snippet":"max-snippet:-1","max-image-preview":"max-image-preview:large","max-video-preview":"max-video-preview:-1"},"canonical":"https:\/\/www.myvize.com.tr\/macaristan\/macaristan-sofor-vizesi\/","og_locale":"tr_TR","og_type":"article","og_title":"Macaristan \u015eof\u00f6r Vizesi - MyVize Vize Ba\u015fvuru Merkezi","og_description":"Macaristan \u015eof\u00f6r Vizesi Nas\u0131l Al\u0131n\u0131r? Macaristan \u015eof\u00f6r Vize Ba\u015fvurusu Nas\u0131l Yap\u0131l\u0131r? Macaristan \u015eof\u00f6r Vize \u00dccreti Ne Kadar?","og_url":"https:\/\/www.myvize.com.tr\/macaristan\/macaristan-sofor-vizesi\/","og_site_name":"Macaristan Vizesi","article_modified_time":"2022-07-20T09:37:47+00:00","og_image":[{"url":"https:\/\/www.myvize.com.tr\/macaristan\/wp-content\/uploads\/2021\/10\/35.jpg","type":"","width":"","height":""}],"twitter_card":"summary_large_image","twitter_misc":{"Tahmini okuma s\u00fcresi":"5 dakika"},"schema":{"@context":"https:\/\/schema.org","@graph":[{"@type":"WebPage","@id":"https:\/\/www.myvize.com.tr\/macaristan\/macaristan-sofor-vizesi\/","url":"https:\/\/www.myvize.com.tr\/macaristan\/macaristan-sofor-vizesi\/","name":"Macaristan \u015eof\u00f6r Vizesi - MyVize Vize Ba\u015fvuru Merkezi","isPartOf":{"@id":"https:\/\/www.myvize.com.tr\/macaristan\/#website"},"primaryImageOfPage":{"@id":"https:\/\/www.myvize.com.tr\/macaristan\/macaristan-sofor-vizesi\/#primaryimage"},"image":{"@id":"https:\/\/www.myvize.com.tr\/macaristan\/macaristan-sofor-vizesi\/#primaryimage"},"thumbnailUrl":"https:\/\/www.myvize.com.tr\/macaristan\/wp-content\/uploads\/2021\/10\/35.jpg","datePublished":"2021-07-02T07:43:15+00:00","dateModified":"2022-07-20T09:37:47+00:00","description":"Macaristan \u015eof\u00f6r Vizesi Nas\u0131l Al\u0131n\u0131r? Macaristan \u015eof\u00f6r Vize Ba\u015fvurusu Nas\u0131l Yap\u0131l\u0131r? Macaristan \u015eof\u00f6r Vize \u00dccreti Ne Kadar?","breadcrumb":{"@id":"https:\/\/www.myvize.com.tr\/macaristan\/macaristan-sofor-vizesi\/#breadcrumb"},"inLanguage":"tr","potentialAction":[{"@type":"ReadAction","target":["https:\/\/www.myvize.com.tr\/macaristan\/macaristan-sofor-vizesi\/"]}]},{"@type":"ImageObject","inLanguage":"tr","@id":"https:\/\/www.myvize.com.tr\/macaristan\/macaristan-sofor-vizesi\/#primaryimage","url":"https:\/\/www.myvize.com.tr\/macaristan\/wp-content\/uploads\/2021\/10\/35.jpg","contentUrl":"https:\/\/www.myvize.com.tr\/macaristan\/wp-content\/uploads\/2021\/10\/35.jpg","width":800,"height":500,"caption":"Macaristan \u015eof\u00f6r Vizesi"},{"@type":"BreadcrumbList","@id":"https:\/\/www.myvize.com.tr\/macaristan\/macaristan-sofor-vizesi\/#breadcrumb","itemListElement":[{"@type":"ListItem","position":1,"name":"Anasayfa","item":"https:\/\/www.myvize.com.tr\/macaristan\/"},{"@type":"ListItem","position":2,"name":"Macaristan \u015eof\u00f6r Vizesi"}]},{"@type":"WebSite","@id":"https:\/\/www.myvize.com.tr\/macaristan\/#website","url":"https:\/\/www.myvize.com.tr\/macaristan\/","name":"Macaristan Vizesi","description":"","potentialAction":[{"@type":"SearchAction","target":{"@type":"EntryPoint","urlTemplate":"https:\/\/www.myvize.com.tr\/macaristan\/?s={search_term_string}"},"query-input":{"@type":"PropertyValueSpecification","valueRequired":true,"valueName":"search_term_string"}}],"inLanguage":"tr"}]}},"_links":{"self":[{"href":"https:\/\/www.myvize.com.tr\/macaristan\/wp-json\/wp\/v2\/pages\/348","targetHints":{"allow":["GET"]}}],"collection":[{"href":"https:\/\/www.myvize.com.tr\/macaristan\/wp-json\/wp\/v2\/pages"}],"about":[{"href":"https:\/\/www.myvize.com.tr\/macaristan\/wp-json\/wp\/v2\/types\/page"}],"author":[{"embeddable":true,"href":"https:\/\/www.myvize.com.tr\/macaristan\/wp-json\/wp\/v2\/users\/1"}],"replies":[{"embeddable":true,"href":"https:\/\/www.myvize.com.tr\/macaristan\/wp-json\/wp\/v2\/comments?post=348"}],"version-history":[{"count":9,"href":"https:\/\/www.myvize.com.tr\/macaristan\/wp-json\/wp\/v2\/pages\/348\/revisions"}],"predecessor-version":[{"id":908,"href":"https:\/\/www.myvize.com.tr\/macaristan\/wp-json\/wp\/v2\/pages\/348\/revisions\/908"}],"wp:attachment":[{"href":"https:\/\/www.myvize.com.tr\/macaristan\/wp-json\/wp\/v2\/media?parent=348"}],"curies":[{"name":"wp","href":"https:\/\/api.w.org\/{rel}","templated":true}]}}