{"id":53,"date":"2020-11-30T12:50:00","date_gmt":"2020-11-30T09:50:00","guid":{"rendered":"https:\/\/www.myvize.com.tr\/macaristan\/?page_id=53"},"modified":"2022-04-22T13:43:48","modified_gmt":"2022-04-22T10:43:48","slug":"macaristan-universite-egitimi","status":"publish","type":"page","link":"https:\/\/www.myvize.com.tr\/macaristan\/vize-islemleri\/macaristan-universite-egitimi\/","title":{"rendered":"Macaristan \u00dcniversite E\u011fitimi"},"content":{"rendered":"<p><span style=\"font-family: Roboto;\"><\/span><\/p>\r\n<h2><strong><span style=\"font-size: 27px; font-family: Roboto;\">Macaristan \u00dcniversite E\u011fitimi Hakk\u0131nda<\/span><\/strong><\/h2>\r\n<p style=\"font-size: 14px;\"><span style=\"font-family: Roboto; font-size: 14px;\"><strong>Macaristan <\/strong>son zamanlarda d\u00fcnya \u00fczerinde bulunan \u00fclkeler aras\u0131nda \u00fcniversiteleri ile ilk 1.000\u2019e girmi\u015ftir. Geli\u015ftirilmi\u015f e\u011fitim sistemi ile di\u011fer \u00fclkelerin olduk\u00e7a fazla tercihi olmaya ba\u015flam\u0131\u015ft\u0131r. Sistematik bir \u00fcniversite e\u011fitimi sa\u011flayan ve olduk\u00e7a ba\u015far\u0131l\u0131 \u00f6\u011frenciler yeti\u015ftiren Macaristan dikkatleri \u00fcst\u00fcnde toplamaktad\u0131r.<\/span><\/p>\r\n<p><span style=\"font-family: Roboto; font-size: 14px;\">\r\n\r\n<\/span><\/p>\r\n<p style=\"font-size: 14px;\"><span style=\"font-family: Roboto; font-size: 14px;\">Macaristan\u2019da e\u011fitim almak istiyorsan\u0131z e\u011fer\u00a0<strong><a href=\"https:\/\/www.myvize.com.tr\/macaristan\/vize-islemleri\/macaristan-vizesi\/\" target=\"_blank\" rel=\"noreferrer noopener\"><span class=\"has-inline-color\" style=\"color: #2acec2;\">Macaristan vizesi<\/span><\/a><\/strong>\u00a0ba\u015fvurunuzu buna g\u00f6re yapmal\u0131s\u0131n\u0131z. Schengen \u00fcyesi olan Macaristan vizeyi \u015fart tutmaktad\u0131r. Bunun i\u00e7in vize ba\u015fvurusu yaparken e\u011fitim i\u00e7in oldu\u011funu \u00f6zellikle vurgulaman\u0131z gerekmektedir. Macaristan\u2019\u0131n ana dili Macarcad\u0131r. Fakat d\u00fcnyan\u0131n her yerinden \u00f6\u011frenci kabul etti\u011fi i\u00e7in e\u011fitimi dili genellikle \u0130ngilizcedir. \u0130ngilizce e\u011fitim veren Macaristan hem dil olarak olduk\u00e7a geli\u015fmi\u015f bir \u00fclkedir hem de e\u011fitim olarak geli\u015fimini s\u00fcrd\u00fcrmektedir.<\/span><\/p>\r\n<p><span style=\"font-family: Roboto; font-size: 14px;\">\r\n\r\n<\/span><\/p>\r\n<p style=\"font-size: 14px;\"><span style=\"font-family: Roboto; font-size: 14px;\"><strong><span style=\"color: #2acec2;\"><a style=\"color: #2acec2;\" href=\"https:\/\/www.myvize.com.tr\/macaristan\/vize-islemleri\/\" target=\"_blank\" rel=\"noopener\">Macaristan vize i\u015flemleri<\/a><\/span>\u00a0<\/strong>s\u0131ras\u0131nda ba\u015fvuru belgelerinizi e\u011fitim olarak haz\u0131rlad\u0131ysan\u0131z herhangi bir problemle kar\u015f\u0131la\u015fmadan k\u0131sa s\u00fcre i\u00e7erisinde i\u015flemleriniz onaylanmaktad\u0131r. Macaristan e\u011fitim a\u00e7\u0131s\u0131ndan ve ekonomik a\u00e7\u0131dan da olduk\u00e7a uygun bir \u00fclkedir. Yurtd\u0131\u015f\u0131nda e\u011fitim almak olduk\u00e7a zor ve maliyetli bir s\u00fcre\u00e7tir. Fakat Macaristan d\u00fcnya \u00fczerindeki bir\u00e7ok \u00fclkeye g\u00f6re olduk\u00e7a ekonomik bir \u00fclke olarak bilinmektedir.<\/span><\/p>\r\n<p><span style=\"font-family: Roboto; font-size: 14px;\">\r\n\r\n<\/span><\/p>\r\n<p style=\"font-size: 14px;\"><span style=\"font-family: Roboto; font-size: 14px;\">E\u011fitim alaca\u011f\u0131n\u0131z \u00fcniversiteyi belirledikten sonra geriye\u00a0<strong>Macaristan vizesi<\/strong>\u00a0kal\u0131r ve bunu haz\u0131rlamak ve tamamlamak \u00e7ok uzun bir s\u00fcre\u00e7 almamaktad\u0131r. \u00d6nemli olan s\u00fcreci iyi bilen bir ekiple \u00e7al\u0131\u015fmakt\u0131r. <strong>E\u011fitim vizesini<\/strong> ald\u0131ktan hemen sonra Macaristan\u2019a giderek iyi bir \u00fcniversite e\u011fitimi alabilirsiniz. Ayn\u0131 zamanda dil e\u011fitimleri de olduk\u00e7a \u00fcnl\u00fc ve az maliyetlerden olu\u015fmaktad\u0131r.<\/span><\/p>\r\n<p><span style=\"font-family: Roboto;\"><\/span><\/p>\r\n<p><img decoding=\"async\" src=\"https:\/\/www.myvize.com.tr\/macaristan\/wp-content\/uploads\/2021\/10\/34.jpg\" \/><\/p>\r\n<h2><strong><span style=\"font-family: Roboto; font-size: 27px;\">Macaristan&#8217;da \u00dcniversite Okumak<\/span><\/strong><\/h2>\r\n<p><span style=\"font-family: Roboto; font-size: 14px;\">Macaristan son y\u0131llarda \u00fcniversite e\u011fitimi konusunda yenilik\u00e7i hizmetler vermektedir. Macaristan\u2019da \u00fcniversite okumak isteyen ki\u015filer, Macaristan\u2019da \u00fcniversite okumak i\u00e7in gerekli olan \u015fartlar\u0131 ve i\u015flemleri merak etmektedir. Bu yaz\u0131da <strong>Macaristan\u2019da \u00fcniversite okumak<\/strong> isteyen ki\u015filer i\u00e7in bilgi verilmi\u015ftir.<\/span><\/p>\r\n<p><span style=\"font-family: Roboto; font-size: 14px;\">Macaristan\u2019da verilen \u00fcniversite e\u011fitim dili Macarca ve \u0130ngilizcedir. Macaristan\u2019da \u00fcniversite okumak isteyen ki\u015filer <strong>Macaristan e\u011fitim vizesi<\/strong> almas\u0131 gerekmektedir. Ba\u015fvurular Macaristan\u2019\u0131n T\u00fcrkiye\u2019de bulunan temsilciliklerine yap\u0131lmal\u0131d\u0131r. Ba\u015fvuruda bulunmak i\u00e7in Macaristan\u2019da bulunan bir \u00fcniversite taraf\u0131ndan e\u011fitim i\u00e7in kabul edilmi\u015f olman\u0131z gerekmektedir.<\/span><\/p>\r\n<p><span style=\"font-family: Roboto; font-size: 14px;\"><strong>Macaristan ya\u015fam maliyetleri<\/strong> ve \u00fcniversite maliyetleri a\u00e7\u0131s\u0131nda \u00fcniversite okunmak i\u00e7in bir\u00e7ok ki\u015fi taraf\u0131ndan tercih edilmektedir. Her y\u0131l binlerce ki\u015fi \u00fcniversite okumak i\u00e7in Macaristan\u2019a gitmektedir.<\/span><\/p>\r\n<p><span style=\"font-family: Roboto; font-size: 14px;\">Macaristan\u2019da lisans e\u011fitimi genellikle 3 y\u0131l s\u00fcrmektedir. Ancak bu s\u00fcre baz\u0131 b\u00f6l\u00fcmlerde farkl\u0131l\u0131k g\u00f6stermektedir. M\u00fchendislik b\u00f6l\u00fcm\u00fcnde bu s\u00fcre 3 ile 3,5 y\u0131l s\u00fcrmektedir. T\u0131p, eczac\u0131l\u0131k ve veterinerlik gibi b\u00f6l\u00fcmler i\u00e7in 5 y\u0131ld\u0131r. Y\u00fcksek lisans s\u00fcresi ise 1 ile 2 y\u0131l olarak de\u011fi\u015fmektedir. Macaristan \u00fcniversiteleri mezun olan ki\u015filere \u00fclkede i\u015f imkan\u0131 vermektedir. Ayr\u0131ca Macaristan\u2019da \u00fcniversite okurken haftal\u0131k 20 saate kadar \u00e7al\u0131\u015fabilirsiniz.<\/span><\/p>\r\n<h2><strong><span style=\"font-family: Roboto; font-size: 27px;\">Macaristan \u00dcniversite E\u011fitimi Almak \u0130\u00e7in Nas\u0131l Bir Yer?<\/span><\/strong><\/h2>\r\n<p><span style=\"font-family: Roboto; font-size: 14px;\"><strong>Macaristan\u2019da \u00fcniversite e\u011fitimi almak<\/strong> isteyen ki\u015filer, Macaristan\u2019da \u00fcniversite e\u011fitimi alman\u0131n nas\u0131l bir fayda sa\u011flayaca\u011f\u0131n\u0131 merak etmektedir. Bu yaz\u0131da Macaristan\u2019da \u00fcniversite e\u011fitimi almak isteyen ki\u015filer i\u00e7in \u201cMacaristan \u00fcniversite e\u011fitimi almak i\u00e7in nas\u0131l bir yer?\u201d sorusunun cevab\u0131 verilmi\u015ftir.<\/span><\/p>\r\n<p><span style=\"font-family: Roboto; font-size: 14px;\">Macaristan d\u00fcnyada \u00fcniversite e\u011fitimi almak i\u00e7in en iyi \u00fclkelerden birisidir. Bunun nedeni Macaristan\u2019da \u00fcniversite e\u011fitimi alman\u0131n di\u011fer \u00fclkelere g\u00f6re daha uygun olmas\u0131d\u0131r. \u00a0Macaristan \u00fcniversite e\u011fitimi a\u00e7\u0131s\u0131ndan yenilik\u00e7i ve modern bir \u00fclkedir. <strong>Macaristan e\u015fit e\u011fitim hakk\u0131<\/strong> sa\u011flamakta, sosyal e\u015fitlik, Macaristan \u00fcniversitelerinin i\u015f d\u00fcnyas\u0131 ile ba\u011flant\u0131lar\u0131, g\u00fcvenli \u00e7evre gibi konularda d\u00fcnyan\u0131n en iyi \u00fcniversite e\u011fitimi veren \u00fclkelerindendir.<\/span><\/p>\r\n<p><span style=\"font-family: Roboto; font-size: 14px;\"><strong>Macaristan konaklama<\/strong> bak\u0131m\u0131ndan da tercih edilecek bir \u00fclkedir. Konaklama ve ya\u015fam masraflar\u0131 a\u00e7\u0131s\u0131ndan uygundur. Macaristan\u2019da yurt, pansiyon, \u00f6\u011frenci evleri gibi bir\u00e7ok opsiyon sunmaktad\u0131r.<\/span><\/p>\r\n<p><span style=\"font-family: Roboto; font-size: 14px;\">Ayl\u0131k konaklama \u00fccretleri yurt i\u00e7in ortalama 200 ile 300 Euro\u2019dur. Ya\u015fam maliyetleri ise konaklama \u00fccreti haricinde ortalama 500 Euro\u2019dur. Mezun olduktan sonra ise \u00e7al\u0131\u015fma imkan\u0131 sa\u011flanmaktad\u0131r. \u00dcniversite e\u011fitimi al\u0131rken ise haftal\u0131k 20 saate kadar part-time \u00e7al\u0131\u015fma imkan\u0131 sa\u011flamaktad\u0131r.<\/span><\/p>\r\n<h2><strong><span style=\"font-family: Roboto; font-size: 27px;\">Macaristan \u00dcniversite E\u011fitim Sistemi<\/span><\/strong><\/h2>\r\n<p><span style=\"font-family: Roboto; font-size: 14px;\"><strong>Macaristan\u2019da \u00fcniversite e\u011fitimi almak<\/strong> isteyen ki\u015filer Macaristan \u00fcniversite e\u011fitim sistemini merak etmektedir. Bu yaz\u0131da Macaristan \u00fcniversite e\u011fitimi alacak olan ki\u015filer i\u00e7in Macaristan \u00fcniversite e\u011fitim sistemi hakk\u0131nda bilgi verilmi\u015ftir.<\/span><\/p>\r\n<p><span style=\"font-family: Roboto; font-size: 14px;\">Macaristan, Avrupa\u2019n\u0131n ve d\u00fcnyan\u0131n en iyi \u00fcniversite sistemine sahip olan \u00fclkelerinden birisidir. \u00d6\u011frencilere sunmu\u015f oldu\u011fu sosyal, k\u00fclt\u00fcrel, ekonomik \u015fartlardan dolay\u0131 her y\u0131l binlerce ki\u015fi \u00fcniversite e\u011fitimi i\u00e7in Macaristan\u2019a gitmektedir.<\/span><\/p>\r\n<ul>\r\n<li><span style=\"font-family: Roboto; font-size: 14px;\"><strong>Macaristan\u2019da e\u011fitim sistemi<\/strong> Avrupa standartlar\u0131na uygun olarak d\u00fczenlenmi\u015ftir.<\/span><\/li>\r\n<li><span style=\"font-family: Roboto; font-size: 14px;\">Macaristan\u2019da \u00fcniversite e\u011fitiminin \u00e7o\u011fu b\u00f6l\u00fcm i\u00e7in 3 y\u0131l s\u00fcrmektedir. Ancak bu \u00fcre baz\u0131 m\u00fchendislik b\u00f6l\u00fcmlerinde 4 y\u0131l s\u00fcrmektedir. Ayr\u0131ca Eczac\u0131l\u0131k, T\u0131p ve Veterinerlik b\u00f6l\u00fcmlerinde e\u011fitim s\u00fcresi 6 y\u0131ld\u0131r.<\/span><\/li>\r\n<li><span style=\"font-family: Roboto; font-size: 14px;\">100\u2019den fazla lisans program\u0131 e\u011fitimini \u0130ngilizce ve Macarca olarak vermektedir.<\/span><\/li>\r\n<li><span style=\"font-family: Roboto; font-size: 14px;\">Macaristan \u00fcniversite e\u011fitimini tamamlamak i\u00e7in toplamda 180 kredi toplamak gerekmektedir.<\/span><\/li>\r\n<li><span style=\"font-family: Roboto; font-size: 14px;\">Macaristan\u2019da \u00fcniversite e\u011fitimi Ekim ay\u0131nda ba\u015flamakta ve Ocak ay\u0131n\u0131n ortalar\u0131na kadar devam etmektedir.<\/span><\/li>\r\n<li><span style=\"font-family: Roboto; font-size: 14px;\">Macaristan \u00fcniversite sistemi e\u011fitim al\u0131nacak olan \u00fcniversiteye g\u00f6re de farkl\u0131l\u0131k g\u00f6stermektedir.<\/span><\/li>\r\n<\/ul>\r\n<p><span style=\"font-family: Roboto; font-size: 14px;\">Macaristan\u2019da \u00fcniversite e\u011fitimi alacak olan ki\u015filer e\u011fitim sistemi hakk\u0131nda detayl\u0131 bilgiye Macaristan temsilcili\u011finden ula\u015fabilmektedir.<\/span><\/p>\r\n<h3><strong><span style=\"font-family: Roboto; font-size: 24px;\">Macaristan&#8217;da \u0130ngilizce \u00dcniversite E\u011fitimi<\/span><\/strong><\/h3>\r\n<p><span style=\"font-family: Roboto; font-size: 14px;\"><strong>Macaristan\u2019da \u00fcniversite e\u011fitimi almak<\/strong> isteyen ki\u015filer hangi dilde e\u011fitim almas\u0131 gerekti\u011fini merak etmektedir. \u00dcniversite e\u011fitimi alacak olan ki\u015filer, \u0130ngilizce e\u011fitim al\u0131n\u0131p al\u0131nmayaca\u011f\u0131n\u0131 merak etmektedir. Bu yaz\u0131da Macaristan\u2019da \u0130ngilizce \u00fcniversite e\u011fitimi alacak olan ki\u015fileri i\u00e7in gerekli bilgilerin cevab\u0131 verilmi\u015ftir.<\/span><\/p>\r\n<p><span style=\"font-family: Roboto; font-size: 14px;\">Macaristan\u2019da bulunan \u00fcniversiteler \u0130ngilizce ve Macarca dil e\u011fitimi vermektedir.<strong> Macaristan\u2019da \u0130ngilizce \u00fcniversite e\u011fitimi<\/strong> almak isteyen ki\u015filerin \u0130ngilizce dil yeterlili\u011fi oldu\u011funu kan\u0131tlamas\u0131 gerekmektedir. \u0130ngilizce e\u011fitim alacak olan ki\u015filer bu yeterlili\u011fi dil s\u0131navlar\u0131 ile kan\u0131tlamal\u0131d\u0131r. \u0130ngilizce yeterlili\u011fini kan\u0131tlamak i\u00e7in \u0130ELTS Academic, Cambridge, Person PTE ya da TOEFL s\u0131navlar\u0131ndan ge\u00e7er puan alman\u0131z gerekmektedir.<\/span><\/p>\r\n<p><span style=\"font-family: Roboto; font-size: 14px;\">Macaristan\u2019da \u0130ngilizce \u00fcniversite e\u011fitimi i\u00e7in dil yeterlili\u011fi bulunmayan ki\u015filer, Macaristan\u2019da dil haz\u0131rl\u0131\u011f\u0131 okuyabilmektedir. Macaristan dil yeterlili\u011fi bulunmayan ki\u015filer 1 y\u0131l dil haz\u0131rl\u0131\u011f\u0131 okuyabilir.<\/span><\/p>\r\n<p><span style=\"font-family: Roboto; font-size: 14px;\"><strong>Macaristan\u2019da \u0130ngilizce \u00fcniversite e\u011fitimi<\/strong> alacak olan ki\u015filer, detayl\u0131 bilgi i\u00e7in Macaristan temsilcili\u011fi ile ileti\u015fime ge\u00e7ebilir. Macaristan\u2019da <strong>\u0130ngilizce \u00fcniversite<\/strong> <strong>e\u011fitimi<\/strong> hakk\u0131nda bilgi alabilir. Ayr\u0131ca Macaristan\u2019da \u00fcniversite e\u011fitimi alacak olan ki\u015filer e\u011fitim alaca\u011f\u0131 \u00fcniversite ile ileti\u015fime ge\u00e7erek hangi dilde e\u011fitim verdikleri hakk\u0131nda da bilgi alabilmektedir.<\/span><\/p>","protected":false},"excerpt":{"rendered":"<p>Macaristan \u00dcniversite E\u011fitimi Hakk\u0131nda Macaristan son zamanlarda d\u00fcnya \u00fczerinde bulunan \u00fclkeler aras\u0131nda \u00fcniversiteleri ile ilk 1.000\u2019e girmi\u015ftir. Geli\u015ftirilmi\u015f e\u011fitim sistemi ile di\u011fer \u00fclkelerin olduk\u00e7a fazla tercihi olmaya ba\u015flam\u0131\u015ft\u0131r. Sistematik bir \u00fcniversite e\u011fitimi sa\u011flayan ve olduk\u00e7a ba\u015far\u0131l\u0131 \u00f6\u011frenciler yeti\u015ftiren Macaristan dikkatleri \u00fcst\u00fcnde toplamaktad\u0131r. Macaristan\u2019da e\u011fitim almak istiyorsan\u0131z e\u011fer\u00a0Macaristan vizesi\u00a0ba\u015fvurunuzu buna g\u00f6re yapmal\u0131s\u0131n\u0131z. Schengen \u00fcyesi olan Macaristan<\/p>\n","protected":false},"author":1,"featured_media":0,"parent":18,"menu_order":0,"comment_status":"open","ping_status":"closed","template":"","meta":{"footnotes":""},"class_list":["post-53","page","type-page","status-publish","hentry"],"yoast_head":"<!-- This site is optimized with the Yoast SEO plugin v24.0 - https:\/\/yoast.com\/wordpress\/plugins\/seo\/ -->\n<title>Macaristan \u00dcniversite E\u011fitimi - Macaristan Vize - MyVize<\/title>\n<meta name=\"description\" content=\"Macaristan \u00fcniversite e\u011fitim vize ba\u015fvurusu evrak listesi. Macaristan \u00fcniversite e\u011fitim belgeleri ve \u015fartlar\u0131 i\u00e7in ileti\u015fime ge\u00e7ebilirsiniz.\" \/>\n<meta name=\"robots\" content=\"index, follow, max-snippet:-1, max-image-preview:large, max-video-preview:-1\" \/>\n<link rel=\"canonical\" href=\"https:\/\/www.myvize.com.tr\/macaristan\/vize-islemleri\/macaristan-universite-egitimi\/\" \/>\n<meta property=\"og:locale\" content=\"tr_TR\" \/>\n<meta property=\"og:type\" content=\"article\" \/>\n<meta property=\"og:title\" content=\"Macaristan \u00dcniversite E\u011fitimi - Macaristan Vize - MyVize\" \/>\n<meta property=\"og:description\" content=\"Macaristan \u00fcniversite e\u011fitim vize ba\u015fvurusu evrak listesi. Macaristan \u00fcniversite e\u011fitim belgeleri ve \u015fartlar\u0131 i\u00e7in ileti\u015fime ge\u00e7ebilirsiniz.\" \/>\n<meta property=\"og:url\" content=\"https:\/\/www.myvize.com.tr\/macaristan\/vize-islemleri\/macaristan-universite-egitimi\/\" \/>\n<meta property=\"og:site_name\" content=\"Macaristan Vizesi\" \/>\n<meta property=\"article:modified_time\" content=\"2022-04-22T10:43:48+00:00\" \/>\n<meta property=\"og:image\" content=\"https:\/\/www.myvize.com.tr\/macaristan\/wp-content\/uploads\/2021\/10\/34.jpg\" \/>\n<meta name=\"twitter:card\" content=\"summary_large_image\" \/>\n<meta name=\"twitter:label1\" content=\"Tahmini okuma s\u00fcresi\" \/>\n\t<meta name=\"twitter:data1\" content=\"4 dakika\" \/>\n<script type=\"application\/ld+json\" class=\"yoast-schema-graph\">{\"@context\":\"https:\/\/schema.org\",\"@graph\":[{\"@type\":\"WebPage\",\"@id\":\"https:\/\/www.myvize.com.tr\/macaristan\/vize-islemleri\/macaristan-universite-egitimi\/\",\"url\":\"https:\/\/www.myvize.com.tr\/macaristan\/vize-islemleri\/macaristan-universite-egitimi\/\",\"name\":\"Macaristan \u00dcniversite E\u011fitimi - Macaristan Vize - MyVize\",\"isPartOf\":{\"@id\":\"https:\/\/www.myvize.com.tr\/macaristan\/#website\"},\"primaryImageOfPage\":{\"@id\":\"https:\/\/www.myvize.com.tr\/macaristan\/vize-islemleri\/macaristan-universite-egitimi\/#primaryimage\"},\"image\":{\"@id\":\"https:\/\/www.myvize.com.tr\/macaristan\/vize-islemleri\/macaristan-universite-egitimi\/#primaryimage\"},\"thumbnailUrl\":\"https:\/\/www.myvize.com.tr\/macaristan\/wp-content\/uploads\/2021\/10\/34.jpg\",\"datePublished\":\"2020-11-30T09:50:00+00:00\",\"dateModified\":\"2022-04-22T10:43:48+00:00\",\"description\":\"Macaristan \u00fcniversite e\u011fitim vize ba\u015fvurusu evrak listesi. Macaristan \u00fcniversite e\u011fitim belgeleri ve \u015fartlar\u0131 i\u00e7in ileti\u015fime ge\u00e7ebilirsiniz.\",\"breadcrumb\":{\"@id\":\"https:\/\/www.myvize.com.tr\/macaristan\/vize-islemleri\/macaristan-universite-egitimi\/#breadcrumb\"},\"inLanguage\":\"tr\",\"potentialAction\":[{\"@type\":\"ReadAction\",\"target\":[\"https:\/\/www.myvize.com.tr\/macaristan\/vize-islemleri\/macaristan-universite-egitimi\/\"]}]},{\"@type\":\"ImageObject\",\"inLanguage\":\"tr\",\"@id\":\"https:\/\/www.myvize.com.tr\/macaristan\/vize-islemleri\/macaristan-universite-egitimi\/#primaryimage\",\"url\":\"https:\/\/www.myvize.com.tr\/macaristan\/wp-content\/uploads\/2021\/10\/34.jpg\",\"contentUrl\":\"https:\/\/www.myvize.com.tr\/macaristan\/wp-content\/uploads\/2021\/10\/34.jpg\",\"width\":800,\"height\":500,\"caption\":\"Macaristan \u00dcniversite E\u011fitimi\"},{\"@type\":\"BreadcrumbList\",\"@id\":\"https:\/\/www.myvize.com.tr\/macaristan\/vize-islemleri\/macaristan-universite-egitimi\/#breadcrumb\",\"itemListElement\":[{\"@type\":\"ListItem\",\"position\":1,\"name\":\"Anasayfa\",\"item\":\"https:\/\/www.myvize.com.tr\/macaristan\/\"},{\"@type\":\"ListItem\",\"position\":2,\"name\":\"V\u0130ZE \u0130\u015eLEMLER\u0130\",\"item\":\"https:\/\/www.myvize.com.tr\/macaristan\/vize-islemleri\/\"},{\"@type\":\"ListItem\",\"position\":3,\"name\":\"Macaristan \u00dcniversite E\u011fitimi\"}]},{\"@type\":\"WebSite\",\"@id\":\"https:\/\/www.myvize.com.tr\/macaristan\/#website\",\"url\":\"https:\/\/www.myvize.com.tr\/macaristan\/\",\"name\":\"Macaristan Vizesi\",\"description\":\"\",\"potentialAction\":[{\"@type\":\"SearchAction\",\"target\":{\"@type\":\"EntryPoint\",\"urlTemplate\":\"https:\/\/www.myvize.com.tr\/macaristan\/?s={search_term_string}\"},\"query-input\":{\"@type\":\"PropertyValueSpecification\",\"valueRequired\":true,\"valueName\":\"search_term_string\"}}],\"inLanguage\":\"tr\"}]}<\/script>\n<!-- \/ Yoast SEO plugin. -->","yoast_head_json":{"title":"Macaristan \u00dcniversite E\u011fitimi - Macaristan Vize - MyVize","description":"Macaristan \u00fcniversite e\u011fitim vize ba\u015fvurusu evrak listesi. Macaristan \u00fcniversite e\u011fitim belgeleri ve \u015fartlar\u0131 i\u00e7in ileti\u015fime ge\u00e7ebilirsiniz.","robots":{"index":"index","follow":"follow","max-snippet":"max-snippet:-1","max-image-preview":"max-image-preview:large","max-video-preview":"max-video-preview:-1"},"canonical":"https:\/\/www.myvize.com.tr\/macaristan\/vize-islemleri\/macaristan-universite-egitimi\/","og_locale":"tr_TR","og_type":"article","og_title":"Macaristan \u00dcniversite E\u011fitimi - Macaristan Vize - MyVize","og_description":"Macaristan \u00fcniversite e\u011fitim vize ba\u015fvurusu evrak listesi. Macaristan \u00fcniversite e\u011fitim belgeleri ve \u015fartlar\u0131 i\u00e7in ileti\u015fime ge\u00e7ebilirsiniz.","og_url":"https:\/\/www.myvize.com.tr\/macaristan\/vize-islemleri\/macaristan-universite-egitimi\/","og_site_name":"Macaristan Vizesi","article_modified_time":"2022-04-22T10:43:48+00:00","og_image":[{"url":"https:\/\/www.myvize.com.tr\/macaristan\/wp-content\/uploads\/2021\/10\/34.jpg","type":"","width":"","height":""}],"twitter_card":"summary_large_image","twitter_misc":{"Tahmini okuma s\u00fcresi":"4 dakika"},"schema":{"@context":"https:\/\/schema.org","@graph":[{"@type":"WebPage","@id":"https:\/\/www.myvize.com.tr\/macaristan\/vize-islemleri\/macaristan-universite-egitimi\/","url":"https:\/\/www.myvize.com.tr\/macaristan\/vize-islemleri\/macaristan-universite-egitimi\/","name":"Macaristan \u00dcniversite E\u011fitimi - Macaristan Vize - MyVize","isPartOf":{"@id":"https:\/\/www.myvize.com.tr\/macaristan\/#website"},"primaryImageOfPage":{"@id":"https:\/\/www.myvize.com.tr\/macaristan\/vize-islemleri\/macaristan-universite-egitimi\/#primaryimage"},"image":{"@id":"https:\/\/www.myvize.com.tr\/macaristan\/vize-islemleri\/macaristan-universite-egitimi\/#primaryimage"},"thumbnailUrl":"https:\/\/www.myvize.com.tr\/macaristan\/wp-content\/uploads\/2021\/10\/34.jpg","datePublished":"2020-11-30T09:50:00+00:00","dateModified":"2022-04-22T10:43:48+00:00","description":"Macaristan \u00fcniversite e\u011fitim vize ba\u015fvurusu evrak listesi. Macaristan \u00fcniversite e\u011fitim belgeleri ve \u015fartlar\u0131 i\u00e7in ileti\u015fime ge\u00e7ebilirsiniz.","breadcrumb":{"@id":"https:\/\/www.myvize.com.tr\/macaristan\/vize-islemleri\/macaristan-universite-egitimi\/#breadcrumb"},"inLanguage":"tr","potentialAction":[{"@type":"ReadAction","target":["https:\/\/www.myvize.com.tr\/macaristan\/vize-islemleri\/macaristan-universite-egitimi\/"]}]},{"@type":"ImageObject","inLanguage":"tr","@id":"https:\/\/www.myvize.com.tr\/macaristan\/vize-islemleri\/macaristan-universite-egitimi\/#primaryimage","url":"https:\/\/www.myvize.com.tr\/macaristan\/wp-content\/uploads\/2021\/10\/34.jpg","contentUrl":"https:\/\/www.myvize.com.tr\/macaristan\/wp-content\/uploads\/2021\/10\/34.jpg","width":800,"height":500,"caption":"Macaristan \u00dcniversite E\u011fitimi"},{"@type":"BreadcrumbList","@id":"https:\/\/www.myvize.com.tr\/macaristan\/vize-islemleri\/macaristan-universite-egitimi\/#breadcrumb","itemListElement":[{"@type":"ListItem","position":1,"name":"Anasayfa","item":"https:\/\/www.myvize.com.tr\/macaristan\/"},{"@type":"ListItem","position":2,"name":"V\u0130ZE \u0130\u015eLEMLER\u0130","item":"https:\/\/www.myvize.com.tr\/macaristan\/vize-islemleri\/"},{"@type":"ListItem","position":3,"name":"Macaristan \u00dcniversite E\u011fitimi"}]},{"@type":"WebSite","@id":"https:\/\/www.myvize.com.tr\/macaristan\/#website","url":"https:\/\/www.myvize.com.tr\/macaristan\/","name":"Macaristan Vizesi","description":"","potentialAction":[{"@type":"SearchAction","target":{"@type":"EntryPoint","urlTemplate":"https:\/\/www.myvize.com.tr\/macaristan\/?s={search_term_string}"},"query-input":{"@type":"PropertyValueSpecification","valueRequired":true,"valueName":"search_term_string"}}],"inLanguage":"tr"}]}},"_links":{"self":[{"href":"https:\/\/www.myvize.com.tr\/macaristan\/wp-json\/wp\/v2\/pages\/53","targetHints":{"allow":["GET"]}}],"collection":[{"href":"https:\/\/www.myvize.com.tr\/macaristan\/wp-json\/wp\/v2\/pages"}],"about":[{"href":"https:\/\/www.myvize.com.tr\/macaristan\/wp-json\/wp\/v2\/types\/page"}],"author":[{"embeddable":true,"href":"https:\/\/www.myvize.com.tr\/macaristan\/wp-json\/wp\/v2\/users\/1"}],"replies":[{"embeddable":true,"href":"https:\/\/www.myvize.com.tr\/macaristan\/wp-json\/wp\/v2\/comments?post=53"}],"version-history":[{"count":9,"href":"https:\/\/www.myvize.com.tr\/macaristan\/wp-json\/wp\/v2\/pages\/53\/revisions"}],"predecessor-version":[{"id":847,"href":"https:\/\/www.myvize.com.tr\/macaristan\/wp-json\/wp\/v2\/pages\/53\/revisions\/847"}],"up":[{"embeddable":true,"href":"https:\/\/www.myvize.com.tr\/macaristan\/wp-json\/wp\/v2\/pages\/18"}],"wp:attachment":[{"href":"https:\/\/www.myvize.com.tr\/macaristan\/wp-json\/wp\/v2\/media?parent=53"}],"curies":[{"name":"wp","href":"https:\/\/api.w.org\/{rel}","templated":true}]}}