{"id":231,"date":"2020-12-25T13:43:33","date_gmt":"2020-12-25T10:43:33","guid":{"rendered":"https:\/\/www.myvize.com.tr\/malta\/?page_id=231"},"modified":"2022-06-06T13:49:09","modified_gmt":"2022-06-06T10:49:09","slug":"ankara","status":"publish","type":"page","link":"https:\/\/www.myvize.com.tr\/malta\/subelerimiz\/ankara\/","title":{"rendered":"Malta Vizesi , Ankara"},"content":{"rendered":"<p><span style=\"font-family: Roboto;\"><\/span><\/p>\r\n<h2><strong><span style=\"font-size: 27px; font-family: Roboto;\">Malta Vize Ba\u015fvuru Merkezi , Ankara<\/span><\/strong><\/h2>\r\n<p><span style=\"font-family: Roboto; font-size: 14px;\"><strong>Malta Ankara vize merkezi\u00a0<\/strong>sitemize ho\u015f geldiniz.<\/span><\/p>\r\n<p><span style=\"font-family: Roboto; font-size: 14px;\">\r\n\r\n<\/span><\/p>\r\n<p><span style=\"font-family: Roboto; font-size: 14px;\"><strong>Malta Ankara vize merkezi\u00a0<\/strong>ile vize almak isteyen siz de\u011ferli ziyaret\u00e7ilerimiz i\u00e7in olu\u015fturmu\u015f oldu\u011fumuz bilgilendirme sitemizle ve uzman vize ekibimizle h\u0131zl\u0131 bir \u015fekilde vize alman\u0131z i\u00e7in hizmet vermekteyiz. Sitemizi ayr\u0131nt\u0131l\u0131 bir \u015fekilde inceledi\u011finiz zaman vize i\u015flemleri i\u00e7in gerekli olan evraklar\u0131, vize i\u015flemlerinin a\u015famalar\u0131n\u0131 ve ne kadar s\u00fcrede vize i\u015flemlerinin tamamland\u0131\u011f\u0131n\u0131 g\u00f6rebilirsiniz.<\/span><\/p>\r\n<p><span style=\"font-family: Roboto; font-size: 14px;\">\r\n\r\n<\/span><\/p>\r\n<p><span style=\"font-family: Roboto; font-size: 14px;\"><strong>Malta Ankara vize merkezi\u00a0<\/strong>size kaliteli bir hizmet verebilmek i\u00e7in sizin g\u00f6r\u00fc\u015f ve \u00f6nerilerinizi de \u00f6nemsiyor. Bunun i\u00e7in e mail yolu ile merkezimize ula\u015fabilirsiniz. <span style=\"color: #2acec2;\"><strong><a style=\"color: #2acec2;\" href=\"https:\/\/www.myvize.com.tr\/malta\/vize-islemleri\/malta-schengen-vizesi\/\" target=\"_blank\" rel=\"noopener\">Malta Schengen vize <\/a><\/strong><\/span>ba\u015fvurusu i\u00e7in gerekli olan evraklar\u0131n detaylar\u0131n\u0131 e mail yolu ile ya da ofisimizi ziyaret ederek \u00f6\u011frenebilirsiniz.\u00a0<strong>Malta Ankara vize merkezi\u00a0<\/strong>hafta i\u00e7i 08.30 \u2013 18.30 ve cumartesi 08.30 \u2013 18.30 aras\u0131 hizmet vermektedir.<\/span><\/p>\r\n<h2><strong><span style=\"font-family: Roboto; font-size: 27px;\">Malta Ankara Vize \u0130\u015flemleri<\/span><\/strong><\/h2>\r\n<p><span style=\"font-family: Roboto; font-size: 14px;\"><strong>Malta\u2019ya seyahat etmek<\/strong> isteyen ki\u015filer, Malta seyahatleri i\u00e7in vize almal\u0131d\u0131r. <span style=\"color: #2acec2;\"><strong><a style=\"color: #2acec2;\" href=\"https:\/\/www.myvize.com.tr\/malta\/vize-islemleri\/malta-vizesi\/\" target=\"_blank\" rel=\"noopener\">Malta vizesi<\/a><\/strong><\/span> alacak olan ki\u015filer, Malta Ankara Vize Ba\u015fvuru Merkezi\u2019nde vize i\u015flemleri yapabilir. Bu yaz\u0131da Malta Ankara Vize Ba\u015fvuru Merkezi vize i\u015flemleri yapacak olan ki\u015filer i\u00e7in bilgi verilmi\u015ftir. Malta Ankara Vize Ba\u015fvuru Merkezi\u2019nde vize i\u015flemleri i\u00e7in \u00f6ncelikle Malta seyahat ama\u00e7lar\u0131na uygun olan vize t\u00fcr\u00fc belirlenmelidir. <strong>Malta vize<\/strong> t\u00fcr\u00fcn\u00fc belirleyen ki\u015fi, Malta Ankara Vize Ba\u015fvuru Merkezi\u2019nden randevu almal\u0131d\u0131r. Malta Ankara Vize Ba\u015fvuru Merkezi\u2019nden randevu al\u0131nd\u0131kdan sonra randevu tarihlerine kadar gerekli olan vize evrak\u0131 haz\u0131rlanmal\u0131d\u0131r. <strong>Malta vize evrak\u0131<\/strong> seyahat amac\u0131n\u0131 kan\u0131tlar nitelikte olmas\u0131 ve birbirlerini desteklemelidir. Malta vize evrak\u0131 haz\u0131rland\u0131ktan ve randevu tarihleri geldikten sonra Malta\u2019n\u0131n Ankara Vize Ba\u015fvuru Merkezi randevu tarihinde ziyaret edilmelidir. Malta Ankara Vize Ba\u015fvuru Merkezi\u2019ne yap\u0131lan ba\u015fvurular\u0131 inceleme ve de\u011ferlendirme yetkisi Malta\u2019n\u0131n Ankara aitdir. Ba\u015fvurular vize t\u00fcr\u00fc g\u00f6re farkl\u0131 zamanda sonu\u00e7lanabilmektedir. Malta Ankara Vize Ba\u015fvuru Merkezi vize i\u015flemlerinin sonu\u00e7lanmalar\u0131 vize t\u00fcr\u00fcne g\u00f6re 7 ila 30 g\u00fcn aras\u0131nda sonu\u00e7lanabilir.<\/span><\/p>\r\n<p><span style=\"font-family: Roboto; font-size: 14px;\">\r\n\r\n<\/span><\/p>\r\n<h2 class=\"wp-block-heading\"><strong><span style=\"font-family: Roboto; font-size: 27px;\">Malta Vize \u0130\u015flemleri S\u00fcreci<\/span><\/strong><\/h2>\r\n<p><span style=\"font-family: Roboto; font-size: 14px;\">\r\n\r\n<\/span><\/p>\r\n<p><span style=\"font-family: Roboto; font-size: 14px;\"><strong>Malta Ankara vize merkezi\u00a0<\/strong>vize ba\u015fvurunuzu yapt\u0131ktan sonra vize i\u015flemleri a\u015famas\u0131 s\u0131ras\u0131nda Konsolosluk taraf\u0131ndan aranabilirsiniz. Konsolosluk taraf\u0131ndan arand\u0131\u011f\u0131n\u0131z zaman bu durumu uzman arkada\u015flar\u0131m\u0131za bildirmelisiniz. Konsolosluk bilgileri beyan etmek i\u00e7in sizleri arayabilir.<\/span><\/p>\r\n<h2><strong><span style=\"font-family: Roboto; font-size: 27px;\">Malta Ankara Vize Ba\u015fvurusu<\/span><\/strong><\/h2>\r\n<p><span style=\"font-family: Roboto; font-size: 14px;\">Malta Ankara Vize Ba\u015fvuru Merkezi vize b\u00f6l\u00fcm\u00fc randevu sistemi ve y\u00fcz y\u00fcze \u00e7al\u0131\u015fmaktad\u0131r. Randevusuz ba\u015fvuruda i\u015flemler kabul edilmemektedir. Vize dilek\u00e7esi, <strong>Malta vize ba\u015fvuru form<\/strong> ve ki\u015fisel duruma uygun di\u011fer belgenin i\u00e7erdi\u011fi bilgiler aras\u0131 tutars\u0131z vize reddine yol a\u00e7acakt\u0131r. Malta Ankara vize ba\u015fvurusu yapacak olan ki\u015filer k\u0131sa s\u00fcreli vize ba\u015fvurular\u0131n\u0131 Malta Ankara temsilciliklerine ve Malta vize ba\u015fvuru merkezlerine yapabilmektedir. Malta Ankara\u00a0 vize ba\u015fvurusu i\u00e7in randevu zorunlulu\u011fu bulunmaktad\u0131r. Randevu alan ki\u015filer <strong>Malta Ankara\u00a0 vize ba\u015fvurusu<\/strong> i\u00e7in gerekli olan evrak\u0131 randevu tarihlerine kadar haz\u0131rlamal\u0131d\u0131r. Haz\u0131rlanan evraklar, Malta Ankara\u00a0 vize ba\u015fvurusu yap\u0131lacak olan Malta temsilcili\u011fine teslim edilmelidir. Evraklar teslim edildikten sonra Malta Ankara \u00a0 vize ba\u015fvurunuz Malta temsilcilikleri taraf\u0131ndan incelenmekte. Ba\u015fvurular\u0131 inceleme yetkisi Malta Ankara\u00a0 B\u00fcy\u00fckel\u00e7ili\u011fi ve Malta \u0130stanbul Ba\u015fkonsoloslu\u011funa aittir.<\/span><\/p>\r\n<h3><span style=\"font-family: Roboto; font-size: 24px;\">Malta Ankara Vize Randevusu<\/span><\/h3>\r\n<p><span style=\"font-family: Roboto; font-size: 14px;\">Malta Ankara Vize Ba\u015fvuru Merkezi\u2019ne vize ba\u015fvurusunda bulunacak olan ki\u015filer, Malta Ankara Vize Ba\u015fvuru Merkezi\u2019nden vize randevusu al\u0131p almamas\u0131 konusunda ara\u015ft\u0131rma yapmaktad\u0131r. Malta Ankara Vize Ba\u015fvuru Merkezi randevusu alacak olan ki\u015filer i\u00e7in bilgi verilmi\u015ftir. Malta Ankara B\u00fcy\u00fckel\u00e7ili\u011fi ba\u015fvurusu yapacak olan ki\u015filerin randevu almas\u0131 gerekmekte. Malta Ankara Vize Ba\u015fvuru Merkezi randevusu alacak olan ki\u015filer, Malta Ankara Vize Ba\u015fvuru Merkeziile ileti\u015fime ge\u00e7erek randevu alabilir. <strong>Malta Ankara Vize Ba\u015fvuru Merkezi<\/strong> vize randevusu zorunludur. Bu nedenle Malta Ankara Vize Ba\u015fvuru Merkezi vize randevusunu ka\u00e7\u0131ran ki\u015filerin yeniden randevu almas\u0131 gerekebilir. Bu durum Malta Ankara Vize Ba\u015fvuru Merkezi vize b\u00f6l\u00fcm\u00fc yetkililerin inisiyatifine kalm\u0131\u015ft\u0131r. Malta Ankara Vize Ba\u015fvuru Merkezi vize randevusunu ka\u00e7\u0131ran ki\u015filerin yeniden randevu almas\u0131 gerekebilir. Malta Ankara Vize Ba\u015fvuru Merkezi randevusu alan ki\u015filerin randevu tarihini ka\u00e7\u0131rmas\u0131 durumunda vize evraklar\u0131n\u0131n ge\u00e7erlilik tarihleri sona erebilir. Bu durumda ba\u015fvuru yapacak olan ki\u015finin yeniden randevu almas\u0131 gerekebilir.<\/span><\/p>\r\n<h3><strong><span style=\"font-family: Roboto; font-size: 24px;\">Malta Vizenizi Ankara\u2019dan Alman\u0131z\u0131n Kolay Yolu<\/span><\/strong><\/h3>\r\n<p><span style=\"font-family: Roboto; font-size: 14px;\"><strong>Malta&#8217;ya seyahat edecek<\/strong> olan ki\u015filer ve Ankara \u00e7evresinde ikamet eden ki\u015filer, Malta vizesini alman\u0131n kolay yolunu ara\u015ft\u0131rmaktad\u0131r. Bu yaz\u0131 da Malta vizesini Ankara&#8217;dan alacak olan iseniz Malta\u00a0 vizenizi Ankara&#8217;dan alman\u0131z\u0131n kolay yolu hakk\u0131nda bilgi verilmi\u015ftir. Malta\u00a0 vizesini Ankara&#8217;dan alacak olan ki\u015filer, ba\u015fvurular\u0131n\u0131 Malta vize ba\u015fvuru merkezlerine ya da Malta temsilciliklerine yap\u0131labilmektedir. Malta Ankara vize ba\u015fvurusu i\u00e7in randevu al\u0131nmal\u0131d\u0131r. Randevu tarihine kadar Malta\u00a0 Ankara\u00a0 vize ba\u015fvurusu i\u00e7in gerekli evraklar haz\u0131rlanmal\u0131d\u0131r. Haz\u0131rlanan Malta Ankara vize evrak\u0131n\u0131n eksiksiz olarak teslim edilmelidir. Malta vizesini Ankara alacak olan ki\u015fi, <strong>Malta Ankara vize ba\u015fvurusu<\/strong> i\u00e7in vize dan\u0131\u015fmanl\u0131k \u015firketlerinden destek alabilir. Malta Ankara\u00a0 vize ba\u015fvurusu yapacak olan ki\u015finin gerekli evrak\u0131n\u0131n haz\u0131rlanmas\u0131, randevunun al\u0131nmas\u0131, gerekli olan rezervasyonlar\u0131n yapmas\u0131 gibi konularda destek olunmaktad\u0131r. Malta Ankara vize ba\u015fvuru sonu\u00e7lanana kadar ba\u015fvuru s\u00fcre\u00e7leri incelenmektedir.<\/span><\/p>\r\n<p><span style=\"font-family: Roboto;\"><\/span><\/p>","protected":false},"excerpt":{"rendered":"<p>Malta Vize Ba\u015fvuru Merkezi , Ankara Malta Ankara vize merkezi\u00a0sitemize ho\u015f geldiniz. Malta Ankara vize merkezi\u00a0ile vize almak isteyen siz de\u011ferli ziyaret\u00e7ilerimiz i\u00e7in olu\u015fturmu\u015f oldu\u011fumuz bilgilendirme sitemizle ve uzman vize ekibimizle h\u0131zl\u0131 bir \u015fekilde vize alman\u0131z i\u00e7in hizmet vermekteyiz. Sitemizi ayr\u0131nt\u0131l\u0131 bir \u015fekilde inceledi\u011finiz zaman vize i\u015flemleri i\u00e7in gerekli olan evraklar\u0131, vize i\u015flemlerinin a\u015famalar\u0131n\u0131 ve<\/p>\n","protected":false},"author":1,"featured_media":0,"parent":174,"menu_order":0,"comment_status":"open","ping_status":"closed","template":"","meta":{"footnotes":""},"class_list":["post-231","page","type-page","status-publish","hentry"],"yoast_head":"<!-- This site is optimized with the Yoast SEO plugin v24.0 - https:\/\/yoast.com\/wordpress\/plugins\/seo\/ -->\n<title>Malta Vize Ba\u015fvuru \u015eubesi Ankara - MyVize<\/title>\n<meta name=\"description\" content=\"Malta vizesi Ankara ofisimiz, hangi \u00fclkeye seyahat etmek isterseniz gerekli b\u00fct\u00fcn bilgilere ula\u015fabilirsiniz: 0850 346 84 93\" \/>\n<meta name=\"robots\" content=\"index, follow, max-snippet:-1, max-image-preview:large, max-video-preview:-1\" \/>\n<link rel=\"canonical\" href=\"https:\/\/www.myvize.com.tr\/malta\/subelerimiz\/ankara\/\" \/>\n<meta property=\"og:locale\" content=\"tr_TR\" \/>\n<meta property=\"og:type\" content=\"article\" \/>\n<meta property=\"og:title\" content=\"Malta Vize Ba\u015fvuru \u015eubesi Ankara - MyVize\" \/>\n<meta property=\"og:description\" content=\"Malta vizesi Ankara ofisimiz, hangi \u00fclkeye seyahat etmek isterseniz gerekli b\u00fct\u00fcn bilgilere ula\u015fabilirsiniz: 0850 346 84 93\" \/>\n<meta property=\"og:url\" content=\"https:\/\/www.myvize.com.tr\/malta\/subelerimiz\/ankara\/\" \/>\n<meta property=\"og:site_name\" content=\"Malta Vizesi\" \/>\n<meta property=\"article:modified_time\" content=\"2022-06-06T10:49:09+00:00\" \/>\n<meta name=\"twitter:card\" content=\"summary_large_image\" \/>\n<meta name=\"twitter:label1\" content=\"Tahmini okuma s\u00fcresi\" \/>\n\t<meta name=\"twitter:data1\" content=\"4 dakika\" \/>\n<script type=\"application\/ld+json\" class=\"yoast-schema-graph\">{\"@context\":\"https:\/\/schema.org\",\"@graph\":[{\"@type\":\"WebPage\",\"@id\":\"https:\/\/www.myvize.com.tr\/malta\/subelerimiz\/ankara\/\",\"url\":\"https:\/\/www.myvize.com.tr\/malta\/subelerimiz\/ankara\/\",\"name\":\"Malta Vize Ba\u015fvuru \u015eubesi Ankara - MyVize\",\"isPartOf\":{\"@id\":\"https:\/\/www.myvize.com.tr\/malta\/#website\"},\"datePublished\":\"2020-12-25T10:43:33+00:00\",\"dateModified\":\"2022-06-06T10:49:09+00:00\",\"description\":\"Malta vizesi Ankara ofisimiz, hangi \u00fclkeye seyahat etmek isterseniz gerekli b\u00fct\u00fcn bilgilere ula\u015fabilirsiniz: 0850 346 84 93\",\"breadcrumb\":{\"@id\":\"https:\/\/www.myvize.com.tr\/malta\/subelerimiz\/ankara\/#breadcrumb\"},\"inLanguage\":\"tr\",\"potentialAction\":[{\"@type\":\"ReadAction\",\"target\":[\"https:\/\/www.myvize.com.tr\/malta\/subelerimiz\/ankara\/\"]}]},{\"@type\":\"BreadcrumbList\",\"@id\":\"https:\/\/www.myvize.com.tr\/malta\/subelerimiz\/ankara\/#breadcrumb\",\"itemListElement\":[{\"@type\":\"ListItem\",\"position\":1,\"name\":\"Anasayfa\",\"item\":\"https:\/\/www.myvize.com.tr\/malta\/\"},{\"@type\":\"ListItem\",\"position\":2,\"name\":\"\u015eUBELER\u0130M\u0130Z\",\"item\":\"https:\/\/www.myvize.com.tr\/malta\/subelerimiz\/\"},{\"@type\":\"ListItem\",\"position\":3,\"name\":\"Malta Vizesi , Ankara\"}]},{\"@type\":\"WebSite\",\"@id\":\"https:\/\/www.myvize.com.tr\/malta\/#website\",\"url\":\"https:\/\/www.myvize.com.tr\/malta\/\",\"name\":\"Malta Vizesi\",\"description\":\"\",\"potentialAction\":[{\"@type\":\"SearchAction\",\"target\":{\"@type\":\"EntryPoint\",\"urlTemplate\":\"https:\/\/www.myvize.com.tr\/malta\/?s={search_term_string}\"},\"query-input\":{\"@type\":\"PropertyValueSpecification\",\"valueRequired\":true,\"valueName\":\"search_term_string\"}}],\"inLanguage\":\"tr\"}]}<\/script>\n<!-- \/ Yoast SEO plugin. -->","yoast_head_json":{"title":"Malta Vize Ba\u015fvuru \u015eubesi Ankara - MyVize","description":"Malta vizesi Ankara ofisimiz, hangi \u00fclkeye seyahat etmek isterseniz gerekli b\u00fct\u00fcn bilgilere ula\u015fabilirsiniz: 0850 346 84 93","robots":{"index":"index","follow":"follow","max-snippet":"max-snippet:-1","max-image-preview":"max-image-preview:large","max-video-preview":"max-video-preview:-1"},"canonical":"https:\/\/www.myvize.com.tr\/malta\/subelerimiz\/ankara\/","og_locale":"tr_TR","og_type":"article","og_title":"Malta Vize Ba\u015fvuru \u015eubesi Ankara - MyVize","og_description":"Malta vizesi Ankara ofisimiz, hangi \u00fclkeye seyahat etmek isterseniz gerekli b\u00fct\u00fcn bilgilere ula\u015fabilirsiniz: 0850 346 84 93","og_url":"https:\/\/www.myvize.com.tr\/malta\/subelerimiz\/ankara\/","og_site_name":"Malta Vizesi","article_modified_time":"2022-06-06T10:49:09+00:00","twitter_card":"summary_large_image","twitter_misc":{"Tahmini okuma s\u00fcresi":"4 dakika"},"schema":{"@context":"https:\/\/schema.org","@graph":[{"@type":"WebPage","@id":"https:\/\/www.myvize.com.tr\/malta\/subelerimiz\/ankara\/","url":"https:\/\/www.myvize.com.tr\/malta\/subelerimiz\/ankara\/","name":"Malta Vize Ba\u015fvuru \u015eubesi Ankara - MyVize","isPartOf":{"@id":"https:\/\/www.myvize.com.tr\/malta\/#website"},"datePublished":"2020-12-25T10:43:33+00:00","dateModified":"2022-06-06T10:49:09+00:00","description":"Malta vizesi Ankara ofisimiz, hangi \u00fclkeye seyahat etmek isterseniz gerekli b\u00fct\u00fcn bilgilere ula\u015fabilirsiniz: 0850 346 84 93","breadcrumb":{"@id":"https:\/\/www.myvize.com.tr\/malta\/subelerimiz\/ankara\/#breadcrumb"},"inLanguage":"tr","potentialAction":[{"@type":"ReadAction","target":["https:\/\/www.myvize.com.tr\/malta\/subelerimiz\/ankara\/"]}]},{"@type":"BreadcrumbList","@id":"https:\/\/www.myvize.com.tr\/malta\/subelerimiz\/ankara\/#breadcrumb","itemListElement":[{"@type":"ListItem","position":1,"name":"Anasayfa","item":"https:\/\/www.myvize.com.tr\/malta\/"},{"@type":"ListItem","position":2,"name":"\u015eUBELER\u0130M\u0130Z","item":"https:\/\/www.myvize.com.tr\/malta\/subelerimiz\/"},{"@type":"ListItem","position":3,"name":"Malta Vizesi , Ankara"}]},{"@type":"WebSite","@id":"https:\/\/www.myvize.com.tr\/malta\/#website","url":"https:\/\/www.myvize.com.tr\/malta\/","name":"Malta Vizesi","description":"","potentialAction":[{"@type":"SearchAction","target":{"@type":"EntryPoint","urlTemplate":"https:\/\/www.myvize.com.tr\/malta\/?s={search_term_string}"},"query-input":{"@type":"PropertyValueSpecification","valueRequired":true,"valueName":"search_term_string"}}],"inLanguage":"tr"}]}},"_links":{"self":[{"href":"https:\/\/www.myvize.com.tr\/malta\/wp-json\/wp\/v2\/pages\/231","targetHints":{"allow":["GET"]}}],"collection":[{"href":"https:\/\/www.myvize.com.tr\/malta\/wp-json\/wp\/v2\/pages"}],"about":[{"href":"https:\/\/www.myvize.com.tr\/malta\/wp-json\/wp\/v2\/types\/page"}],"author":[{"embeddable":true,"href":"https:\/\/www.myvize.com.tr\/malta\/wp-json\/wp\/v2\/users\/1"}],"replies":[{"embeddable":true,"href":"https:\/\/www.myvize.com.tr\/malta\/wp-json\/wp\/v2\/comments?post=231"}],"version-history":[{"count":7,"href":"https:\/\/www.myvize.com.tr\/malta\/wp-json\/wp\/v2\/pages\/231\/revisions"}],"predecessor-version":[{"id":760,"href":"https:\/\/www.myvize.com.tr\/malta\/wp-json\/wp\/v2\/pages\/231\/revisions\/760"}],"up":[{"embeddable":true,"href":"https:\/\/www.myvize.com.tr\/malta\/wp-json\/wp\/v2\/pages\/174"}],"wp:attachment":[{"href":"https:\/\/www.myvize.com.tr\/malta\/wp-json\/wp\/v2\/media?parent=231"}],"curies":[{"name":"wp","href":"https:\/\/api.w.org\/{rel}","templated":true}]}}