{"id":84,"date":"2020-11-30T13:05:08","date_gmt":"2020-11-30T10:05:08","guid":{"rendered":"https:\/\/www.myvize.com.tr\/malta\/?page_id=84"},"modified":"2022-04-21T16:36:45","modified_gmt":"2022-04-21T13:36:45","slug":"trabzon-fahri-konsoloslugu","status":"publish","type":"page","link":"https:\/\/www.myvize.com.tr\/malta\/konsolosluklar\/trabzon-fahri-konsoloslugu\/","title":{"rendered":"Malta Trabzon Konsoloslu\u011fu"},"content":{"rendered":"<h2><strong><span style=\"font-family: Roboto; font-size: 27px;\">Malta Trabzon Fahri Konsoloslu\u011fu Hakk\u0131nda<\/span><\/strong><\/h2>\n<p><span style=\"font-family: Roboto; font-size: 14px;\">Konsolosluklar sayesinde T\u00fcrk vatanda\u015flar\u0131n\u0131n farkl\u0131 vize tiplerine ba\u015fvurmas\u0131 m\u00fcmk\u00fcnd\u00fcr. Ayr\u0131ca <strong>Malta vatanda\u015flar\u0131n\u0131n<\/strong> da konsolosluklar \u00fczerinden resmi i\u015flemler i\u00e7in hizmet almalar\u0131 ve resmi evraklar\u0131n\u0131 temin edebilmeleri son derece kolayd\u0131r. Bu nedenle de <strong>Malta Trabzon Fahri Konsoloslu\u011fu<\/strong> merkezinin farkl\u0131 g\u00f6revlere sahip oldu\u011fu s\u00f6ylenebilir.<\/span><\/p>\n<p><span style=\"font-family: Roboto; font-size: 14px;\">T\u00fcrk vatanda\u015flar\u0131n\u0131n<strong> vize ba\u015fvurusu<\/strong> i\u00e7in istenilen farkl\u0131 belgeleri zaman\u0131nda ve eksiksiz \u015fekilde temin etmesi gerekmektedir. Ayr\u0131ca teslim edilecek olan belgelerin \u00fczerinde resmi olmayan herhangi bir de\u011fi\u015fikli\u011fin yap\u0131lmam\u0131\u015f olmas\u0131 da vize s\u00fcre\u00e7lerine olduk\u00e7a b\u00fcy\u00fck etkide bulunacakt\u0131r.<\/span><\/p>\n<p><span style=\"font-family: Roboto; font-size: 14px;\">Malta vatanda\u015flar\u0131n\u0131n da farkl\u0131 alanlarda desteklenmesi, konsolosluklar sayesinde m\u00fcmk\u00fcn olabilecektir. \u00d6rne\u011fin T\u00fcrkiye\u2019de ticaret yapmakta olan <strong>Malta vatanda\u015flar\u0131n\u0131n<\/strong> desteklenmesi, konsolosluklar arac\u0131l\u0131\u011f\u0131 ile ger\u00e7ekle\u015fmektedir. Benzer \u015fekilde <strong>Malta vatanda\u015flar\u0131<\/strong> T\u00fcrkiye\u2019de e\u011fitim g\u00f6r\u00fcrken de konsolosluklar taraf\u0131ndan desteklenebilmektedir.<\/span><\/p>\n<p><span style=\"font-family: Roboto; font-size: 14px;\">Farkl\u0131 alanlarda T\u00fcrkiye\u2019de ikamet etmekte olan <strong>Malta vatanda\u015flar\u0131na<\/strong> destek sa\u011flayan konsolosluklar, Malta vatanda\u015flar\u0131n\u0131n do\u011fum belgesi, bo\u015fanma belgesi gibi farkl\u0131 resmi belgeleri de teslim edebilmesine olanak tan\u0131maktad\u0131r.<strong> Malta Trabzon Fahri Konsoloslu\u011fu<\/strong> arayanlar\u0131n ise \u00e7evre illerde yer almakta olan en yak\u0131n yetkili konsolosluklardan farkl\u0131 i\u015flemlerini ger\u00e7ekle\u015ftirebilmesi m\u00fcmk\u00fcnd\u00fcr. <\/span><\/p>\n<p><span style=\"font-family: Roboto; font-size: 14px;\"><span style=\"color: #2acec2;\"><strong><a style=\"color: #2acec2;\" href=\"https:\/\/www.myvize.com.tr\/malta\/form-ve-dilekce\/malta-vize-basvuru-formu\/\" target=\"_blank\" rel=\"noopener\">Malta Vize Ba\u015fvuru Formu<\/a><\/strong><\/span> ile ilgili bilgi almak i\u00e7in bizi aray\u0131n.\u00a0<\/span><\/p>\n<p><img decoding=\"async\" src=\"https:\/\/www.myvize.com.tr\/malta\/wp-content\/uploads\/2021\/10\/46.jpg\" \/><\/p>\n<h2><strong><span style=\"font-family: Roboto; font-size: 27px;\">Malta Trabzon Konsolosu Kimdir?<\/span><\/strong><\/h2>\n<p><span style=\"font-family: Roboto; font-size: 14px;\">Malta\u2019n\u0131n T\u00fcrkiye\u2019de bulunan temsilciliklerinden birisi de Malta Trabzon Konsoloslu\u011fu\u2019dur. Malta\u2019n\u0131n Trabzon Konsoloslu\u011fu\u2019nun temsilcisi ise Malta Trabzon Konsolosu\u2019dur. Malta Trabzon Konsolosu\u2019nun kim oldu\u011funu merak eden ki\u015filer i\u00e7in bu yaz\u0131da \u201cMalta Trabzon Konsolosu kimdir?\u201d sorusunun cevab\u0131 verilmi\u015ftir.<\/span><\/p>\n<p><span style=\"font-family: Roboto; font-size: 14px;\">Malta\u2019n\u0131n Trabzon Konsolosu\u2019nun kim oldu\u011fu hakk\u0131nda bir bilgi bulunmamaktad\u0131r. <strong>Malta Trabzon Konsolosu<\/strong>, Malta ile T\u00fcrkiye aras\u0131ndaki ili\u015fkileri geli\u015ftirmeyi ama\u00e7lamaktad\u0131r. Malta\u2019n\u0131n T\u00fcrkiye\u2019de bulunan vatanda\u015flar\u0131na konsolosluk hizmeti vermektedir. Malta Trabzon Konsolosu, Malta vatanda\u015flar\u0131na hukuk, e\u011fitim, sa\u011fl\u0131k gibi alanlarda destek vermektedir.<\/span><\/p>\n<p><span style=\"font-family: Roboto; font-size: 14px;\"><strong>Malta Trabzon Konsolosu<\/strong>, Malta\u2019n\u0131n Trabzon ve \u00e7evresindeki ekonomik ve ticari ili\u015fkilerini geli\u015ftirmeyi ve Malta ile T\u00fcrkiye aras\u0131nda yeni yat\u0131r\u0131m alanlar\u0131n\u0131n ortaya \u00e7\u0131kar\u0131lmas\u0131n\u0131 ama\u00e7lamaktad\u0131r. Trabzon ve \u00e7evresindeki Malta ticari n\u00fcfuzunu artt\u0131rmay\u0131 ama\u00e7lamaktad\u0131r.<\/span><\/p>\n<p><span style=\"font-family: Roboto; font-size: 14px;\"><strong>Malta Trabzon Konsolosu,<\/strong> Malta\u2019n\u0131n Ankara B\u00fcy\u00fckel\u00e7ili\u011fi\u2019ne ba\u011fl\u0131 olarak \u00e7al\u0131\u015fmaktad\u0131r. Malta Ankara B\u00fcy\u00fckel\u00e7ili\u011fi\u2019nin vermi\u015f oldu\u011fu g\u00f6revleri yerine getirmektedir. Detayl\u0131 bilgi i\u00e7in<strong> Malta temsilcili\u011fi<\/strong> ile ileti\u015fime ge\u00e7erek bilgi alabilirsiniz.<\/span><\/p>\n<h2><strong><span style=\"font-family: Roboto; font-size: 27px;\">Malta Trabzon Konsoloslu\u011fu Vize \u0130\u015flemleri<\/span><\/strong><\/h2>\n<p><span style=\"font-family: Roboto; font-size: 14px;\">Malta\u2019ya seyahat etmek isteyen ve <strong>Malta seyahatleri<\/strong> i\u00e7in vize alacak olan ki\u015filer, Malta vize ba\u015fvurusunu Malta Trabzon Konsoloslu\u011fu\u2019na yapabilir. Malta Trabzon Konsoloslu\u011fu\u2019na vize ba\u015fvurusu yapacak olan ki\u015filer,<strong> Malta Trabzon Konsoloslu\u011fu<\/strong> vize i\u015flemleri hakk\u0131nda ara\u015ft\u0131rma yapmaktad\u0131r. A\u015fa\u011f\u0131da Malta Trabzon Konsoloslu\u011fu vize i\u015flemleri hakk\u0131nda bilgi verilmi\u015ftir.<\/span><\/p>\n<ul>\n<li><span style=\"font-family: Roboto; font-size: 14px;\"><strong>Malta Trabzon Konsoloslu\u011fu<\/strong> vize ba\u015fvurusu yapacak olan ki\u015filer, \u00f6ncelikle Malta seyahat amac\u0131na uygun vize t\u00fcr\u00fcn\u00fc belirlemelidir.<\/span><\/li>\n<li><span style=\"font-family: Roboto; font-size: 14px;\">Vize t\u00fcr\u00fcn\u00fc belirleyen ki\u015filer, Malta Trabzon Konsoloslu\u011fu vize i\u015flemleri i\u00e7in konsolosluk ile ileti\u015fime ge\u00e7erek randevu alabilir.<\/span><\/li>\n<li><span style=\"font-family: Roboto; font-size: 14px;\">Randevu alan ki\u015filer, randevu tarihine kadar <span style=\"color: #2acec2;\"><strong><a style=\"color: #2acec2;\" href=\"https:\/\/www.myvize.com.tr\/malta\/vize-islemleri\/malta-vizesi\/\" target=\"_blank\" rel=\"noopener\">Malta vizesi <\/a><\/strong><\/span>i\u00e7in gerekli olan evraklar\u0131 haz\u0131rlamal\u0131d\u0131r.<\/span><\/li>\n<li><span style=\"font-family: Roboto; font-size: 14px;\">Haz\u0131rlanan evraklar <strong>Malta Trabzon Konsoloslu\u011fu\u2019na<\/strong> randevu tarihinde teslim edilmeli ve <strong>Malta Trabzon Konsoloslu\u011fu<\/strong> vize i\u015flemleri yerine getirilmelidir.<\/span><\/li>\n<li><span style=\"font-family: Roboto; font-size: 14px;\">Malta Trabzon Konsoloslu\u011fu\u2019na yap\u0131lan ba\u015fvurular\u0131 inceleme ve de\u011ferlendirme yetkisi Malta\u2019n\u0131n Ankara B\u00fcy\u00fckel\u00e7ili\u011fi ve \u0130stanbul Ba\u015fkonsoloslu\u011fu\u2019na aittir. Ba\u015fvurular vize t\u00fcr\u00fcne g\u00f6re farkl\u0131 s\u00fcrelerde sonu\u00e7lanabilir.<\/span><\/li>\n<\/ul>\n<h3><span style=\"font-size: 24px;\"><strong><span style=\"font-family: Roboto;\">Malta Trabzon Konsoloslu\u011fu Vize Ba\u015fvurusu<\/span><\/strong><\/span><\/h3>\n<p><span style=\"font-family: Roboto; font-size: 14px;\">Malta\u2019n\u0131n T\u00fcrkiye temsilciliklerinden birisi Malta Trabzon Konsoloslu\u011fu\u2019dur. Malta\u2019n\u0131n Trabzon Konsoloslu\u011fu\u2019na vize ba\u015fvurusu yapacak olan ki\u015filer, Malta Trabzon Konsoloslu\u011fu vize ba\u015fvurusu hakk\u0131nda ara\u015ft\u0131rma yapmaktad\u0131r. Bu yaz\u0131da Malta Trabzon Konsoloslu\u011fu vize ba\u015fvurusu hakk\u0131nda bilgi verilmi\u015ftir.<\/span><\/p>\n<p><span style=\"font-family: Roboto; font-size: 14px;\"><strong>Malta Trabzon Konsoloslu\u011fu<\/strong> vize ba\u015fvurusu yapacak olan ki\u015filer, Malta Trabzon Konsoloslu\u011fu\u2019ndan randevu almal\u0131d\u0131r. Randevu tarihine kadar Malta vizesi i\u00e7in gerekli olan evraklar eksiksiz olarak haz\u0131rlanmal\u0131 ve randevu tarihinde yetkililere teslim edilmelidir. Ba\u015fvuru yapacak olan ki\u015filer, Malta Trabzon Konsoloslu\u011fu\u2019na parmak izi verisi vermesi gerekmektedir. Ayr\u0131ca vize ba\u015fvuru yapacak olan ki\u015filerin vize \u00fccreti \u00f6demesi gerekmektedir.<\/span><\/p>\n<p><span style=\"font-family: Roboto; font-size: 14px;\">Malta Trabzon Konsoloslu\u011fu\u2019na vize ba\u015fvurusu yapacak olan ki\u015filer,<strong> Malta Trabzon Konsoloslu\u011fu<\/strong> vize ba\u015fvurusu i\u00e7in gerekli olan evraklar\u0131 eksiksiz \u015fekilde haz\u0131rlamal\u0131d\u0131r. Evraklar Malta seyahat amac\u0131n\u0131 kan\u0131tlar nitelikte olmal\u0131d\u0131r. Ba\u015fvuru yapacak olan ki\u015filer, Malta\u2019da bulundu\u011fu s\u00fcre boyunca seyahat masraflar\u0131n\u0131 kar\u015f\u0131layacak maddi duruma sahip olmal\u0131d\u0131r.<\/span><\/p>\n<h3><strong><span style=\"font-family: Roboto; font-size: 24px;\">Malta Trabzon Konsoloslu\u011fu Vize Randevusu<\/span><\/strong><\/h3>\n<p><span style=\"font-family: Roboto; font-size: 14px;\"><strong>Malta\u2019ya seyahat edecek<\/strong> olan ki\u015filer, Malta seyahatleri i\u00e7in vize almal\u0131d\u0131r. <strong>Malta vizesi<\/strong> alacak olan ki\u015filer, Malta Trabzon Konsoloslu\u011fu\u2019ndan randevu al\u0131p almamas\u0131 gerekti\u011fi hakk\u0131nda ara\u015ft\u0131rma yapmaktad\u0131r. Bu yaz\u0131da Malta Trabzon Konsoloslu\u011fu vize ba\u015fvurusu yapacak olan ki\u015filer i\u00e7in Malta Trabzon Konsoloslu\u011fu vize randevusu hakk\u0131nda bilgi verilmi\u015ftir.<\/span><\/p>\n<p><span style=\"font-family: Roboto; font-size: 14px;\"><strong>Malta Trabzon Konsoloslu\u011fu<\/strong> vize ba\u015fvurusu yapacak olan ki\u015filerin ba\u015fvurular\u0131 i\u00e7in randevu almas\u0131 gerekmektedir. Randevu Malta Trabzon Konsoloslu\u011fu ile ileti\u015fime ge\u00e7ilerek al\u0131nabilir. Randevu alm\u0131\u015f olan ki\u015filer, Malta Trabzon Konsoloslu\u011fu randevu tarihinde gerekli olan evraklar\u0131 yetkililere teslim ederek ba\u015fvurusunu yerine getirmelidir.<\/span><\/p>\n<p><span style=\"font-family: Roboto; font-size: 14px;\">Malta Trabzon Konsoloslu\u011fu vize randevusu alm\u0131\u015f olan ki\u015filerin randevu tarihini ka\u00e7\u0131rmamas\u0131 gerekmektedir. <strong>Malta Trabzon Konsoloslu\u011fu<\/strong> vize randevusu alm\u0131\u015f olan ki\u015filerin randevusunu ka\u00e7\u0131rmas\u0131 durumunda vize ba\u015fvurusu kabul edilmeyebilir. Bu durumda ba\u015fvuru yapacak olan ki\u015filerin yeniden Malta Trabzon Konsoloslu\u011fu\u2019ndan randevu almas\u0131 gerekebilir. <strong>Malta seyahat planlar\u0131<\/strong> aksayabilir.<\/span><\/p>\n","protected":false},"excerpt":{"rendered":"<p>Malta Trabzon Fahri Konsoloslu\u011fu Hakk\u0131nda Konsolosluklar sayesinde T\u00fcrk vatanda\u015flar\u0131n\u0131n farkl\u0131 vize tiplerine ba\u015fvurmas\u0131 m\u00fcmk\u00fcnd\u00fcr. Ayr\u0131ca Malta vatanda\u015flar\u0131n\u0131n da konsolosluklar \u00fczerinden resmi i\u015flemler i\u00e7in hizmet almalar\u0131 ve resmi evraklar\u0131n\u0131 temin edebilmeleri son derece kolayd\u0131r. Bu nedenle de Malta Trabzon Fahri Konsoloslu\u011fu merkezinin farkl\u0131 g\u00f6revlere sahip oldu\u011fu s\u00f6ylenebilir. T\u00fcrk vatanda\u015flar\u0131n\u0131n vize ba\u015fvurusu i\u00e7in istenilen farkl\u0131 belgeleri zaman\u0131nda<\/p>\n","protected":false},"author":1,"featured_media":0,"parent":69,"menu_order":0,"comment_status":"open","ping_status":"closed","template":"","meta":{"footnotes":""},"class_list":["post-84","page","type-page","status-publish","hentry"],"yoast_head":"<!-- This site is optimized with the Yoast SEO plugin v24.0 - https:\/\/yoast.com\/wordpress\/plugins\/seo\/ -->\n<title>Malta Konsoloslu\u011fu Trabzon Vize \u0130\u015flemleri - MyVize<\/title>\n<meta name=\"description\" content=\"Malta Trabzon Fahri Konsoloslu\u011fu \u00e7al\u0131\u015fma saatleri. Malta Trabzon Fahri Konsoloslu\u011fu ula\u015f\u0131m, ileti\u015fim bilgileri ve faaliyet alan\u0131.\" \/>\n<meta name=\"robots\" content=\"index, follow, max-snippet:-1, max-image-preview:large, max-video-preview:-1\" \/>\n<link rel=\"canonical\" href=\"https:\/\/www.myvize.com.tr\/malta\/konsolosluklar\/trabzon-fahri-konsoloslugu\/\" \/>\n<meta property=\"og:locale\" content=\"tr_TR\" \/>\n<meta property=\"og:type\" content=\"article\" \/>\n<meta property=\"og:title\" content=\"Malta Konsoloslu\u011fu Trabzon Vize \u0130\u015flemleri - MyVize\" \/>\n<meta property=\"og:description\" content=\"Malta Trabzon Fahri Konsoloslu\u011fu \u00e7al\u0131\u015fma saatleri. Malta Trabzon Fahri Konsoloslu\u011fu ula\u015f\u0131m, ileti\u015fim bilgileri ve faaliyet alan\u0131.\" \/>\n<meta property=\"og:url\" content=\"https:\/\/www.myvize.com.tr\/malta\/konsolosluklar\/trabzon-fahri-konsoloslugu\/\" \/>\n<meta property=\"og:site_name\" content=\"Malta Vizesi\" \/>\n<meta property=\"article:modified_time\" content=\"2022-04-21T13:36:45+00:00\" \/>\n<meta property=\"og:image\" content=\"https:\/\/www.myvize.com.tr\/malta\/wp-content\/uploads\/2021\/10\/46.jpg\" \/>\n<meta name=\"twitter:card\" content=\"summary_large_image\" \/>\n<meta name=\"twitter:label1\" content=\"Tahmini okuma s\u00fcresi\" \/>\n\t<meta name=\"twitter:data1\" content=\"4 dakika\" \/>\n<script type=\"application\/ld+json\" class=\"yoast-schema-graph\">{\"@context\":\"https:\/\/schema.org\",\"@graph\":[{\"@type\":\"WebPage\",\"@id\":\"https:\/\/www.myvize.com.tr\/malta\/konsolosluklar\/trabzon-fahri-konsoloslugu\/\",\"url\":\"https:\/\/www.myvize.com.tr\/malta\/konsolosluklar\/trabzon-fahri-konsoloslugu\/\",\"name\":\"Malta Konsoloslu\u011fu Trabzon Vize \u0130\u015flemleri - MyVize\",\"isPartOf\":{\"@id\":\"https:\/\/www.myvize.com.tr\/malta\/#website\"},\"primaryImageOfPage\":{\"@id\":\"https:\/\/www.myvize.com.tr\/malta\/konsolosluklar\/trabzon-fahri-konsoloslugu\/#primaryimage\"},\"image\":{\"@id\":\"https:\/\/www.myvize.com.tr\/malta\/konsolosluklar\/trabzon-fahri-konsoloslugu\/#primaryimage\"},\"thumbnailUrl\":\"https:\/\/www.myvize.com.tr\/malta\/wp-content\/uploads\/2021\/10\/46.jpg\",\"datePublished\":\"2020-11-30T10:05:08+00:00\",\"dateModified\":\"2022-04-21T13:36:45+00:00\",\"description\":\"Malta Trabzon Fahri Konsoloslu\u011fu \u00e7al\u0131\u015fma saatleri. Malta Trabzon Fahri Konsoloslu\u011fu ula\u015f\u0131m, ileti\u015fim bilgileri ve faaliyet alan\u0131.\",\"breadcrumb\":{\"@id\":\"https:\/\/www.myvize.com.tr\/malta\/konsolosluklar\/trabzon-fahri-konsoloslugu\/#breadcrumb\"},\"inLanguage\":\"tr\",\"potentialAction\":[{\"@type\":\"ReadAction\",\"target\":[\"https:\/\/www.myvize.com.tr\/malta\/konsolosluklar\/trabzon-fahri-konsoloslugu\/\"]}]},{\"@type\":\"ImageObject\",\"inLanguage\":\"tr\",\"@id\":\"https:\/\/www.myvize.com.tr\/malta\/konsolosluklar\/trabzon-fahri-konsoloslugu\/#primaryimage\",\"url\":\"https:\/\/www.myvize.com.tr\/malta\/wp-content\/uploads\/2021\/10\/46.jpg\",\"contentUrl\":\"https:\/\/www.myvize.com.tr\/malta\/wp-content\/uploads\/2021\/10\/46.jpg\",\"width\":800,\"height\":500,\"caption\":\"Malta Trabzon Fahri Konsoloslu\u011fu\"},{\"@type\":\"BreadcrumbList\",\"@id\":\"https:\/\/www.myvize.com.tr\/malta\/konsolosluklar\/trabzon-fahri-konsoloslugu\/#breadcrumb\",\"itemListElement\":[{\"@type\":\"ListItem\",\"position\":1,\"name\":\"Anasayfa\",\"item\":\"https:\/\/www.myvize.com.tr\/malta\/\"},{\"@type\":\"ListItem\",\"position\":2,\"name\":\"KONSOLOSLUKLAR\",\"item\":\"https:\/\/www.myvize.com.tr\/malta\/konsolosluklar\/\"},{\"@type\":\"ListItem\",\"position\":3,\"name\":\"Malta Trabzon Konsoloslu\u011fu\"}]},{\"@type\":\"WebSite\",\"@id\":\"https:\/\/www.myvize.com.tr\/malta\/#website\",\"url\":\"https:\/\/www.myvize.com.tr\/malta\/\",\"name\":\"Malta Vizesi\",\"description\":\"\",\"potentialAction\":[{\"@type\":\"SearchAction\",\"target\":{\"@type\":\"EntryPoint\",\"urlTemplate\":\"https:\/\/www.myvize.com.tr\/malta\/?s={search_term_string}\"},\"query-input\":{\"@type\":\"PropertyValueSpecification\",\"valueRequired\":true,\"valueName\":\"search_term_string\"}}],\"inLanguage\":\"tr\"}]}<\/script>\n<!-- \/ Yoast SEO plugin. -->","yoast_head_json":{"title":"Malta Konsoloslu\u011fu Trabzon Vize \u0130\u015flemleri - MyVize","description":"Malta Trabzon Fahri Konsoloslu\u011fu \u00e7al\u0131\u015fma saatleri. Malta Trabzon Fahri Konsoloslu\u011fu ula\u015f\u0131m, ileti\u015fim bilgileri ve faaliyet alan\u0131.","robots":{"index":"index","follow":"follow","max-snippet":"max-snippet:-1","max-image-preview":"max-image-preview:large","max-video-preview":"max-video-preview:-1"},"canonical":"https:\/\/www.myvize.com.tr\/malta\/konsolosluklar\/trabzon-fahri-konsoloslugu\/","og_locale":"tr_TR","og_type":"article","og_title":"Malta Konsoloslu\u011fu Trabzon Vize \u0130\u015flemleri - MyVize","og_description":"Malta Trabzon Fahri Konsoloslu\u011fu \u00e7al\u0131\u015fma saatleri. Malta Trabzon Fahri Konsoloslu\u011fu ula\u015f\u0131m, ileti\u015fim bilgileri ve faaliyet alan\u0131.","og_url":"https:\/\/www.myvize.com.tr\/malta\/konsolosluklar\/trabzon-fahri-konsoloslugu\/","og_site_name":"Malta Vizesi","article_modified_time":"2022-04-21T13:36:45+00:00","og_image":[{"url":"https:\/\/www.myvize.com.tr\/malta\/wp-content\/uploads\/2021\/10\/46.jpg","type":"","width":"","height":""}],"twitter_card":"summary_large_image","twitter_misc":{"Tahmini okuma s\u00fcresi":"4 dakika"},"schema":{"@context":"https:\/\/schema.org","@graph":[{"@type":"WebPage","@id":"https:\/\/www.myvize.com.tr\/malta\/konsolosluklar\/trabzon-fahri-konsoloslugu\/","url":"https:\/\/www.myvize.com.tr\/malta\/konsolosluklar\/trabzon-fahri-konsoloslugu\/","name":"Malta Konsoloslu\u011fu Trabzon Vize \u0130\u015flemleri - MyVize","isPartOf":{"@id":"https:\/\/www.myvize.com.tr\/malta\/#website"},"primaryImageOfPage":{"@id":"https:\/\/www.myvize.com.tr\/malta\/konsolosluklar\/trabzon-fahri-konsoloslugu\/#primaryimage"},"image":{"@id":"https:\/\/www.myvize.com.tr\/malta\/konsolosluklar\/trabzon-fahri-konsoloslugu\/#primaryimage"},"thumbnailUrl":"https:\/\/www.myvize.com.tr\/malta\/wp-content\/uploads\/2021\/10\/46.jpg","datePublished":"2020-11-30T10:05:08+00:00","dateModified":"2022-04-21T13:36:45+00:00","description":"Malta Trabzon Fahri Konsoloslu\u011fu \u00e7al\u0131\u015fma saatleri. Malta Trabzon Fahri Konsoloslu\u011fu ula\u015f\u0131m, ileti\u015fim bilgileri ve faaliyet alan\u0131.","breadcrumb":{"@id":"https:\/\/www.myvize.com.tr\/malta\/konsolosluklar\/trabzon-fahri-konsoloslugu\/#breadcrumb"},"inLanguage":"tr","potentialAction":[{"@type":"ReadAction","target":["https:\/\/www.myvize.com.tr\/malta\/konsolosluklar\/trabzon-fahri-konsoloslugu\/"]}]},{"@type":"ImageObject","inLanguage":"tr","@id":"https:\/\/www.myvize.com.tr\/malta\/konsolosluklar\/trabzon-fahri-konsoloslugu\/#primaryimage","url":"https:\/\/www.myvize.com.tr\/malta\/wp-content\/uploads\/2021\/10\/46.jpg","contentUrl":"https:\/\/www.myvize.com.tr\/malta\/wp-content\/uploads\/2021\/10\/46.jpg","width":800,"height":500,"caption":"Malta Trabzon Fahri Konsoloslu\u011fu"},{"@type":"BreadcrumbList","@id":"https:\/\/www.myvize.com.tr\/malta\/konsolosluklar\/trabzon-fahri-konsoloslugu\/#breadcrumb","itemListElement":[{"@type":"ListItem","position":1,"name":"Anasayfa","item":"https:\/\/www.myvize.com.tr\/malta\/"},{"@type":"ListItem","position":2,"name":"KONSOLOSLUKLAR","item":"https:\/\/www.myvize.com.tr\/malta\/konsolosluklar\/"},{"@type":"ListItem","position":3,"name":"Malta Trabzon Konsoloslu\u011fu"}]},{"@type":"WebSite","@id":"https:\/\/www.myvize.com.tr\/malta\/#website","url":"https:\/\/www.myvize.com.tr\/malta\/","name":"Malta Vizesi","description":"","potentialAction":[{"@type":"SearchAction","target":{"@type":"EntryPoint","urlTemplate":"https:\/\/www.myvize.com.tr\/malta\/?s={search_term_string}"},"query-input":{"@type":"PropertyValueSpecification","valueRequired":true,"valueName":"search_term_string"}}],"inLanguage":"tr"}]}},"_links":{"self":[{"href":"https:\/\/www.myvize.com.tr\/malta\/wp-json\/wp\/v2\/pages\/84","targetHints":{"allow":["GET"]}}],"collection":[{"href":"https:\/\/www.myvize.com.tr\/malta\/wp-json\/wp\/v2\/pages"}],"about":[{"href":"https:\/\/www.myvize.com.tr\/malta\/wp-json\/wp\/v2\/types\/page"}],"author":[{"embeddable":true,"href":"https:\/\/www.myvize.com.tr\/malta\/wp-json\/wp\/v2\/users\/1"}],"replies":[{"embeddable":true,"href":"https:\/\/www.myvize.com.tr\/malta\/wp-json\/wp\/v2\/comments?post=84"}],"version-history":[{"count":5,"href":"https:\/\/www.myvize.com.tr\/malta\/wp-json\/wp\/v2\/pages\/84\/revisions"}],"predecessor-version":[{"id":705,"href":"https:\/\/www.myvize.com.tr\/malta\/wp-json\/wp\/v2\/pages\/84\/revisions\/705"}],"up":[{"embeddable":true,"href":"https:\/\/www.myvize.com.tr\/malta\/wp-json\/wp\/v2\/pages\/69"}],"wp:attachment":[{"href":"https:\/\/www.myvize.com.tr\/malta\/wp-json\/wp\/v2\/media?parent=84"}],"curies":[{"name":"wp","href":"https:\/\/api.w.org\/{rel}","templated":true}]}}