{"id":88,"date":"2020-11-30T13:05:51","date_gmt":"2020-11-30T10:05:51","guid":{"rendered":"https:\/\/www.myvize.com.tr\/malta\/?page_id=88"},"modified":"2022-06-04T12:23:58","modified_gmt":"2022-06-04T09:23:58","slug":"bodrum-fahri-konsoloslugu","status":"publish","type":"page","link":"https:\/\/www.myvize.com.tr\/malta\/konsolosluklar\/bodrum-fahri-konsoloslugu\/","title":{"rendered":"Malta Bodrum Konsoloslu\u011fu"},"content":{"rendered":"<h2><strong><span style=\"font-family: Roboto; font-size: 27px;\">Malta Bodrum Fahri Konsoloslu\u011fu Hakk\u0131nda<\/span><\/strong><\/h2>\n<p><span style=\"font-family: Roboto; font-size: 14px;\"><strong>Malta Bodrum Fahri Konsoloslu\u011fu<\/strong> arayanlar\u0131n \u00e7evre illerde yer almakta olan yetkili konsolosluklardan destek alabilmesi m\u00fcmk\u00fcnd\u00fcr. \u0130zmir,<span style=\"color: #2acec2;\"><strong><a style=\"color: #2acec2;\" href=\"https:\/\/www.myvize.com.tr\/malta\/subelerimiz\/istanbul\/\" target=\"_blank\" rel=\"noopener\"> \u0130stanbul<\/a><\/strong><\/span> ve <span style=\"color: #2acec2;\"><strong><a style=\"color: #2acec2;\" href=\"https:\/\/www.myvize.com.tr\/malta\/subelerimiz\/ankara\/\" target=\"_blank\" rel=\"noopener\">Ankara<\/a><\/strong><\/span> gibi \u00e7e\u015fitli illerde yer alan konsolosluklar, <strong>Malta vatanda\u015flar\u0131na<\/strong> ve T\u00fcrk vatanda\u015flar\u0131na pek \u00e7ok farkl\u0131 alanda destek verdi\u011finden dolay\u0131 yetkili olunan alanlarda i\u015flemlerin ger\u00e7ekle\u015ftirilebilmesi de m\u00fcmk\u00fcn olabilmektedir.<\/span><\/p>\n<p><span style=\"font-family: Roboto; font-size: 14px;\">T\u00fcrkiye\u2019de ikamet etmekte olan Malta vatanda\u015flar\u0131n\u0131n ve T\u00fcrk vatanda\u015flar\u0131n\u0131n \u00e7o\u011fu alanda konsolosluklardan destek almas\u0131 s\u00f6z konusu olmaktad\u0131r. \u00d6rne\u011fin <strong>Malta vatanda\u015flar\u0131n\u0131n konsolosluklar<\/strong> sayesinde resmi evraklar\u0131n\u0131 talep edebilmesinden s\u00f6z edilebilir. Benzer \u015fekilde T\u00fcrk vatanda\u015flar\u0131n\u0131n da vize i\u015flemlerini konsolosluklar \u00fczerinden ger\u00e7ekle\u015ftirmesi m\u00fcmk\u00fcnd\u00fcr.<\/span><\/p>\n<p><span style=\"font-family: Roboto; font-size: 14px;\"><strong>Vize ba\u015fvurusu<\/strong> i\u00e7in T\u00fcrk vatanda\u015flar\u0131n\u0131n <strong>Malta Bodrum Fahri Konsoloslu\u011fu<\/strong> ya da di\u011fer<strong> Malta konsolosluklar\u0131<\/strong> \u00fczerinden i\u015flem ba\u015flatmas\u0131 gerekir. Bu s\u00fcre\u00e7 i\u00e7erisinde evraklar\u0131n eksiksiz \u015fekilde temin edilmesi ve zaman\u0131nda teslim edilmesi son derece \u00f6nemlidir. Bu nedenle de teslim edilecek olan belgelerin \u00f6zellikle de tek seferde teslim edilmesi, vize i\u015flemlerinin \u00e7ok daha h\u0131zl\u0131 \u015fekilde ger\u00e7ekle\u015febilmesine olanak tan\u0131d\u0131\u011f\u0131ndan dolay\u0131 evraklar\u0131n tek seferde teslim edilmesi \u00f6nerilmektedir. Vize i\u015flemlerinde hangi belgelerin gerekli oldu\u011fu da konsolosluklardan \u00f6\u011frenilebilecektir.<\/span><\/p>\n<p><img decoding=\"async\" src=\"https:\/\/www.myvize.com.tr\/malta\/wp-content\/uploads\/2021\/10\/48.jpg\" \/><\/p>\n<h2><strong><span style=\"font-family: Roboto; font-size: 27px;\">Malta Bodrum Fahri Konsolosu Kimdir?<\/span><\/strong><\/h2>\n<p><span style=\"font-family: Roboto; font-size: 14px;\">Malta\u2019n\u0131n T\u00fcrkiye\u2019de bulunan temsilcili\u011finden birisi \u00a0Malta Bodrum Fahri Konsoloslu\u011fudur. Malta Bodrum Fahri Konsoloslu\u011fu\u2019nun y\u00f6neticisi ise \u00a0Malta Bodrum Fahri Konsoloslu\u011fu\u2019dur. Malta Bodrum Fahri Konsoloslu\u011funun kim oldu\u011fu hakk\u0131nda bilgiler bulunmamaktad\u0131r. \u00a0Malta Bodrum Fahri Konsoloslu\u011fusu, Malta \u00a0ile T\u00fcrkiye aras\u0131nda ki ili\u015fkileri daha ileri seviye \u00e7\u0131karmay\u0131 ya da belirli bir seviye de tutmay\u0131 ama\u00e7lamakta. Malta Bodrum Fahri Konsoloslu\u011fu, Malta ve T\u00fcrkiye aras\u0131ndaki ticari ili\u015fkisi geli\u015ftirmeyi ama\u00e7lamaktad\u0131r. Malta Bodrum Fahri Konsoloslu\u011fu, T\u00fcrkiye ve Malta aras\u0131ndaki ticari ili\u015fkiyi geli\u015ftirmeyi ve yeni ticari i\u015f birli\u011fi ile yat\u0131r\u0131m ortakl\u0131\u011f\u0131 ortaya \u00e7\u0131kar\u0131lmas\u0131n\u0131 ama\u00e7lamakta. \u00a0Malta\u2019n\u0131n Ankara B\u00fcy\u00fckel\u00e7ili\u011fine ba\u011fl\u0131 olarak \u00e7al\u0131\u015fmaktaddr. Gerektikleri durumda \u00a0Malta vatanda\u015flar\u0131na vatanda\u015fl\u0131k hizmet verilmektedir. \u00a0Malta vatanda\u015f\u0131na ekonomi, sosyal, e\u011fitim, sa\u011fl\u0131kl\u0131 ve hukuk alan\u0131nda destek vermektedir.<\/span><\/p>\n<h2><strong><span style=\"font-family: Roboto; font-size: 27px;\">Malta Bodrum Konsoloslu\u011fu Vize \u0130\u015flemleri<\/span><\/strong><\/h2>\n<p><span style=\"font-family: Roboto; font-size: 14px;\"><strong>Malta\u2019ya seyahat etmek<\/strong> isteyen ile Malta seyahatleri i\u00e7in vize alacak olan ki\u015filer,<span style=\"color: #2acec2;\"><strong><a style=\"color: #2acec2;\" href=\"https:\/\/www.myvize.com.tr\/malta\/malta-vize-basvurusu-2\/\" target=\"_blank\" rel=\"noopener\"> Malta vize ba\u015fvurusu<\/a><\/strong><\/span> Malta Bodrum Konsoloslu\u011funa yapabilir. Malta Bodrum Konsoloslu\u011fu\u2019na vize ba\u015fvurusu yapacak olan ki\u015filer, Malta Bodrum Konsoloslu\u011fu vize i\u015flemleri hakk\u0131nda ara\u015ft\u0131rma yapmaktad\u0131r. A\u015fa\u011f\u0131da Malta Bodrum Konsoloslu\u011fu vize i\u015flemleri hakk\u0131nda bilgi verilmi\u015ftir. Malta Bodrum Konsoloslu\u011fu vize ba\u015fvurusu yapacak olan ki\u015filer, \u00f6ncelikle Malta seyahat ama\u00e7lar\u0131na uygun vize t\u00fcr\u00fcn\u00fc belirlemelidir.<\/span><br \/>\n<span style=\"font-family: Roboto; font-size: 14px;\">Vize t\u00fcr\u00fc belirleyen ki\u015filer, Malta Bodrum Konsoloslu\u011fu vize i\u015flemi i\u00e7in konsolosluk ile ileti\u015fime ge\u00e7erek randevusunu alabilir.<\/span><br \/>\n<span style=\"font-family: Roboto; font-size: 14px;\">Randevu alan ki\u015fi, randevu tarihine kadar Malta vizesi i\u00e7in gerekli olan evrak\u0131 haz\u0131rlamal\u0131d\u0131r.<\/span><br \/>\n<span style=\"font-family: Roboto; font-size: 14px;\">Haz\u0131rlanan evraklar Malta Bodrum Konsoloslu\u011fu\u2019na randevu tarihinde teslim edilmeli ve Malta Bodrum Konsoloslu\u011fu vize i\u015flemleri yerine getirilmelidir.<\/span><br \/>\n<span style=\"font-family: Roboto; font-size: 14px;\">Malta Bodrum Konsoloslu\u011fu\u2019na yap\u0131lan ba\u015fvuru inceleme ve de\u011ferlendirme yetkisi Malta\u2019n\u0131n Ankara B\u00fcy\u00fckel\u00e7ili\u011fi ile \u0130stanbul Ba\u015fkonsoloslu\u011funa aittir. Ba\u015fvuru vize t\u00fcr\u00fcne g\u00f6re farkl\u0131 s\u00fcrede sonu\u00e7lanabilir.<\/span><\/p>\n<h2><strong><span style=\"font-family: Roboto; font-size: 27px;\">Malta Bodrum Konsoloslu\u011fu Vize Ba\u015fvurusu<\/span><\/strong><\/h2>\n<p><span style=\"font-family: Roboto; font-size: 14px;\">Malta\u2019n\u0131n T\u00fcrkiye temsilcili\u011finden birisi Malta Bodrum Konsoloslu\u011fu\u2019dur. Malta\u2019n\u0131n Bodrum Konsoloslu\u011funa vize ba\u015fvurusu yapacak olan ki\u015filer, Malta Bodrum Konsoloslu\u011fu vize ba\u015fvuru hakk\u0131nda ara\u015ft\u0131rma yapmaktad\u0131r. Bu yaz\u0131 da Malta Bodrum Konsoloslu\u011fu vize ba\u015fvurusu hakk\u0131nda bilgiler verilmi\u015ftir.<\/span><\/p>\n<p><span style=\"font-family: Roboto; font-size: 14px;\">Malta Bodrum Konsoloslu\u011fu vize ba\u015fvurusu yapacak olan ki\u015fi, Malta Bodrum Konsoloslu\u011fundan randevu almal\u0131d\u0131r. Randevu tarihlerine kadar <strong>Malta vizesi<\/strong> i\u00e7in gerekli olan evrak eksiksiz olarak haz\u0131rlamal\u0131 ve randevu tarihinde yetkiliye teslim edilmelidir. Ba\u015fvuru yapacak olan ki\u015fi, Malta Bodrum Konsoloslu\u011fu\u2019na parmak izi verisi vermesi gerekmektedir. Ayr\u0131ca vize ba\u015fvurusu yapacak olan ki\u015filerin vize \u00fccretini \u00f6demesi gerekmektedir.<\/span><\/p>\n<p><span style=\"font-family: Roboto; font-size: 14px;\">Malta Bodrum Konsoloslu\u011fu\u2019na vize ba\u015fvurusu yapacak olan ki\u015fi, Malta Bodrum Konsoloslu\u011fu vize ba\u015fvurusu i\u00e7in gerekli olan evrak\u0131 eksiksiz \u015fekilde haz\u0131rlamal\u0131d\u0131r. Evrak <strong>Malta seyahat<\/strong> ama\u00e7lar\u0131n\u0131 kan\u0131tlar nitelikte olmal\u0131d\u0131r. Ba\u015fvuru yapacak olan ki\u015fi, Malta\u2019da bulundu\u011fu s\u00fcre boyunca seyahat masraf\u0131n\u0131 kar\u015f\u0131layacak maddi duruma sahip olmal\u0131.<\/span><\/p>\n<h3><strong><span style=\"font-family: Roboto; font-size: 24px;\">Malta Bodrum Konsoloslu\u011fu Vize Randevusu<\/span><\/strong><\/h3>\n<p><span style=\"font-family: Roboto; font-size: 14px;\">Malta\u2019ya seyahat edecek olan ki\u015fi, <strong>Malta seyahatleri<\/strong> i\u00e7in vize almal\u0131. <strong>Malta vizesi<\/strong> alacak olan ki\u015fi, Malta Bodrum Konsoloslu\u011fundan randevu al\u0131p almamas\u0131 gerekti\u011fi hakk\u0131nda ara\u015ft\u0131rmalar yapmaktad\u0131r. Bu yaz\u0131da Malta Bodrum Konsoloslu\u011fu vize ba\u015fvurusu yapacak olan ki\u015fi i\u00e7in Malta Bodrum Konsoloslu\u011fu vize randevusu hakk\u0131nda bilgi verilmi\u015ftir.<\/span><\/p>\n<p><span style=\"font-family: Roboto; font-size: 14px;\">Malta Bodrum Konsoloslu\u011fu vize ba\u015fvurusu yapacak olan ki\u015filerin ba\u015fvurusu i\u00e7in randevu almas\u0131 gerekmektedir. Randevu Malta Bodrum Konsoloslu\u011fu ile ileti\u015fime ge\u00e7erek al\u0131nabilir. Randevu alm\u0131\u015f olan ki\u015fi, Malta Bodrum Konsoloslu\u011fu randevu tarihinde gerekli olan evrak\u0131 yetkililere teslim ederek ba\u015fvuru yerine getirmelidir.<\/span><\/p>\n<p><span style=\"font-family: Roboto; font-size: 14px;\"><strong>Malta Bodrum Konsoloslu\u011fu vize randevusu<\/strong> alm\u0131\u015f olan ki\u015finin randevu tarihini ka\u00e7\u0131rmamas\u0131 gerekmektedir. Malta Bodrum Konsoloslu\u011fu vize randevusu alm\u0131\u015f olan ki\u015finin randevusunu ka\u00e7\u0131rmas\u0131 durumuna vize ba\u015fvurusu kabul edilmeyebilir. Bu durum da ba\u015fvuru yapacak olan ki\u015finin yeniden Malta Bodrum Konsoloslu\u011fu\u2019ndan randevu almas\u0131 gerekebilir. <strong>Malta seyahat plan\u0131<\/strong> aksayabilir.<\/span><\/p>\n","protected":false},"excerpt":{"rendered":"<p>Malta Bodrum Fahri Konsoloslu\u011fu Hakk\u0131nda Malta Bodrum Fahri Konsoloslu\u011fu arayanlar\u0131n \u00e7evre illerde yer almakta olan yetkili konsolosluklardan destek alabilmesi m\u00fcmk\u00fcnd\u00fcr. \u0130zmir, \u0130stanbul ve Ankara gibi \u00e7e\u015fitli illerde yer alan konsolosluklar, Malta vatanda\u015flar\u0131na ve T\u00fcrk vatanda\u015flar\u0131na pek \u00e7ok farkl\u0131 alanda destek verdi\u011finden dolay\u0131 yetkili olunan alanlarda i\u015flemlerin ger\u00e7ekle\u015ftirilebilmesi de m\u00fcmk\u00fcn olabilmektedir. T\u00fcrkiye\u2019de ikamet etmekte olan Malta<\/p>\n","protected":false},"author":1,"featured_media":0,"parent":69,"menu_order":0,"comment_status":"open","ping_status":"closed","template":"","meta":{"footnotes":""},"class_list":["post-88","page","type-page","status-publish","hentry"],"yoast_head":"<!-- This site is optimized with the Yoast SEO plugin v24.0 - https:\/\/yoast.com\/wordpress\/plugins\/seo\/ -->\n<title>Malta Konsoloslu\u011fu Bodrum Vize \u0130\u015flemleri - MyVize<\/title>\n<meta name=\"description\" content=\"Malta Bodrum Fahri Konsoloslu\u011fu \u00e7al\u0131\u015fma saatleri. Malta Bodrum Fahri Konsoloslu\u011fu ula\u015f\u0131m, ileti\u015fim bilgileri ve faaliyet alan\u0131.\" \/>\n<meta name=\"robots\" content=\"index, follow, max-snippet:-1, max-image-preview:large, max-video-preview:-1\" \/>\n<link rel=\"canonical\" href=\"https:\/\/www.myvize.com.tr\/malta\/konsolosluklar\/bodrum-fahri-konsoloslugu\/\" \/>\n<meta property=\"og:locale\" content=\"tr_TR\" \/>\n<meta property=\"og:type\" content=\"article\" \/>\n<meta property=\"og:title\" content=\"Malta Konsoloslu\u011fu Bodrum Vize \u0130\u015flemleri - MyVize\" \/>\n<meta property=\"og:description\" content=\"Malta Bodrum Fahri Konsoloslu\u011fu \u00e7al\u0131\u015fma saatleri. Malta Bodrum Fahri Konsoloslu\u011fu ula\u015f\u0131m, ileti\u015fim bilgileri ve faaliyet alan\u0131.\" \/>\n<meta property=\"og:url\" content=\"https:\/\/www.myvize.com.tr\/malta\/konsolosluklar\/bodrum-fahri-konsoloslugu\/\" \/>\n<meta property=\"og:site_name\" content=\"Malta Vizesi\" \/>\n<meta property=\"article:modified_time\" content=\"2022-06-04T09:23:58+00:00\" \/>\n<meta property=\"og:image\" content=\"https:\/\/www.myvize.com.tr\/malta\/wp-content\/uploads\/2021\/10\/48.jpg\" \/>\n<meta name=\"twitter:card\" content=\"summary_large_image\" \/>\n<meta name=\"twitter:label1\" content=\"Tahmini okuma s\u00fcresi\" \/>\n\t<meta name=\"twitter:data1\" content=\"4 dakika\" \/>\n<script type=\"application\/ld+json\" class=\"yoast-schema-graph\">{\"@context\":\"https:\/\/schema.org\",\"@graph\":[{\"@type\":\"WebPage\",\"@id\":\"https:\/\/www.myvize.com.tr\/malta\/konsolosluklar\/bodrum-fahri-konsoloslugu\/\",\"url\":\"https:\/\/www.myvize.com.tr\/malta\/konsolosluklar\/bodrum-fahri-konsoloslugu\/\",\"name\":\"Malta Konsoloslu\u011fu Bodrum Vize \u0130\u015flemleri - MyVize\",\"isPartOf\":{\"@id\":\"https:\/\/www.myvize.com.tr\/malta\/#website\"},\"primaryImageOfPage\":{\"@id\":\"https:\/\/www.myvize.com.tr\/malta\/konsolosluklar\/bodrum-fahri-konsoloslugu\/#primaryimage\"},\"image\":{\"@id\":\"https:\/\/www.myvize.com.tr\/malta\/konsolosluklar\/bodrum-fahri-konsoloslugu\/#primaryimage\"},\"thumbnailUrl\":\"https:\/\/www.myvize.com.tr\/malta\/wp-content\/uploads\/2021\/10\/48.jpg\",\"datePublished\":\"2020-11-30T10:05:51+00:00\",\"dateModified\":\"2022-06-04T09:23:58+00:00\",\"description\":\"Malta Bodrum Fahri Konsoloslu\u011fu \u00e7al\u0131\u015fma saatleri. Malta Bodrum Fahri Konsoloslu\u011fu ula\u015f\u0131m, ileti\u015fim bilgileri ve faaliyet alan\u0131.\",\"breadcrumb\":{\"@id\":\"https:\/\/www.myvize.com.tr\/malta\/konsolosluklar\/bodrum-fahri-konsoloslugu\/#breadcrumb\"},\"inLanguage\":\"tr\",\"potentialAction\":[{\"@type\":\"ReadAction\",\"target\":[\"https:\/\/www.myvize.com.tr\/malta\/konsolosluklar\/bodrum-fahri-konsoloslugu\/\"]}]},{\"@type\":\"ImageObject\",\"inLanguage\":\"tr\",\"@id\":\"https:\/\/www.myvize.com.tr\/malta\/konsolosluklar\/bodrum-fahri-konsoloslugu\/#primaryimage\",\"url\":\"https:\/\/www.myvize.com.tr\/malta\/wp-content\/uploads\/2021\/10\/48.jpg\",\"contentUrl\":\"https:\/\/www.myvize.com.tr\/malta\/wp-content\/uploads\/2021\/10\/48.jpg\",\"width\":800,\"height\":500,\"caption\":\"Malta Bodrum Fahri Konsoloslu\u011fu\"},{\"@type\":\"BreadcrumbList\",\"@id\":\"https:\/\/www.myvize.com.tr\/malta\/konsolosluklar\/bodrum-fahri-konsoloslugu\/#breadcrumb\",\"itemListElement\":[{\"@type\":\"ListItem\",\"position\":1,\"name\":\"Anasayfa\",\"item\":\"https:\/\/www.myvize.com.tr\/malta\/\"},{\"@type\":\"ListItem\",\"position\":2,\"name\":\"KONSOLOSLUKLAR\",\"item\":\"https:\/\/www.myvize.com.tr\/malta\/konsolosluklar\/\"},{\"@type\":\"ListItem\",\"position\":3,\"name\":\"Malta Bodrum Konsoloslu\u011fu\"}]},{\"@type\":\"WebSite\",\"@id\":\"https:\/\/www.myvize.com.tr\/malta\/#website\",\"url\":\"https:\/\/www.myvize.com.tr\/malta\/\",\"name\":\"Malta Vizesi\",\"description\":\"\",\"potentialAction\":[{\"@type\":\"SearchAction\",\"target\":{\"@type\":\"EntryPoint\",\"urlTemplate\":\"https:\/\/www.myvize.com.tr\/malta\/?s={search_term_string}\"},\"query-input\":{\"@type\":\"PropertyValueSpecification\",\"valueRequired\":true,\"valueName\":\"search_term_string\"}}],\"inLanguage\":\"tr\"}]}<\/script>\n<!-- \/ Yoast SEO plugin. -->","yoast_head_json":{"title":"Malta Konsoloslu\u011fu Bodrum Vize \u0130\u015flemleri - MyVize","description":"Malta Bodrum Fahri Konsoloslu\u011fu \u00e7al\u0131\u015fma saatleri. Malta Bodrum Fahri Konsoloslu\u011fu ula\u015f\u0131m, ileti\u015fim bilgileri ve faaliyet alan\u0131.","robots":{"index":"index","follow":"follow","max-snippet":"max-snippet:-1","max-image-preview":"max-image-preview:large","max-video-preview":"max-video-preview:-1"},"canonical":"https:\/\/www.myvize.com.tr\/malta\/konsolosluklar\/bodrum-fahri-konsoloslugu\/","og_locale":"tr_TR","og_type":"article","og_title":"Malta Konsoloslu\u011fu Bodrum Vize \u0130\u015flemleri - MyVize","og_description":"Malta Bodrum Fahri Konsoloslu\u011fu \u00e7al\u0131\u015fma saatleri. Malta Bodrum Fahri Konsoloslu\u011fu ula\u015f\u0131m, ileti\u015fim bilgileri ve faaliyet alan\u0131.","og_url":"https:\/\/www.myvize.com.tr\/malta\/konsolosluklar\/bodrum-fahri-konsoloslugu\/","og_site_name":"Malta Vizesi","article_modified_time":"2022-06-04T09:23:58+00:00","og_image":[{"url":"https:\/\/www.myvize.com.tr\/malta\/wp-content\/uploads\/2021\/10\/48.jpg","type":"","width":"","height":""}],"twitter_card":"summary_large_image","twitter_misc":{"Tahmini okuma s\u00fcresi":"4 dakika"},"schema":{"@context":"https:\/\/schema.org","@graph":[{"@type":"WebPage","@id":"https:\/\/www.myvize.com.tr\/malta\/konsolosluklar\/bodrum-fahri-konsoloslugu\/","url":"https:\/\/www.myvize.com.tr\/malta\/konsolosluklar\/bodrum-fahri-konsoloslugu\/","name":"Malta Konsoloslu\u011fu Bodrum Vize \u0130\u015flemleri - MyVize","isPartOf":{"@id":"https:\/\/www.myvize.com.tr\/malta\/#website"},"primaryImageOfPage":{"@id":"https:\/\/www.myvize.com.tr\/malta\/konsolosluklar\/bodrum-fahri-konsoloslugu\/#primaryimage"},"image":{"@id":"https:\/\/www.myvize.com.tr\/malta\/konsolosluklar\/bodrum-fahri-konsoloslugu\/#primaryimage"},"thumbnailUrl":"https:\/\/www.myvize.com.tr\/malta\/wp-content\/uploads\/2021\/10\/48.jpg","datePublished":"2020-11-30T10:05:51+00:00","dateModified":"2022-06-04T09:23:58+00:00","description":"Malta Bodrum Fahri Konsoloslu\u011fu \u00e7al\u0131\u015fma saatleri. Malta Bodrum Fahri Konsoloslu\u011fu ula\u015f\u0131m, ileti\u015fim bilgileri ve faaliyet alan\u0131.","breadcrumb":{"@id":"https:\/\/www.myvize.com.tr\/malta\/konsolosluklar\/bodrum-fahri-konsoloslugu\/#breadcrumb"},"inLanguage":"tr","potentialAction":[{"@type":"ReadAction","target":["https:\/\/www.myvize.com.tr\/malta\/konsolosluklar\/bodrum-fahri-konsoloslugu\/"]}]},{"@type":"ImageObject","inLanguage":"tr","@id":"https:\/\/www.myvize.com.tr\/malta\/konsolosluklar\/bodrum-fahri-konsoloslugu\/#primaryimage","url":"https:\/\/www.myvize.com.tr\/malta\/wp-content\/uploads\/2021\/10\/48.jpg","contentUrl":"https:\/\/www.myvize.com.tr\/malta\/wp-content\/uploads\/2021\/10\/48.jpg","width":800,"height":500,"caption":"Malta Bodrum Fahri Konsoloslu\u011fu"},{"@type":"BreadcrumbList","@id":"https:\/\/www.myvize.com.tr\/malta\/konsolosluklar\/bodrum-fahri-konsoloslugu\/#breadcrumb","itemListElement":[{"@type":"ListItem","position":1,"name":"Anasayfa","item":"https:\/\/www.myvize.com.tr\/malta\/"},{"@type":"ListItem","position":2,"name":"KONSOLOSLUKLAR","item":"https:\/\/www.myvize.com.tr\/malta\/konsolosluklar\/"},{"@type":"ListItem","position":3,"name":"Malta Bodrum Konsoloslu\u011fu"}]},{"@type":"WebSite","@id":"https:\/\/www.myvize.com.tr\/malta\/#website","url":"https:\/\/www.myvize.com.tr\/malta\/","name":"Malta Vizesi","description":"","potentialAction":[{"@type":"SearchAction","target":{"@type":"EntryPoint","urlTemplate":"https:\/\/www.myvize.com.tr\/malta\/?s={search_term_string}"},"query-input":{"@type":"PropertyValueSpecification","valueRequired":true,"valueName":"search_term_string"}}],"inLanguage":"tr"}]}},"_links":{"self":[{"href":"https:\/\/www.myvize.com.tr\/malta\/wp-json\/wp\/v2\/pages\/88","targetHints":{"allow":["GET"]}}],"collection":[{"href":"https:\/\/www.myvize.com.tr\/malta\/wp-json\/wp\/v2\/pages"}],"about":[{"href":"https:\/\/www.myvize.com.tr\/malta\/wp-json\/wp\/v2\/types\/page"}],"author":[{"embeddable":true,"href":"https:\/\/www.myvize.com.tr\/malta\/wp-json\/wp\/v2\/users\/1"}],"replies":[{"embeddable":true,"href":"https:\/\/www.myvize.com.tr\/malta\/wp-json\/wp\/v2\/comments?post=88"}],"version-history":[{"count":6,"href":"https:\/\/www.myvize.com.tr\/malta\/wp-json\/wp\/v2\/pages\/88\/revisions"}],"predecessor-version":[{"id":546,"href":"https:\/\/www.myvize.com.tr\/malta\/wp-json\/wp\/v2\/pages\/88\/revisions\/546"}],"up":[{"embeddable":true,"href":"https:\/\/www.myvize.com.tr\/malta\/wp-json\/wp\/v2\/pages\/69"}],"wp:attachment":[{"href":"https:\/\/www.myvize.com.tr\/malta\/wp-json\/wp\/v2\/media?parent=88"}],"curies":[{"name":"wp","href":"https:\/\/api.w.org\/{rel}","templated":true}]}}