{"id":218,"date":"2020-12-28T15:24:25","date_gmt":"2020-12-28T12:24:25","guid":{"rendered":"https:\/\/www.myvize.com.tr\/misir\/?page_id=218"},"modified":"2022-04-25T17:48:48","modified_gmt":"2022-04-25T14:48:48","slug":"edirne","status":"publish","type":"page","link":"https:\/\/www.myvize.com.tr\/misir\/subelerimiz\/edirne\/","title":{"rendered":"M\u0131s\u0131r Vizesi , Edirne"},"content":{"rendered":"<h2><span style=\"font-family: Roboto; font-size: 27px;\"><strong>M\u0131s\u0131r Vize Ba\u015fvuru Merkezi , Edirne<\/strong><\/span><\/h2>\n<p><span style=\"font-family: Roboto; font-size: 14px;\"><strong>Edirne vize ba\u015fvuru\u00a0<\/strong>i\u015flemlerine ba\u015flamadan \u00f6nce en \u00f6nemli evrak olan ba\u015fvuru formunun doldurulmas\u0131 gerekir. Bu evrak resmi evrak lar aras\u0131nda yer al\u0131r.\u00a0 <strong>Vize ba\u015fvurusu<\/strong> i\u00e7in ilk ad\u0131m\u0131 <strong>ba\u015fvuru formu<\/strong> olu\u015fturur. Bu nedenle de formun konsoloslu\u011fun istedi\u011fi \u015fekilde dikkatlice doldurulmas\u0131 gerekir. Bu durum en \u00f6nemli olaylar aras\u0131nda yer al\u0131r. <span style=\"color: #2acec2;\"><strong><a style=\"color: #2acec2;\" href=\"https:\/\/www.myvize.com.tr\/misir\/form-dilekce\/misir-vize-basvuru-formu\/\" target=\"_blank\" rel=\"noopener\">M\u0131s\u0131r Vize ba\u015fvuru formu<\/a><\/strong><\/span> i\u00e7erisinde istenen bilgilerin her birinin eksiksiz olarak doldurulmas\u0131 gerekir. Doldurulmu\u015f olan bilgilerin her birinin de do\u011fru olmas\u0131 gerekir. Eksik doldurulan ya da yanl\u0131\u015f bilgi i\u00e7eren formlar ile yap\u0131lan vize ba\u015fvurular\u0131n\u0131n reddedilme olas\u0131l\u0131\u011f\u0131 olduk\u00e7a y\u00fcksektir.<strong> Vize ba\u015fvuru formunu<\/strong> dolduran ki\u015finin ayn\u0131 zaman da imza b\u00f6l\u00fcmlerine de ayn\u0131 imzay\u0131 atmas\u0131 gerekir. Ki\u015finin form da imzas\u0131n\u0131n olmamas\u0131 halinde <strong>vize i\u015flemlerine<\/strong> ba\u015flanamaz. Form hem \u0130ngilizce olarak hem de T\u00fcrk\u00e7e olarak doldurulabilir. Form i\u00e7erisinde doldurulmas\u0131 gereken alanlar\u0131n her birisi doldurulmal\u0131d\u0131r. Yaz\u0131n\u0131n okunakl\u0131 bir \u015fekilde olmas\u0131 gerekir. Form i\u00e7erisinde yaz\u0131lm\u0131\u015f olan bilgilerin her birisinin do\u011fru olmas\u0131 gerekir. Bunun yan\u0131 s\u0131ra form d\u00fczg\u00fcn bir kalem ile yani t\u00fckenmez kalem ile doldurulmal\u0131d\u0131r.\u00a0<\/span><\/p>\n<p>&nbsp;<\/p>\n","protected":false},"excerpt":{"rendered":"<p>M\u0131s\u0131r Vize Ba\u015fvuru Merkezi , Edirne Edirne vize ba\u015fvuru\u00a0i\u015flemlerine ba\u015flamadan \u00f6nce en \u00f6nemli evrak olan ba\u015fvuru formunun doldurulmas\u0131 gerekir. Bu evrak resmi evrak lar aras\u0131nda yer al\u0131r.\u00a0 Vize ba\u015fvurusu i\u00e7in ilk ad\u0131m\u0131 ba\u015fvuru formu olu\u015fturur. Bu nedenle de formun konsoloslu\u011fun istedi\u011fi \u015fekilde dikkatlice doldurulmas\u0131 gerekir. Bu durum en \u00f6nemli olaylar aras\u0131nda yer al\u0131r. M\u0131s\u0131r Vize<\/p>\n","protected":false},"author":1,"featured_media":0,"parent":173,"menu_order":0,"comment_status":"open","ping_status":"closed","template":"","meta":{"footnotes":""},"class_list":["post-218","page","type-page","status-publish","hentry"],"yoast_head":"<!-- This site is optimized with the Yoast SEO plugin v24.0 - https:\/\/yoast.com\/wordpress\/plugins\/seo\/ -->\n<title>M\u0131s\u0131r Vizesi Edirne Vize Ba\u015fvuru Merkezimiz - MyVize<\/title>\n<meta name=\"description\" content=\"M\u0131s\u0131r vizesi Edirne ofisimiz, hangi \u00fclkeye seyahat etmek isterseniz gerekli b\u00fct\u00fcn bilgilere ula\u015fabilirsiniz: 0850 346 84 93\" \/>\n<meta name=\"robots\" content=\"index, follow, max-snippet:-1, max-image-preview:large, max-video-preview:-1\" \/>\n<link rel=\"canonical\" href=\"https:\/\/www.myvize.com.tr\/misir\/subelerimiz\/edirne\/\" \/>\n<meta property=\"og:locale\" content=\"tr_TR\" \/>\n<meta property=\"og:type\" content=\"article\" \/>\n<meta property=\"og:title\" content=\"M\u0131s\u0131r Vizesi Edirne Vize Ba\u015fvuru Merkezimiz - MyVize\" \/>\n<meta property=\"og:description\" content=\"M\u0131s\u0131r vizesi Edirne ofisimiz, hangi \u00fclkeye seyahat etmek isterseniz gerekli b\u00fct\u00fcn bilgilere ula\u015fabilirsiniz: 0850 346 84 93\" \/>\n<meta property=\"og:url\" content=\"https:\/\/www.myvize.com.tr\/misir\/subelerimiz\/edirne\/\" \/>\n<meta property=\"og:site_name\" content=\"M\u0131s\u0131r Vizesi\" \/>\n<meta property=\"article:modified_time\" content=\"2022-04-25T14:48:48+00:00\" \/>\n<meta name=\"twitter:card\" content=\"summary_large_image\" \/>\n<meta name=\"twitter:label1\" content=\"Tahmini okuma s\u00fcresi\" \/>\n\t<meta name=\"twitter:data1\" content=\"1 dakika\" \/>\n<script type=\"application\/ld+json\" class=\"yoast-schema-graph\">{\"@context\":\"https:\/\/schema.org\",\"@graph\":[{\"@type\":\"WebPage\",\"@id\":\"https:\/\/www.myvize.com.tr\/misir\/subelerimiz\/edirne\/\",\"url\":\"https:\/\/www.myvize.com.tr\/misir\/subelerimiz\/edirne\/\",\"name\":\"M\u0131s\u0131r Vizesi Edirne Vize Ba\u015fvuru Merkezimiz - MyVize\",\"isPartOf\":{\"@id\":\"https:\/\/www.myvize.com.tr\/misir\/#website\"},\"datePublished\":\"2020-12-28T12:24:25+00:00\",\"dateModified\":\"2022-04-25T14:48:48+00:00\",\"description\":\"M\u0131s\u0131r vizesi Edirne ofisimiz, hangi \u00fclkeye seyahat etmek isterseniz gerekli b\u00fct\u00fcn bilgilere ula\u015fabilirsiniz: 0850 346 84 93\",\"breadcrumb\":{\"@id\":\"https:\/\/www.myvize.com.tr\/misir\/subelerimiz\/edirne\/#breadcrumb\"},\"inLanguage\":\"tr\",\"potentialAction\":[{\"@type\":\"ReadAction\",\"target\":[\"https:\/\/www.myvize.com.tr\/misir\/subelerimiz\/edirne\/\"]}]},{\"@type\":\"BreadcrumbList\",\"@id\":\"https:\/\/www.myvize.com.tr\/misir\/subelerimiz\/edirne\/#breadcrumb\",\"itemListElement\":[{\"@type\":\"ListItem\",\"position\":1,\"name\":\"Anasayfa\",\"item\":\"https:\/\/www.myvize.com.tr\/misir\/\"},{\"@type\":\"ListItem\",\"position\":2,\"name\":\"\u015eUBELER\u0130M\u0130Z\",\"item\":\"https:\/\/www.myvize.com.tr\/misir\/subelerimiz\/\"},{\"@type\":\"ListItem\",\"position\":3,\"name\":\"M\u0131s\u0131r Vizesi , Edirne\"}]},{\"@type\":\"WebSite\",\"@id\":\"https:\/\/www.myvize.com.tr\/misir\/#website\",\"url\":\"https:\/\/www.myvize.com.tr\/misir\/\",\"name\":\"M\u0131s\u0131r Vizesi\",\"description\":\"\",\"potentialAction\":[{\"@type\":\"SearchAction\",\"target\":{\"@type\":\"EntryPoint\",\"urlTemplate\":\"https:\/\/www.myvize.com.tr\/misir\/?s={search_term_string}\"},\"query-input\":{\"@type\":\"PropertyValueSpecification\",\"valueRequired\":true,\"valueName\":\"search_term_string\"}}],\"inLanguage\":\"tr\"}]}<\/script>\n<!-- \/ Yoast SEO plugin. -->","yoast_head_json":{"title":"M\u0131s\u0131r Vizesi Edirne Vize Ba\u015fvuru Merkezimiz - MyVize","description":"M\u0131s\u0131r vizesi Edirne ofisimiz, hangi \u00fclkeye seyahat etmek isterseniz gerekli b\u00fct\u00fcn bilgilere ula\u015fabilirsiniz: 0850 346 84 93","robots":{"index":"index","follow":"follow","max-snippet":"max-snippet:-1","max-image-preview":"max-image-preview:large","max-video-preview":"max-video-preview:-1"},"canonical":"https:\/\/www.myvize.com.tr\/misir\/subelerimiz\/edirne\/","og_locale":"tr_TR","og_type":"article","og_title":"M\u0131s\u0131r Vizesi Edirne Vize Ba\u015fvuru Merkezimiz - MyVize","og_description":"M\u0131s\u0131r vizesi Edirne ofisimiz, hangi \u00fclkeye seyahat etmek isterseniz gerekli b\u00fct\u00fcn bilgilere ula\u015fabilirsiniz: 0850 346 84 93","og_url":"https:\/\/www.myvize.com.tr\/misir\/subelerimiz\/edirne\/","og_site_name":"M\u0131s\u0131r Vizesi","article_modified_time":"2022-04-25T14:48:48+00:00","twitter_card":"summary_large_image","twitter_misc":{"Tahmini okuma s\u00fcresi":"1 dakika"},"schema":{"@context":"https:\/\/schema.org","@graph":[{"@type":"WebPage","@id":"https:\/\/www.myvize.com.tr\/misir\/subelerimiz\/edirne\/","url":"https:\/\/www.myvize.com.tr\/misir\/subelerimiz\/edirne\/","name":"M\u0131s\u0131r Vizesi Edirne Vize Ba\u015fvuru Merkezimiz - MyVize","isPartOf":{"@id":"https:\/\/www.myvize.com.tr\/misir\/#website"},"datePublished":"2020-12-28T12:24:25+00:00","dateModified":"2022-04-25T14:48:48+00:00","description":"M\u0131s\u0131r vizesi Edirne ofisimiz, hangi \u00fclkeye seyahat etmek isterseniz gerekli b\u00fct\u00fcn bilgilere ula\u015fabilirsiniz: 0850 346 84 93","breadcrumb":{"@id":"https:\/\/www.myvize.com.tr\/misir\/subelerimiz\/edirne\/#breadcrumb"},"inLanguage":"tr","potentialAction":[{"@type":"ReadAction","target":["https:\/\/www.myvize.com.tr\/misir\/subelerimiz\/edirne\/"]}]},{"@type":"BreadcrumbList","@id":"https:\/\/www.myvize.com.tr\/misir\/subelerimiz\/edirne\/#breadcrumb","itemListElement":[{"@type":"ListItem","position":1,"name":"Anasayfa","item":"https:\/\/www.myvize.com.tr\/misir\/"},{"@type":"ListItem","position":2,"name":"\u015eUBELER\u0130M\u0130Z","item":"https:\/\/www.myvize.com.tr\/misir\/subelerimiz\/"},{"@type":"ListItem","position":3,"name":"M\u0131s\u0131r Vizesi , Edirne"}]},{"@type":"WebSite","@id":"https:\/\/www.myvize.com.tr\/misir\/#website","url":"https:\/\/www.myvize.com.tr\/misir\/","name":"M\u0131s\u0131r Vizesi","description":"","potentialAction":[{"@type":"SearchAction","target":{"@type":"EntryPoint","urlTemplate":"https:\/\/www.myvize.com.tr\/misir\/?s={search_term_string}"},"query-input":{"@type":"PropertyValueSpecification","valueRequired":true,"valueName":"search_term_string"}}],"inLanguage":"tr"}]}},"_links":{"self":[{"href":"https:\/\/www.myvize.com.tr\/misir\/wp-json\/wp\/v2\/pages\/218","targetHints":{"allow":["GET"]}}],"collection":[{"href":"https:\/\/www.myvize.com.tr\/misir\/wp-json\/wp\/v2\/pages"}],"about":[{"href":"https:\/\/www.myvize.com.tr\/misir\/wp-json\/wp\/v2\/types\/page"}],"author":[{"embeddable":true,"href":"https:\/\/www.myvize.com.tr\/misir\/wp-json\/wp\/v2\/users\/1"}],"replies":[{"embeddable":true,"href":"https:\/\/www.myvize.com.tr\/misir\/wp-json\/wp\/v2\/comments?post=218"}],"version-history":[{"count":5,"href":"https:\/\/www.myvize.com.tr\/misir\/wp-json\/wp\/v2\/pages\/218\/revisions"}],"predecessor-version":[{"id":751,"href":"https:\/\/www.myvize.com.tr\/misir\/wp-json\/wp\/v2\/pages\/218\/revisions\/751"}],"up":[{"embeddable":true,"href":"https:\/\/www.myvize.com.tr\/misir\/wp-json\/wp\/v2\/pages\/173"}],"wp:attachment":[{"href":"https:\/\/www.myvize.com.tr\/misir\/wp-json\/wp\/v2\/media?parent=218"}],"curies":[{"name":"wp","href":"https:\/\/api.w.org\/{rel}","templated":true}]}}