{"id":226,"date":"2020-12-28T15:25:28","date_gmt":"2020-12-28T12:25:28","guid":{"rendered":"https:\/\/www.myvize.com.tr\/misir\/?page_id=226"},"modified":"2022-04-25T18:03:51","modified_gmt":"2022-04-25T15:03:51","slug":"istanbul","status":"publish","type":"page","link":"https:\/\/www.myvize.com.tr\/misir\/subelerimiz\/istanbul\/","title":{"rendered":"M\u0131s\u0131r Vizesi , \u0130stanbul"},"content":{"rendered":"<h2><span style=\"font-family: Roboto; font-size: 27px;\"><strong>M\u0131s\u0131r Vize Ba\u015fvuru Merkezi , \u0130stanbul<\/strong><\/span><\/h2>\n<p><span style=\"font-family: Roboto; font-size: 14px;\"><strong>\u0130stanbul vize ba\u015fvuru\u00a0<\/strong>i\u015flemleri i\u00e7in \u00f6ncelikle ba\u015fvuru formunun doldurulmas\u0131 gerekir. <strong>Ba\u015fvuru formu<\/strong> uluslararas\u0131 prosed\u00fcrde kullan\u0131lan resmi bir evrak olur. Bu nedenle de form i\u00e7erisinde yaz\u0131l\u0131 olan belgelerin seyahat amac\u0131n\u0131 destekleyecek niteli\u011fe sahip olmas\u0131 gerekir. Ayn\u0131 zaman da ger\u00e7e\u011fe uygun olarak da formun doldurulmas\u0131 gerekir.<span style=\"color: #2acec2;\"><strong><a style=\"color: #2acec2;\" href=\"https:\/\/www.myvize.com.tr\/misir\/form-dilekce\/misir-vize-basvuru-formu\/\" target=\"_blank\" rel=\"noopener\"> M\u0131s\u0131r Vize ba\u015fvuru formu<\/a><\/strong><\/span> i\u00e7erisinde yaz\u0131lm\u0131\u015f olan yanl\u0131\u015f ve eksik bilgiler vize sonucunun olumsuz olmas\u0131na neden olur. Ayn\u0131 zamanda hatal\u0131 i\u00e7erikli bir form verilmesinden dolay\u0131 ki\u015filerin ceza alma olas\u0131l\u0131klar\u0131 da ortaya \u00e7\u0131kar. Bir tek bunun ile de s\u0131n\u0131rl\u0131 kalmayan baz\u0131 durumlar meydana gelebilir. Vize ba\u015fvuru formunda yanl\u0131\u015f bilgi vermesinden dolay\u0131 vize olumsuz sonu\u00e7lan\u0131r. Ayn\u0131 zaman da bir daha vize alman\u0131z ve \u00fclkeye giri\u015f \u00e7\u0131k\u0131\u015f yapman\u0131zda zorla\u015f\u0131r. Para cezas\u0131 ile cezaland\u0131r\u0131lma olas\u0131l\u0131\u011f\u0131n\u0131z da bulunur. <strong>Vize ba\u015fvuru formuna<\/strong> imza atman\u0131z ile birlikte vize s\u00fcreniz bitene kadar \u00fclkeyi terk edece\u011finin, vize alm\u0131\u015f olsan\u0131z bile bunun \u00fclkeye girebilece\u011fine dair bir garanti olmad\u0131\u011f\u0131n\u0131n, \u00fclke giri\u015f durumunuzun M\u0131s\u0131r s\u0131n\u0131r g\u00f6revlilerinin yetkisinde oldu\u011funu da kabul etmi\u015f olursunuz.\u00a0<\/span><\/p>\n<h2><span style=\"font-family: Roboto; font-size: 27px;\"><strong>\u0130stanbul M\u0131s\u0131r Konsolosluk \u0130\u015flemi<\/strong><\/span><\/h2>\n<p><span style=\"font-family: Roboto; font-size: 14px;\"><strong>M\u0131s\u0131r Konsoloslu\u011fu<\/strong> ve <strong>M\u0131s\u0131r B\u00fcy\u00fckel\u00e7ilik<\/strong>, M\u0131s\u0131r\u2019a seyahat etmeyi isteyen<strong> T\u00fcrkiye Cumhuriyeti vatanda\u015flar\u0131<\/strong> ile T\u00fcrkiye ikamet izni sahip \u00fc\u00e7\u00fcnc\u00fc \u00fclke vatanda\u015flar\u0131n\u0131n M\u0131s\u0131r vizesi i\u015flemi konusunda hizmet vermekte olan yetkilisi M\u0131s\u0131r temsilcili\u011fidir.<\/span><br \/>\n<span style=\"font-family: Roboto; font-size: 14px;\">M\u0131s\u0131r Konsolosluklar\u0131 ve M\u0131s\u0131r B\u00fcy\u00fckel\u00e7ili\u011fi ayn\u0131 zamanda T\u00fcrkiye\u2019de ikamet etmekte olan M\u0131s\u0131r vatanda\u015f\u0131n\u0131n konsolosluk i\u015flemi konusunda da \u00e7al\u0131\u015fma y\u00fcr\u00fctmektedir.<\/span><br \/>\n<span style=\"font-family: Roboto; font-size: 14px;\"><strong>M\u0131s\u0131r \u0130stanbul Ba\u015fkonsolosluk<\/strong>, T\u00fcrkiye\u2019de ya\u015fayan M\u0131s\u0131r vatanda\u015f\u0131n\u0131n pasaport &#8211; kimlik yenilemek, noter i\u015flemi, do\u011fum, \u00f6l\u00fcm ve evlilik i\u015flemi konusunda M\u0131s\u0131r \u0130stanbul Ba\u015fkonsolosluk konsolosluk i\u015flemini yerine getirmekle y\u00fck\u00fcml\u00fc.<\/span><br \/>\n<span style=\"font-family: Roboto; font-size: 14px;\"><strong>M\u0131s\u0131r \u0130stanbul Ba\u015fkonsoloslu\u011fu<\/strong> pasaport \u00e7\u0131kartmak ve yenilemek, konsolosluk do\u011fum belge, noter hizmeti, oy kullanma yard\u0131m, vergi formlar\u0131 ve acil durum yard\u0131m hizmeti al\u0131nabilmekte.<\/span><br \/>\n<span style=\"font-family: Roboto; font-size: 14px;\"><strong>M\u0131s\u0131r vize<\/strong> ba\u015fvurunuzun sonu\u00e7lanma s\u00fcresi 10-14 i\u015f g\u00fcn\u00fcd\u00fcr.<\/span><br \/>\n<span style=\"font-family: Roboto; font-size: 14px;\">M\u0131s\u0131r vize ba\u015fvurunuzu seyahatinizde en az 30 g\u00fcn \u00f6nce ger\u00e7ekle\u015ftirmeniz tavsiye edilmektedir.<\/span><br \/>\n<span style=\"font-family: Roboto; font-size: 14px;\">M\u0131s\u0131r\u2019a yap\u0131lacak olan seyahat t\u00fcr\u00fc ve kal\u0131\u015f s\u00fcresi g\u00f6re vize \u00fccret konsolosluk taraf\u0131nda belirlenmekte. <span style=\"color: #2acec2;\"><strong><a style=\"color: #2acec2;\" href=\"https:\/\/www.myvize.com.tr\/misir\/misir-vize-ucreti\/\" target=\"_blank\" rel=\"noopener\">M\u0131s\u0131r vize \u00fccretleri<\/a><\/strong><\/span>; ba\u015fvuran ki\u015filerin ya\u015f\u0131 ve mesleklerine g\u00f6re de de\u011fi\u015fiklik g\u00f6stermektedir. Her y\u0131l \u00fccretler g\u00fcncellenmektedir.<\/span><\/p>\n","protected":false},"excerpt":{"rendered":"<p>M\u0131s\u0131r Vize Ba\u015fvuru Merkezi , \u0130stanbul \u0130stanbul vize ba\u015fvuru\u00a0i\u015flemleri i\u00e7in \u00f6ncelikle ba\u015fvuru formunun doldurulmas\u0131 gerekir. Ba\u015fvuru formu uluslararas\u0131 prosed\u00fcrde kullan\u0131lan resmi bir evrak olur. Bu nedenle de form i\u00e7erisinde yaz\u0131l\u0131 olan belgelerin seyahat amac\u0131n\u0131 destekleyecek niteli\u011fe sahip olmas\u0131 gerekir. Ayn\u0131 zaman da ger\u00e7e\u011fe uygun olarak da formun doldurulmas\u0131 gerekir. M\u0131s\u0131r Vize ba\u015fvuru formu i\u00e7erisinde yaz\u0131lm\u0131\u015f<\/p>\n","protected":false},"author":1,"featured_media":0,"parent":173,"menu_order":0,"comment_status":"open","ping_status":"closed","template":"","meta":{"footnotes":""},"class_list":["post-226","page","type-page","status-publish","hentry"],"yoast_head":"<!-- This site is optimized with the Yoast SEO plugin v24.0 - https:\/\/yoast.com\/wordpress\/plugins\/seo\/ -->\n<title>M\u0131s\u0131r Vize Ba\u015fvuru \u015eubesi \u0130stanbul - MyVize<\/title>\n<meta name=\"description\" content=\"M\u0131s\u0131r vizesi \u0130stanbul ofislerimiz, hangi \u00fclkeye seyahat etmek isterseniz gerekli b\u00fct\u00fcn bilgilere ula\u015fabilirsiniz: 0850 346 84 93\" \/>\n<meta name=\"robots\" content=\"index, follow, max-snippet:-1, max-image-preview:large, max-video-preview:-1\" \/>\n<link rel=\"canonical\" href=\"https:\/\/www.myvize.com.tr\/misir\/subelerimiz\/istanbul\/\" \/>\n<meta property=\"og:locale\" content=\"tr_TR\" \/>\n<meta property=\"og:type\" content=\"article\" \/>\n<meta property=\"og:title\" content=\"M\u0131s\u0131r Vize Ba\u015fvuru \u015eubesi \u0130stanbul - MyVize\" \/>\n<meta property=\"og:description\" content=\"M\u0131s\u0131r vizesi \u0130stanbul ofislerimiz, hangi \u00fclkeye seyahat etmek isterseniz gerekli b\u00fct\u00fcn bilgilere ula\u015fabilirsiniz: 0850 346 84 93\" \/>\n<meta property=\"og:url\" content=\"https:\/\/www.myvize.com.tr\/misir\/subelerimiz\/istanbul\/\" \/>\n<meta property=\"og:site_name\" content=\"M\u0131s\u0131r Vizesi\" \/>\n<meta property=\"article:modified_time\" content=\"2022-04-25T15:03:51+00:00\" \/>\n<meta name=\"twitter:card\" content=\"summary_large_image\" \/>\n<meta name=\"twitter:label1\" content=\"Tahmini okuma s\u00fcresi\" \/>\n\t<meta name=\"twitter:data1\" content=\"2 dakika\" \/>\n<script type=\"application\/ld+json\" class=\"yoast-schema-graph\">{\"@context\":\"https:\/\/schema.org\",\"@graph\":[{\"@type\":\"WebPage\",\"@id\":\"https:\/\/www.myvize.com.tr\/misir\/subelerimiz\/istanbul\/\",\"url\":\"https:\/\/www.myvize.com.tr\/misir\/subelerimiz\/istanbul\/\",\"name\":\"M\u0131s\u0131r Vize Ba\u015fvuru \u015eubesi \u0130stanbul - MyVize\",\"isPartOf\":{\"@id\":\"https:\/\/www.myvize.com.tr\/misir\/#website\"},\"datePublished\":\"2020-12-28T12:25:28+00:00\",\"dateModified\":\"2022-04-25T15:03:51+00:00\",\"description\":\"M\u0131s\u0131r vizesi \u0130stanbul ofislerimiz, hangi \u00fclkeye seyahat etmek isterseniz gerekli b\u00fct\u00fcn bilgilere ula\u015fabilirsiniz: 0850 346 84 93\",\"breadcrumb\":{\"@id\":\"https:\/\/www.myvize.com.tr\/misir\/subelerimiz\/istanbul\/#breadcrumb\"},\"inLanguage\":\"tr\",\"potentialAction\":[{\"@type\":\"ReadAction\",\"target\":[\"https:\/\/www.myvize.com.tr\/misir\/subelerimiz\/istanbul\/\"]}]},{\"@type\":\"BreadcrumbList\",\"@id\":\"https:\/\/www.myvize.com.tr\/misir\/subelerimiz\/istanbul\/#breadcrumb\",\"itemListElement\":[{\"@type\":\"ListItem\",\"position\":1,\"name\":\"Anasayfa\",\"item\":\"https:\/\/www.myvize.com.tr\/misir\/\"},{\"@type\":\"ListItem\",\"position\":2,\"name\":\"\u015eUBELER\u0130M\u0130Z\",\"item\":\"https:\/\/www.myvize.com.tr\/misir\/subelerimiz\/\"},{\"@type\":\"ListItem\",\"position\":3,\"name\":\"M\u0131s\u0131r Vizesi , \u0130stanbul\"}]},{\"@type\":\"WebSite\",\"@id\":\"https:\/\/www.myvize.com.tr\/misir\/#website\",\"url\":\"https:\/\/www.myvize.com.tr\/misir\/\",\"name\":\"M\u0131s\u0131r Vizesi\",\"description\":\"\",\"potentialAction\":[{\"@type\":\"SearchAction\",\"target\":{\"@type\":\"EntryPoint\",\"urlTemplate\":\"https:\/\/www.myvize.com.tr\/misir\/?s={search_term_string}\"},\"query-input\":{\"@type\":\"PropertyValueSpecification\",\"valueRequired\":true,\"valueName\":\"search_term_string\"}}],\"inLanguage\":\"tr\"}]}<\/script>\n<!-- \/ Yoast SEO plugin. -->","yoast_head_json":{"title":"M\u0131s\u0131r Vize Ba\u015fvuru \u015eubesi \u0130stanbul - MyVize","description":"M\u0131s\u0131r vizesi \u0130stanbul ofislerimiz, hangi \u00fclkeye seyahat etmek isterseniz gerekli b\u00fct\u00fcn bilgilere ula\u015fabilirsiniz: 0850 346 84 93","robots":{"index":"index","follow":"follow","max-snippet":"max-snippet:-1","max-image-preview":"max-image-preview:large","max-video-preview":"max-video-preview:-1"},"canonical":"https:\/\/www.myvize.com.tr\/misir\/subelerimiz\/istanbul\/","og_locale":"tr_TR","og_type":"article","og_title":"M\u0131s\u0131r Vize Ba\u015fvuru \u015eubesi \u0130stanbul - MyVize","og_description":"M\u0131s\u0131r vizesi \u0130stanbul ofislerimiz, hangi \u00fclkeye seyahat etmek isterseniz gerekli b\u00fct\u00fcn bilgilere ula\u015fabilirsiniz: 0850 346 84 93","og_url":"https:\/\/www.myvize.com.tr\/misir\/subelerimiz\/istanbul\/","og_site_name":"M\u0131s\u0131r Vizesi","article_modified_time":"2022-04-25T15:03:51+00:00","twitter_card":"summary_large_image","twitter_misc":{"Tahmini okuma s\u00fcresi":"2 dakika"},"schema":{"@context":"https:\/\/schema.org","@graph":[{"@type":"WebPage","@id":"https:\/\/www.myvize.com.tr\/misir\/subelerimiz\/istanbul\/","url":"https:\/\/www.myvize.com.tr\/misir\/subelerimiz\/istanbul\/","name":"M\u0131s\u0131r Vize Ba\u015fvuru \u015eubesi \u0130stanbul - MyVize","isPartOf":{"@id":"https:\/\/www.myvize.com.tr\/misir\/#website"},"datePublished":"2020-12-28T12:25:28+00:00","dateModified":"2022-04-25T15:03:51+00:00","description":"M\u0131s\u0131r vizesi \u0130stanbul ofislerimiz, hangi \u00fclkeye seyahat etmek isterseniz gerekli b\u00fct\u00fcn bilgilere ula\u015fabilirsiniz: 0850 346 84 93","breadcrumb":{"@id":"https:\/\/www.myvize.com.tr\/misir\/subelerimiz\/istanbul\/#breadcrumb"},"inLanguage":"tr","potentialAction":[{"@type":"ReadAction","target":["https:\/\/www.myvize.com.tr\/misir\/subelerimiz\/istanbul\/"]}]},{"@type":"BreadcrumbList","@id":"https:\/\/www.myvize.com.tr\/misir\/subelerimiz\/istanbul\/#breadcrumb","itemListElement":[{"@type":"ListItem","position":1,"name":"Anasayfa","item":"https:\/\/www.myvize.com.tr\/misir\/"},{"@type":"ListItem","position":2,"name":"\u015eUBELER\u0130M\u0130Z","item":"https:\/\/www.myvize.com.tr\/misir\/subelerimiz\/"},{"@type":"ListItem","position":3,"name":"M\u0131s\u0131r Vizesi , \u0130stanbul"}]},{"@type":"WebSite","@id":"https:\/\/www.myvize.com.tr\/misir\/#website","url":"https:\/\/www.myvize.com.tr\/misir\/","name":"M\u0131s\u0131r Vizesi","description":"","potentialAction":[{"@type":"SearchAction","target":{"@type":"EntryPoint","urlTemplate":"https:\/\/www.myvize.com.tr\/misir\/?s={search_term_string}"},"query-input":{"@type":"PropertyValueSpecification","valueRequired":true,"valueName":"search_term_string"}}],"inLanguage":"tr"}]}},"_links":{"self":[{"href":"https:\/\/www.myvize.com.tr\/misir\/wp-json\/wp\/v2\/pages\/226","targetHints":{"allow":["GET"]}}],"collection":[{"href":"https:\/\/www.myvize.com.tr\/misir\/wp-json\/wp\/v2\/pages"}],"about":[{"href":"https:\/\/www.myvize.com.tr\/misir\/wp-json\/wp\/v2\/types\/page"}],"author":[{"embeddable":true,"href":"https:\/\/www.myvize.com.tr\/misir\/wp-json\/wp\/v2\/users\/1"}],"replies":[{"embeddable":true,"href":"https:\/\/www.myvize.com.tr\/misir\/wp-json\/wp\/v2\/comments?post=226"}],"version-history":[{"count":5,"href":"https:\/\/www.myvize.com.tr\/misir\/wp-json\/wp\/v2\/pages\/226\/revisions"}],"predecessor-version":[{"id":762,"href":"https:\/\/www.myvize.com.tr\/misir\/wp-json\/wp\/v2\/pages\/226\/revisions\/762"}],"up":[{"embeddable":true,"href":"https:\/\/www.myvize.com.tr\/misir\/wp-json\/wp\/v2\/pages\/173"}],"wp:attachment":[{"href":"https:\/\/www.myvize.com.tr\/misir\/wp-json\/wp\/v2\/media?parent=226"}],"curies":[{"name":"wp","href":"https:\/\/api.w.org\/{rel}","templated":true}]}}