{"id":51,"date":"2020-11-30T12:49:31","date_gmt":"2020-11-30T09:49:31","guid":{"rendered":"https:\/\/www.myvize.com.tr\/misir\/?page_id=51"},"modified":"2022-01-10T15:55:04","modified_gmt":"2022-01-10T12:55:04","slug":"misir-vatandaslik-islemleri","status":"publish","type":"page","link":"https:\/\/www.myvize.com.tr\/misir\/vize-islemleri\/misir-vatandaslik-islemleri\/","title":{"rendered":"M\u0131s\u0131r Vatanda\u015fl\u0131k \u0130\u015flemleri"},"content":{"rendered":"<h2><span style=\"font-family: Roboto; font-size: 27px;\"><strong>M\u0131s\u0131r Vatanda\u015fl\u0131k \u0130\u015flemleri Hakk\u0131nda<\/strong><\/span><\/h2>\n<p><span style=\"font-family: Roboto; font-size: 14px;\">M\u0131s\u0131r vatanda\u015fl\u0131\u011f\u0131na ge\u00e7i\u015f \u015fartlar\u0131 M\u0131s\u0131r yasalar\u0131nda ve kanunlar\u0131nda belirtilmi\u015ftir.<strong> M\u0131s\u0131r<\/strong> <strong>vatanda\u015fl\u0131k<\/strong> s\u00fcreci ve de\u011ferlendirilme i\u015flemi karma\u015f\u0131k bir yap\u0131ya sahiptir. Bundan dolay\u0131 ba\u015fvuru yaparken \u00e7ok dikkatli olunmal\u0131d\u0131r.<\/span><\/p>\n<p><span style=\"font-family: Roboto; font-size: 14px;\"><strong>M\u0131s\u0131r vatanda\u015fl\u0131k<\/strong> ba\u015fvurusu i\u00e7in ilk olarak, uzun s\u00fcreli bir M\u0131s\u0131r oturum izniniz olmal\u0131d\u0131r. M\u0131s\u0131r vatanda\u015fl\u0131\u011f\u0131na evlilik, k\u00f6kene ba\u011fl\u0131, M\u0131s\u0131r\u2019da 5 y\u0131ldan fazla ikamet etmi\u015f ya da \u00e7al\u0131\u015fm\u0131\u015f olma \u015fart\u0131 ile M\u0131s\u0131r\u2019\u0131n ekonomik olarak kalk\u0131nmas\u0131na hizmet edecek ki\u015filer, M\u0131s\u0131r\u2019\u0131n askeri olarak kalk\u0131nmas\u0131n\u0131 sa\u011flayacak olan ki\u015filer gerekli \u015fartlar\u0131n kar\u015f\u0131lanmas\u0131 durumunda<strong> M\u0131s\u0131r vatanda\u015fl\u0131\u011f\u0131<\/strong> alabilirler.<\/span><\/p>\n<ul>\n<li><span style=\"font-family: Roboto; font-size: 14px;\">Do\u011fu\u015ftan Kazan\u0131lan <strong>M\u0131s\u0131r Vatanda\u015fl\u0131\u011f\u0131<\/strong>: M\u0131s\u0131rl\u0131 bir anne ve babadan olan ve M\u0131s\u0131r\u2019da do\u011fan \u00e7ocuklar do\u011fumlar\u0131 ile do\u011frudan M\u0131s\u0131r vatanda\u015fl\u0131\u011f\u0131 alabilir.<\/span><\/li>\n<li><span style=\"font-family: Roboto; font-size: 14px;\">K\u00f6kene Ba\u011fl\u0131 M\u0131s\u0131r Vatanda\u015fl\u0131\u011f\u0131: Do\u011fum yerine bak\u0131lmaks\u0131z\u0131n M\u0131s\u0131rl\u0131 bir anne ya da babadan olan \u00e7ocuklar M\u0131s\u0131r vatanda\u015fl\u0131\u011f\u0131 alabilir.<\/span><\/li>\n<li><span style=\"font-family: Roboto; font-size: 14px;\">Evlilik Yoluyla: Bir <strong>M\u0131s\u0131r vatanda\u015f\u0131<\/strong> ile evlenmi\u015f olan ki\u015filer <strong>M\u0131s\u0131r vatanda\u015fl\u0131\u011f\u0131<\/strong> alabilirler. En az 2 y\u0131l evlilik \u015fart\u0131 aranmaktad\u0131r. Ba\u015fvuru zaman\u0131nda evli bulunulmas\u0131 zorunludur.<\/span><\/li>\n<li><span style=\"font-family: Roboto; font-size: 14px;\">Oturum ve \u00c7al\u0131\u015fma Yolu: Belirli bir s\u00fcre M\u0131s\u0131r\u2019da oturmu\u015f ya da \u00e7al\u0131\u015fm\u0131\u015f olan ki\u015filer <strong>M\u0131s\u0131r vatanda\u015fl\u0131\u011f\u0131<\/strong> alabilir. Bu s\u00fcre 5 y\u0131ld\u0131r, kesinti olmas\u0131 durumunda ise 6 y\u0131ld\u0131r. \u00a0<\/span><\/li>\n<li><span style=\"font-family: Roboto; font-size: 14px;\">Di\u011fer Durumlar: M\u0131s\u0131r itibar\u0131n\u0131 artt\u0131racak, belirli bir alanda tan\u0131nm\u0131\u015f ki\u015filer <strong>M\u0131s\u0131r vatanda\u015fl\u0131\u011f\u0131<\/strong> alabilir. Ayr\u0131ca M\u0131s\u0131r ekonomisini destekleyecek yat\u0131r\u0131m yapan ki\u015filerde M\u0131s\u0131r vatanda\u015fl\u0131k ba\u015fvurusunda bulunabilir.<\/span><\/li>\n<\/ul>\n<p><span style=\"font-family: Roboto; font-size: 14px;\"><span style=\"color: #2acec2;\"><strong><a style=\"color: #2acec2;\" href=\"https:\/\/www.myvize.com.tr\/misir\/form-dilekce\/misir-vize-basvuru-formu\/\" target=\"_blank\" rel=\"noopener\">M\u0131s\u0131r Vize Ba\u015fvuru Formu<\/a><\/strong><\/span> ile ilgili bilgi almak i\u00e7in bizi aray\u0131n.<\/span><\/p>\n<p><img decoding=\"async\" src=\"https:\/\/www.myvize.com.tr\/misir\/wp-content\/uploads\/2021\/10\/16.jpg\" \/><\/p>\n<h2><strong><span style=\"font-family: Roboto; font-size: 27px;\">M\u0131s\u0131r Vatanda\u015fl\u0131k \u0130\u015flemleri \u0130le \u0130lgili<\/span><\/strong><\/h2>\n<p><span style=\"font-family: Roboto; font-size: 14px;\">Yabanc\u0131 uyru\u011fa sahip olan bir ki\u015finin vatanda\u015fl\u0131\u011f\u0131n\u0131n de\u011ferlendirilmesi ve sonuca ula\u015ft\u0131r\u0131lmas\u0131 uzun bir s\u00fcre\u00e7 olmaktad\u0131r. Bir hayli de karma\u015f\u0131kt\u0131r. <strong>M\u0131s\u0131r vatanda\u015fl\u0131\u011f\u0131<\/strong> i\u00e7in ilk \u00f6nce ba\u015fvuru yapan ki\u015finin uzun zamanl\u0131 bir ikamet izninin olmas\u0131 \u015fart\u0131 aran\u0131r. <strong>M\u0131s\u0131r ikamet izni<\/strong> iste\u011fi i\u00e7in alakal\u0131 diplomatik temsilcilik y\u00f6n\u00fcne teslim edilmesi gereken evraklar i\u00e7erisinde kimlik fotokopisi, uzun s\u00fcreli vize talep dilek\u00e7esi, biyometrik foto\u011fraf, on seneden daha eski olmayan pasaport, ba\u015fvuru yapacak olan birey evli ise evlilik tescili ile ilgili belge, ba\u015fvuru yapan ki\u015finin anne ve babas\u0131n\u0131n do\u011fum belgeleri ve evlilik c\u00fczdan\u0131 n\u00fcshas\u0131 da yer almal\u0131d\u0131r. M\u0131s\u0131r uzun zamanl\u0131 ikamet izni ba\u015fvurular\u0131nda bu belgelerin haricinde bireysel hallere g\u00f6re M\u0131s\u0131r Konsoloslu\u011fu\u2019nun ek evrak da isteme hakk\u0131 oldu\u011funu bilmeniz gerekir. Uluslararas\u0131 insan haklar\u0131na dayal\u0131 bir bi\u00e7imde <strong>M\u0131s\u0131r vatanda\u015fl\u0131\u011f\u0131<\/strong> alma haklar\u0131 baya\u011f\u0131 bir geni\u015fletilmi\u015ftir. Etnik k\u00f6ken, uyruk ve vatanda\u015fl\u0131k konular\u0131ndaki net ayr\u0131mlar da tarihe kar\u0131\u015fm\u0131\u015ft\u0131r. Bahsi ge\u00e7en yasalar\u0131n dahil edilmesiyle M\u0131s\u0131r uyru\u011fundan olmayan insanlar M\u0131s\u0131r vatanda\u015fl\u0131\u011f\u0131na i\u015fe girerek ya da evlenerek de ge\u00e7ebiliyor. <strong>M\u0131s\u0131r vatanda\u015fl\u0131k i\u015flemleri<\/strong> hakk\u0131nda daha detayl\u0131 bilgi almak i\u00e7in M\u0131s\u0131r Konsoloslu\u011fu&#8217;nu ziyaret edebilirsiniz.<\/span><\/p>\n","protected":false},"excerpt":{"rendered":"<p>M\u0131s\u0131r Vatanda\u015fl\u0131k \u0130\u015flemleri Hakk\u0131nda M\u0131s\u0131r vatanda\u015fl\u0131\u011f\u0131na ge\u00e7i\u015f \u015fartlar\u0131 M\u0131s\u0131r yasalar\u0131nda ve kanunlar\u0131nda belirtilmi\u015ftir. M\u0131s\u0131r vatanda\u015fl\u0131k s\u00fcreci ve de\u011ferlendirilme i\u015flemi karma\u015f\u0131k bir yap\u0131ya sahiptir. Bundan dolay\u0131 ba\u015fvuru yaparken \u00e7ok dikkatli olunmal\u0131d\u0131r. M\u0131s\u0131r vatanda\u015fl\u0131k ba\u015fvurusu i\u00e7in ilk olarak, uzun s\u00fcreli bir M\u0131s\u0131r oturum izniniz olmal\u0131d\u0131r. M\u0131s\u0131r vatanda\u015fl\u0131\u011f\u0131na evlilik, k\u00f6kene ba\u011fl\u0131, M\u0131s\u0131r\u2019da 5 y\u0131ldan fazla ikamet etmi\u015f ya<\/p>\n","protected":false},"author":1,"featured_media":0,"parent":18,"menu_order":0,"comment_status":"open","ping_status":"closed","template":"","meta":{"footnotes":""},"class_list":["post-51","page","type-page","status-publish","hentry"],"yoast_head":"<!-- This site is optimized with the Yoast SEO plugin v24.0 - https:\/\/yoast.com\/wordpress\/plugins\/seo\/ -->\n<title>M\u0131s\u0131r Vatanda\u015fl\u0131k \u0130\u015flemleri - M\u0131s\u0131r Vatanda\u015fl\u0131\u011f\u0131 - MyVize<\/title>\n<meta name=\"description\" content=\"M\u0131s\u0131r vatanda\u015fl\u0131\u011f\u0131 ba\u015fvuru belgeleri. M\u0131s\u0131r vatanda\u015fl\u0131\u011f\u0131 i\u00e7in gerekli \u015fartlar. M\u0131s\u0131r vatanda\u015fl\u0131k i\u015flemleri. M\u0131s\u0131r vatanda\u015fl\u0131\u011f\u0131 nas\u0131l al\u0131n\u0131r?\" \/>\n<meta name=\"robots\" content=\"index, follow, max-snippet:-1, max-image-preview:large, max-video-preview:-1\" \/>\n<link rel=\"canonical\" href=\"https:\/\/www.myvize.com.tr\/misir\/vize-islemleri\/misir-vatandaslik-islemleri\/\" \/>\n<meta property=\"og:locale\" content=\"tr_TR\" \/>\n<meta property=\"og:type\" content=\"article\" \/>\n<meta property=\"og:title\" content=\"M\u0131s\u0131r Vatanda\u015fl\u0131k \u0130\u015flemleri - M\u0131s\u0131r Vatanda\u015fl\u0131\u011f\u0131 - MyVize\" \/>\n<meta property=\"og:description\" content=\"M\u0131s\u0131r vatanda\u015fl\u0131\u011f\u0131 ba\u015fvuru belgeleri. M\u0131s\u0131r vatanda\u015fl\u0131\u011f\u0131 i\u00e7in gerekli \u015fartlar. M\u0131s\u0131r vatanda\u015fl\u0131k i\u015flemleri. M\u0131s\u0131r vatanda\u015fl\u0131\u011f\u0131 nas\u0131l al\u0131n\u0131r?\" \/>\n<meta property=\"og:url\" content=\"https:\/\/www.myvize.com.tr\/misir\/vize-islemleri\/misir-vatandaslik-islemleri\/\" \/>\n<meta property=\"og:site_name\" content=\"M\u0131s\u0131r Vizesi\" \/>\n<meta property=\"article:modified_time\" content=\"2022-01-10T12:55:04+00:00\" \/>\n<meta property=\"og:image\" content=\"https:\/\/www.myvize.com.tr\/misir\/wp-content\/uploads\/2021\/10\/16.jpg\" \/>\n<meta name=\"twitter:card\" content=\"summary_large_image\" \/>\n<meta name=\"twitter:label1\" content=\"Tahmini okuma s\u00fcresi\" \/>\n\t<meta name=\"twitter:data1\" content=\"2 dakika\" \/>\n<script type=\"application\/ld+json\" class=\"yoast-schema-graph\">{\"@context\":\"https:\/\/schema.org\",\"@graph\":[{\"@type\":\"WebPage\",\"@id\":\"https:\/\/www.myvize.com.tr\/misir\/vize-islemleri\/misir-vatandaslik-islemleri\/\",\"url\":\"https:\/\/www.myvize.com.tr\/misir\/vize-islemleri\/misir-vatandaslik-islemleri\/\",\"name\":\"M\u0131s\u0131r Vatanda\u015fl\u0131k \u0130\u015flemleri - M\u0131s\u0131r Vatanda\u015fl\u0131\u011f\u0131 - MyVize\",\"isPartOf\":{\"@id\":\"https:\/\/www.myvize.com.tr\/misir\/#website\"},\"primaryImageOfPage\":{\"@id\":\"https:\/\/www.myvize.com.tr\/misir\/vize-islemleri\/misir-vatandaslik-islemleri\/#primaryimage\"},\"image\":{\"@id\":\"https:\/\/www.myvize.com.tr\/misir\/vize-islemleri\/misir-vatandaslik-islemleri\/#primaryimage\"},\"thumbnailUrl\":\"https:\/\/www.myvize.com.tr\/misir\/wp-content\/uploads\/2021\/10\/16.jpg\",\"datePublished\":\"2020-11-30T09:49:31+00:00\",\"dateModified\":\"2022-01-10T12:55:04+00:00\",\"description\":\"M\u0131s\u0131r vatanda\u015fl\u0131\u011f\u0131 ba\u015fvuru belgeleri. M\u0131s\u0131r vatanda\u015fl\u0131\u011f\u0131 i\u00e7in gerekli \u015fartlar. M\u0131s\u0131r vatanda\u015fl\u0131k i\u015flemleri. M\u0131s\u0131r vatanda\u015fl\u0131\u011f\u0131 nas\u0131l al\u0131n\u0131r?\",\"breadcrumb\":{\"@id\":\"https:\/\/www.myvize.com.tr\/misir\/vize-islemleri\/misir-vatandaslik-islemleri\/#breadcrumb\"},\"inLanguage\":\"tr\",\"potentialAction\":[{\"@type\":\"ReadAction\",\"target\":[\"https:\/\/www.myvize.com.tr\/misir\/vize-islemleri\/misir-vatandaslik-islemleri\/\"]}]},{\"@type\":\"ImageObject\",\"inLanguage\":\"tr\",\"@id\":\"https:\/\/www.myvize.com.tr\/misir\/vize-islemleri\/misir-vatandaslik-islemleri\/#primaryimage\",\"url\":\"https:\/\/www.myvize.com.tr\/misir\/wp-content\/uploads\/2021\/10\/16.jpg\",\"contentUrl\":\"https:\/\/www.myvize.com.tr\/misir\/wp-content\/uploads\/2021\/10\/16.jpg\",\"width\":800,\"height\":500,\"caption\":\"M\u0131s\u0131r Vatanda\u015fl\u0131k \u0130\u015flemleri\"},{\"@type\":\"BreadcrumbList\",\"@id\":\"https:\/\/www.myvize.com.tr\/misir\/vize-islemleri\/misir-vatandaslik-islemleri\/#breadcrumb\",\"itemListElement\":[{\"@type\":\"ListItem\",\"position\":1,\"name\":\"Anasayfa\",\"item\":\"https:\/\/www.myvize.com.tr\/misir\/\"},{\"@type\":\"ListItem\",\"position\":2,\"name\":\"V\u0130ZE \u0130\u015eLEMLER\u0130\",\"item\":\"https:\/\/www.myvize.com.tr\/misir\/vize-islemleri\/\"},{\"@type\":\"ListItem\",\"position\":3,\"name\":\"M\u0131s\u0131r Vatanda\u015fl\u0131k \u0130\u015flemleri\"}]},{\"@type\":\"WebSite\",\"@id\":\"https:\/\/www.myvize.com.tr\/misir\/#website\",\"url\":\"https:\/\/www.myvize.com.tr\/misir\/\",\"name\":\"M\u0131s\u0131r Vizesi\",\"description\":\"\",\"potentialAction\":[{\"@type\":\"SearchAction\",\"target\":{\"@type\":\"EntryPoint\",\"urlTemplate\":\"https:\/\/www.myvize.com.tr\/misir\/?s={search_term_string}\"},\"query-input\":{\"@type\":\"PropertyValueSpecification\",\"valueRequired\":true,\"valueName\":\"search_term_string\"}}],\"inLanguage\":\"tr\"}]}<\/script>\n<!-- \/ Yoast SEO plugin. -->","yoast_head_json":{"title":"M\u0131s\u0131r Vatanda\u015fl\u0131k \u0130\u015flemleri - M\u0131s\u0131r Vatanda\u015fl\u0131\u011f\u0131 - MyVize","description":"M\u0131s\u0131r vatanda\u015fl\u0131\u011f\u0131 ba\u015fvuru belgeleri. M\u0131s\u0131r vatanda\u015fl\u0131\u011f\u0131 i\u00e7in gerekli \u015fartlar. M\u0131s\u0131r vatanda\u015fl\u0131k i\u015flemleri. M\u0131s\u0131r vatanda\u015fl\u0131\u011f\u0131 nas\u0131l al\u0131n\u0131r?","robots":{"index":"index","follow":"follow","max-snippet":"max-snippet:-1","max-image-preview":"max-image-preview:large","max-video-preview":"max-video-preview:-1"},"canonical":"https:\/\/www.myvize.com.tr\/misir\/vize-islemleri\/misir-vatandaslik-islemleri\/","og_locale":"tr_TR","og_type":"article","og_title":"M\u0131s\u0131r Vatanda\u015fl\u0131k \u0130\u015flemleri - M\u0131s\u0131r Vatanda\u015fl\u0131\u011f\u0131 - MyVize","og_description":"M\u0131s\u0131r vatanda\u015fl\u0131\u011f\u0131 ba\u015fvuru belgeleri. M\u0131s\u0131r vatanda\u015fl\u0131\u011f\u0131 i\u00e7in gerekli \u015fartlar. M\u0131s\u0131r vatanda\u015fl\u0131k i\u015flemleri. M\u0131s\u0131r vatanda\u015fl\u0131\u011f\u0131 nas\u0131l al\u0131n\u0131r?","og_url":"https:\/\/www.myvize.com.tr\/misir\/vize-islemleri\/misir-vatandaslik-islemleri\/","og_site_name":"M\u0131s\u0131r Vizesi","article_modified_time":"2022-01-10T12:55:04+00:00","og_image":[{"url":"https:\/\/www.myvize.com.tr\/misir\/wp-content\/uploads\/2021\/10\/16.jpg","type":"","width":"","height":""}],"twitter_card":"summary_large_image","twitter_misc":{"Tahmini okuma s\u00fcresi":"2 dakika"},"schema":{"@context":"https:\/\/schema.org","@graph":[{"@type":"WebPage","@id":"https:\/\/www.myvize.com.tr\/misir\/vize-islemleri\/misir-vatandaslik-islemleri\/","url":"https:\/\/www.myvize.com.tr\/misir\/vize-islemleri\/misir-vatandaslik-islemleri\/","name":"M\u0131s\u0131r Vatanda\u015fl\u0131k \u0130\u015flemleri - M\u0131s\u0131r Vatanda\u015fl\u0131\u011f\u0131 - MyVize","isPartOf":{"@id":"https:\/\/www.myvize.com.tr\/misir\/#website"},"primaryImageOfPage":{"@id":"https:\/\/www.myvize.com.tr\/misir\/vize-islemleri\/misir-vatandaslik-islemleri\/#primaryimage"},"image":{"@id":"https:\/\/www.myvize.com.tr\/misir\/vize-islemleri\/misir-vatandaslik-islemleri\/#primaryimage"},"thumbnailUrl":"https:\/\/www.myvize.com.tr\/misir\/wp-content\/uploads\/2021\/10\/16.jpg","datePublished":"2020-11-30T09:49:31+00:00","dateModified":"2022-01-10T12:55:04+00:00","description":"M\u0131s\u0131r vatanda\u015fl\u0131\u011f\u0131 ba\u015fvuru belgeleri. M\u0131s\u0131r vatanda\u015fl\u0131\u011f\u0131 i\u00e7in gerekli \u015fartlar. M\u0131s\u0131r vatanda\u015fl\u0131k i\u015flemleri. M\u0131s\u0131r vatanda\u015fl\u0131\u011f\u0131 nas\u0131l al\u0131n\u0131r?","breadcrumb":{"@id":"https:\/\/www.myvize.com.tr\/misir\/vize-islemleri\/misir-vatandaslik-islemleri\/#breadcrumb"},"inLanguage":"tr","potentialAction":[{"@type":"ReadAction","target":["https:\/\/www.myvize.com.tr\/misir\/vize-islemleri\/misir-vatandaslik-islemleri\/"]}]},{"@type":"ImageObject","inLanguage":"tr","@id":"https:\/\/www.myvize.com.tr\/misir\/vize-islemleri\/misir-vatandaslik-islemleri\/#primaryimage","url":"https:\/\/www.myvize.com.tr\/misir\/wp-content\/uploads\/2021\/10\/16.jpg","contentUrl":"https:\/\/www.myvize.com.tr\/misir\/wp-content\/uploads\/2021\/10\/16.jpg","width":800,"height":500,"caption":"M\u0131s\u0131r Vatanda\u015fl\u0131k \u0130\u015flemleri"},{"@type":"BreadcrumbList","@id":"https:\/\/www.myvize.com.tr\/misir\/vize-islemleri\/misir-vatandaslik-islemleri\/#breadcrumb","itemListElement":[{"@type":"ListItem","position":1,"name":"Anasayfa","item":"https:\/\/www.myvize.com.tr\/misir\/"},{"@type":"ListItem","position":2,"name":"V\u0130ZE \u0130\u015eLEMLER\u0130","item":"https:\/\/www.myvize.com.tr\/misir\/vize-islemleri\/"},{"@type":"ListItem","position":3,"name":"M\u0131s\u0131r Vatanda\u015fl\u0131k \u0130\u015flemleri"}]},{"@type":"WebSite","@id":"https:\/\/www.myvize.com.tr\/misir\/#website","url":"https:\/\/www.myvize.com.tr\/misir\/","name":"M\u0131s\u0131r Vizesi","description":"","potentialAction":[{"@type":"SearchAction","target":{"@type":"EntryPoint","urlTemplate":"https:\/\/www.myvize.com.tr\/misir\/?s={search_term_string}"},"query-input":{"@type":"PropertyValueSpecification","valueRequired":true,"valueName":"search_term_string"}}],"inLanguage":"tr"}]}},"_links":{"self":[{"href":"https:\/\/www.myvize.com.tr\/misir\/wp-json\/wp\/v2\/pages\/51","targetHints":{"allow":["GET"]}}],"collection":[{"href":"https:\/\/www.myvize.com.tr\/misir\/wp-json\/wp\/v2\/pages"}],"about":[{"href":"https:\/\/www.myvize.com.tr\/misir\/wp-json\/wp\/v2\/types\/page"}],"author":[{"embeddable":true,"href":"https:\/\/www.myvize.com.tr\/misir\/wp-json\/wp\/v2\/users\/1"}],"replies":[{"embeddable":true,"href":"https:\/\/www.myvize.com.tr\/misir\/wp-json\/wp\/v2\/comments?post=51"}],"version-history":[{"count":6,"href":"https:\/\/www.myvize.com.tr\/misir\/wp-json\/wp\/v2\/pages\/51\/revisions"}],"predecessor-version":[{"id":629,"href":"https:\/\/www.myvize.com.tr\/misir\/wp-json\/wp\/v2\/pages\/51\/revisions\/629"}],"up":[{"embeddable":true,"href":"https:\/\/www.myvize.com.tr\/misir\/wp-json\/wp\/v2\/pages\/18"}],"wp:attachment":[{"href":"https:\/\/www.myvize.com.tr\/misir\/wp-json\/wp\/v2\/media?parent=51"}],"curies":[{"name":"wp","href":"https:\/\/api.w.org\/{rel}","templated":true}]}}