{"id":80,"date":"2020-11-30T13:04:17","date_gmt":"2020-11-30T10:04:17","guid":{"rendered":"https:\/\/www.myvize.com.tr\/misir\/?page_id=80"},"modified":"2022-05-07T13:16:32","modified_gmt":"2022-05-07T10:16:32","slug":"kayseri-fahri-konsoloslugu","status":"publish","type":"page","link":"https:\/\/www.myvize.com.tr\/misir\/konsolosluklar\/kayseri-fahri-konsoloslugu\/","title":{"rendered":"M\u0131s\u0131r Kayseri Konsoloslu\u011fu"},"content":{"rendered":"<h2><span style=\"font-family: Roboto; font-size: 27px;\"><strong>M\u0131s\u0131r Kayseri Konsoloslu\u011fu Hakk\u0131nda<\/strong><\/span><\/h2>\n<p><span style=\"font-family: Roboto; font-size: 14px;\"><strong>M\u0131s\u0131r Kayseri Fahri Konsoloslu\u011fu<\/strong>, T\u00fcrkiye\u2019de bulunan M\u0131s\u0131r Fahri Konsolosluklar\u0131ndan birisidir. <strong>M\u0131s\u0131r Kayseri Fahri Konsolosluk<\/strong>, Kayseri ve \u00e7evresinde \u00e7al\u0131\u015fma y\u00fcr\u00fctmektedir. <strong>M\u0131s\u0131r Kayseri Fahri Konsolosluk<\/strong> yetki ve g\u00f6revleri a\u015fa\u011f\u0131da verilmi\u015ftir.<\/span><\/p>\n<p><span style=\"font-family: Roboto; font-size: 14px;\"><strong>M\u0131s\u0131r Kayseri Fahri Konsolosluk<\/strong>, Ankara\u2019da bulunan M\u0131s\u0131r B\u00fcy\u00fckel\u00e7ilike ba\u011fl\u0131 olarak Kayseri ve \u00e7evresi faaliyet g\u00f6stermektedir.<\/span><\/p>\n<p><span style=\"font-family: Roboto; font-size: 14px;\">M\u0131s\u0131r Kayseri Fahri Konsoloslu\u011fa diplomatik bir temsilcilik verilmemi\u015fdir.<\/span><\/p>\n<p><span style=\"font-family: Roboto; font-size: 14px;\"><strong>M\u0131s\u0131r Kayseri Fahri Konsolosluk<\/strong>, ticaret ama\u00e7l\u0131 kurulmu\u015f bir temsilcilikdir.<\/span><\/p>\n<p><span style=\"font-family: Roboto; font-size: 14px;\">Kayseri ve \u00e7evresine M\u0131s\u0131r k\u00fclt\u00fcr\u00fc tan\u0131tmay\u0131 ama\u00e7lamakta.<\/span><\/p>\n<p><span style=\"font-family: Roboto; font-size: 14px;\">M\u0131s\u0131r Kayseri Fahri Konsolosluk, <span style=\"color: #2acec2;\"><strong><a style=\"color: #2acec2;\" href=\"https:\/\/www.myvize.com.tr\/misir\/subelerimiz\/kayseri\/\" target=\"_blank\" rel=\"noopener\">Kayseri <\/a><\/strong><\/span>ve \u00e7evresine i\u015f kurmu\u015f olan ve ticareti yapan M\u0131s\u0131r vatanda\u015f\u0131na destek olmaktad\u0131r.<\/span><\/p>\n<p><span style=\"font-family: Roboto; font-size: 14px;\"><strong>M\u0131s\u0131r Kayseri Fahri Konsoloslu\u011fa<\/strong> diplomatik yetki verilmedi\u011finde dolay\u0131 M\u0131s\u0131r vatanda\u015f\u0131na sadece belge tasdik hizmeti vermektedir.<strong> M\u0131s\u0131r Kayseri Fahri Konsolosluklar\u0131<\/strong> vize hizmeti de vermemekte.<\/span><\/p>\n<p><span style=\"font-size: 16px;\"><strong><span style=\"font-family: Roboto;\">M\u0131s\u0131r Kayseri Fahri Konsolosluk \u00c7al\u0131\u015fma Saati:<\/span><\/strong><\/span><\/p>\n<p><span style=\"font-family: Roboto; font-size: 14px;\"><strong>M\u0131s\u0131r Kayseri Fahri Konsolosluk<\/strong>, hafta i\u00e7i saat 08.30 ve 16.30 aras\u0131 hizmet vermektedir. T\u00fcrkiye Cumhuriyet ve M\u0131s\u0131r Devleti resmi tatilinde hizmet vermemekdir.<\/span><\/p>\n<p><span style=\"font-family: Roboto; font-size: 14px;\"><strong>M\u0131s\u0131r Kayseri Fahri Konsoloslu\u011fu Adres:<\/strong> Ambar Mahallesi, Ankara Yolu, No: 74, Daire: 21, Melikgazi\/Kayseri<\/span><\/p>\n<h2><strong><span style=\"font-family: Roboto; font-size: 27px;\">M\u0131s\u0131r Kayseri Konsoloslu\u011fu \u0130le \u0130lgili<\/span><\/strong><\/h2>\n<p><span style=\"font-family: Roboto; font-size: 14px;\"><strong>Kayseri Fahri Konsoloslu\u011fu<\/strong>, Kayseri ilimizde yer alan ve M\u0131s\u0131r ile ilgili seyahatleriniz i\u00e7in yapman\u0131z gereken i\u015flemlerin bir k\u0131sm\u0131n\u0131 ger\u00e7ekle\u015ftirebilece\u011finiz kurumlardan bir tanesidir. Kayseri ve \u00e7evresinde yer alan illere hizmet vermesiyle bilinir. M\u0131s\u0131r Kayseri Fahri Konsoloslu\u011fu, \u00fclkemizde yer alan M\u0131s\u0131r Fahri Konsolosluklar\u0131ndan bir tanesidir. Bu konsolosluk, Ankara\u2019da yer alan M\u0131s\u0131r B\u00fcy\u00fckel\u00e7ili\u011fi b\u00fcnyesine ba\u011fl\u0131 bir halde Kayseri ve etraf\u0131nda faaliyet g\u00f6sterebiliyor. <strong>M\u0131s\u0131r Kayseri Fahri Konsoloslu\u011fu\u2019na<\/strong> diplomatik temsilcilik verilmedi\u011fi i\u00e7in yetkileri s\u0131n\u0131rl\u0131 olmaktad\u0131r. Ticari ama\u00e7larla kurulmu\u015f bir kurumdur. Kayseri ve \u00e7evresine M\u0131s\u0131r \u00fclkesinin k\u00fclt\u00fcr\u00fcn\u00fc tan\u0131tmak as\u0131l amac\u0131d\u0131r. Bu konsolosluk, Kayseri ilinde ve oraya yak\u0131n olan yerlerde i\u015f kuran ya da ticaret yapan bir\u00e7ok <strong>M\u0131s\u0131r vatanda\u015f\u0131<\/strong> bireye destek vermektedir. <strong>M\u0131s\u0131r Kayseri Fahri Konsoloslu\u011fu\u2019nun<\/strong> diplomatik y\u00f6nl\u00fc bir yetkisi olmad\u0131\u011f\u0131 i\u00e7in M\u0131s\u0131rl\u0131 ki\u015filere sadece belge tasdiki hizmeti sa\u011flayabilir. <strong>M\u0131s\u0131r Kayseri Fahri Konsoloslu\u011fu<\/strong> hi\u00e7bir zaman vize hizmeti sunmuyor. Bunu da hat\u0131rlatmakta fayda var. <strong>Kayseri Fahri Konsoloslu\u011fu<\/strong>, hafta i\u00e7i her g\u00fcn sabah saat sekiz bu\u00e7uk ve ak\u015fama do\u011fru d\u00f6rt bu\u00e7uk saatleri aras\u0131nda hizmet sunmaktad\u0131r.<\/span><\/p>\n<h2><strong><span style=\"font-family: Roboto; font-size: 27px;\">M\u0131s\u0131r Kayseri Konsolosu Kimdir?<\/span><\/strong><\/h2>\n<p><span style=\"font-family: Roboto; font-size: 14px;\">Kayseri ve \u00e7evresinde ya\u015fayan vatanda\u015flar\u0131n vize ba\u015fvurular\u0131 \u00f6ncesinde\u00a0<strong>M\u0131s\u0131r Kayseri Konsolosu kimdir?<\/strong>\u00a0Sorusuna yan\u0131t arad\u0131klar\u0131 g\u00f6r\u00fclmektedir. T\u00fcrkiye Cumhuriyeti\u2019nde hizmet vermeye devam eden Kayseri Fahri Konsoloslu\u011fu arac\u0131l\u0131\u011f\u0131yla <span style=\"color: #2acec2;\"><strong><a style=\"color: #2acec2;\" href=\"https:\/\/www.myvize.com.tr\/misir\/vize-islemleri\/misir-vizesi\/\" target=\"_blank\" rel=\"noopener\">M\u0131s\u0131r vizesi<\/a><\/strong><\/span>\u00a0ba\u015fvurular\u0131n\u0131n kusursuz bi\u00e7imde s\u00fcrd\u00fcr\u00fcld\u00fc\u011f\u00fcne dikkat \u00e7ekebiliriz. Buna g\u00f6re diplomatik temsilcilik hakk\u0131 bulunmayan bu kurumda ancak belirli faaliyetlerin s\u00fcrd\u00fc\u011f\u00fcn\u00fc aktarmaktay\u0131z. Ticari ama\u00e7larla kurulan kurumda i\u015f yapan veya ticaretle u\u011fra\u015fan M\u0131s\u0131r vatanda\u015flar\u0131n\u0131n haklar\u0131na y\u00f6nelik bilgilendirmeler de ger\u00e7ekle\u015ftirilmektedir. Her ne kadar vize ba\u015fvurular\u0131n\u0131 de\u011ferlendirme ve karar verme yetkisi bulunmasa da, belgelerin kuruma ibraz\u0131, randevu olu\u015fturulmas\u0131, evlenme veya bo\u015fanma i\u015flemleri ile belge tasdiki gibi i\u015flemleri de ger\u00e7ekle\u015ftirmektedir. Vize i\u015flemlerinde ise yaln\u0131zca Konsolosluk ve B\u00fcy\u00fckel\u00e7ilik mercileriyle iyi bir k\u00f6pr\u00fc g\u00f6revini g\u00f6rmektedir.<\/span><\/p>\n<h2><span style=\"font-family: Roboto; font-size: 27px;\"><strong>M\u0131s\u0131r Kayseri Konsoloslu\u011fu Vize \u0130\u015flemleri<\/strong><\/span><\/h2>\n<p><span style=\"font-family: Roboto; font-size: 14px;\">Vize i\u015flemlerini ger\u00e7ekle\u015ftirmek ve <strong>M\u0131s\u0131r\u2019a seyahat etmek<\/strong> isteyen ki\u015filerin Kayseri ve \u00e7evre illerinde ikamet etmesi durumunda bilgi alabilecekleri fahri konsolosluktur. Vize t\u00fcr\u00fcn\u00fcn belirlenmesinde ve ilgili merciye sunulmas\u0131nda evraklar\u0131n do\u011fru \u015fekilde haz\u0131rlanmas\u0131n\u0131 sa\u011flamaktad\u0131r. Aksi halde ret yan\u0131t\u0131n\u0131 alacak olan ki\u015filerin maddi olarak da kay\u0131plar\u0131 ya\u015fayaca\u011f\u0131n\u0131 belirtebiliriz. Bu nedenle turistik, ticari, aile ziyareti ya da \u00f6\u011frenci vizesi gibi i\u015flemlerin ne \u015fartlarda ger\u00e7ekle\u015ftirilece\u011fini ve hangi evraklar\u0131n istenebilece\u011fini \u00f6\u011frenebilirsiniz.<strong>M\u0131s\u0131r Kayseri Konsoloslu\u011fu vize i\u015flemleri<\/strong>\u00a0ile ilgili detayl\u0131 bilgileri aktaracak olan ekiplerimiz fahri konsolosluklar\u0131n g\u00f6revlerini a\u00e7\u0131k \u015fekilde dile getirmektedir. Ba\u015fvuru esnas\u0131nda \u015fahsen bulunman\u0131z\u0131n zorunlu olmad\u0131\u011f\u0131 durumlarda ekiplerimizin devreye girece\u011fini belirtmekteyiz. B\u00f6ylece evraklar\u0131n\u0131z\u0131n son durumlar\u0131n\u0131 itinayla takip edecek adreslere kavu\u015fabileceksiniz.<\/span><\/p>\n<h3><span style=\"font-family: Roboto; font-size: 24px;\">M\u0131s\u0131r Kayseri Konsoloslu\u011fu Vize Randevusu<\/span><\/h3>\n<p><span style=\"font-family: Roboto; font-size: 14px;\">Ortak evrak listesine ya da di\u011fer vize t\u00fcrlerinden farkl\u0131 olan g\u00fcncel listelere ula\u015fabilmek i\u00e7in tek yapman\u0131z gereken \u015fey ekiplerimizi aramak olacakt\u0131r.<strong>M\u0131s\u0131r Kayseri Konsoloslu\u011fu vize randevusu<\/strong>\u00a0i\u00e7in do\u011fru zamanda hareket ederek sizleri y\u00f6nlendirecek olan \u00e7al\u0131\u015fanlar\u0131m\u0131z ile ma\u011fduriyet ya\u015famayacaks\u0131n\u0131z.Hafta i\u00e7erisinde belirli g\u00fcnlerde ve saatlerde \u00e7al\u0131\u015fan Kayseri \u015fubesinden randevu alarak sorular\u0131n\u0131z\u0131 y\u00f6neltebilirsiniz. Akl\u0131n\u0131za tak\u0131lan t\u00fcm sorular\u0131n yan\u0131tlar\u0131n\u0131 bu sayede elde etmi\u015f olacaks\u0131n\u0131z. Siz de\u011ferli vatanda\u015flar\u0131n memnuniyetle ba\u015fvuru yapmalar\u0131n\u0131 sa\u011flayan mercilerden birisi olacakt\u0131r. Vize s\u00fcre\u00e7lerinizin uzamamas\u0131 i\u00e7in gerekli hassasiyeti g\u00f6steren ekiplerimiz sayesinde ek belge talebine neden olabilecek herhangi bir ad\u0131m\u0131n at\u0131lmayaca\u011f\u0131n\u0131 da aktarmaktay\u0131z. Yakla\u015f\u0131k 2 ay \u00f6ncesinde randevular\u0131n\u0131z\u0131 olu\u015fturman\u0131z ve ba\u015fvurular\u0131n\u0131z\u0131 hemen yapman\u0131z \u00f6nerilecektir.<\/span><\/p>\n<h3><strong><span style=\"font-family: Roboto; font-size: 24px;\">M\u0131s\u0131r Kayseri Konsoloslu\u011fu Vize Ba\u015fvurusu<\/span><\/strong><\/h3>\n<p><span style=\"font-family: Roboto; font-size: 14px;\">Konsolosluk arac\u0131l\u0131\u011f\u0131yla belirlenen evrak listesine g\u00fcncel \u015fekilde ula\u015fabilmek ve\u00a0<strong>M\u0131s\u0131r Kayseri Konsoloslu\u011fu<\/strong>\u00a0vize ba\u015fvurusu i\u00e7in t\u00fcm detaylara hakim olabilmek i\u00e7in hemen ad\u0131m atabilirsiniz. Ba\u015fvuru formunun haz\u0131rlanmas\u0131nda, pasaport ve kimlik fotokopisinin elde edilmesinde, foto\u011fraf ile dilek\u00e7e ya da ileti\u015fim ve ula\u015f\u0131m y\u00f6ntemlerinin aktar\u0131lmas\u0131nda do\u011fru y\u00f6ntemleri yakalaman\u0131za olanak verilecektir. Ayr\u0131ca seyahat ve konaklama bilgilerinizin de ispatl\u0131 bir \u015fekilde ibraz edilmesi gerekmektedir. Bunun d\u0131\u015f\u0131nda vize t\u00fcr\u00fcne g\u00f6re de\u011fi\u015fen baz\u0131 detaylar\u0131n olabilece\u011fini g\u00f6z ard\u0131 etmemelisiniz. Evraklar\u0131n\u0131z\u0131n g\u00fcncel ve do\u011fru i\u00e7eriklerde olmas\u0131 i\u00e7in harekete ge\u00e7en ve t\u00fcm kontrolleri ger\u00e7ekle\u015ftiren ekiplerimizden detayl\u0131 bilgileri alabilirsiniz.Aksi halde sonu\u00e7lar\u0131n olumsuz olmas\u0131 sizler i\u00e7in fazladan u\u011fra\u015f anlam\u0131na da gelecektir..<\/span><\/p>\n","protected":false},"excerpt":{"rendered":"<p>M\u0131s\u0131r Kayseri Konsoloslu\u011fu Hakk\u0131nda M\u0131s\u0131r Kayseri Fahri Konsoloslu\u011fu, T\u00fcrkiye\u2019de bulunan M\u0131s\u0131r Fahri Konsolosluklar\u0131ndan birisidir. M\u0131s\u0131r Kayseri Fahri Konsolosluk, Kayseri ve \u00e7evresinde \u00e7al\u0131\u015fma y\u00fcr\u00fctmektedir. M\u0131s\u0131r Kayseri Fahri Konsolosluk yetki ve g\u00f6revleri a\u015fa\u011f\u0131da verilmi\u015ftir. M\u0131s\u0131r Kayseri Fahri Konsolosluk, Ankara\u2019da bulunan M\u0131s\u0131r B\u00fcy\u00fckel\u00e7ilike ba\u011fl\u0131 olarak Kayseri ve \u00e7evresi faaliyet g\u00f6stermektedir. M\u0131s\u0131r Kayseri Fahri Konsoloslu\u011fa diplomatik bir temsilcilik verilmemi\u015fdir.<\/p>\n","protected":false},"author":1,"featured_media":0,"parent":69,"menu_order":0,"comment_status":"open","ping_status":"closed","template":"","meta":{"footnotes":""},"class_list":["post-80","page","type-page","status-publish","hentry"],"yoast_head":"<!-- This site is optimized with the Yoast SEO plugin v24.0 - https:\/\/yoast.com\/wordpress\/plugins\/seo\/ -->\n<title>M\u0131s\u0131r Konsoloslu\u011fu Kayseri Vize \u0130\u015flemleri - MyVize<\/title>\n<meta name=\"description\" content=\"M\u0131s\u0131r Kayseri Fahri Konsoloslu\u011fu \u00e7al\u0131\u015fma saatleri. M\u0131s\u0131r Kayseri Fahri Konsoloslu\u011fu ula\u015f\u0131m, ileti\u015fim bilgileri ve faaliyet alan\u0131.\" \/>\n<meta name=\"robots\" content=\"index, follow, max-snippet:-1, max-image-preview:large, max-video-preview:-1\" \/>\n<link rel=\"canonical\" href=\"https:\/\/www.myvize.com.tr\/misir\/konsolosluklar\/kayseri-fahri-konsoloslugu\/\" \/>\n<meta property=\"og:locale\" content=\"tr_TR\" \/>\n<meta property=\"og:type\" content=\"article\" \/>\n<meta property=\"og:title\" content=\"M\u0131s\u0131r Konsoloslu\u011fu Kayseri Vize \u0130\u015flemleri - MyVize\" \/>\n<meta property=\"og:description\" content=\"M\u0131s\u0131r Kayseri Fahri Konsoloslu\u011fu \u00e7al\u0131\u015fma saatleri. M\u0131s\u0131r Kayseri Fahri Konsoloslu\u011fu ula\u015f\u0131m, ileti\u015fim bilgileri ve faaliyet alan\u0131.\" \/>\n<meta property=\"og:url\" content=\"https:\/\/www.myvize.com.tr\/misir\/konsolosluklar\/kayseri-fahri-konsoloslugu\/\" \/>\n<meta property=\"og:site_name\" content=\"M\u0131s\u0131r Vizesi\" \/>\n<meta property=\"article:modified_time\" content=\"2022-05-07T10:16:32+00:00\" \/>\n<meta name=\"twitter:card\" content=\"summary_large_image\" \/>\n<meta name=\"twitter:label1\" content=\"Tahmini okuma s\u00fcresi\" \/>\n\t<meta name=\"twitter:data1\" content=\"4 dakika\" \/>\n<script type=\"application\/ld+json\" class=\"yoast-schema-graph\">{\"@context\":\"https:\/\/schema.org\",\"@graph\":[{\"@type\":\"WebPage\",\"@id\":\"https:\/\/www.myvize.com.tr\/misir\/konsolosluklar\/kayseri-fahri-konsoloslugu\/\",\"url\":\"https:\/\/www.myvize.com.tr\/misir\/konsolosluklar\/kayseri-fahri-konsoloslugu\/\",\"name\":\"M\u0131s\u0131r Konsoloslu\u011fu Kayseri Vize \u0130\u015flemleri - MyVize\",\"isPartOf\":{\"@id\":\"https:\/\/www.myvize.com.tr\/misir\/#website\"},\"datePublished\":\"2020-11-30T10:04:17+00:00\",\"dateModified\":\"2022-05-07T10:16:32+00:00\",\"description\":\"M\u0131s\u0131r Kayseri Fahri Konsoloslu\u011fu \u00e7al\u0131\u015fma saatleri. M\u0131s\u0131r Kayseri Fahri Konsoloslu\u011fu ula\u015f\u0131m, ileti\u015fim bilgileri ve faaliyet alan\u0131.\",\"breadcrumb\":{\"@id\":\"https:\/\/www.myvize.com.tr\/misir\/konsolosluklar\/kayseri-fahri-konsoloslugu\/#breadcrumb\"},\"inLanguage\":\"tr\",\"potentialAction\":[{\"@type\":\"ReadAction\",\"target\":[\"https:\/\/www.myvize.com.tr\/misir\/konsolosluklar\/kayseri-fahri-konsoloslugu\/\"]}]},{\"@type\":\"BreadcrumbList\",\"@id\":\"https:\/\/www.myvize.com.tr\/misir\/konsolosluklar\/kayseri-fahri-konsoloslugu\/#breadcrumb\",\"itemListElement\":[{\"@type\":\"ListItem\",\"position\":1,\"name\":\"Anasayfa\",\"item\":\"https:\/\/www.myvize.com.tr\/misir\/\"},{\"@type\":\"ListItem\",\"position\":2,\"name\":\"KONSOLOSLUKLAR\",\"item\":\"https:\/\/www.myvize.com.tr\/misir\/konsolosluklar\/\"},{\"@type\":\"ListItem\",\"position\":3,\"name\":\"M\u0131s\u0131r Kayseri Konsoloslu\u011fu\"}]},{\"@type\":\"WebSite\",\"@id\":\"https:\/\/www.myvize.com.tr\/misir\/#website\",\"url\":\"https:\/\/www.myvize.com.tr\/misir\/\",\"name\":\"M\u0131s\u0131r Vizesi\",\"description\":\"\",\"potentialAction\":[{\"@type\":\"SearchAction\",\"target\":{\"@type\":\"EntryPoint\",\"urlTemplate\":\"https:\/\/www.myvize.com.tr\/misir\/?s={search_term_string}\"},\"query-input\":{\"@type\":\"PropertyValueSpecification\",\"valueRequired\":true,\"valueName\":\"search_term_string\"}}],\"inLanguage\":\"tr\"}]}<\/script>\n<!-- \/ Yoast SEO plugin. -->","yoast_head_json":{"title":"M\u0131s\u0131r Konsoloslu\u011fu Kayseri Vize \u0130\u015flemleri - MyVize","description":"M\u0131s\u0131r Kayseri Fahri Konsoloslu\u011fu \u00e7al\u0131\u015fma saatleri. M\u0131s\u0131r Kayseri Fahri Konsoloslu\u011fu ula\u015f\u0131m, ileti\u015fim bilgileri ve faaliyet alan\u0131.","robots":{"index":"index","follow":"follow","max-snippet":"max-snippet:-1","max-image-preview":"max-image-preview:large","max-video-preview":"max-video-preview:-1"},"canonical":"https:\/\/www.myvize.com.tr\/misir\/konsolosluklar\/kayseri-fahri-konsoloslugu\/","og_locale":"tr_TR","og_type":"article","og_title":"M\u0131s\u0131r Konsoloslu\u011fu Kayseri Vize \u0130\u015flemleri - MyVize","og_description":"M\u0131s\u0131r Kayseri Fahri Konsoloslu\u011fu \u00e7al\u0131\u015fma saatleri. M\u0131s\u0131r Kayseri Fahri Konsoloslu\u011fu ula\u015f\u0131m, ileti\u015fim bilgileri ve faaliyet alan\u0131.","og_url":"https:\/\/www.myvize.com.tr\/misir\/konsolosluklar\/kayseri-fahri-konsoloslugu\/","og_site_name":"M\u0131s\u0131r Vizesi","article_modified_time":"2022-05-07T10:16:32+00:00","twitter_card":"summary_large_image","twitter_misc":{"Tahmini okuma s\u00fcresi":"4 dakika"},"schema":{"@context":"https:\/\/schema.org","@graph":[{"@type":"WebPage","@id":"https:\/\/www.myvize.com.tr\/misir\/konsolosluklar\/kayseri-fahri-konsoloslugu\/","url":"https:\/\/www.myvize.com.tr\/misir\/konsolosluklar\/kayseri-fahri-konsoloslugu\/","name":"M\u0131s\u0131r Konsoloslu\u011fu Kayseri Vize \u0130\u015flemleri - MyVize","isPartOf":{"@id":"https:\/\/www.myvize.com.tr\/misir\/#website"},"datePublished":"2020-11-30T10:04:17+00:00","dateModified":"2022-05-07T10:16:32+00:00","description":"M\u0131s\u0131r Kayseri Fahri Konsoloslu\u011fu \u00e7al\u0131\u015fma saatleri. M\u0131s\u0131r Kayseri Fahri Konsoloslu\u011fu ula\u015f\u0131m, ileti\u015fim bilgileri ve faaliyet alan\u0131.","breadcrumb":{"@id":"https:\/\/www.myvize.com.tr\/misir\/konsolosluklar\/kayseri-fahri-konsoloslugu\/#breadcrumb"},"inLanguage":"tr","potentialAction":[{"@type":"ReadAction","target":["https:\/\/www.myvize.com.tr\/misir\/konsolosluklar\/kayseri-fahri-konsoloslugu\/"]}]},{"@type":"BreadcrumbList","@id":"https:\/\/www.myvize.com.tr\/misir\/konsolosluklar\/kayseri-fahri-konsoloslugu\/#breadcrumb","itemListElement":[{"@type":"ListItem","position":1,"name":"Anasayfa","item":"https:\/\/www.myvize.com.tr\/misir\/"},{"@type":"ListItem","position":2,"name":"KONSOLOSLUKLAR","item":"https:\/\/www.myvize.com.tr\/misir\/konsolosluklar\/"},{"@type":"ListItem","position":3,"name":"M\u0131s\u0131r Kayseri Konsoloslu\u011fu"}]},{"@type":"WebSite","@id":"https:\/\/www.myvize.com.tr\/misir\/#website","url":"https:\/\/www.myvize.com.tr\/misir\/","name":"M\u0131s\u0131r Vizesi","description":"","potentialAction":[{"@type":"SearchAction","target":{"@type":"EntryPoint","urlTemplate":"https:\/\/www.myvize.com.tr\/misir\/?s={search_term_string}"},"query-input":{"@type":"PropertyValueSpecification","valueRequired":true,"valueName":"search_term_string"}}],"inLanguage":"tr"}]}},"_links":{"self":[{"href":"https:\/\/www.myvize.com.tr\/misir\/wp-json\/wp\/v2\/pages\/80","targetHints":{"allow":["GET"]}}],"collection":[{"href":"https:\/\/www.myvize.com.tr\/misir\/wp-json\/wp\/v2\/pages"}],"about":[{"href":"https:\/\/www.myvize.com.tr\/misir\/wp-json\/wp\/v2\/types\/page"}],"author":[{"embeddable":true,"href":"https:\/\/www.myvize.com.tr\/misir\/wp-json\/wp\/v2\/users\/1"}],"replies":[{"embeddable":true,"href":"https:\/\/www.myvize.com.tr\/misir\/wp-json\/wp\/v2\/comments?post=80"}],"version-history":[{"count":6,"href":"https:\/\/www.myvize.com.tr\/misir\/wp-json\/wp\/v2\/pages\/80\/revisions"}],"predecessor-version":[{"id":764,"href":"https:\/\/www.myvize.com.tr\/misir\/wp-json\/wp\/v2\/pages\/80\/revisions\/764"}],"up":[{"embeddable":true,"href":"https:\/\/www.myvize.com.tr\/misir\/wp-json\/wp\/v2\/pages\/69"}],"wp:attachment":[{"href":"https:\/\/www.myvize.com.tr\/misir\/wp-json\/wp\/v2\/media?parent=80"}],"curies":[{"name":"wp","href":"https:\/\/api.w.org\/{rel}","templated":true}]}}