{"id":84,"date":"2020-11-30T13:05:08","date_gmt":"2020-11-30T10:05:08","guid":{"rendered":"https:\/\/www.myvize.com.tr\/misir\/?page_id=84"},"modified":"2022-04-25T17:41:59","modified_gmt":"2022-04-25T14:41:59","slug":"trabzon-fahri-konsoloslugu","status":"publish","type":"page","link":"https:\/\/www.myvize.com.tr\/misir\/konsolosluklar\/trabzon-fahri-konsoloslugu\/","title":{"rendered":"M\u0131s\u0131r Trabzon Konsoloslu\u011fu"},"content":{"rendered":"<h2><span style=\"font-family: Roboto; font-size: 27px;\"><strong>M\u0131s\u0131r Trabzon Konsoloslu\u011fu Hakk\u0131nda<\/strong><\/span><\/h2>\n<p><span style=\"font-family: Roboto; font-size: 14px;\">M\u0131s\u0131r\u2019\u0131n T\u00fcrkiye\u2019deki bulunan fahri konsoloslu\u011fundan birisi <strong>M\u0131s\u0131r Trabzon Fahri Konsoloslu\u011fu<\/strong>. M\u0131s\u0131r\u2019\u0131n Trabzon Fahri Konsoloslu\u011fu, <span style=\"color: #2acec2;\"><strong><a style=\"color: #2acec2;\" href=\"https:\/\/www.myvize.com.tr\/misir\/subelerimiz\/trabzon\/\" target=\"_blank\" rel=\"noopener\">Trabzon<\/a><\/strong><\/span> ve \u00e7evresinde M\u0131s\u0131r vatanda\u015f\u0131na hizmet vermektedir. G\u00f6rev alan\u0131 aras\u0131nda Trabzon, G\u00fcm\u00fc\u015fhane , Artvn ve Rize bulunmakta. M\u0131s\u0131r Trabzon Fahri Konsoloslu\u011fu g\u00f6rev ve yetkisi a\u015fa\u011f\u0131da verilmi\u015ftir.<\/span><br \/>\n<span style=\"font-family: Roboto; font-size: 14px;\">M\u0131s\u0131r\u2019\u0131n Trabzon bulunan<strong> Trabzon Fahri Konsoloslu<\/strong>k, Ankara M\u0131s\u0131r B\u00fcy\u00fckel\u00e7ili\u011fi\u2019ne ba\u011fl\u0131 olunarak Trabzon ve \u00e7evresin de \u00e7al\u0131\u015fma y\u00fcr\u00fctmektedir.<\/span><br \/>\n<span style=\"font-family: Roboto; font-size: 14px;\"><strong>M\u0131s\u0131r Trabzon Fahri Konsoloslu\u011fu<\/strong> diplomatik bir yetkisi bulunmamakta.<\/span><br \/>\n<span style=\"font-family: Roboto; font-size: 14px;\"><strong>M\u0131s\u0131r Trabzon Konsoloslu\u011fu<\/strong>, Trabzon ve \u00e7evresi i\u015f kurmu\u015f olan ya da Trabzon ve \u00e7evresi ticaret yapmak isteyen M\u0131s\u0131r vatanda\u015f\u0131na destek olmaktad\u0131r.<\/span><br \/>\n<span style=\"font-family: Roboto; font-size: 14px;\">M\u0131s\u0131r k\u00fclt\u00fcr\u00fc, Trabzon ve \u00e7evresi tan\u0131tmak ama\u00e7lanmakta.<\/span><br \/>\n<span style=\"font-family: Roboto; font-size: 14px;\"><strong>M\u0131s\u0131r Trabzon Fahri Konsoloslu\u011fu<\/strong> diplomatik bir temsilcili\u011fi olmad\u0131\u011f\u0131nda dolay\u0131 M\u0131s\u0131r vatanda\u015f\u0131na konsolos hizmeti vermemekte. <strong>M\u0131s\u0131r Trabzon Fahri Konsoloslu\u011fu<\/strong> vize hizmetleri de vermemektedir.<\/span><br \/>\n<span style=\"font-family: Roboto;\"><strong><span style=\"font-size: 14px;\">M\u0131s\u0131r Trabzon Fahri Konsoloslu\u011fu Adres ve Konsolosluk \u00c7al\u0131\u015fma Saatleri<\/span><\/strong><\/span><br \/>\n<span style=\"font-family: Roboto; font-size: 14px;\">Adresi: Kemerkaya Mahallesi, Kundurac\u0131lar Caddesi, No: 41, PK: 61200 Trabzon Merkez\/Trabzon<\/span><br \/>\n<span style=\"font-family: Roboto; font-size: 14px;\">\u00c7al\u0131\u015fma Saati: M\u0131s\u0131r Trabzon Konsoloslu\u011fu hafta i\u00e7i 09.00 ile 16.00 aras\u0131nda hizmet vermektedir.<\/span><\/p>\n<p><span style=\"font-family: Roboto; font-size: 14px;\"><span style=\"color: #2acec2;\"><strong><a style=\"color: #2acec2;\" href=\"https:\/\/www.myvize.com.tr\/misir\/misir-vize-ucreti\/\" target=\"_blank\" rel=\"noopener\">M\u0131s\u0131r Vize \u00dccreti<\/a><\/strong><\/span> ile ilgili bilgi almak i\u00e7in bizi aray\u0131n.<\/span><\/p>\n<h2><span style=\"font-family: Roboto; font-size: 27px;\"><strong>M\u0131s\u0131r Trabzon Fahri Konsoloslu\u011fu \u0130le \u0130lgili<\/strong><\/span><\/h2>\n<p><span style=\"font-size: 14px; font-family: Roboto;\"><strong>Trabzon Fahri Konsoloslu\u011fu<\/strong>, Trabzon ve etraf\u0131nda yer alan il\u00e7elerde ya\u015fayan ki\u015filerin M\u0131s\u0131r yolculuklar\u0131 ile alakal\u0131 i\u015flemlerinin bir k\u0131sm\u0131n\u0131 ger\u00e7ekle\u015ftirebilecekleri yerdir. Yetki alan\u0131 s\u0131n\u0131rl\u0131 oldu\u011fu i\u00e7in her i\u015flem burada ger\u00e7ekle\u015ftirilemez. Buran\u0131n vize verme yetkisi bulunmaz. Fakat sizleri her zaman do\u011fru bi\u00e7imde y\u00f6nlendirmesini bilen kurumlardan bir tanesi olmaktad\u0131r diyebiliriz. Fahri konsolosluklar sayesinde hangi i\u015flemleri yapabilece\u011finizi ve hangilerini yapamayaca\u011f\u0131n\u0131z\u0131 \u00f6nceden biliyor olursunuz, bu kurumlar sa\u011flad\u0131klar\u0131 hizmetleri <strong>resmi web sitelerinde<\/strong> a\u00e7\u0131klamaktad\u0131r. Bordo pasaport sahibi olan ki\u015filerin vize muafiyeti yoktur. Bu nedenle \u00fclkeye giri\u015f yap\u0131p t\u00fcrl\u00fc haklardan yararlanabilmeleri ad\u0131na vize ba\u015fvurusu yapmalar\u0131 zorunlu bir kural durumuna getirilmi\u015f olmaktad\u0131r. B\u00fct\u00fcn bu durumlarda do\u011fru bilgileri alabilmek ve profesyonel \u015fekilde ad\u0131m atabilmek ad\u0131na ge\u00e7 kalmadan i\u015flemleri halletmek \u00f6nemlidir. Her hal\u00fckarda pasaport ayr\u0131m\u0131 yap\u0131lmadan doksan g\u00fcnden daha uzun s\u00fcrecek olan ziyaretlerde bile fahri konsolosluktan bu konuyla alakal\u0131 olarak bilgi alabilirsiniz. <span style=\"color: #2acec2;\"><strong><a style=\"color: #2acec2;\" href=\"https:\/\/www.myvize.com.tr\/misir\/konsolosluklar\/misir-konsolosluk-islemleri\/\" target=\"_blank\" rel=\"noopener\">M\u0131s\u0131r Konsolosluk i\u015flemleri<\/a><\/strong><\/span> son derece m\u00fchimdir bu y\u00fczden hi\u00e7bir zaman bu i\u015fleri ertelememelisiniz. Trabzon\u2019da ya da \u00e7evresinde bir yerde ikamet ediyorsan\u0131z bu konsolosluk size yard\u0131mc\u0131 olacakt\u0131r.<\/span><\/p>\n<h2><strong><span style=\"font-family: Roboto; font-size: 27px;\">M\u0131s\u0131r Trabzon Fahri Konsolosu Kimdir?<\/span><\/strong><\/h2>\n<p><span style=\"font-family: Roboto; font-size: 14px;\">M\u0131s\u0131r\u2019\u0131n T\u00fcrkiye\u2019de bulunan temsilcilikleri aras\u0131nda M\u0131s\u0131r Trabzon Fahri Konsolosu bulunmaktad\u0131r. M\u0131s\u0131r Trabzon Fahri Konsolosu\u2019nun kim oldu\u011funu merak eden ki\u015filer i\u00e7in bu yaz\u0131da \u201cM\u0131s\u0131r Trabzon Fahri Konsolosu kimdir?\u201d sorusunun cevab\u0131 verilmi\u015ftir.<\/span><\/p>\n<p><span style=\"font-family: Roboto; font-size: 14px;\">M\u0131s\u0131r Trabzon Fahri Konsolosu\u2019nun kim oldu\u011funa hakk\u0131nda bir bilgi bulunmamaktad\u0131r. \u00a0M\u0131s\u0131r Trabzon Fahri Konsolosu\u2019nun kim oldu\u011funa dair bir bilgi bulunmasa da M\u0131s\u0131r vatanda\u015f\u0131 olmas\u0131 gibi bir zorunluluk yoktur. Bu nedenle Trabzon ve \u00e7ervresinde\u00a0bulunan tan\u0131nm\u0131\u015f ki\u015filer aras\u0131ndan se\u00e7ilmektedir.<\/span><\/p>\n<p><span style=\"font-family: Roboto; font-size: 14px;\">M\u0131s\u0131r Trabzon Fahri Konsolosu\u2019nun temel amac\u0131 b\u00f6lgede ticareti geli\u015ftirmek ve yeni tcari i\u015fbirlikleri yapmaktad\u0131r. M\u0131s\u0131r Trabzon Fahri Konsolosu\u2019nun diplomatik bir yetkisi bulunmamaktad\u0131r. Ancak gerekli g\u00f6r\u00fcld\u00fc\u011f\u00fc durumlarda M\u0131s\u0131r vatanda\u015flar\u0131na konsolosluk hizmeti vermektedir.<\/span><\/p>\n<p><span style=\"font-family: Roboto; font-size: 14px;\"><strong>M\u0131s\u0131r Trabzon Fahri Konsolosu,<\/strong> M\u0131s\u0131r\u2019\u0131n T\u00fcrkiye\u2019de bulunan Ankara B\u00fcy\u00fckel\u00e7ili\u011fi\u2019ne ba\u011fl\u0131 olarak \u00e7al\u0131\u015fmalar\u0131n\u0131 y\u00fcr\u00fctmektedir. M\u0131s\u0131r Ankara B\u00fcy\u00fckel\u00e7ili\u011fi\u2019nin vermi\u015f oldu\u011fu g\u00f6revleri yapmaktad\u0131r.<\/span><\/p>\n<h2><strong><span style=\"font-family: Roboto; font-size: 27px;\">M\u0131s\u0131r Trabzon Fahri Konsoloslu\u011fu Vize \u0130\u015flemleri<\/span><\/strong><\/h2>\n<p><span style=\"font-family: Roboto; font-size: 14px;\">M\u0131s\u0131r\u2019a seyahat etmek isteyen ki\u015filer, <strong>M\u0131s\u0131r vize<\/strong> i\u015flemlerini M\u0131s\u0131r\u2019\u0131n Trabzon Fahri Konsoloslu\u011fu\u2019na yapabilmektedir. M\u0131s\u0131r Trabzon Fahri Konsoloslu\u011fu\u2019na vize ba\u015fvurusu yapacak olan ki\u015filer, M\u0131s\u0131r Trabzon Fahri Konsoloslu\u011fu vize i\u015flemleri hakk\u0131nda ara\u015ft\u0131rma yapmaktad\u0131r.<\/span><\/p>\n<ul>\n<li><span style=\"font-family: Roboto; font-size: 14px;\">M\u0131s\u0131r Trabzon Fahri Konsoloslu\u011fu\u2019na M\u0131s\u0131r vize ba\u015fvurusu yapacak olan ki\u015filer, \u00f6ncelikle M\u0131s\u0131r vize t\u00fcr\u00fcn\u00fc belirlemelidir.<\/span><\/li>\n<li><span style=\"font-family: Roboto; font-size: 14px;\">M\u0131s\u0131r Trabzon Fahri Konsoloslu\u011fu vize i\u015flemi i\u00e7in vize t\u00fcr\u00fcn\u00fc belirleyen ki\u015filer, <strong>M\u0131s\u0131r vize i\u015flemleri<\/strong> i\u00e7in gerekli olan vize evraklar\u0131 eksiksiz olarak haz\u0131rlamal\u0131d\u0131r.<\/span><\/li>\n<li><span style=\"font-family: Roboto; font-size: 14px;\">M\u0131s\u0131r Trabzon Fahri Konsoloslu\u011fu vize i\u015flemleri i\u00e7in haz\u0131rlanan evraklar M\u0131s\u0131r Trabzon Fahri Konsoloslu\u011fu\u2019na teslim edilmelidir.<\/span><\/li>\n<li><span style=\"font-family: Roboto; font-size: 14px;\">M\u0131s\u0131r Trabzon Fahri Konsoloslu\u011fu vize i\u015flemlerini incelemeye ve de\u011ferlendirmeye yetkili olan yer M\u0131s\u0131r\u2019\u0131n Diplomatik temsilciliklerine aittir. Ba\u015fvurular\u00a0 <strong>M\u0131s\u0131r \u0130stanbul Ba\u015fkonsoloslu\u011fu<\/strong> ve\u00a0M\u0131s\u0131r Ankara B\u00fcy\u00fckel\u00e7ili\u011fi&#8217;ne\u00a0 aittir.<\/span><\/li>\n<\/ul>\n<h2><strong><span style=\"font-family: Roboto; font-size: 27px;\">M\u0131s\u0131r Trabzon Fahri Konsoloslu\u011fu Vize Ba\u015fvurusu<\/span><\/strong><\/h2>\n<p><span style=\"font-family: Roboto; font-size: 14px;\">M\u0131s\u0131r\u2019a seyahatte bulunacak olan ki\u015filer,<strong> M\u0131s\u0131r seyahatleri<\/strong> i\u00e7in M\u0131s\u0131r\u2019\u0131n Trabzon Fahri Konsoloslu\u011fu\u2019na vize ba\u015fvurusu yapabilir. M\u0131s\u0131r Trabzon Fahri Konsoloslu\u011fu\u2019na vize ba\u015fvurusu yapacak olan ki\u015filer ba\u015fvuru hakk\u0131nda ara\u015ft\u0131rmalar yapmaktad\u0131r. Bu yaz\u0131da M\u0131s\u0131r Trabzon Fahri Konsoloslu\u011fu\u2019na vize ba\u015fvurusu yapacak olan ki\u015filer i\u00e7in cevap verilmi\u015ftir.<\/span><\/p>\n<p><span style=\"font-family: Roboto; font-size: 14px;\">M\u0131s\u0131r Trabzon Fahri Konsoloslu\u011fu\u2019na vize ba\u015fvurusunda bulunacak\u00a0olan ki\u015filer, M\u0131s\u0131r Trabzon Fahri Konsoloslu\u011fu\u2019na ba\u015fvuru yapabilmektedir. M\u0131s\u0131r Trabzon Fahri Konsoloslu\u011fu\u2019na vize ba\u015fvurusu yapacak olan ki\u015filer, gerekli olan vize evraklar\u0131 eksiksiz olarak haz\u0131rlamal\u0131 ve M\u0131s\u0131r temsilcili\u011fine teslim edilmelidir.<\/span><\/p>\n<p><span style=\"font-family: Roboto; font-size: 14px;\"><strong>M\u0131s\u0131r Trabzon Fahri Konsoloslu\u011fu<\/strong> vize ba\u015fvurusu yapacak olan ki\u015filer, M\u0131s\u0131r seyahat amac\u0131n\u0131 gerekli olan evraklar ile M\u0131s\u0131r temsilcili\u011fine kan\u0131tlamal\u0131d\u0131r. M\u0131s\u0131r temsilcili\u011fine vize ba\u015fvurusunda bulunacak\u00a0olan ki\u015filer, gerekli olan evraklar\u0131 eksiksiz bir \u015fekilde haz\u0131rlamal\u0131d\u0131r.<\/span><\/p>\n<h3><strong><span style=\"font-family: Roboto; font-size: 24px;\">M\u0131s\u0131r Trabzon Fahri Konsoloslu\u011fu Vize Randevusu<\/span><\/strong><\/h3>\n<p><span style=\"font-family: Roboto; font-size: 14px;\">M\u0131s\u0131r Trabzon Fahri Konsoloslu\u011fu\u2019na vize ba\u015fvurusunda bulunacak olan ki\u015filer, M\u0131s\u0131r vize ba\u015fvurusu i\u00e7in randevu al\u0131n\u0131p al\u0131nmamas\u0131\u00a0 hakk\u0131nda ara\u015ft\u0131rma yapmaktad\u0131r. Bu yaz\u0131da M\u0131s\u0131r Trabzon Fahri Konsoloslu\u011fu\u2019na vize ba\u015fvurusunda bulunacak\u00a0olan ki\u015filer i\u00e7in M\u0131s\u0131r Trabzon Fahri Konsoloslu\u011fu vize randevusu hakk\u0131nda bilgi verilmi\u015ftir.<\/span><\/p>\n<p><span style=\"font-family: Roboto; font-size: 14px;\">M\u0131s\u0131r Trabzon Fahri Konsoloslu\u011fu vize ba\u015fvurusunda bulunacak olan ki\u015filerin <strong>M\u0131s\u0131r vize ba\u015fvurusu<\/strong> i\u00e7in randevu almas\u0131na gerek yoktur. Bu nedenle M\u0131s\u0131r Trabzon Fahri Konsoloslu\u011fu\u2019na vize ba\u015fvurusunda bulunacak olan ki\u015filer, gerekli olan evraklar ile M\u0131s\u0131r Trabzon Fahri Konsoloslu\u011fu\u2019na ba\u015fvurabilir.<\/span><\/p>\n<p><span style=\"font-family: Roboto; font-size: 14px;\"><strong>M\u0131s\u0131r Trabzon Fahri Konsoloslu\u011fu vize randevusu<\/strong> al\u0131nmas\u0131na gerek yoktur. Ancak M\u0131s\u0131r vize ba\u015fvuru yo\u011funlu\u011funa g\u00f6re M\u0131s\u0131r Trabzon Fahri Konsoloslu\u011fu vize ba\u015fvurusu i\u00e7in randevu zorunlulu\u011fu getirebilir. M\u0131s\u0131r Trabzon Fahri Konsoloslu\u011fu vize ba\u015fvurusu i\u00e7in randevu al\u0131n\u0131p al\u0131nmamas\u0131 gerekti\u011fi hakk\u0131nda bilgi almak i\u00e7in M\u0131s\u0131r Trabzon konsoloslu\u011fu ile ileti\u015fime ge\u00e7ebilirsiniz.<\/span><\/p>\n","protected":false},"excerpt":{"rendered":"<p>M\u0131s\u0131r Trabzon Konsoloslu\u011fu Hakk\u0131nda M\u0131s\u0131r\u2019\u0131n T\u00fcrkiye\u2019deki bulunan fahri konsoloslu\u011fundan birisi M\u0131s\u0131r Trabzon Fahri Konsoloslu\u011fu. M\u0131s\u0131r\u2019\u0131n Trabzon Fahri Konsoloslu\u011fu, Trabzon ve \u00e7evresinde M\u0131s\u0131r vatanda\u015f\u0131na hizmet vermektedir. G\u00f6rev alan\u0131 aras\u0131nda Trabzon, G\u00fcm\u00fc\u015fhane , Artvn ve Rize bulunmakta. M\u0131s\u0131r Trabzon Fahri Konsoloslu\u011fu g\u00f6rev ve yetkisi a\u015fa\u011f\u0131da verilmi\u015ftir. M\u0131s\u0131r\u2019\u0131n Trabzon bulunan Trabzon Fahri Konsolosluk, Ankara M\u0131s\u0131r B\u00fcy\u00fckel\u00e7ili\u011fi\u2019ne ba\u011fl\u0131 olunarak<\/p>\n","protected":false},"author":1,"featured_media":0,"parent":69,"menu_order":0,"comment_status":"open","ping_status":"closed","template":"","meta":{"footnotes":""},"class_list":["post-84","page","type-page","status-publish","hentry"],"yoast_head":"<!-- This site is optimized with the Yoast SEO plugin v24.0 - https:\/\/yoast.com\/wordpress\/plugins\/seo\/ -->\n<title>M\u0131s\u0131r Konsoloslu\u011fu Trabzon Vize \u0130\u015flemleri - MyVize<\/title>\n<meta name=\"description\" content=\"M\u0131s\u0131r Trabzon Fahri Konsoloslu\u011fu \u00e7al\u0131\u015fma saatleri. M\u0131s\u0131r Trabzon Fahri Konsoloslu\u011fu ula\u015f\u0131m, ileti\u015fim bilgileri ve faaliyet alan\u0131.\" \/>\n<meta name=\"robots\" content=\"index, follow, max-snippet:-1, max-image-preview:large, max-video-preview:-1\" \/>\n<link rel=\"canonical\" href=\"https:\/\/www.myvize.com.tr\/misir\/konsolosluklar\/trabzon-fahri-konsoloslugu\/\" \/>\n<meta property=\"og:locale\" content=\"tr_TR\" \/>\n<meta property=\"og:type\" content=\"article\" \/>\n<meta property=\"og:title\" content=\"M\u0131s\u0131r Konsoloslu\u011fu Trabzon Vize \u0130\u015flemleri - MyVize\" \/>\n<meta property=\"og:description\" content=\"M\u0131s\u0131r Trabzon Fahri Konsoloslu\u011fu \u00e7al\u0131\u015fma saatleri. M\u0131s\u0131r Trabzon Fahri Konsoloslu\u011fu ula\u015f\u0131m, ileti\u015fim bilgileri ve faaliyet alan\u0131.\" \/>\n<meta property=\"og:url\" content=\"https:\/\/www.myvize.com.tr\/misir\/konsolosluklar\/trabzon-fahri-konsoloslugu\/\" \/>\n<meta property=\"og:site_name\" content=\"M\u0131s\u0131r Vizesi\" \/>\n<meta property=\"article:modified_time\" content=\"2022-04-25T14:41:59+00:00\" \/>\n<meta name=\"twitter:card\" content=\"summary_large_image\" \/>\n<meta name=\"twitter:label1\" content=\"Tahmini okuma s\u00fcresi\" \/>\n\t<meta name=\"twitter:data1\" content=\"4 dakika\" \/>\n<script type=\"application\/ld+json\" class=\"yoast-schema-graph\">{\"@context\":\"https:\/\/schema.org\",\"@graph\":[{\"@type\":\"WebPage\",\"@id\":\"https:\/\/www.myvize.com.tr\/misir\/konsolosluklar\/trabzon-fahri-konsoloslugu\/\",\"url\":\"https:\/\/www.myvize.com.tr\/misir\/konsolosluklar\/trabzon-fahri-konsoloslugu\/\",\"name\":\"M\u0131s\u0131r Konsoloslu\u011fu Trabzon Vize \u0130\u015flemleri - MyVize\",\"isPartOf\":{\"@id\":\"https:\/\/www.myvize.com.tr\/misir\/#website\"},\"datePublished\":\"2020-11-30T10:05:08+00:00\",\"dateModified\":\"2022-04-25T14:41:59+00:00\",\"description\":\"M\u0131s\u0131r Trabzon Fahri Konsoloslu\u011fu \u00e7al\u0131\u015fma saatleri. M\u0131s\u0131r Trabzon Fahri Konsoloslu\u011fu ula\u015f\u0131m, ileti\u015fim bilgileri ve faaliyet alan\u0131.\",\"breadcrumb\":{\"@id\":\"https:\/\/www.myvize.com.tr\/misir\/konsolosluklar\/trabzon-fahri-konsoloslugu\/#breadcrumb\"},\"inLanguage\":\"tr\",\"potentialAction\":[{\"@type\":\"ReadAction\",\"target\":[\"https:\/\/www.myvize.com.tr\/misir\/konsolosluklar\/trabzon-fahri-konsoloslugu\/\"]}]},{\"@type\":\"BreadcrumbList\",\"@id\":\"https:\/\/www.myvize.com.tr\/misir\/konsolosluklar\/trabzon-fahri-konsoloslugu\/#breadcrumb\",\"itemListElement\":[{\"@type\":\"ListItem\",\"position\":1,\"name\":\"Anasayfa\",\"item\":\"https:\/\/www.myvize.com.tr\/misir\/\"},{\"@type\":\"ListItem\",\"position\":2,\"name\":\"KONSOLOSLUKLAR\",\"item\":\"https:\/\/www.myvize.com.tr\/misir\/konsolosluklar\/\"},{\"@type\":\"ListItem\",\"position\":3,\"name\":\"M\u0131s\u0131r Trabzon Konsoloslu\u011fu\"}]},{\"@type\":\"WebSite\",\"@id\":\"https:\/\/www.myvize.com.tr\/misir\/#website\",\"url\":\"https:\/\/www.myvize.com.tr\/misir\/\",\"name\":\"M\u0131s\u0131r Vizesi\",\"description\":\"\",\"potentialAction\":[{\"@type\":\"SearchAction\",\"target\":{\"@type\":\"EntryPoint\",\"urlTemplate\":\"https:\/\/www.myvize.com.tr\/misir\/?s={search_term_string}\"},\"query-input\":{\"@type\":\"PropertyValueSpecification\",\"valueRequired\":true,\"valueName\":\"search_term_string\"}}],\"inLanguage\":\"tr\"}]}<\/script>\n<!-- \/ Yoast SEO plugin. -->","yoast_head_json":{"title":"M\u0131s\u0131r Konsoloslu\u011fu Trabzon Vize \u0130\u015flemleri - MyVize","description":"M\u0131s\u0131r Trabzon Fahri Konsoloslu\u011fu \u00e7al\u0131\u015fma saatleri. M\u0131s\u0131r Trabzon Fahri Konsoloslu\u011fu ula\u015f\u0131m, ileti\u015fim bilgileri ve faaliyet alan\u0131.","robots":{"index":"index","follow":"follow","max-snippet":"max-snippet:-1","max-image-preview":"max-image-preview:large","max-video-preview":"max-video-preview:-1"},"canonical":"https:\/\/www.myvize.com.tr\/misir\/konsolosluklar\/trabzon-fahri-konsoloslugu\/","og_locale":"tr_TR","og_type":"article","og_title":"M\u0131s\u0131r Konsoloslu\u011fu Trabzon Vize \u0130\u015flemleri - MyVize","og_description":"M\u0131s\u0131r Trabzon Fahri Konsoloslu\u011fu \u00e7al\u0131\u015fma saatleri. M\u0131s\u0131r Trabzon Fahri Konsoloslu\u011fu ula\u015f\u0131m, ileti\u015fim bilgileri ve faaliyet alan\u0131.","og_url":"https:\/\/www.myvize.com.tr\/misir\/konsolosluklar\/trabzon-fahri-konsoloslugu\/","og_site_name":"M\u0131s\u0131r Vizesi","article_modified_time":"2022-04-25T14:41:59+00:00","twitter_card":"summary_large_image","twitter_misc":{"Tahmini okuma s\u00fcresi":"4 dakika"},"schema":{"@context":"https:\/\/schema.org","@graph":[{"@type":"WebPage","@id":"https:\/\/www.myvize.com.tr\/misir\/konsolosluklar\/trabzon-fahri-konsoloslugu\/","url":"https:\/\/www.myvize.com.tr\/misir\/konsolosluklar\/trabzon-fahri-konsoloslugu\/","name":"M\u0131s\u0131r Konsoloslu\u011fu Trabzon Vize \u0130\u015flemleri - MyVize","isPartOf":{"@id":"https:\/\/www.myvize.com.tr\/misir\/#website"},"datePublished":"2020-11-30T10:05:08+00:00","dateModified":"2022-04-25T14:41:59+00:00","description":"M\u0131s\u0131r Trabzon Fahri Konsoloslu\u011fu \u00e7al\u0131\u015fma saatleri. M\u0131s\u0131r Trabzon Fahri Konsoloslu\u011fu ula\u015f\u0131m, ileti\u015fim bilgileri ve faaliyet alan\u0131.","breadcrumb":{"@id":"https:\/\/www.myvize.com.tr\/misir\/konsolosluklar\/trabzon-fahri-konsoloslugu\/#breadcrumb"},"inLanguage":"tr","potentialAction":[{"@type":"ReadAction","target":["https:\/\/www.myvize.com.tr\/misir\/konsolosluklar\/trabzon-fahri-konsoloslugu\/"]}]},{"@type":"BreadcrumbList","@id":"https:\/\/www.myvize.com.tr\/misir\/konsolosluklar\/trabzon-fahri-konsoloslugu\/#breadcrumb","itemListElement":[{"@type":"ListItem","position":1,"name":"Anasayfa","item":"https:\/\/www.myvize.com.tr\/misir\/"},{"@type":"ListItem","position":2,"name":"KONSOLOSLUKLAR","item":"https:\/\/www.myvize.com.tr\/misir\/konsolosluklar\/"},{"@type":"ListItem","position":3,"name":"M\u0131s\u0131r Trabzon Konsoloslu\u011fu"}]},{"@type":"WebSite","@id":"https:\/\/www.myvize.com.tr\/misir\/#website","url":"https:\/\/www.myvize.com.tr\/misir\/","name":"M\u0131s\u0131r Vizesi","description":"","potentialAction":[{"@type":"SearchAction","target":{"@type":"EntryPoint","urlTemplate":"https:\/\/www.myvize.com.tr\/misir\/?s={search_term_string}"},"query-input":{"@type":"PropertyValueSpecification","valueRequired":true,"valueName":"search_term_string"}}],"inLanguage":"tr"}]}},"_links":{"self":[{"href":"https:\/\/www.myvize.com.tr\/misir\/wp-json\/wp\/v2\/pages\/84","targetHints":{"allow":["GET"]}}],"collection":[{"href":"https:\/\/www.myvize.com.tr\/misir\/wp-json\/wp\/v2\/pages"}],"about":[{"href":"https:\/\/www.myvize.com.tr\/misir\/wp-json\/wp\/v2\/types\/page"}],"author":[{"embeddable":true,"href":"https:\/\/www.myvize.com.tr\/misir\/wp-json\/wp\/v2\/users\/1"}],"replies":[{"embeddable":true,"href":"https:\/\/www.myvize.com.tr\/misir\/wp-json\/wp\/v2\/comments?post=84"}],"version-history":[{"count":5,"href":"https:\/\/www.myvize.com.tr\/misir\/wp-json\/wp\/v2\/pages\/84\/revisions"}],"predecessor-version":[{"id":740,"href":"https:\/\/www.myvize.com.tr\/misir\/wp-json\/wp\/v2\/pages\/84\/revisions\/740"}],"up":[{"embeddable":true,"href":"https:\/\/www.myvize.com.tr\/misir\/wp-json\/wp\/v2\/pages\/69"}],"wp:attachment":[{"href":"https:\/\/www.myvize.com.tr\/misir\/wp-json\/wp\/v2\/media?parent=84"}],"curies":[{"name":"wp","href":"https:\/\/api.w.org\/{rel}","templated":true}]}}