{"id":86,"date":"2020-11-30T13:05:31","date_gmt":"2020-11-30T10:05:31","guid":{"rendered":"https:\/\/www.myvize.com.tr\/misir\/?page_id=86"},"modified":"2022-04-25T17:43:22","modified_gmt":"2022-04-25T14:43:22","slug":"edirne-fahri-konsoloslugu","status":"publish","type":"page","link":"https:\/\/www.myvize.com.tr\/misir\/konsolosluklar\/edirne-fahri-konsoloslugu\/","title":{"rendered":"M\u0131s\u0131r Edirne Fahri Konsoloslu\u011fu"},"content":{"rendered":"<h2><span style=\"font-family: Roboto; font-size: 27px;\"><strong>M\u0131s\u0131r Edirne Fahri Konsoloslu\u011fu Hakk\u0131nda<\/strong><\/span><\/h2>\n<p><span style=\"font-family: Roboto; font-size: 14px;\">M\u0131s\u0131r\u2019\u0131n T\u00fcrkiye\u2019de bulunan fahri konsoloslukdan birisi <strong>M\u0131s\u0131r Edirne Fahri Konsoloslu\u011fu<\/strong>. M\u0131s\u0131r\u2019\u0131n Edirne Fahri Konsoloslu\u011fu, Edirne ve \u00e7evresinde M\u0131s\u0131r vatanda\u015f\u0131na hizmet vermekte. G\u00f6rev alan\u0131 aras\u0131nda <span style=\"color: #2acec2;\"><strong><a style=\"color: #2acec2;\" href=\"https:\/\/www.myvize.com.tr\/misir\/subelerimiz\/edirne\/\" target=\"_blank\" rel=\"noopener\">Edirne<\/a><\/strong><\/span>, Tekirda\u011f, \u00c7anakkale, K\u0131rklaeli illeri bulunmakta. <strong>M\u0131s\u0131r Edirne Fahri Konsoloslu\u011fu<\/strong> g\u00f6rev ve yetkisi a\u015fa\u011f\u0131da verilmi\u015ftir.<\/span><\/p>\n<p><span style=\"font-family: Roboto; font-size: 14px;\">M\u0131s\u0131r\u2019\u0131n Edirne\u2019de olan Edirne Fahri Konsoloslu\u011fu,<strong> Ankara M\u0131s\u0131r B\u00fcy\u00fckel\u00e7ili\u011fine<\/strong>\u00a0ba\u011fl\u0131 olarak Edirne ve \u00e7evresi \u00e7al\u0131\u015fma y\u00fcr\u00fctmektedir.<\/span><\/p>\n<p><span style=\"font-family: Roboto; font-size: 14px;\"><strong>M\u0131s\u0131r Edirne Fahri Konsoloslu\u011fu<\/strong> diplomatik bir yetki bulunmamaktad\u0131r.<\/span><\/p>\n<p><span style=\"font-family: Roboto; font-size: 14px;\"><strong>M\u0131s\u0131r Edirne Konsoloslu\u011fu<\/strong>, Edirne ve \u00e7evresi i\u015f kurmu\u015f olan ya da Edirne ve \u00e7evresine ticaret yapma isteyen M\u0131s\u0131r vatanda\u015f\u0131na destek olmakta.<\/span><\/p>\n<p><span style=\"font-family: Roboto; font-size: 14px;\">M\u0131s\u0131r k\u00fclt\u00fcr\u00fc, Edirne ve \u00e7evresi tan\u0131tmak ama\u00e7lanmakta.<\/span><\/p>\n<p><span style=\"font-family: Roboto; font-size: 14px;\"><strong>M\u0131s\u0131r Edirne Fahri Konsoloslu\u011fu<\/strong> diplomatik bir temsilcilik olmad\u0131\u011f\u0131ndan dolay\u0131 M\u0131s\u0131r vatanda\u015f\u0131na konsolosluk hizmetleri vermemektedir. <strong>M\u0131s\u0131r Edirne Fahri Konsoloslu\u011f<\/strong>u vize hizmetleri de vermemektedir.<\/span><\/p>\n<p><span style=\"font-family: Roboto; font-size: 14px;\"><strong>M\u0131s\u0131r Edirne Fahri Konsolosluk<\/strong>, hafta i\u00e7i her g\u00fcn saat 09.30 ve 17.30 aras\u0131nda hizmet vermekte. M\u0131s\u0131r Edirne Fahri Konsoloslu\u011funun, T\u00fcrkiye ve M\u0131s\u0131r resmi tatilinde \u00e7al\u0131\u015fmamaktad\u0131r.<\/span><\/p>\n<p><span style=\"font-family: Roboto; font-size: 14px;\">Adresi: Mithatpa\u015fa Mahallesi, Ortakap\u0131 Caddesi, No: 88, Daire: 7, Edirne Merkez\/Edirne<\/span><\/p>\n","protected":false},"excerpt":{"rendered":"<p>M\u0131s\u0131r Edirne Fahri Konsoloslu\u011fu Hakk\u0131nda M\u0131s\u0131r\u2019\u0131n T\u00fcrkiye\u2019de bulunan fahri konsoloslukdan birisi M\u0131s\u0131r Edirne Fahri Konsoloslu\u011fu. M\u0131s\u0131r\u2019\u0131n Edirne Fahri Konsoloslu\u011fu, Edirne ve \u00e7evresinde M\u0131s\u0131r vatanda\u015f\u0131na hizmet vermekte. G\u00f6rev alan\u0131 aras\u0131nda Edirne, Tekirda\u011f, \u00c7anakkale, K\u0131rklaeli illeri bulunmakta. M\u0131s\u0131r Edirne Fahri Konsoloslu\u011fu g\u00f6rev ve yetkisi a\u015fa\u011f\u0131da verilmi\u015ftir. M\u0131s\u0131r\u2019\u0131n Edirne\u2019de olan Edirne Fahri Konsoloslu\u011fu, Ankara M\u0131s\u0131r B\u00fcy\u00fckel\u00e7ili\u011fine\u00a0ba\u011fl\u0131 olarak Edirne<\/p>\n","protected":false},"author":1,"featured_media":0,"parent":69,"menu_order":0,"comment_status":"open","ping_status":"closed","template":"","meta":{"footnotes":""},"class_list":["post-86","page","type-page","status-publish","hentry"],"yoast_head":"<!-- This site is optimized with the Yoast SEO plugin v24.0 - https:\/\/yoast.com\/wordpress\/plugins\/seo\/ -->\n<title>M\u0131s\u0131r Fahri Konsoloslu\u011fu Edirne - MyVize<\/title>\n<meta name=\"description\" content=\"M\u0131s\u0131r Edirne Fahri Konsoloslu\u011fu \u00e7al\u0131\u015fma saatleri. M\u0131s\u0131r Edirne Fahri Konsoloslu\u011fu ula\u015f\u0131m, ileti\u015fim bilgileri ve faaliyet alan\u0131.\" \/>\n<meta name=\"robots\" content=\"index, follow, max-snippet:-1, max-image-preview:large, max-video-preview:-1\" \/>\n<link rel=\"canonical\" href=\"https:\/\/www.myvize.com.tr\/misir\/konsolosluklar\/edirne-fahri-konsoloslugu\/\" \/>\n<meta property=\"og:locale\" content=\"tr_TR\" \/>\n<meta property=\"og:type\" content=\"article\" \/>\n<meta property=\"og:title\" content=\"M\u0131s\u0131r Fahri Konsoloslu\u011fu Edirne - MyVize\" \/>\n<meta property=\"og:description\" content=\"M\u0131s\u0131r Edirne Fahri Konsoloslu\u011fu \u00e7al\u0131\u015fma saatleri. M\u0131s\u0131r Edirne Fahri Konsoloslu\u011fu ula\u015f\u0131m, ileti\u015fim bilgileri ve faaliyet alan\u0131.\" \/>\n<meta property=\"og:url\" content=\"https:\/\/www.myvize.com.tr\/misir\/konsolosluklar\/edirne-fahri-konsoloslugu\/\" \/>\n<meta property=\"og:site_name\" content=\"M\u0131s\u0131r Vizesi\" \/>\n<meta property=\"article:modified_time\" content=\"2022-04-25T14:43:22+00:00\" \/>\n<meta name=\"twitter:card\" content=\"summary_large_image\" \/>\n<meta name=\"twitter:label1\" content=\"Tahmini okuma s\u00fcresi\" \/>\n\t<meta name=\"twitter:data1\" content=\"1 dakika\" \/>\n<script type=\"application\/ld+json\" class=\"yoast-schema-graph\">{\"@context\":\"https:\/\/schema.org\",\"@graph\":[{\"@type\":\"WebPage\",\"@id\":\"https:\/\/www.myvize.com.tr\/misir\/konsolosluklar\/edirne-fahri-konsoloslugu\/\",\"url\":\"https:\/\/www.myvize.com.tr\/misir\/konsolosluklar\/edirne-fahri-konsoloslugu\/\",\"name\":\"M\u0131s\u0131r Fahri Konsoloslu\u011fu Edirne - MyVize\",\"isPartOf\":{\"@id\":\"https:\/\/www.myvize.com.tr\/misir\/#website\"},\"datePublished\":\"2020-11-30T10:05:31+00:00\",\"dateModified\":\"2022-04-25T14:43:22+00:00\",\"description\":\"M\u0131s\u0131r Edirne Fahri Konsoloslu\u011fu \u00e7al\u0131\u015fma saatleri. M\u0131s\u0131r Edirne Fahri Konsoloslu\u011fu ula\u015f\u0131m, ileti\u015fim bilgileri ve faaliyet alan\u0131.\",\"breadcrumb\":{\"@id\":\"https:\/\/www.myvize.com.tr\/misir\/konsolosluklar\/edirne-fahri-konsoloslugu\/#breadcrumb\"},\"inLanguage\":\"tr\",\"potentialAction\":[{\"@type\":\"ReadAction\",\"target\":[\"https:\/\/www.myvize.com.tr\/misir\/konsolosluklar\/edirne-fahri-konsoloslugu\/\"]}]},{\"@type\":\"BreadcrumbList\",\"@id\":\"https:\/\/www.myvize.com.tr\/misir\/konsolosluklar\/edirne-fahri-konsoloslugu\/#breadcrumb\",\"itemListElement\":[{\"@type\":\"ListItem\",\"position\":1,\"name\":\"Anasayfa\",\"item\":\"https:\/\/www.myvize.com.tr\/misir\/\"},{\"@type\":\"ListItem\",\"position\":2,\"name\":\"KONSOLOSLUKLAR\",\"item\":\"https:\/\/www.myvize.com.tr\/misir\/konsolosluklar\/\"},{\"@type\":\"ListItem\",\"position\":3,\"name\":\"M\u0131s\u0131r Edirne Fahri Konsoloslu\u011fu\"}]},{\"@type\":\"WebSite\",\"@id\":\"https:\/\/www.myvize.com.tr\/misir\/#website\",\"url\":\"https:\/\/www.myvize.com.tr\/misir\/\",\"name\":\"M\u0131s\u0131r Vizesi\",\"description\":\"\",\"potentialAction\":[{\"@type\":\"SearchAction\",\"target\":{\"@type\":\"EntryPoint\",\"urlTemplate\":\"https:\/\/www.myvize.com.tr\/misir\/?s={search_term_string}\"},\"query-input\":{\"@type\":\"PropertyValueSpecification\",\"valueRequired\":true,\"valueName\":\"search_term_string\"}}],\"inLanguage\":\"tr\"}]}<\/script>\n<!-- \/ Yoast SEO plugin. -->","yoast_head_json":{"title":"M\u0131s\u0131r Fahri Konsoloslu\u011fu Edirne - MyVize","description":"M\u0131s\u0131r Edirne Fahri Konsoloslu\u011fu \u00e7al\u0131\u015fma saatleri. M\u0131s\u0131r Edirne Fahri Konsoloslu\u011fu ula\u015f\u0131m, ileti\u015fim bilgileri ve faaliyet alan\u0131.","robots":{"index":"index","follow":"follow","max-snippet":"max-snippet:-1","max-image-preview":"max-image-preview:large","max-video-preview":"max-video-preview:-1"},"canonical":"https:\/\/www.myvize.com.tr\/misir\/konsolosluklar\/edirne-fahri-konsoloslugu\/","og_locale":"tr_TR","og_type":"article","og_title":"M\u0131s\u0131r Fahri Konsoloslu\u011fu Edirne - MyVize","og_description":"M\u0131s\u0131r Edirne Fahri Konsoloslu\u011fu \u00e7al\u0131\u015fma saatleri. M\u0131s\u0131r Edirne Fahri Konsoloslu\u011fu ula\u015f\u0131m, ileti\u015fim bilgileri ve faaliyet alan\u0131.","og_url":"https:\/\/www.myvize.com.tr\/misir\/konsolosluklar\/edirne-fahri-konsoloslugu\/","og_site_name":"M\u0131s\u0131r Vizesi","article_modified_time":"2022-04-25T14:43:22+00:00","twitter_card":"summary_large_image","twitter_misc":{"Tahmini okuma s\u00fcresi":"1 dakika"},"schema":{"@context":"https:\/\/schema.org","@graph":[{"@type":"WebPage","@id":"https:\/\/www.myvize.com.tr\/misir\/konsolosluklar\/edirne-fahri-konsoloslugu\/","url":"https:\/\/www.myvize.com.tr\/misir\/konsolosluklar\/edirne-fahri-konsoloslugu\/","name":"M\u0131s\u0131r Fahri Konsoloslu\u011fu Edirne - MyVize","isPartOf":{"@id":"https:\/\/www.myvize.com.tr\/misir\/#website"},"datePublished":"2020-11-30T10:05:31+00:00","dateModified":"2022-04-25T14:43:22+00:00","description":"M\u0131s\u0131r Edirne Fahri Konsoloslu\u011fu \u00e7al\u0131\u015fma saatleri. M\u0131s\u0131r Edirne Fahri Konsoloslu\u011fu ula\u015f\u0131m, ileti\u015fim bilgileri ve faaliyet alan\u0131.","breadcrumb":{"@id":"https:\/\/www.myvize.com.tr\/misir\/konsolosluklar\/edirne-fahri-konsoloslugu\/#breadcrumb"},"inLanguage":"tr","potentialAction":[{"@type":"ReadAction","target":["https:\/\/www.myvize.com.tr\/misir\/konsolosluklar\/edirne-fahri-konsoloslugu\/"]}]},{"@type":"BreadcrumbList","@id":"https:\/\/www.myvize.com.tr\/misir\/konsolosluklar\/edirne-fahri-konsoloslugu\/#breadcrumb","itemListElement":[{"@type":"ListItem","position":1,"name":"Anasayfa","item":"https:\/\/www.myvize.com.tr\/misir\/"},{"@type":"ListItem","position":2,"name":"KONSOLOSLUKLAR","item":"https:\/\/www.myvize.com.tr\/misir\/konsolosluklar\/"},{"@type":"ListItem","position":3,"name":"M\u0131s\u0131r Edirne Fahri Konsoloslu\u011fu"}]},{"@type":"WebSite","@id":"https:\/\/www.myvize.com.tr\/misir\/#website","url":"https:\/\/www.myvize.com.tr\/misir\/","name":"M\u0131s\u0131r Vizesi","description":"","potentialAction":[{"@type":"SearchAction","target":{"@type":"EntryPoint","urlTemplate":"https:\/\/www.myvize.com.tr\/misir\/?s={search_term_string}"},"query-input":{"@type":"PropertyValueSpecification","valueRequired":true,"valueName":"search_term_string"}}],"inLanguage":"tr"}]}},"_links":{"self":[{"href":"https:\/\/www.myvize.com.tr\/misir\/wp-json\/wp\/v2\/pages\/86","targetHints":{"allow":["GET"]}}],"collection":[{"href":"https:\/\/www.myvize.com.tr\/misir\/wp-json\/wp\/v2\/pages"}],"about":[{"href":"https:\/\/www.myvize.com.tr\/misir\/wp-json\/wp\/v2\/types\/page"}],"author":[{"embeddable":true,"href":"https:\/\/www.myvize.com.tr\/misir\/wp-json\/wp\/v2\/users\/1"}],"replies":[{"embeddable":true,"href":"https:\/\/www.myvize.com.tr\/misir\/wp-json\/wp\/v2\/comments?post=86"}],"version-history":[{"count":6,"href":"https:\/\/www.myvize.com.tr\/misir\/wp-json\/wp\/v2\/pages\/86\/revisions"}],"predecessor-version":[{"id":741,"href":"https:\/\/www.myvize.com.tr\/misir\/wp-json\/wp\/v2\/pages\/86\/revisions\/741"}],"up":[{"embeddable":true,"href":"https:\/\/www.myvize.com.tr\/misir\/wp-json\/wp\/v2\/pages\/69"}],"wp:attachment":[{"href":"https:\/\/www.myvize.com.tr\/misir\/wp-json\/wp\/v2\/media?parent=86"}],"curies":[{"name":"wp","href":"https:\/\/api.w.org\/{rel}","templated":true}]}}