{"id":30,"date":"2020-11-30T12:39:12","date_gmt":"2020-11-30T09:39:12","guid":{"rendered":"https:\/\/www.myvize.com.tr\/nijerya\/?page_id=30"},"modified":"2022-04-26T12:37:01","modified_gmt":"2022-04-26T09:37:01","slug":"nijerya-vizesi","status":"publish","type":"page","link":"https:\/\/www.myvize.com.tr\/nijerya\/vize-islemleri\/nijerya-vizesi\/","title":{"rendered":"Nijerya Vizesi"},"content":{"rendered":"\n<h2 class=\"wp-block-heading\"><strong>Nijerya Vize Ba\u015fvurusu \u0130le \u0130lgili<\/strong><\/h2>\n","protected":false},"excerpt":{"rendered":"<p>Nijerya Vize Ba\u015fvurusu \u0130le \u0130lgili<\/p>\n","protected":false},"author":1,"featured_media":0,"parent":18,"menu_order":0,"comment_status":"open","ping_status":"closed","template":"","meta":{"footnotes":""},"class_list":["post-30","page","type-page","status-publish","hentry"],"yoast_head":"<!-- This site is optimized with the Yoast SEO plugin v24.0 - https:\/\/yoast.com\/wordpress\/plugins\/seo\/ -->\n<title>Nijerya Vizesi - Nijerya Vize Randevu \u0130\u015flemleri - MyVize<\/title>\n<meta name=\"description\" content=\"Nijerya vizesi i\u00e7in gerekli olan evraklar g\u00fcncel. Vize t\u00fcrleri turistik, ticari, aile birle\u015fimi genel bilgiler. Nijerya vize i\u015flem s\u00fcreci.\" \/>\n<meta name=\"robots\" content=\"index, follow, max-snippet:-1, max-image-preview:large, max-video-preview:-1\" \/>\n<link rel=\"canonical\" href=\"https:\/\/www.myvize.com.tr\/nijerya\/vize-islemleri\/nijerya-vizesi\/\" \/>\n<meta property=\"og:locale\" content=\"tr_TR\" \/>\n<meta property=\"og:type\" content=\"article\" \/>\n<meta property=\"og:title\" content=\"Nijerya Vizesi - Nijerya Vize Randevu \u0130\u015flemleri - MyVize\" \/>\n<meta property=\"og:description\" content=\"Nijerya vizesi i\u00e7in gerekli olan evraklar g\u00fcncel. Vize t\u00fcrleri turistik, ticari, aile birle\u015fimi genel bilgiler. Nijerya vize i\u015flem s\u00fcreci.\" \/>\n<meta property=\"og:url\" content=\"https:\/\/www.myvize.com.tr\/nijerya\/vize-islemleri\/nijerya-vizesi\/\" \/>\n<meta property=\"og:site_name\" content=\"Nijerya Vizesi\" \/>\n<meta property=\"article:modified_time\" content=\"2022-04-26T09:37:01+00:00\" \/>\n<meta name=\"twitter:card\" content=\"summary_large_image\" \/>\n<meta name=\"twitter:label1\" content=\"Tahmini okuma s\u00fcresi\" \/>\n\t<meta name=\"twitter:data1\" content=\"1 dakika\" \/>\n<script type=\"application\/ld+json\" class=\"yoast-schema-graph\">{\"@context\":\"https:\/\/schema.org\",\"@graph\":[{\"@type\":\"WebPage\",\"@id\":\"https:\/\/www.myvize.com.tr\/nijerya\/vize-islemleri\/nijerya-vizesi\/\",\"url\":\"https:\/\/www.myvize.com.tr\/nijerya\/vize-islemleri\/nijerya-vizesi\/\",\"name\":\"Nijerya Vizesi - Nijerya Vize Randevu \u0130\u015flemleri - MyVize\",\"isPartOf\":{\"@id\":\"https:\/\/www.myvize.com.tr\/nijerya\/#website\"},\"datePublished\":\"2020-11-30T09:39:12+00:00\",\"dateModified\":\"2022-04-26T09:37:01+00:00\",\"description\":\"Nijerya vizesi i\u00e7in gerekli olan evraklar g\u00fcncel. Vize t\u00fcrleri turistik, ticari, aile birle\u015fimi genel bilgiler. Nijerya vize i\u015flem s\u00fcreci.\",\"breadcrumb\":{\"@id\":\"https:\/\/www.myvize.com.tr\/nijerya\/vize-islemleri\/nijerya-vizesi\/#breadcrumb\"},\"inLanguage\":\"tr\",\"potentialAction\":[{\"@type\":\"ReadAction\",\"target\":[\"https:\/\/www.myvize.com.tr\/nijerya\/vize-islemleri\/nijerya-vizesi\/\"]}]},{\"@type\":\"BreadcrumbList\",\"@id\":\"https:\/\/www.myvize.com.tr\/nijerya\/vize-islemleri\/nijerya-vizesi\/#breadcrumb\",\"itemListElement\":[{\"@type\":\"ListItem\",\"position\":1,\"name\":\"Anasayfa\",\"item\":\"https:\/\/www.myvize.com.tr\/nijerya\/\"},{\"@type\":\"ListItem\",\"position\":2,\"name\":\"V\u0130ZE \u0130\u015eLEMLER\u0130\",\"item\":\"https:\/\/www.myvize.com.tr\/nijerya\/vize-islemleri\/\"},{\"@type\":\"ListItem\",\"position\":3,\"name\":\"Nijerya Vizesi\"}]},{\"@type\":\"WebSite\",\"@id\":\"https:\/\/www.myvize.com.tr\/nijerya\/#website\",\"url\":\"https:\/\/www.myvize.com.tr\/nijerya\/\",\"name\":\"Nijerya Vizesi\",\"description\":\"\",\"potentialAction\":[{\"@type\":\"SearchAction\",\"target\":{\"@type\":\"EntryPoint\",\"urlTemplate\":\"https:\/\/www.myvize.com.tr\/nijerya\/?s={search_term_string}\"},\"query-input\":{\"@type\":\"PropertyValueSpecification\",\"valueRequired\":true,\"valueName\":\"search_term_string\"}}],\"inLanguage\":\"tr\"}]}<\/script>\n<!-- \/ Yoast SEO plugin. -->","yoast_head_json":{"title":"Nijerya Vizesi - Nijerya Vize Randevu \u0130\u015flemleri - MyVize","description":"Nijerya vizesi i\u00e7in gerekli olan evraklar g\u00fcncel. Vize t\u00fcrleri turistik, ticari, aile birle\u015fimi genel bilgiler. Nijerya vize i\u015flem s\u00fcreci.","robots":{"index":"index","follow":"follow","max-snippet":"max-snippet:-1","max-image-preview":"max-image-preview:large","max-video-preview":"max-video-preview:-1"},"canonical":"https:\/\/www.myvize.com.tr\/nijerya\/vize-islemleri\/nijerya-vizesi\/","og_locale":"tr_TR","og_type":"article","og_title":"Nijerya Vizesi - Nijerya Vize Randevu \u0130\u015flemleri - MyVize","og_description":"Nijerya vizesi i\u00e7in gerekli olan evraklar g\u00fcncel. Vize t\u00fcrleri turistik, ticari, aile birle\u015fimi genel bilgiler. Nijerya vize i\u015flem s\u00fcreci.","og_url":"https:\/\/www.myvize.com.tr\/nijerya\/vize-islemleri\/nijerya-vizesi\/","og_site_name":"Nijerya Vizesi","article_modified_time":"2022-04-26T09:37:01+00:00","twitter_card":"summary_large_image","twitter_misc":{"Tahmini okuma s\u00fcresi":"1 dakika"},"schema":{"@context":"https:\/\/schema.org","@graph":[{"@type":"WebPage","@id":"https:\/\/www.myvize.com.tr\/nijerya\/vize-islemleri\/nijerya-vizesi\/","url":"https:\/\/www.myvize.com.tr\/nijerya\/vize-islemleri\/nijerya-vizesi\/","name":"Nijerya Vizesi - Nijerya Vize Randevu \u0130\u015flemleri - MyVize","isPartOf":{"@id":"https:\/\/www.myvize.com.tr\/nijerya\/#website"},"datePublished":"2020-11-30T09:39:12+00:00","dateModified":"2022-04-26T09:37:01+00:00","description":"Nijerya vizesi i\u00e7in gerekli olan evraklar g\u00fcncel. Vize t\u00fcrleri turistik, ticari, aile birle\u015fimi genel bilgiler. Nijerya vize i\u015flem s\u00fcreci.","breadcrumb":{"@id":"https:\/\/www.myvize.com.tr\/nijerya\/vize-islemleri\/nijerya-vizesi\/#breadcrumb"},"inLanguage":"tr","potentialAction":[{"@type":"ReadAction","target":["https:\/\/www.myvize.com.tr\/nijerya\/vize-islemleri\/nijerya-vizesi\/"]}]},{"@type":"BreadcrumbList","@id":"https:\/\/www.myvize.com.tr\/nijerya\/vize-islemleri\/nijerya-vizesi\/#breadcrumb","itemListElement":[{"@type":"ListItem","position":1,"name":"Anasayfa","item":"https:\/\/www.myvize.com.tr\/nijerya\/"},{"@type":"ListItem","position":2,"name":"V\u0130ZE \u0130\u015eLEMLER\u0130","item":"https:\/\/www.myvize.com.tr\/nijerya\/vize-islemleri\/"},{"@type":"ListItem","position":3,"name":"Nijerya Vizesi"}]},{"@type":"WebSite","@id":"https:\/\/www.myvize.com.tr\/nijerya\/#website","url":"https:\/\/www.myvize.com.tr\/nijerya\/","name":"Nijerya Vizesi","description":"","potentialAction":[{"@type":"SearchAction","target":{"@type":"EntryPoint","urlTemplate":"https:\/\/www.myvize.com.tr\/nijerya\/?s={search_term_string}"},"query-input":{"@type":"PropertyValueSpecification","valueRequired":true,"valueName":"search_term_string"}}],"inLanguage":"tr"}]}},"_links":{"self":[{"href":"https:\/\/www.myvize.com.tr\/nijerya\/wp-json\/wp\/v2\/pages\/30","targetHints":{"allow":["GET"]}}],"collection":[{"href":"https:\/\/www.myvize.com.tr\/nijerya\/wp-json\/wp\/v2\/pages"}],"about":[{"href":"https:\/\/www.myvize.com.tr\/nijerya\/wp-json\/wp\/v2\/types\/page"}],"author":[{"embeddable":true,"href":"https:\/\/www.myvize.com.tr\/nijerya\/wp-json\/wp\/v2\/users\/1"}],"replies":[{"embeddable":true,"href":"https:\/\/www.myvize.com.tr\/nijerya\/wp-json\/wp\/v2\/comments?post=30"}],"version-history":[{"count":5,"href":"https:\/\/www.myvize.com.tr\/nijerya\/wp-json\/wp\/v2\/pages\/30\/revisions"}],"predecessor-version":[{"id":423,"href":"https:\/\/www.myvize.com.tr\/nijerya\/wp-json\/wp\/v2\/pages\/30\/revisions\/423"}],"up":[{"embeddable":true,"href":"https:\/\/www.myvize.com.tr\/nijerya\/wp-json\/wp\/v2\/pages\/18"}],"wp:attachment":[{"href":"https:\/\/www.myvize.com.tr\/nijerya\/wp-json\/wp\/v2\/media?parent=30"}],"curies":[{"name":"wp","href":"https:\/\/api.w.org\/{rel}","templated":true}]}}