{"id":78,"date":"2020-11-30T13:03:47","date_gmt":"2020-11-30T10:03:47","guid":{"rendered":"https:\/\/www.myvize.com.tr\/nijerya\/?page_id=78"},"modified":"2022-04-26T13:14:56","modified_gmt":"2022-04-26T10:14:56","slug":"izmir-baskonsoloslugu","status":"publish","type":"page","link":"https:\/\/www.myvize.com.tr\/nijerya\/konsolosluklar\/izmir-baskonsoloslugu\/","title":{"rendered":"\u0130zmir Ba\u015fkonsoloslu\u011fu"},"content":{"rendered":"\n<p>Bu makale de sizlere Nijer \u0130zmir Konsoloslu\u011fu ile ilgili; g\u00f6rev belgesi ve \u00e7al\u0131\u015fma saatleri hakk\u0131nda bilgi verece\u011fiz. Ayn\u0131 zamanda konsoloslu\u011fun ne<br>demek oldu\u011fu hakk\u0131nda da bilgi verece\u011fiz.<\/p>\n\n\n\n<p>Nijer \u0130zmir Fahri Konsoloslu\u011fu<br>\u00d6ncelikle konsoloslu\u011fun tan\u0131m\u0131n\u0131 anlatal\u0131m;<br>Konsolosluk, yabanc\u0131 \u00fclkelerde, \u00fclkesinin ticari \u00e7\u0131karlar\u0131n\u0131 koruyan ve uluslararas\u0131 ili\u015fkileri olmayan farkl\u0131 resmi g\u00f6revlerini yerine getiren yerler i\u00e7in s\u00f6ylenen bir tan\u0131md\u0131r.Baz\u0131 durumlarda konsolosluk memurlar\u0131 ve konsoloslar temsil ettikleri \u00fclkenin vatanda\u015f\u0131 olmayabilir.<br>Nijer \u0130zmir Fahri Konsoloslu\u011fu i\u00e7in;<br>\u0130zmir \u015eubesi olarak Buca, Kemalpa\u015fa, Menderes, Tire, Bal\u00e7ova, \u00c7i\u011fli, Menemen, Gaziemir, \u00d6demi\u015f, Bayrakl\u0131, Kar\u015f\u0131yaka, Bornova, Karaba\u011flar<br>gibi il\u00e7elerden de yap\u0131lacak vize ba\u015fvurular\u0131 i\u00e7in hizmet veren yerler bulunuyor.<\/p>\n\n\n\n<p>Nijer \u0130zmir Fahri Konsoloslu\u011fu G\u00f6rev B\u00f6lgesi<br>\u0130zmir ve etraf\u0131ndaki \u015fehirlerde ya\u015fayan T\u00fcrk vatanda\u015flar\u0131 Nijer \u0130zmir Fahri Konsoloslu\u011fu vize i\u015flemleri i\u00e7in, T\u00fcrkiye\u2019de ikamet eden Nijer vatanda\u015flar\u0131 da konsolosluk i\u015flemleri<br>i\u00e7in Nijer \u0130zmir Fahri Konsoloslu\u011funa ba\u015fvuru yapabilirler.<\/p>\n\n\n\n<p>Nijer \u0130zmir Fahri Konsoloslu\u011fu \u00c7al\u0131\u015fma Saatleri (2021)<br>Nijer \u0130zmir Fahri Konsoloslu\u011fu \u00e7al\u0131\u015fma saatleri a\u015fa\u011f\u0131daki gibidir;<br>Hafta i\u00e7i: 8.30-18.00<br>Cumartesi: 10.00-14.00<\/p>\n","protected":false},"excerpt":{"rendered":"<p>Bu makale de sizlere Nijer \u0130zmir Konsoloslu\u011fu ile ilgili; g\u00f6rev belgesi ve \u00e7al\u0131\u015fma saatleri hakk\u0131nda bilgi verece\u011fiz. Ayn\u0131 zamanda konsoloslu\u011fun nedemek oldu\u011fu hakk\u0131nda da bilgi verece\u011fiz. Nijer \u0130zmir Fahri Konsoloslu\u011fu\u00d6ncelikle konsoloslu\u011fun tan\u0131m\u0131n\u0131 anlatal\u0131m;Konsolosluk, yabanc\u0131 \u00fclkelerde, \u00fclkesinin ticari \u00e7\u0131karlar\u0131n\u0131 koruyan ve uluslararas\u0131 ili\u015fkileri olmayan farkl\u0131 resmi g\u00f6revlerini yerine getiren yerler i\u00e7in s\u00f6ylenen bir tan\u0131md\u0131r.Baz\u0131 durumlarda konsolosluk<\/p>\n","protected":false},"author":1,"featured_media":0,"parent":69,"menu_order":0,"comment_status":"open","ping_status":"closed","template":"","meta":{"footnotes":""},"class_list":["post-78","page","type-page","status-publish","hentry"],"yoast_head":"<!-- This site is optimized with the Yoast SEO plugin v24.0 - https:\/\/yoast.com\/wordpress\/plugins\/seo\/ -->\n<title>Nijerya \u0130zmir Ba\u015fkonsoloslu\u011fu - My Vize Profesyonel Vize Hizmetleri<\/title>\n<meta name=\"description\" content=\"Nijerya \u0130zmir Ba\u015fkonsoloslu\u011fu \u00e7al\u0131\u015fma saatleri. Nijerya \u0130zmir Ba\u015fkonsoloslu\u011fu ula\u015f\u0131m, ileti\u015fim bilgileri ve faaliyet alan\u0131.\" \/>\n<meta name=\"robots\" content=\"index, follow, max-snippet:-1, max-image-preview:large, max-video-preview:-1\" \/>\n<link rel=\"canonical\" href=\"https:\/\/www.myvize.com.tr\/nijerya\/konsolosluklar\/izmir-baskonsoloslugu\/\" \/>\n<meta property=\"og:locale\" content=\"tr_TR\" \/>\n<meta property=\"og:type\" content=\"article\" \/>\n<meta property=\"og:title\" content=\"Nijerya \u0130zmir Ba\u015fkonsoloslu\u011fu - My Vize Profesyonel Vize Hizmetleri\" \/>\n<meta property=\"og:description\" content=\"Nijerya \u0130zmir Ba\u015fkonsoloslu\u011fu \u00e7al\u0131\u015fma saatleri. Nijerya \u0130zmir Ba\u015fkonsoloslu\u011fu ula\u015f\u0131m, ileti\u015fim bilgileri ve faaliyet alan\u0131.\" \/>\n<meta property=\"og:url\" content=\"https:\/\/www.myvize.com.tr\/nijerya\/konsolosluklar\/izmir-baskonsoloslugu\/\" \/>\n<meta property=\"og:site_name\" content=\"Nijerya Vizesi\" \/>\n<meta property=\"article:modified_time\" content=\"2022-04-26T10:14:56+00:00\" \/>\n<meta name=\"twitter:card\" content=\"summary_large_image\" \/>\n<meta name=\"twitter:label1\" content=\"Tahmini okuma s\u00fcresi\" \/>\n\t<meta name=\"twitter:data1\" content=\"1 dakika\" \/>\n<script type=\"application\/ld+json\" class=\"yoast-schema-graph\">{\"@context\":\"https:\/\/schema.org\",\"@graph\":[{\"@type\":\"WebPage\",\"@id\":\"https:\/\/www.myvize.com.tr\/nijerya\/konsolosluklar\/izmir-baskonsoloslugu\/\",\"url\":\"https:\/\/www.myvize.com.tr\/nijerya\/konsolosluklar\/izmir-baskonsoloslugu\/\",\"name\":\"Nijerya \u0130zmir Ba\u015fkonsoloslu\u011fu - My Vize Profesyonel Vize Hizmetleri\",\"isPartOf\":{\"@id\":\"https:\/\/www.myvize.com.tr\/nijerya\/#website\"},\"datePublished\":\"2020-11-30T10:03:47+00:00\",\"dateModified\":\"2022-04-26T10:14:56+00:00\",\"description\":\"Nijerya \u0130zmir Ba\u015fkonsoloslu\u011fu \u00e7al\u0131\u015fma saatleri. Nijerya \u0130zmir Ba\u015fkonsoloslu\u011fu ula\u015f\u0131m, ileti\u015fim bilgileri ve faaliyet alan\u0131.\",\"breadcrumb\":{\"@id\":\"https:\/\/www.myvize.com.tr\/nijerya\/konsolosluklar\/izmir-baskonsoloslugu\/#breadcrumb\"},\"inLanguage\":\"tr\",\"potentialAction\":[{\"@type\":\"ReadAction\",\"target\":[\"https:\/\/www.myvize.com.tr\/nijerya\/konsolosluklar\/izmir-baskonsoloslugu\/\"]}]},{\"@type\":\"BreadcrumbList\",\"@id\":\"https:\/\/www.myvize.com.tr\/nijerya\/konsolosluklar\/izmir-baskonsoloslugu\/#breadcrumb\",\"itemListElement\":[{\"@type\":\"ListItem\",\"position\":1,\"name\":\"Anasayfa\",\"item\":\"https:\/\/www.myvize.com.tr\/nijerya\/\"},{\"@type\":\"ListItem\",\"position\":2,\"name\":\"KONSOLOSLUKLAR\",\"item\":\"https:\/\/www.myvize.com.tr\/nijerya\/konsolosluklar\/\"},{\"@type\":\"ListItem\",\"position\":3,\"name\":\"\u0130zmir Ba\u015fkonsoloslu\u011fu\"}]},{\"@type\":\"WebSite\",\"@id\":\"https:\/\/www.myvize.com.tr\/nijerya\/#website\",\"url\":\"https:\/\/www.myvize.com.tr\/nijerya\/\",\"name\":\"Nijerya Vizesi\",\"description\":\"\",\"potentialAction\":[{\"@type\":\"SearchAction\",\"target\":{\"@type\":\"EntryPoint\",\"urlTemplate\":\"https:\/\/www.myvize.com.tr\/nijerya\/?s={search_term_string}\"},\"query-input\":{\"@type\":\"PropertyValueSpecification\",\"valueRequired\":true,\"valueName\":\"search_term_string\"}}],\"inLanguage\":\"tr\"}]}<\/script>\n<!-- \/ Yoast SEO plugin. -->","yoast_head_json":{"title":"Nijerya \u0130zmir Ba\u015fkonsoloslu\u011fu - My Vize Profesyonel Vize Hizmetleri","description":"Nijerya \u0130zmir Ba\u015fkonsoloslu\u011fu \u00e7al\u0131\u015fma saatleri. Nijerya \u0130zmir Ba\u015fkonsoloslu\u011fu ula\u015f\u0131m, ileti\u015fim bilgileri ve faaliyet alan\u0131.","robots":{"index":"index","follow":"follow","max-snippet":"max-snippet:-1","max-image-preview":"max-image-preview:large","max-video-preview":"max-video-preview:-1"},"canonical":"https:\/\/www.myvize.com.tr\/nijerya\/konsolosluklar\/izmir-baskonsoloslugu\/","og_locale":"tr_TR","og_type":"article","og_title":"Nijerya \u0130zmir Ba\u015fkonsoloslu\u011fu - My Vize Profesyonel Vize Hizmetleri","og_description":"Nijerya \u0130zmir Ba\u015fkonsoloslu\u011fu \u00e7al\u0131\u015fma saatleri. Nijerya \u0130zmir Ba\u015fkonsoloslu\u011fu ula\u015f\u0131m, ileti\u015fim bilgileri ve faaliyet alan\u0131.","og_url":"https:\/\/www.myvize.com.tr\/nijerya\/konsolosluklar\/izmir-baskonsoloslugu\/","og_site_name":"Nijerya Vizesi","article_modified_time":"2022-04-26T10:14:56+00:00","twitter_card":"summary_large_image","twitter_misc":{"Tahmini okuma s\u00fcresi":"1 dakika"},"schema":{"@context":"https:\/\/schema.org","@graph":[{"@type":"WebPage","@id":"https:\/\/www.myvize.com.tr\/nijerya\/konsolosluklar\/izmir-baskonsoloslugu\/","url":"https:\/\/www.myvize.com.tr\/nijerya\/konsolosluklar\/izmir-baskonsoloslugu\/","name":"Nijerya \u0130zmir Ba\u015fkonsoloslu\u011fu - My Vize Profesyonel Vize Hizmetleri","isPartOf":{"@id":"https:\/\/www.myvize.com.tr\/nijerya\/#website"},"datePublished":"2020-11-30T10:03:47+00:00","dateModified":"2022-04-26T10:14:56+00:00","description":"Nijerya \u0130zmir Ba\u015fkonsoloslu\u011fu \u00e7al\u0131\u015fma saatleri. Nijerya \u0130zmir Ba\u015fkonsoloslu\u011fu ula\u015f\u0131m, ileti\u015fim bilgileri ve faaliyet alan\u0131.","breadcrumb":{"@id":"https:\/\/www.myvize.com.tr\/nijerya\/konsolosluklar\/izmir-baskonsoloslugu\/#breadcrumb"},"inLanguage":"tr","potentialAction":[{"@type":"ReadAction","target":["https:\/\/www.myvize.com.tr\/nijerya\/konsolosluklar\/izmir-baskonsoloslugu\/"]}]},{"@type":"BreadcrumbList","@id":"https:\/\/www.myvize.com.tr\/nijerya\/konsolosluklar\/izmir-baskonsoloslugu\/#breadcrumb","itemListElement":[{"@type":"ListItem","position":1,"name":"Anasayfa","item":"https:\/\/www.myvize.com.tr\/nijerya\/"},{"@type":"ListItem","position":2,"name":"KONSOLOSLUKLAR","item":"https:\/\/www.myvize.com.tr\/nijerya\/konsolosluklar\/"},{"@type":"ListItem","position":3,"name":"\u0130zmir Ba\u015fkonsoloslu\u011fu"}]},{"@type":"WebSite","@id":"https:\/\/www.myvize.com.tr\/nijerya\/#website","url":"https:\/\/www.myvize.com.tr\/nijerya\/","name":"Nijerya Vizesi","description":"","potentialAction":[{"@type":"SearchAction","target":{"@type":"EntryPoint","urlTemplate":"https:\/\/www.myvize.com.tr\/nijerya\/?s={search_term_string}"},"query-input":{"@type":"PropertyValueSpecification","valueRequired":true,"valueName":"search_term_string"}}],"inLanguage":"tr"}]}},"_links":{"self":[{"href":"https:\/\/www.myvize.com.tr\/nijerya\/wp-json\/wp\/v2\/pages\/78","targetHints":{"allow":["GET"]}}],"collection":[{"href":"https:\/\/www.myvize.com.tr\/nijerya\/wp-json\/wp\/v2\/pages"}],"about":[{"href":"https:\/\/www.myvize.com.tr\/nijerya\/wp-json\/wp\/v2\/types\/page"}],"author":[{"embeddable":true,"href":"https:\/\/www.myvize.com.tr\/nijerya\/wp-json\/wp\/v2\/users\/1"}],"replies":[{"embeddable":true,"href":"https:\/\/www.myvize.com.tr\/nijerya\/wp-json\/wp\/v2\/comments?post=78"}],"version-history":[{"count":4,"href":"https:\/\/www.myvize.com.tr\/nijerya\/wp-json\/wp\/v2\/pages\/78\/revisions"}],"predecessor-version":[{"id":437,"href":"https:\/\/www.myvize.com.tr\/nijerya\/wp-json\/wp\/v2\/pages\/78\/revisions\/437"}],"up":[{"embeddable":true,"href":"https:\/\/www.myvize.com.tr\/nijerya\/wp-json\/wp\/v2\/pages\/69"}],"wp:attachment":[{"href":"https:\/\/www.myvize.com.tr\/nijerya\/wp-json\/wp\/v2\/media?parent=78"}],"curies":[{"name":"wp","href":"https:\/\/api.w.org\/{rel}","templated":true}]}}