{"id":21,"date":"2020-11-30T08:52:07","date_gmt":"2020-11-30T05:52:07","guid":{"rendered":"https:\/\/www.myvize.com.tr\/norvec\/?page_id=21"},"modified":"2022-04-26T13:41:35","modified_gmt":"2022-04-26T10:41:35","slug":"norvec-turistik-vize","status":"publish","type":"page","link":"https:\/\/www.myvize.com.tr\/norvec\/vize-islemleri\/norvec-turistik-vize\/","title":{"rendered":"Norve\u00e7 Turistik Vize"},"content":{"rendered":"<p><span style=\"font-family: Roboto;\"><\/span><\/p>\r\n<h2 class=\"wp-block-heading\"><span style=\"font-family: Roboto; font-size: 27px;\"><strong>Norve\u00e7 Turistik Vizesi Nedir?<\/strong><\/span><\/h2>\r\n<p><span style=\"font-family: Roboto; font-size: 14px;\"><strong>Norve\u00e7 turistik vizesi nedir<\/strong>\u00a0sorusu bu \u00fclkeyi turizm amac\u0131yla seyahat edecek olan ki\u015filerin bilmesi gereken bir detayd\u0131r. <strong>Norve\u00e7 turistik vize<\/strong> turizm amac\u0131yla yap\u0131lacak olan seyahatlerde al\u0131nmas\u0131 gereken bir \u00fclkeye giri\u015f iznidir. Turistik vize i\u015flemleri s\u0131ras\u0131nda dikkat etmeniz gereken bir\u00e7ok \u00f6nemli ayr\u0131nt\u0131 bulunur.<\/span><\/p>\r\n<p><span style=\"font-family: Roboto; font-size: 14px;\">Hem evraklar\u0131n\u0131z\u0131n eksiksiz bir \u015fekilde haz\u0131rlanm\u0131\u015f olmas\u0131 hem de ilgili kurumlara seyahat \u00f6ncesinde ba\u015fvurunuzu ger\u00e7ekle\u015ftirmek olduk\u00e7a titizlik gerektirir. Vize i\u015flemleriniz s\u0131ras\u0131nda en \u00e7ok dikkat etmeniz gereken hususlardan birisi de belgelerinizin eksiksiz bir \u015fekilde haz\u0131rlanm\u0131\u015f olmas\u0131n\u0131 sa\u011flamakt\u0131r.<\/span><\/p>\r\n<p><span style=\"font-family: Roboto; font-size: 14px;\">Turistik vize i\u015flemlerinizi yapt\u0131raca\u011f\u0131n\u0131z zaman dikkat etmeniz gereken en \u00f6nemli konu belgelerinizin zaman\u0131nda haz\u0131rlanm\u0131\u015f olmas\u0131n\u0131 sa\u011flamakt\u0131r. Bu s\u00fcre\u00e7te dan\u0131\u015fmanl\u0131k hizmetlerine ba\u015fvurarak turistik vize i\u015flemlerinizi daha kolay bir \u015fekilde ger\u00e7ekle\u015ftirme imkan\u0131 bulabilirsiniz. Vize i\u015flemlerinde en \u00e7ok dikkat etmeniz gereken unsurlardan birisi de vize \u00fccretlerinizin eksiksiz olarak yat\u0131r\u0131lmas\u0131n\u0131 sa\u011flamakt\u0131r. Vize \u00fccretlerinin yat\u0131r\u0131ld\u0131\u011f\u0131n\u0131 g\u00f6steren bir dekont dosyada mutlaka olmal\u0131d\u0131r.<\/span><\/p>\r\n<h2><span style=\"font-family: Roboto; font-size: 27px;\"><strong>Norve\u00e7 Turistik Vizesi Nas\u0131l Al\u0131n\u0131r?<\/strong><\/span><\/h2>\r\n<p><span style=\"font-family: Roboto; font-size: 14px;\"><strong>Norve\u00e7 turistik vizesi nas\u0131l al\u0131n\u0131r<\/strong>\u00a0sorusuna yan\u0131t vermek gerekirse ilk olarak belgelerinize haz\u0131rlamadan \u00f6nce randevu i\u015flemlerinizi tamamlamakt\u0131r. <strong>Norve\u00e7 turistik vize i\u015flemleri<\/strong> s\u0131ras\u0131nda olduk\u00e7a titiz bir \u00e7al\u0131\u015fma ger\u00e7ekle\u015ftirir. Randevu s\u0131ras\u0131nda ufak m\u00fclakata tabi olabilirsiniz. Bunun yan\u0131nda evraklar\u0131n\u0131z\u0131n randevuya giderken mutlaka haz\u0131r olmas\u0131 ve tek bir dosya halinde teslim edilmesi gerekir. Randevuya giderken u\u00e7ak gidi\u015f ve d\u00f6n\u00fc\u015f biletlerinizi alm\u0131\u015f olman\u0131z gerekiyor. Ba\u015fvuru formu, dilek\u00e7e mutlaka turistik vizeye uygun doldurulmal\u0131d\u0131r.<\/span><\/p>\r\n<p><span style=\"font-family: Roboto; font-size: 14px;\"><strong>Norve\u00e7 turistik vize<\/strong> i\u015flemlerinizi yapt\u0131r\u0131rken her belgenizi mutlaka turistik vizeye uygun oldu\u011fundan emin olmal\u0131s\u0131n\u0131z. Belgelerinizin eksiksiz bir \u015fekilde haz\u0131rlanmas\u0131 i\u00e7in profesyonel dan\u0131\u015fmanl\u0131k hizmetlerinden yararlanman\u0131z sizlere zaman kazand\u0131r\u0131r. Seyahat tarihinden en az bir ay \u00f6nce mutlaka vize i\u015flemlerinize ba\u015flam\u0131\u015f olman\u0131z gerekiyor. Aksi halde ek belge talebinde bulunulmas\u0131 ya da vize reddi gibi konular nedeniyle vize al\u0131m s\u00fcreciniz gecikebilir. Bu da seyahatinizin iptal olmas\u0131na neden olabilir.<\/span><\/p>\r\n<h2><span style=\"font-family: Roboto; font-size: 27px;\"><strong>Norve\u00e7 Turistik Schengen Vizesi Nas\u0131l Al\u0131n\u0131r?<\/strong><\/span><\/h2>\r\n<p><span style=\"font-family: Roboto; font-size: 14px;\">\r\n\r\n<\/span><\/p>\r\n<p><span style=\"font-family: Roboto; font-size: 14px;\"><strong>Norve\u00e7 turistik<\/strong> schengen vize ba\u015fvurusunda bulunurken el\u00e7ilikten veya konsolosluktan <a href=\"https:\/\/www.myvize.com.tr\/norvec\/vize-islemleri\/norvec-vize-randevusu\/\" target=\"_blank\" rel=\"noreferrer noopener\"><span class=\"has-inline-color\" style=\"color: #2acec2;\"><strong>Norve\u00e7 vize randevusu <\/strong><\/span><\/a>al\u0131nd\u0131\u011f\u0131nda gerekli evraklar\u0131 bizzat elden teslim etmek gerekti\u011fini unutmamal\u0131s\u0131n\u0131z. <strong>Norve\u00e7 turistik <\/strong>schengen vize randevusunu her zaman ilgili kurumdan yer almaya y\u00f6nelik b\u00fcrokratik bir s\u00fcre\u00e7 i\u00e7in tahmin edecek olursak 15 g\u00fcn yeterli bir s\u00fcredir. Gerekli olan s\u00fcrede bu oldu\u011fu i\u00e7in gidi\u015fliden minimum 15 g\u00fcn \u00f6nce alman\u0131z gereklidir.<\/span><\/p>\r\n<p><span style=\"font-family: Roboto; font-size: 14px;\">\r\n\r\n<\/span><\/p>\r\n<p><span style=\"font-family: Roboto; font-size: 14px;\">Her Schengen \u00fclkesini isteyen tarafa vize d\u00fczenlemesi konusunda a\u015fa\u011f\u0131 yukar\u0131 ayn\u0131 \u015fartlar payla\u015fmaktad\u0131r. Yine de, <strong>Norve\u00e7 konsoloslu\u011funa<\/strong> veya el\u00e7ili\u011fine ba\u011fl\u0131 olarak gerekli evraklarda ve ayr\u0131ca ba\u015fl\u0131ca kimlik do\u011frulamas\u0131 belgeleri ve mevcut ekonomik durumuna g\u00f6re k\u00fc\u00e7\u00fck farkl\u0131l\u0131klar olmaktad\u0131r. Ba\u015fvuruya giderken istenilen belgeler eksiksiz olarak g\u00f6t\u00fcr\u00fclmelidir.<\/span><\/p>\r\n<h2><span style=\"font-family: Roboto; font-size: 27px;\"><strong>Norve\u00e7 Turistik Vizesi Nereden Al\u0131n\u0131r?<\/strong><\/span><\/h2>\r\n<p><span style=\"font-family: Roboto; font-size: 14px;\"><strong>Norve\u00e7 turistik vizesi nereden al\u0131n\u0131r<\/strong>\u00a0sorusu e\u011fer \u00e7ok merak edilen konulardan biridir. Turistik vize i\u015flemleriniz s\u0131ras\u0131nda dikkat etmeniz gereken en \u00f6nemli unsurlardan birisi vize i\u015flemlerinizin eksiksiz bir \u015fekilde y\u00fcr\u00fct\u00fclmesini sa\u011flamakt\u0131r. Belgelerinize haz\u0131rlamak ve seyahat \u00f6ncesinde ilgili kurumlara teslim etmek gerekir.<\/span><\/p>\r\n<p><span style=\"font-family: Roboto; font-size: 14px;\">Norve\u00e7 turistik vizelerinizi <strong>Norve\u00e7 B\u00fcy\u00fckel\u00e7ili\u011fi<\/strong>, yetkilendirilmi\u015f vize kurumlar\u0131 ve konsolosluklardan alabilirsiniz. Ancak yetkili ve karar mercii b\u00fcy\u00fckel\u00e7iliktir. Vize i\u015flemlerinizin eksiksiz bir \u015fekilde yap\u0131lmas\u0131 ve zaman\u0131nda al\u0131nabilmesi i\u00e7in mutlaka g\u00fcncel bilgilerden yararlanmal\u0131s\u0131n\u0131z. \u0130lk olarak randevu i\u015flemlerinizi tamamlaman\u0131z bu s\u00fcre\u00e7te \u00f6nemli bir konudur.<\/span><\/p>\r\n<p><span style=\"font-family: Roboto; font-size: 14px;\">Bunun yan\u0131nda mutlaka belgelerin turistik vizeye g\u00f6re haz\u0131rland\u0131\u011f\u0131ndan emin olmal\u0131s\u0131n\u0131z. Vize i\u015flemleri s\u0131ras\u0131nda m\u00fclakata al\u0131n\u0131rsan\u0131z mutlaka sorulara \u015feffaf bir \u015fekilde yan\u0131t vermeye dikkat edin. Belgelerinizi g\u00fcncel teslim edin. Vize memurlar\u0131n\u0131 tekrar \u00fclkenize d\u00f6nece\u011finiz konusunda mutlaka ikna edin. Vize belgelerinizi eksiksiz olarak vermedi\u011finizde ya da har\u00e7lar\u0131 yanl\u0131\u015f yat\u0131rd\u0131\u011f\u0131n\u0131zda vize reddi alabilirsiniz.<\/span><\/p>\r\n<h2><span style=\"font-family: Roboto; font-size: 27px;\"><strong>Norve\u00e7 Turistik Vizesi Ka\u00e7 G\u00fcnde \u00c7\u0131kar?<\/strong><\/span><\/h2>\r\n<p><span style=\"font-family: Roboto; font-size: 14px;\"><strong>Norve\u00e7 turistik vizesi ka\u00e7 g\u00fcnde \u00e7\u0131kar<\/strong>\u00a0sorusu olduk\u00e7a merak edilen konulardan biridir. Vize i\u015flemleriniz s\u0131ras\u0131nda belgelerinizin tam olmas\u0131na dikkat etmelisiniz. Bu s\u00fcre\u00e7te vizenizin gecikmesine neden olabilecek bir\u00e7ok \u00f6nemli fakt\u00f6r bulunur. Her t\u00fcrl\u00fc vize i\u015fleminde profesyonel davranmal\u0131 ve evraklar\u0131n\u0131z\u0131n eksiksiz oldu\u011fundan emin olmal\u0131s\u0131n\u0131z.<\/span><\/p>\r\n<p><span style=\"font-family: Roboto; font-size: 14px;\">Vizenizin t\u00fcm evraklar\u0131 tamsa ve e\u011fer herhangi bir eksiklik bulunmuyorsa yakla\u015f\u0131k olarak 10 i\u015f g\u00fcn\u00fc i\u00e7erisinde vizenizi kolayl\u0131kla alabilirsiniz. Vize i\u015flemleri s\u0131ras\u0131nda dikkat etmeniz gereken bir\u00e7ok \u00f6nemli fakt\u00f6r bulunur. Bu unsurlardan \u0130lke vize i\u015flemleriniz sorunsuz bir \u015fekilde ger\u00e7ekle\u015ftirilmesini sa\u011flamakt\u0131r. Belgelerinizin eksiksiz bir \u015fekilde teslim edilmemesi vizenizin daha ge\u00e7 bir s\u00fcre verilmesine neden olabilir.<\/span><\/p>\r\n<p><span style=\"font-family: Roboto; font-size: 14px;\">Bordo pasaportu olan ki\u015filerin mutlaka vize almas\u0131 zorunlu olan hallerdendir. Ba\u015fvuru formu, dilek\u00e7e, seyahat sa\u011fl\u0131k sigortas\u0131, Biyometrik foto\u011fraf, pasaport, dilek\u00e7e gibi evraklar\u0131n\u0131z\u0131n eksiksiz oldu\u011fundan emin olman\u0131z gerekiyor. Vize har\u00e7lar\u0131n\u0131n yat\u0131r\u0131ld\u0131\u011f\u0131n\u0131 g\u00f6steren bir belge de mutlaka olmal\u0131d\u0131r.<\/span><\/p>\r\n<h2><span style=\"font-family: Roboto; font-size: 27px;\"><strong>Norve\u00e7 Turistik Vize Ba\u015fvurusu<\/strong><\/span><\/h2>\r\n<p><span style=\"font-family: Roboto; font-size: 14px;\">\r\n\r\n<\/span><\/p>\r\n<p><span style=\"font-family: Roboto; font-size: 14px;\"><strong>Norve\u00e7 vizesi vize ba\u015fvurusu<\/strong>\u00a0yapan ki\u015filerin dilek\u00e7elerini detayl\u0131 bir \u015fekilde haz\u0131rlamalar\u0131 gerekmektedir. Dilek\u00e7enin mutlaka A4 k\u00e2\u011f\u0131d\u0131na yaz\u0131lmas\u0131 ve ka\u011f\u0131t \u00fczerinde de hi\u00e7bir \u015fekilde y\u0131pranmaz belirtisi olmamal\u0131d\u0131r.\u00a0<strong>Norve\u00e7 turistik vize ba\u015fvurusu<\/strong>\u00a0yapacak olan ki\u015filer haz\u0131rlad\u0131klar\u0131 t\u00fcm evraklarda tutarl\u0131 olmal\u0131 ve do\u011fru bilgi beyan etmelidir. Ayn\u0131 zamanda \u0131slak imza bulunmal\u0131 ve dilek\u00e7enin elde ya da bilgisayarda yaz\u0131lmas\u0131 gereklidir.<\/span><\/p>\r\n<p><span style=\"font-family: Roboto; font-size: 14px;\">\r\n\r\n<\/span><\/p>\r\n<p><span style=\"font-family: Roboto; font-size: 14px;\"><\/span><\/p>\r\n<p><span style=\"font-family: Roboto; font-size: 14px;\"><img decoding=\"async\" src=\"https:\/\/www.myvize.com.tr\/norvec\/wp-content\/uploads\/2021\/09\/3.jpg\" \/><\/span><\/p>\r\n<h2><span style=\"font-family: Roboto; font-size: 27px;\"><strong>Norve\u00e7 Turistik Vize Talep Dilek\u00e7esi Nas\u0131l Yaz\u0131l\u0131r?<\/strong><\/span><\/h2>\r\n<p><span style=\"font-family: Roboto; font-size: 14px;\"><!-- \/wp:heading -->\r\n\r\n<!-- wp:paragraph --><\/span><\/p>\r\n<p><span style=\"font-family: Roboto; font-size: 14px;\"><strong>Norve\u00e7 turistik vize ba\u015fvurusu<\/strong>\u00a0yapacak olan ki\u015filer mutlaka dilek\u00e7elerinde belirtilen dil kriterine uygun davranmal\u0131d\u0131rlar. Seyahatinizin t\u00fcm detaylar\u0131n\u0131 dilek\u00e7ede belirtilmeli ve di\u011fer evraklarla uygun bir \u015fekilde belge haz\u0131rlamal\u0131s\u0131n\u0131z. Dilek\u00e7enin mutlaka Norve\u00e7 Konsoloslu\u011fu\u2019na hitaben yaz\u0131lmas\u0131na ve resmi bir dil kullan\u0131lmas\u0131na ayr\u0131ca dikkat etmelisiniz.\u00a0<strong>Norve\u00e7 turistik vize ba\u015fvurusu<\/strong>\u00a0yapacak olan ki\u015filer gidi\u015f ve d\u00f6n\u00fc\u015f tarihlerinden seyahatleri s\u0131ras\u0131nda gezeceklere her noktay\u0131 dilek\u00e7elerinde belirtmelidirler.<\/span><\/p>\r\n<p><span style=\"font-family: Roboto; font-size: 14px;\"><!-- wp:heading --><\/span><\/p>\r\n<p><span style=\"font-family: Roboto; font-size: 14px;\"><!-- \/wp:paragraph -->\r\n\r\n<!-- wp:paragraph --><\/span><\/p>\r\n<p><span style=\"font-family: Roboto; font-size: 14px;\">Bu makaleyi de inceleyebilirsiniz: <a href=\"https:\/\/www.myvize.com.tr\/norvec\/vize-islemleri\/norvec-vizesi\/\" target=\"_blank\" rel=\"noreferrer noopener\"><span class=\"has-inline-color\" style=\"color: #2acec2;\"><strong>Norve\u00e7 Vizesi<\/strong><\/span><\/a><\/span><\/p>\r\n<p><span style=\"font-family: Roboto;\"><!-- \/wp:paragraph --><\/span><\/p>","protected":false},"excerpt":{"rendered":"<p>Norve\u00e7 Turistik Vizesi Nedir? Norve\u00e7 turistik vizesi nedir\u00a0sorusu bu \u00fclkeyi turizm amac\u0131yla seyahat edecek olan ki\u015filerin bilmesi gereken bir detayd\u0131r. Norve\u00e7 turistik vize turizm amac\u0131yla yap\u0131lacak olan seyahatlerde al\u0131nmas\u0131 gereken bir \u00fclkeye giri\u015f iznidir. Turistik vize i\u015flemleri s\u0131ras\u0131nda dikkat etmeniz gereken bir\u00e7ok \u00f6nemli ayr\u0131nt\u0131 bulunur. Hem evraklar\u0131n\u0131z\u0131n eksiksiz bir \u015fekilde haz\u0131rlanm\u0131\u015f olmas\u0131 hem de ilgili<\/p>\n","protected":false},"author":1,"featured_media":0,"parent":18,"menu_order":0,"comment_status":"open","ping_status":"closed","template":"","meta":{"footnotes":""},"class_list":["post-21","page","type-page","status-publish","hentry"],"yoast_head":"<!-- This site is optimized with the Yoast SEO plugin v26.8 - https:\/\/yoast.com\/product\/yoast-seo-wordpress\/ -->\n<title>Norve\u00e7 Turistik Vize - Norve\u00e7 Vizesi - MyVize<\/title>\n<meta name=\"description\" content=\"Norve\u00e7 Turistik Vize i\u015flemlerine dair her \u015fey. Norve\u00e7 Turistik Vize nas\u0131l al\u0131n\u0131r? Norve\u00e7 Turistik evrak listesi 2022.\" \/>\n<meta name=\"robots\" content=\"index, follow, max-snippet:-1, max-image-preview:large, max-video-preview:-1\" \/>\n<link rel=\"canonical\" href=\"https:\/\/www.myvize.com.tr\/norvec\/vize-islemleri\/norvec-turistik-vize\/\" \/>\n<meta property=\"og:locale\" content=\"tr_TR\" \/>\n<meta property=\"og:type\" content=\"article\" \/>\n<meta property=\"og:title\" content=\"Norve\u00e7 Turistik Vize - Norve\u00e7 Vizesi - MyVize\" \/>\n<meta property=\"og:description\" content=\"Norve\u00e7 Turistik Vize i\u015flemlerine dair her \u015fey. Norve\u00e7 Turistik Vize nas\u0131l al\u0131n\u0131r? Norve\u00e7 Turistik evrak listesi 2022.\" \/>\n<meta property=\"og:url\" content=\"https:\/\/www.myvize.com.tr\/norvec\/vize-islemleri\/norvec-turistik-vize\/\" \/>\n<meta property=\"og:site_name\" content=\"Norve\u00e7 Vize &amp; Norve\u00e7 Vizesi \u0130\u00e7in Gerekli Evraklar\" \/>\n<meta property=\"article:modified_time\" content=\"2022-04-26T10:41:35+00:00\" \/>\n<meta property=\"og:image\" content=\"https:\/\/www.myvize.com.tr\/norvec\/wp-content\/uploads\/2021\/09\/3.jpg\" \/>\n<meta name=\"twitter:card\" content=\"summary_large_image\" \/>\n<meta name=\"twitter:label1\" content=\"Tahmini okuma s\u00fcresi\" \/>\n\t<meta name=\"twitter:data1\" content=\"2 dakika\" \/>\n<script type=\"application\/ld+json\" class=\"yoast-schema-graph\">{\"@context\":\"https:\/\/schema.org\",\"@graph\":[{\"@type\":\"WebPage\",\"@id\":\"https:\/\/www.myvize.com.tr\/norvec\/vize-islemleri\/norvec-turistik-vize\/\",\"url\":\"https:\/\/www.myvize.com.tr\/norvec\/vize-islemleri\/norvec-turistik-vize\/\",\"name\":\"Norve\u00e7 Turistik Vize - Norve\u00e7 Vizesi - MyVize\",\"isPartOf\":{\"@id\":\"https:\/\/www.myvize.com.tr\/norvec\/#website\"},\"primaryImageOfPage\":{\"@id\":\"https:\/\/www.myvize.com.tr\/norvec\/vize-islemleri\/norvec-turistik-vize\/#primaryimage\"},\"image\":{\"@id\":\"https:\/\/www.myvize.com.tr\/norvec\/vize-islemleri\/norvec-turistik-vize\/#primaryimage\"},\"thumbnailUrl\":\"https:\/\/www.myvize.com.tr\/norvec\/wp-content\/uploads\/2021\/09\/3.jpg\",\"datePublished\":\"2020-11-30T05:52:07+00:00\",\"dateModified\":\"2022-04-26T10:41:35+00:00\",\"description\":\"Norve\u00e7 Turistik Vize i\u015flemlerine dair her \u015fey. Norve\u00e7 Turistik Vize nas\u0131l al\u0131n\u0131r? Norve\u00e7 Turistik evrak listesi 2022.\",\"breadcrumb\":{\"@id\":\"https:\/\/www.myvize.com.tr\/norvec\/vize-islemleri\/norvec-turistik-vize\/#breadcrumb\"},\"inLanguage\":\"tr\",\"potentialAction\":[{\"@type\":\"ReadAction\",\"target\":[\"https:\/\/www.myvize.com.tr\/norvec\/vize-islemleri\/norvec-turistik-vize\/\"]}]},{\"@type\":\"ImageObject\",\"inLanguage\":\"tr\",\"@id\":\"https:\/\/www.myvize.com.tr\/norvec\/vize-islemleri\/norvec-turistik-vize\/#primaryimage\",\"url\":\"https:\/\/www.myvize.com.tr\/norvec\/wp-content\/uploads\/2021\/09\/3.jpg\",\"contentUrl\":\"https:\/\/www.myvize.com.tr\/norvec\/wp-content\/uploads\/2021\/09\/3.jpg\",\"width\":800,\"height\":500,\"caption\":\"Norve\u00e7 Turistik Vize\"},{\"@type\":\"BreadcrumbList\",\"@id\":\"https:\/\/www.myvize.com.tr\/norvec\/vize-islemleri\/norvec-turistik-vize\/#breadcrumb\",\"itemListElement\":[{\"@type\":\"ListItem\",\"position\":1,\"name\":\"Anasayfa\",\"item\":\"https:\/\/www.myvize.com.tr\/norvec\/\"},{\"@type\":\"ListItem\",\"position\":2,\"name\":\"V\u0130ZE \u0130\u015eLEMLER\u0130\",\"item\":\"https:\/\/www.myvize.com.tr\/norvec\/vize-islemleri\/\"},{\"@type\":\"ListItem\",\"position\":3,\"name\":\"Norve\u00e7 Turistik Vize\"}]},{\"@type\":\"WebSite\",\"@id\":\"https:\/\/www.myvize.com.tr\/norvec\/#website\",\"url\":\"https:\/\/www.myvize.com.tr\/norvec\/\",\"name\":\"Norve\u00e7 Vize &amp; Norve\u00e7 Vizesi \u0130\u00e7in Gerekli Evraklar\",\"description\":\"\",\"potentialAction\":[{\"@type\":\"SearchAction\",\"target\":{\"@type\":\"EntryPoint\",\"urlTemplate\":\"https:\/\/www.myvize.com.tr\/norvec\/?s={search_term_string}\"},\"query-input\":{\"@type\":\"PropertyValueSpecification\",\"valueRequired\":true,\"valueName\":\"search_term_string\"}}],\"inLanguage\":\"tr\"}]}<\/script>\n<!-- \/ Yoast SEO plugin. -->","yoast_head_json":{"title":"Norve\u00e7 Turistik Vize - Norve\u00e7 Vizesi - MyVize","description":"Norve\u00e7 Turistik Vize i\u015flemlerine dair her \u015fey. Norve\u00e7 Turistik Vize nas\u0131l al\u0131n\u0131r? Norve\u00e7 Turistik evrak listesi 2022.","robots":{"index":"index","follow":"follow","max-snippet":"max-snippet:-1","max-image-preview":"max-image-preview:large","max-video-preview":"max-video-preview:-1"},"canonical":"https:\/\/www.myvize.com.tr\/norvec\/vize-islemleri\/norvec-turistik-vize\/","og_locale":"tr_TR","og_type":"article","og_title":"Norve\u00e7 Turistik Vize - Norve\u00e7 Vizesi - MyVize","og_description":"Norve\u00e7 Turistik Vize i\u015flemlerine dair her \u015fey. Norve\u00e7 Turistik Vize nas\u0131l al\u0131n\u0131r? Norve\u00e7 Turistik evrak listesi 2022.","og_url":"https:\/\/www.myvize.com.tr\/norvec\/vize-islemleri\/norvec-turistik-vize\/","og_site_name":"Norve\u00e7 Vize &amp; Norve\u00e7 Vizesi \u0130\u00e7in Gerekli Evraklar","article_modified_time":"2022-04-26T10:41:35+00:00","og_image":[{"url":"https:\/\/www.myvize.com.tr\/norvec\/wp-content\/uploads\/2021\/09\/3.jpg","type":"","width":"","height":""}],"twitter_card":"summary_large_image","twitter_misc":{"Tahmini okuma s\u00fcresi":"2 dakika"},"schema":{"@context":"https:\/\/schema.org","@graph":[{"@type":"WebPage","@id":"https:\/\/www.myvize.com.tr\/norvec\/vize-islemleri\/norvec-turistik-vize\/","url":"https:\/\/www.myvize.com.tr\/norvec\/vize-islemleri\/norvec-turistik-vize\/","name":"Norve\u00e7 Turistik Vize - Norve\u00e7 Vizesi - MyVize","isPartOf":{"@id":"https:\/\/www.myvize.com.tr\/norvec\/#website"},"primaryImageOfPage":{"@id":"https:\/\/www.myvize.com.tr\/norvec\/vize-islemleri\/norvec-turistik-vize\/#primaryimage"},"image":{"@id":"https:\/\/www.myvize.com.tr\/norvec\/vize-islemleri\/norvec-turistik-vize\/#primaryimage"},"thumbnailUrl":"https:\/\/www.myvize.com.tr\/norvec\/wp-content\/uploads\/2021\/09\/3.jpg","datePublished":"2020-11-30T05:52:07+00:00","dateModified":"2022-04-26T10:41:35+00:00","description":"Norve\u00e7 Turistik Vize i\u015flemlerine dair her \u015fey. Norve\u00e7 Turistik Vize nas\u0131l al\u0131n\u0131r? Norve\u00e7 Turistik evrak listesi 2022.","breadcrumb":{"@id":"https:\/\/www.myvize.com.tr\/norvec\/vize-islemleri\/norvec-turistik-vize\/#breadcrumb"},"inLanguage":"tr","potentialAction":[{"@type":"ReadAction","target":["https:\/\/www.myvize.com.tr\/norvec\/vize-islemleri\/norvec-turistik-vize\/"]}]},{"@type":"ImageObject","inLanguage":"tr","@id":"https:\/\/www.myvize.com.tr\/norvec\/vize-islemleri\/norvec-turistik-vize\/#primaryimage","url":"https:\/\/www.myvize.com.tr\/norvec\/wp-content\/uploads\/2021\/09\/3.jpg","contentUrl":"https:\/\/www.myvize.com.tr\/norvec\/wp-content\/uploads\/2021\/09\/3.jpg","width":800,"height":500,"caption":"Norve\u00e7 Turistik Vize"},{"@type":"BreadcrumbList","@id":"https:\/\/www.myvize.com.tr\/norvec\/vize-islemleri\/norvec-turistik-vize\/#breadcrumb","itemListElement":[{"@type":"ListItem","position":1,"name":"Anasayfa","item":"https:\/\/www.myvize.com.tr\/norvec\/"},{"@type":"ListItem","position":2,"name":"V\u0130ZE \u0130\u015eLEMLER\u0130","item":"https:\/\/www.myvize.com.tr\/norvec\/vize-islemleri\/"},{"@type":"ListItem","position":3,"name":"Norve\u00e7 Turistik Vize"}]},{"@type":"WebSite","@id":"https:\/\/www.myvize.com.tr\/norvec\/#website","url":"https:\/\/www.myvize.com.tr\/norvec\/","name":"Norve\u00e7 Vize &amp; Norve\u00e7 Vizesi \u0130\u00e7in Gerekli Evraklar","description":"","potentialAction":[{"@type":"SearchAction","target":{"@type":"EntryPoint","urlTemplate":"https:\/\/www.myvize.com.tr\/norvec\/?s={search_term_string}"},"query-input":{"@type":"PropertyValueSpecification","valueRequired":true,"valueName":"search_term_string"}}],"inLanguage":"tr"}]}},"_links":{"self":[{"href":"https:\/\/www.myvize.com.tr\/norvec\/wp-json\/wp\/v2\/pages\/21","targetHints":{"allow":["GET"]}}],"collection":[{"href":"https:\/\/www.myvize.com.tr\/norvec\/wp-json\/wp\/v2\/pages"}],"about":[{"href":"https:\/\/www.myvize.com.tr\/norvec\/wp-json\/wp\/v2\/types\/page"}],"author":[{"embeddable":true,"href":"https:\/\/www.myvize.com.tr\/norvec\/wp-json\/wp\/v2\/users\/1"}],"replies":[{"embeddable":true,"href":"https:\/\/www.myvize.com.tr\/norvec\/wp-json\/wp\/v2\/comments?post=21"}],"version-history":[{"count":8,"href":"https:\/\/www.myvize.com.tr\/norvec\/wp-json\/wp\/v2\/pages\/21\/revisions"}],"predecessor-version":[{"id":792,"href":"https:\/\/www.myvize.com.tr\/norvec\/wp-json\/wp\/v2\/pages\/21\/revisions\/792"}],"up":[{"embeddable":true,"href":"https:\/\/www.myvize.com.tr\/norvec\/wp-json\/wp\/v2\/pages\/18"}],"wp:attachment":[{"href":"https:\/\/www.myvize.com.tr\/norvec\/wp-json\/wp\/v2\/media?parent=21"}],"curies":[{"name":"wp","href":"https:\/\/api.w.org\/{rel}","templated":true}]}}