{"id":37,"date":"2020-11-30T12:45:46","date_gmt":"2020-11-30T09:45:46","guid":{"rendered":"https:\/\/www.myvize.com.tr\/pakistan\/?page_id=37"},"modified":"2022-04-30T12:56:35","modified_gmt":"2022-04-30T09:56:35","slug":"pakistan-aile-birlesimi-vizesi","status":"publish","type":"page","link":"https:\/\/www.myvize.com.tr\/pakistan\/vize-islemleri\/pakistan-aile-birlesimi-vizesi\/","title":{"rendered":"Pakistan Aile Birle\u015fimi Vizesi"},"content":{"rendered":"<h2><span style=\"font-family: Roboto; font-size: 27px;\"><strong>Pakistan Aile Birle\u015fimi Vizesi 2022<\/strong><\/span><\/h2>\n<p><span style=\"font-family: Roboto; font-size: 14px;\">Pakistan Cumhuriyeti&#8217;nde aile ve akrabas\u0131 ile ya\u015famak isteyen T\u00fcrkiye Cumhuriyeti vatanda\u015f\u0131n\u0131n <strong>Pakistan Aile Birle\u015fimi<\/strong> yasas\u0131nda yararlanarak seyahatinde kullanaca\u011f\u0131 vize t\u00fcr\u00fcd\u00fcr. <strong>Aile birle\u015fim form<\/strong> ve ba\u015fvuru sahibi T\u00fcrk\u00e7e olarak doldurdu\u011fu<span style=\"color: #2acec2;\"><strong><a style=\"color: #2acec2;\" href=\"https:\/\/www.myvize.com.tr\/pakistan\/vize-islemleri\/pakistan-vize-basvuru-formu\/\" target=\"_blank\" rel=\"noopener\"> Pakistan vize ba\u015fvuru formu <\/a><\/strong><\/span>teslim edilmesi gerekli evrak aras\u0131ndad\u0131r.<\/span><br \/>\n<span style=\"font-family: Roboto; font-size: 14px;\"><strong>Pakistan aile birle\u015fimi<\/strong> i\u00e7in istenen baz\u0131 belgeler bulunmaktad\u0131r. Bu da<strong> oturum izni<\/strong> benzer \u00e7al\u0131\u015fma olup fakat birtak\u0131m farkl\u0131 bilgi i\u00e7ermekte olan konudur.<\/span><br \/>\n<span style=\"font-family: Roboto; font-size: 14px;\">A\u015fa\u011f\u0131da belirtilmi\u015f olan belgelerin hem as\u0131llar\u0131 hem de fotokopisinin beyan edilmesi \u00f6nemli bir konudur.<\/span><\/p>\n<ul>\n<li><span style=\"font-family: Roboto; font-size: 14px;\">T\u00fcrk\u00e7e doldurulmu\u015f ve ba\u015fvuru sahipleri taraf\u0131ndan imzalanm\u0131\u015f 2 adet ba\u015fvuru formu.<\/span><\/li>\n<li><span style=\"font-family: Roboto; font-size: 14px;\">En az 12 ay ge\u00e7erlili\u011fi olan pasaport.<\/span><\/li>\n<li><span style=\"font-family: Roboto; font-size: 14px;\">Vize i\u00e7in 3 adet biyometrik foto\u011fraf.<\/span><\/li>\n<li><span style=\"font-family: Roboto; font-size: 14px;\">18 ya\u015f\u0131 doldurmak olmak gerekir.<\/span><\/li>\n<li><span style=\"font-family: Roboto; font-size: 14px;\">Uluslararas\u0131 evlenme kay\u0131t\u0131 \u00f6rne\u011fi.<\/span><\/li>\n<li><span style=\"font-family: Roboto; font-size: 14px;\">Uluslararas\u0131 evlenme c\u00fczdan\u0131 fotokopisi.<\/span><\/li>\n<li><span style=\"font-family: Roboto; font-size: 14px;\">Vukuat n\u00fcfus kay\u0131t\u0131 \u00f6rne\u011fi.<\/span><\/li>\n<li><span style=\"font-family: Roboto; font-size: 14px;\">E\u015f Pakistanl\u0131 ise ve daha \u00f6nce hi\u00e7<strong> T\u00fcrk vatanda\u015f\u0131<\/strong> olmad\u0131ysa, n\u00fcfus kay\u0131t\u0131 \u00f6rne\u011fi yerine Pakistan do\u011fumu belgesi beyan edilmesi istenebilmektedir.<\/span><\/li>\n<li><span style=\"font-family: Roboto; font-size: 14px;\">E\u015ften her ikisinin daha \u00f6nce yap\u0131lm\u0131\u015f evlili\u011fine istinaden kesinle\u015fme ile beraber gerek\u00e7eli bo\u015fanma ilanlar\u0131 ve T\u00fcrk\u00e7e terc\u00fcmesi ve duruma g\u00f6re vefat kay\u0131t\u0131 \u00f6rne\u011fi.<\/span><\/li>\n<li><span style=\"font-family: Roboto; font-size: 14px;\">T\u00fcrkiye\u2019de ya\u015fayan Pakistan e\u015fe ait oturma izni fotokopisi.<\/span><\/li>\n<li><span style=\"font-family: Roboto; font-size: 14px;\"><span style=\"color: #2acec2;\"><strong><a style=\"color: #2acec2;\" href=\"https:\/\/www.myvize.com.tr\/pakistan\/pakistan-vize-ucreti\/\" target=\"_blank\" rel=\"noopener\">Pakistan Vize \u00fccreti<\/a><\/strong><\/span>.<\/span><\/li>\n<li><span style=\"font-family: Roboto; font-size: 14px;\">Varsa eski pasaport.<\/span><\/li>\n<\/ul>\n<p><span style=\"font-family: Roboto; font-size: 14px;\"><img decoding=\"async\" src=\"https:\/\/www.myvize.com.tr\/pakistan\/wp-content\/uploads\/2021\/10\/18.jpg\" \/><\/span><\/p>\n<h2><span style=\"font-family: Roboto; font-size: 27px;\"><strong>Pakistan Aile Birle\u015fimi Vizesi Hakk\u0131nda<\/strong><\/span><\/h2>\n<p><span style=\"font-family: Roboto; font-size: 14px;\">T\u00fcrkiye\u2019den farkl\u0131 \u00fclkelere seyahat edecek olanlar, seyahat edecekleri \u00fclkelerin kurallar\u0131na g\u00f6re vize almak zorundad\u0131rlar. Vize al\u0131nmas\u0131 gereken \u00fclkelerin listesi olduk\u00e7a uzundur. Pakistan T\u00fcrkiye\u2019den gidecek olan vatanda\u015flar\u0131n vize almas\u0131 gereken \u00fclkelerdendir.\u00a0<strong>Pakistan aile birle\u015fimi vizesi<\/strong>, Pakistan\u2019da oturabilmeye imk\u00e2n tan\u0131r. Bu vizeyi alanlar, Pakistan\u2019da oturma \u015fans\u0131 elde edebilirler.<\/span><\/p>\n<p><span style=\"font-family: Roboto; font-size: 14px;\"><strong>Pakistan aile birle\u015fimi vizesi<\/strong> almak isteyenler, bunun i\u00e7in yetkilendirilmi\u015f olan yerlerden ve konsolosluklardan yard\u0131m alabilirler.\u00a0 Vize merkezleri ya da konsolosluklar haz\u0131rlanmas\u0131 gereken g\u00fcncel evraklar hakk\u0131nda duyurular yay\u0131nlarlar. Bu duyurular\u0131 inceleyerek haz\u0131rlanacak olan evraklar \u00f6\u011frenilebilir. E\u011fer ki evraklar \u00f6nceden haz\u0131rlanm\u0131\u015fsa, sadece vize \u00fccretinin yat\u0131r\u0131lmas\u0131 yeterlidir.<\/span><\/p>\n<p><span style=\"font-family: Roboto; font-size: 14px;\">Aile birle\u015fimi vizesini \u00e7e\u015fitli \u00fclkelerin vatanda\u015flar\u0131 alabilir. <strong>Aile birle\u015fimi vizesi<\/strong> genel olarak evlenmek isteyenlerin alabilecekleri vize t\u00fcr\u00fcd\u00fcr. Di\u011fer vize t\u00fcrlerine nazaran daha avantajl\u0131d\u0131r. \u00c7\u00fcnk\u00fc uzun vadeli olarak de\u011ferlendirilebilecek bir vize t\u00fcr\u00fcd\u00fcr. <strong>Aile birle\u015fimi vizesi<\/strong> almak isteyenlerin en dikkat etmesi gereken nokta, doldurulacak formlar\u0131n do\u011fru olarak doldurulmas\u0131d\u0131r. Vizeler do\u011fru olarak dolduruldu\u011fu zaman aile birle\u015fimi vizesi kolayl\u0131kla al\u0131nabilen vizelerdendir.<\/span><\/p>\n<h2><span style=\"font-size: 27px;\"><strong><span style=\"font-family: Roboto;\">Pakistan Aile Birle\u015fimi Vizesi Nedir?<\/span><\/strong><\/span><\/h2>\n<p><span style=\"font-family: Roboto; font-size: 14px;\">Pakistan\u2019da aile \u00fcyesi bulunan ve Pakistan\u2019daki aile \u00fcyesi ile birlikte <strong>Pakistan\u2019da ya\u015famak<\/strong> isteyen T\u00fcrk vatanda\u015flar\u0131n\u0131n Pakistan aile birle\u015fimi vizesi almas\u0131 gerekmektedir. Pakistan aile birle\u015fimi vizesi alacak olan ki\u015filer, Pakistan aile birle\u015fimi vizesinin ne oldu\u011funu ara\u015ft\u0131rmaktad\u0131r. Bu yaz\u0131da Pakistan aile birle\u015fimi vizesi alacak olan T\u00fcrk vatanda\u015flar\u0131 i\u00e7in \u201cPakistan aile birle\u015fimi vizesi nedir?\u201d sorusunun cevab\u0131 verilmi\u015ftir.<\/span><\/p>\n<p><span style=\"font-family: Roboto; font-size: 14px;\"><strong>Pakistan aile birle\u015fimi vizesi,<\/strong> Pakistan\u2019da bulunan aile \u00fcyesi ile birlikte Pakistan\u2019da ya\u015famak isteyen ki\u015filerin almas\u0131 gereken yasal izin t\u00fcr\u00fcd\u00fcr. Pakistan aile birle\u015fimi vizesi, Pakistan H\u00fck\u00fcmeti\u2019nin T\u00fcrkiye\u2019de yetkilendirmi\u015f oldu\u011fu Pakistan temsilcilikleri taraf\u0131ndan verilmektedir.<\/span><\/p>\n<p><span style=\"font-family: Roboto; font-size: 14px;\">Pakistan aile birle\u015fimi vizesi alacak olan ki\u015filer, Pakistan aile birle\u015fimi vizesi i\u00e7in gerekli olan \u015fartlar\u0131 yerine getirmelidir. Pakistan\u2019da bulunan aile \u00fcyesi taraf\u0131ndan birlikte ya\u015famak i\u00e7in kabul edilmelidir. Pakistan aile birle\u015fimi vizesi alacak olan ki\u015filerin Pakistan\u2019da bulunan aile \u00fcyesinin birinci dereceden yak\u0131n\u0131 olmas\u0131 gerekmektedir.<\/span><\/p>\n<h2><span style=\"font-size: 27px;\"><strong><span style=\"font-family: Roboto;\">Pakistan Aile Birle\u015fimi Vizesi Nas\u0131l Al\u0131n\u0131r?<\/span><\/strong><\/span><\/h2>\n<p><span style=\"font-family: Roboto; font-size: 14px;\">Pakistan\u2019da bir aile \u00fcyesi bulunan ve birlikte Pakistan\u2019da ya\u015famaya karar vermi\u015f olan T\u00fcrkiye Cumhuriyeti vatanda\u015flar\u0131n\u0131n <strong>Pakistan aile birle\u015fimi<\/strong> vizesi almas\u0131 gerekmektedir. Pakistan aile birle\u015fimi vizesi alacak olan T\u00fcrk vatanda\u015flar\u0131, Pakistan aile birle\u015fimi vizesinin nas\u0131l al\u0131naca\u011f\u0131n\u0131 merak etmektedir. Bu yaz\u0131da Pakistan aile birle\u015fimi vizesi alacak olan T\u00fcrk vatanda\u015flar\u0131 i\u00e7in \u201cPakistan aile birle\u015fimi vizesi nas\u0131l al\u0131n\u0131r?\u201d sorusuna cevap verilmi\u015ftir.<\/span><\/p>\n<p><span style=\"font-family: Roboto; font-size: 14px;\">Pakistan aile birle\u015fimi vizesi alacak olan T\u00fcrk vatanda\u015flar\u0131n\u0131n Pakistan\u2019da bulunan aile \u00fcyesinin yasal olarak Pakistan\u2019da bulunmas\u0131 gerekmektedir. Aile \u00fcyesinin ba\u015fvuru yapacak olan ki\u015filere davetiye vermesi gerekmektedir.<\/span><\/p>\n<ul>\n<li><span style=\"font-family: Roboto; font-size: 14px;\">Pakistan aile birle\u015fimi vize ba\u015fvurusu i\u00e7in \u00f6ncelikle gerekli olan Pakistan aile birle\u015fimi vizesi evraklar\u0131 haz\u0131rlanmal\u0131d\u0131r.<\/span><\/li>\n<li><span style=\"font-family: Roboto; font-size: 14px;\">Haz\u0131rlanan <strong>Pakistan aile birle\u015fimi vizesi evraklar\u0131<\/strong> Pakistan temsilcili\u011fine teslim edilmelidir.<\/span><\/li>\n<li><span style=\"font-family: Roboto; font-size: 14px;\">Pakistan aile birle\u015fim vizesi i\u00e7in randevu al\u0131nmas\u0131na gerek yoktur. Ancak Pakistan temsilcili\u011fini ziyaret etmeden \u00f6nce ileti\u015fime ge\u00e7meniz tavsiye edilmektedir.<\/span><\/li>\n<li><span style=\"font-family: Roboto; font-size: 14px;\"><strong>Pakistan temsilcili\u011fi<\/strong> vize ba\u015fvurusunu kabul ettikten sonra ortalama olarak 1 ay i\u00e7erisinde ba\u015fvuruyu sonu\u00e7land\u0131rmakta ve ba\u015fvuru sahibini bilgilendirmektedir.<\/span><\/li>\n<\/ul>\n<h3><span style=\"font-size: 24px;\"><strong><span style=\"font-family: Roboto;\">Pakistan Aile Birle\u015fimi Vizesi Nereden Al\u0131n\u0131r?<\/span><\/strong><\/span><\/h3>\n<p><span style=\"font-family: Roboto; font-size: 14px;\">Pakistan\u2019da bir aile \u00fcyesi bulunan ve bu aile \u00fcyesi ile birlikte Pakistan\u2019da ya\u015famak isteyen ki\u015filerin Pakistan aile birle\u015fimi vizesi almas\u0131 gerekmektedir. Pakistan aile birle\u015fimi vizesi alacak olan T\u00fcrk vatanda\u015flar\u0131 Pakistan aile bile\u015fimi vizesinin nereden al\u0131naca\u011f\u0131n\u0131 merak emektedir. Bu yaz\u0131da Pakistan ile birle\u015fimi vizesi alacak olan ki\u015filer i\u00e7in \u201cPakistan aile birle\u015fimi vizesi nereden al\u0131n\u0131r?\u201d sorusunun cevab\u0131 verilmi\u015ftir.<\/span><\/p>\n<p><span style=\"font-family: Roboto; font-size: 14px;\">Pakistan aile birle\u015fimi vizesi Pakistan\u2019\u0131n T\u00fcrkiye\u2019de bulunan temsilciliklerinden al\u0131nmaktad\u0131r. <strong>Pakistan aile birle\u015fimi vizesi ba\u015fvurular<\/strong>\u0131 da bu temsilciliklere yap\u0131lmal\u0131d\u0131r. <strong>Pakistan aile vizesi<\/strong> ba\u015fvurular\u0131n\u0131 inceleme ve de\u011ferlendirme yetkisi de Pakistan temsilciliklerine aittir.<\/span><\/p>\n<p><span style=\"font-family: Roboto; font-size: 14px;\">Pakistan aile birle\u015fimi vizesi ba\u015fvurusu yapacak olan ki\u015filer, Pakistan aile birle\u015fimi vizesi ba\u015fvurular\u0131n\u0131 <strong>Pakistan Ankara B\u00fcy\u00fckel\u00e7ili\u011fi<\/strong> ya da Pakistan \u0130stanbul Ba\u015fkonsoloslu\u011fu\u2019na yapabilmektedir.<\/span><\/p>\n<p><span style=\"font-family: Roboto; font-size: 14px;\">Pakistan aile birle\u015fimi vize ba\u015fvurusu sonu\u00e7land\u0131ktan sonra vize ba\u015fvuru yapan ki\u015finin pasaportuna bas\u0131lmaktad\u0131r. Pasaport daha sonra Pakistan aile birle\u015fimi vizesi ba\u015fvurusunun yap\u0131ld\u0131\u011f\u0131 yerden al\u0131nabilir.<\/span><\/p>\n<h3><span style=\"font-size: 24px;\"><strong><span style=\"font-family: Roboto;\">Pakistan Aile Birle\u015fimi Vizesi Ka\u00e7 G\u00fcnde \u00c7\u0131kar?<\/span><\/strong><\/span><\/h3>\n<p><span style=\"font-family: Roboto; font-size: 14px;\">Pakistan\u2019da bulunan aile \u00fcyesi ile birlikte ya\u015famak isteyen ki\u015filer Pakistan aile birle\u015fimi vizesi ba\u015fvurusunda bulunmal\u0131d\u0131r. Pakistan aile birle\u015fimi vizesi ba\u015fvurusu yapacak olan ki\u015filer Pakistan aile birle\u015fimi vizesinin ka\u00e7 g\u00fcnde sonu\u00e7lanaca\u011f\u0131n\u0131 merak etmektedir. Bu yaz\u0131da Pakistan aile birle\u015fimi vizesi ba\u015fvurusu yapacak olan ki\u015filer i\u00e7in \u201cPakistan aile birle\u015fimi vizesi ka\u00e7 g\u00fcnde \u00e7\u0131kar?\u201d sorusuna cevap verilmi\u015ftir.<\/span><\/p>\n<p><span style=\"font-family: Roboto; font-size: 14px;\">Pakistan aile bile\u015fimi vizesi ba\u015fvurular\u0131n\u0131n sonu\u00e7lanma s\u00fcresine bir\u00e7ok durum etki etmektedir. Bu nedenle ba\u015fvurular \u00e7o\u011fu zaman s\u00fcrelerde sonu\u00e7lanmaktad\u0131r. Her ne kadar ba\u015fvurular farkl\u0131 tarihlerde sonu\u00e7lansa da ortalama olarak 1 ay i\u00e7erisinde sonu\u00e7lanmaktad\u0131r. Bu s\u00fcre baz\u0131 durumlarda 3 ay\u0131 bulabilmektedir.<\/span><\/p>\n<p><span style=\"font-family: Roboto; font-size: 14px;\">Ba\u015fvurular\u0131n sonu\u00e7lanma s\u00fcresine etki eden durumlar;<\/span><\/p>\n<ul>\n<li><span style=\"font-family: Roboto; font-size: 14px;\">Ba\u015fvurunun yap\u0131ld\u0131\u011f\u0131 Pakistan temsilcili\u011finin durumu,<\/span><\/li>\n<li><span style=\"font-family: Roboto; font-size: 14px;\">Ba\u015fvuru yapan ki\u015finin durumu,<\/span><\/li>\n<li><span style=\"font-family: Roboto; font-size: 14px;\">Pakistan\u2019da bulunan aile \u00fcyesinin durumu,<\/span><\/li>\n<li><span style=\"font-family: Roboto; font-size: 14px;\"><strong>Pakistan vize ba\u015fvurusu y<\/strong>apan ki\u015fiden ek belge talebi,<\/span><\/li>\n<li><span style=\"font-family: Roboto; font-size: 14px;\">Ba\u015fvuru yapan ki\u015finin Pakistan Konsoloslu\u011fu\u2019na \u00e7a\u011fr\u0131lmas\u0131 gibi durumlar bu s\u00fcreyi etkilemektedir.<\/span><\/li>\n<\/ul>\n","protected":false},"excerpt":{"rendered":"<p>Pakistan Aile Birle\u015fimi Vizesi 2022 Pakistan Cumhuriyeti&#8217;nde aile ve akrabas\u0131 ile ya\u015famak isteyen T\u00fcrkiye Cumhuriyeti vatanda\u015f\u0131n\u0131n Pakistan Aile Birle\u015fimi yasas\u0131nda yararlanarak seyahatinde kullanaca\u011f\u0131 vize t\u00fcr\u00fcd\u00fcr. Aile birle\u015fim form ve ba\u015fvuru sahibi T\u00fcrk\u00e7e olarak doldurdu\u011fu Pakistan vize ba\u015fvuru formu teslim edilmesi gerekli evrak aras\u0131ndad\u0131r. Pakistan aile birle\u015fimi i\u00e7in istenen baz\u0131 belgeler bulunmaktad\u0131r. Bu da oturum izni<\/p>\n","protected":false},"author":1,"featured_media":0,"parent":18,"menu_order":0,"comment_status":"open","ping_status":"closed","template":"","meta":{"footnotes":""},"class_list":["post-37","page","type-page","status-publish","hentry"],"yoast_head":"<!-- This site is optimized with the Yoast SEO plugin v24.0 - https:\/\/yoast.com\/wordpress\/plugins\/seo\/ -->\n<title>Pakistan Aile Birle\u015fimi Vize - Pakistan Vize - MyVize<\/title>\n<meta name=\"description\" content=\"Pakistan aile birle\u015fimi vizesi i\u00e7in gerekli evraklar g\u00fcnceldir. Pakistan aile birle\u015fimi vizesi i\u00e7in neler gerekli ve \u015fartlar\u0131 nelerdir?\" \/>\n<meta name=\"robots\" content=\"index, follow, max-snippet:-1, max-image-preview:large, max-video-preview:-1\" \/>\n<link rel=\"canonical\" href=\"https:\/\/www.myvize.com.tr\/pakistan\/vize-islemleri\/pakistan-aile-birlesimi-vizesi\/\" \/>\n<meta property=\"og:locale\" content=\"tr_TR\" \/>\n<meta property=\"og:type\" content=\"article\" \/>\n<meta property=\"og:title\" content=\"Pakistan Aile Birle\u015fimi Vize - Pakistan Vize - MyVize\" \/>\n<meta property=\"og:description\" content=\"Pakistan aile birle\u015fimi vizesi i\u00e7in gerekli evraklar g\u00fcnceldir. Pakistan aile birle\u015fimi vizesi i\u00e7in neler gerekli ve \u015fartlar\u0131 nelerdir?\" \/>\n<meta property=\"og:url\" content=\"https:\/\/www.myvize.com.tr\/pakistan\/vize-islemleri\/pakistan-aile-birlesimi-vizesi\/\" \/>\n<meta property=\"og:site_name\" content=\"Pakistan Vizesi\" \/>\n<meta property=\"article:modified_time\" content=\"2022-04-30T09:56:35+00:00\" \/>\n<meta property=\"og:image\" content=\"https:\/\/www.myvize.com.tr\/pakistan\/wp-content\/uploads\/2021\/10\/18.jpg\" \/>\n<meta name=\"twitter:card\" content=\"summary_large_image\" \/>\n<meta name=\"twitter:label1\" content=\"Tahmini okuma s\u00fcresi\" \/>\n\t<meta name=\"twitter:data1\" content=\"5 dakika\" \/>\n<script type=\"application\/ld+json\" class=\"yoast-schema-graph\">{\"@context\":\"https:\/\/schema.org\",\"@graph\":[{\"@type\":\"WebPage\",\"@id\":\"https:\/\/www.myvize.com.tr\/pakistan\/vize-islemleri\/pakistan-aile-birlesimi-vizesi\/\",\"url\":\"https:\/\/www.myvize.com.tr\/pakistan\/vize-islemleri\/pakistan-aile-birlesimi-vizesi\/\",\"name\":\"Pakistan Aile Birle\u015fimi Vize - Pakistan Vize - MyVize\",\"isPartOf\":{\"@id\":\"https:\/\/www.myvize.com.tr\/pakistan\/#website\"},\"primaryImageOfPage\":{\"@id\":\"https:\/\/www.myvize.com.tr\/pakistan\/vize-islemleri\/pakistan-aile-birlesimi-vizesi\/#primaryimage\"},\"image\":{\"@id\":\"https:\/\/www.myvize.com.tr\/pakistan\/vize-islemleri\/pakistan-aile-birlesimi-vizesi\/#primaryimage\"},\"thumbnailUrl\":\"https:\/\/www.myvize.com.tr\/pakistan\/wp-content\/uploads\/2021\/10\/18.jpg\",\"datePublished\":\"2020-11-30T09:45:46+00:00\",\"dateModified\":\"2022-04-30T09:56:35+00:00\",\"description\":\"Pakistan aile birle\u015fimi vizesi i\u00e7in gerekli evraklar g\u00fcnceldir. Pakistan aile birle\u015fimi vizesi i\u00e7in neler gerekli ve \u015fartlar\u0131 nelerdir?\",\"breadcrumb\":{\"@id\":\"https:\/\/www.myvize.com.tr\/pakistan\/vize-islemleri\/pakistan-aile-birlesimi-vizesi\/#breadcrumb\"},\"inLanguage\":\"tr\",\"potentialAction\":[{\"@type\":\"ReadAction\",\"target\":[\"https:\/\/www.myvize.com.tr\/pakistan\/vize-islemleri\/pakistan-aile-birlesimi-vizesi\/\"]}]},{\"@type\":\"ImageObject\",\"inLanguage\":\"tr\",\"@id\":\"https:\/\/www.myvize.com.tr\/pakistan\/vize-islemleri\/pakistan-aile-birlesimi-vizesi\/#primaryimage\",\"url\":\"https:\/\/www.myvize.com.tr\/pakistan\/wp-content\/uploads\/2021\/10\/18.jpg\",\"contentUrl\":\"https:\/\/www.myvize.com.tr\/pakistan\/wp-content\/uploads\/2021\/10\/18.jpg\",\"width\":800,\"height\":500,\"caption\":\"Pakistan Aile Birle\u015fimi Vizesi\"},{\"@type\":\"BreadcrumbList\",\"@id\":\"https:\/\/www.myvize.com.tr\/pakistan\/vize-islemleri\/pakistan-aile-birlesimi-vizesi\/#breadcrumb\",\"itemListElement\":[{\"@type\":\"ListItem\",\"position\":1,\"name\":\"Anasayfa\",\"item\":\"https:\/\/www.myvize.com.tr\/pakistan\/\"},{\"@type\":\"ListItem\",\"position\":2,\"name\":\"V\u0130ZE \u0130\u015eLEMLER\u0130\",\"item\":\"https:\/\/www.myvize.com.tr\/pakistan\/vize-islemleri\/\"},{\"@type\":\"ListItem\",\"position\":3,\"name\":\"Pakistan Aile Birle\u015fimi Vizesi\"}]},{\"@type\":\"WebSite\",\"@id\":\"https:\/\/www.myvize.com.tr\/pakistan\/#website\",\"url\":\"https:\/\/www.myvize.com.tr\/pakistan\/\",\"name\":\"Pakistan Vizesi\",\"description\":\"\",\"potentialAction\":[{\"@type\":\"SearchAction\",\"target\":{\"@type\":\"EntryPoint\",\"urlTemplate\":\"https:\/\/www.myvize.com.tr\/pakistan\/?s={search_term_string}\"},\"query-input\":{\"@type\":\"PropertyValueSpecification\",\"valueRequired\":true,\"valueName\":\"search_term_string\"}}],\"inLanguage\":\"tr\"}]}<\/script>\n<!-- \/ Yoast SEO plugin. -->","yoast_head_json":{"title":"Pakistan Aile Birle\u015fimi Vize - Pakistan Vize - MyVize","description":"Pakistan aile birle\u015fimi vizesi i\u00e7in gerekli evraklar g\u00fcnceldir. Pakistan aile birle\u015fimi vizesi i\u00e7in neler gerekli ve \u015fartlar\u0131 nelerdir?","robots":{"index":"index","follow":"follow","max-snippet":"max-snippet:-1","max-image-preview":"max-image-preview:large","max-video-preview":"max-video-preview:-1"},"canonical":"https:\/\/www.myvize.com.tr\/pakistan\/vize-islemleri\/pakistan-aile-birlesimi-vizesi\/","og_locale":"tr_TR","og_type":"article","og_title":"Pakistan Aile Birle\u015fimi Vize - Pakistan Vize - MyVize","og_description":"Pakistan aile birle\u015fimi vizesi i\u00e7in gerekli evraklar g\u00fcnceldir. Pakistan aile birle\u015fimi vizesi i\u00e7in neler gerekli ve \u015fartlar\u0131 nelerdir?","og_url":"https:\/\/www.myvize.com.tr\/pakistan\/vize-islemleri\/pakistan-aile-birlesimi-vizesi\/","og_site_name":"Pakistan Vizesi","article_modified_time":"2022-04-30T09:56:35+00:00","og_image":[{"url":"https:\/\/www.myvize.com.tr\/pakistan\/wp-content\/uploads\/2021\/10\/18.jpg","type":"","width":"","height":""}],"twitter_card":"summary_large_image","twitter_misc":{"Tahmini okuma s\u00fcresi":"5 dakika"},"schema":{"@context":"https:\/\/schema.org","@graph":[{"@type":"WebPage","@id":"https:\/\/www.myvize.com.tr\/pakistan\/vize-islemleri\/pakistan-aile-birlesimi-vizesi\/","url":"https:\/\/www.myvize.com.tr\/pakistan\/vize-islemleri\/pakistan-aile-birlesimi-vizesi\/","name":"Pakistan Aile Birle\u015fimi Vize - Pakistan Vize - MyVize","isPartOf":{"@id":"https:\/\/www.myvize.com.tr\/pakistan\/#website"},"primaryImageOfPage":{"@id":"https:\/\/www.myvize.com.tr\/pakistan\/vize-islemleri\/pakistan-aile-birlesimi-vizesi\/#primaryimage"},"image":{"@id":"https:\/\/www.myvize.com.tr\/pakistan\/vize-islemleri\/pakistan-aile-birlesimi-vizesi\/#primaryimage"},"thumbnailUrl":"https:\/\/www.myvize.com.tr\/pakistan\/wp-content\/uploads\/2021\/10\/18.jpg","datePublished":"2020-11-30T09:45:46+00:00","dateModified":"2022-04-30T09:56:35+00:00","description":"Pakistan aile birle\u015fimi vizesi i\u00e7in gerekli evraklar g\u00fcnceldir. Pakistan aile birle\u015fimi vizesi i\u00e7in neler gerekli ve \u015fartlar\u0131 nelerdir?","breadcrumb":{"@id":"https:\/\/www.myvize.com.tr\/pakistan\/vize-islemleri\/pakistan-aile-birlesimi-vizesi\/#breadcrumb"},"inLanguage":"tr","potentialAction":[{"@type":"ReadAction","target":["https:\/\/www.myvize.com.tr\/pakistan\/vize-islemleri\/pakistan-aile-birlesimi-vizesi\/"]}]},{"@type":"ImageObject","inLanguage":"tr","@id":"https:\/\/www.myvize.com.tr\/pakistan\/vize-islemleri\/pakistan-aile-birlesimi-vizesi\/#primaryimage","url":"https:\/\/www.myvize.com.tr\/pakistan\/wp-content\/uploads\/2021\/10\/18.jpg","contentUrl":"https:\/\/www.myvize.com.tr\/pakistan\/wp-content\/uploads\/2021\/10\/18.jpg","width":800,"height":500,"caption":"Pakistan Aile Birle\u015fimi Vizesi"},{"@type":"BreadcrumbList","@id":"https:\/\/www.myvize.com.tr\/pakistan\/vize-islemleri\/pakistan-aile-birlesimi-vizesi\/#breadcrumb","itemListElement":[{"@type":"ListItem","position":1,"name":"Anasayfa","item":"https:\/\/www.myvize.com.tr\/pakistan\/"},{"@type":"ListItem","position":2,"name":"V\u0130ZE \u0130\u015eLEMLER\u0130","item":"https:\/\/www.myvize.com.tr\/pakistan\/vize-islemleri\/"},{"@type":"ListItem","position":3,"name":"Pakistan Aile Birle\u015fimi Vizesi"}]},{"@type":"WebSite","@id":"https:\/\/www.myvize.com.tr\/pakistan\/#website","url":"https:\/\/www.myvize.com.tr\/pakistan\/","name":"Pakistan Vizesi","description":"","potentialAction":[{"@type":"SearchAction","target":{"@type":"EntryPoint","urlTemplate":"https:\/\/www.myvize.com.tr\/pakistan\/?s={search_term_string}"},"query-input":{"@type":"PropertyValueSpecification","valueRequired":true,"valueName":"search_term_string"}}],"inLanguage":"tr"}]}},"_links":{"self":[{"href":"https:\/\/www.myvize.com.tr\/pakistan\/wp-json\/wp\/v2\/pages\/37","targetHints":{"allow":["GET"]}}],"collection":[{"href":"https:\/\/www.myvize.com.tr\/pakistan\/wp-json\/wp\/v2\/pages"}],"about":[{"href":"https:\/\/www.myvize.com.tr\/pakistan\/wp-json\/wp\/v2\/types\/page"}],"author":[{"embeddable":true,"href":"https:\/\/www.myvize.com.tr\/pakistan\/wp-json\/wp\/v2\/users\/1"}],"replies":[{"embeddable":true,"href":"https:\/\/www.myvize.com.tr\/pakistan\/wp-json\/wp\/v2\/comments?post=37"}],"version-history":[{"count":8,"href":"https:\/\/www.myvize.com.tr\/pakistan\/wp-json\/wp\/v2\/pages\/37\/revisions"}],"predecessor-version":[{"id":631,"href":"https:\/\/www.myvize.com.tr\/pakistan\/wp-json\/wp\/v2\/pages\/37\/revisions\/631"}],"up":[{"embeddable":true,"href":"https:\/\/www.myvize.com.tr\/pakistan\/wp-json\/wp\/v2\/pages\/18"}],"wp:attachment":[{"href":"https:\/\/www.myvize.com.tr\/pakistan\/wp-json\/wp\/v2\/media?parent=37"}],"curies":[{"name":"wp","href":"https:\/\/api.w.org\/{rel}","templated":true}]}}