{"id":394,"date":"2021-09-27T10:51:28","date_gmt":"2021-09-27T07:51:28","guid":{"rendered":"https:\/\/www.myvize.com.tr\/pakistan\/?page_id=394"},"modified":"2022-08-24T12:10:11","modified_gmt":"2022-08-24T09:10:11","slug":"pakistan-calisma-vizesi","status":"publish","type":"page","link":"https:\/\/www.myvize.com.tr\/pakistan\/pakistan-calisma-vizesi\/","title":{"rendered":"Pakistan \u00c7al\u0131\u015fma Vizesi"},"content":{"rendered":"<h2><strong><span style=\"font-family: Roboto; font-size: 27px;\">Pakistan \u00c7al\u0131\u015fma Vizesi \u0130\u015flemleri<\/span><\/strong><\/h2>\n<p><span style=\"font-family: Roboto; font-size: 14px;\">Pakistan\u2019da i\u015f bulmu\u015f ya da serbest \u00e7al\u0131\u015fmak isteyen T\u00fcrk vatanda\u015flar\u0131, Pakistan \u00e7al\u0131\u015fma vizesi almal\u0131d\u0131r. <strong>Pakistan \u00e7al\u0131\u015fma vizesi<\/strong> ba\u015fvurular\u0131 <span style=\"color: #2acec2;\"><strong><a style=\"color: #2acec2;\" href=\"https:\/\/www.myvize.com.tr\/pakistan\/konsolosluklar\/ankara-buyukelciligi\/\" target=\"_blank\" rel=\"noopener\">Pakistan Ankara B\u00fcy\u00fckel\u00e7ili\u011fi <\/a><\/strong><\/span>ve Pakistan \u0130stanbul Ba\u015fkonsoloslu\u011fu\u2019na yap\u0131lmal\u0131d\u0131r. <strong>Pakistan \u00e7al\u0131\u015fma vizesi<\/strong> ba\u015fvurusunda bulunacak olan ki\u015filerin, ba\u015fvuruyu \u015fahsen yapmas\u0131na gerek bulunmamaktad\u0131r. Ba\u015fvurular acenteler ve yerine atad\u0131\u011f\u0131n\u0131z vekil taraf\u0131ndan da yap\u0131labilmektedir. Ancak Pakistan temsilcili\u011fi ba\u015fvuru sahibini y\u00fcz y\u00fcze g\u00f6r\u00fc\u015fmeye \u00e7a\u011f\u0131rabilmektedir. Pakistan \u00e7al\u0131\u015fma izni direkt al\u0131nmamaktad\u0131r. T\u00fcrkiye\u2019de <strong>Pakistan ticari vizesi<\/strong> al\u0131p, Pakistan\u2019a girdikten sonra \u00e7al\u0131\u015fma izni alabilirsiniz.<\/span><\/p>\n<p><span style=\"font-family: Roboto; font-size: 14px;\"><span style=\"color: #2acec2;\"><strong><a style=\"color: #2acec2;\" href=\"https:\/\/www.myvize.com.tr\/pakistan\/vize-islemleri\/pakistan-ticari-vize\/\" target=\"_blank\" rel=\"noopener\">Pakistan ticari vize<\/a><\/strong><\/span> ba\u015fvurular\u0131 ortalama olarak 15 g\u00fcn i\u00e7erisinde sonu\u00e7lanmaktad\u0131r. Pakistan ticari vize al\u0131nd\u0131ktan sonra Pakistan\u2019a gidebilirsiniz. Ancak Pakistan\u2019a giri\u015f yapt\u0131ktan sonra en k\u0131sa s\u00fcre i\u00e7erisinde ticaret vizesi ile beraber, Pakistan G\u00f6\u00e7 \u0130daresi\u2019ne giderek \u00e7al\u0131\u015fma izni ve oturum izni ba\u015fvurusu yapman\u0131z gerekecektir.<\/span><\/p>\n<p><span style=\"font-family: Roboto; font-size: 14px;\"><strong>Pakistan \u00e7al\u0131\u015fma vizesi<\/strong> i\u00e7in Pakistan\u2019da bir i\u015f bulman\u0131z gerekmektedir. Pakistan\u2019da i\u015fveren konumunda olan \u015firket ayr\u0131ca Pakistan G\u00f6\u00e7 \u0130daresi\u2019ne ba\u015fvurmal\u0131d\u0131r. T\u00fcrkiye\u2019den Pakistan\u2019a gitmeden \u00f6nce ticari vize almal\u0131s\u0131n\u0131z. <strong>Pakistan\u2019a giri\u015f<\/strong> yapt\u0131ktan sonra ise \u00e7al\u0131\u015fma izni ba\u015fvurusunda bulunabilirsiniz. Ba\u015fvurular\u0131n\u0131z ortalama olarak 5 g\u00fcn i\u00e7erisinde sonu\u00e7lanmaktad\u0131r.<\/span><\/p>\n<p><img decoding=\"async\" src=\"https:\/\/www.myvize.com.tr\/pakistan\/wp-content\/uploads\/2021\/10\/27.jpg\" \/><\/p>\n<h2><span style=\"font-family: Roboto; font-size: 27px;\"><strong>Pakistan \u00c7al\u0131\u015fma Vizesi Nas\u0131l Al\u0131n\u0131r?<\/strong><\/span><\/h2>\n<p><span style=\"font-family: Roboto; font-size: 14px;\"><strong>Pakistan \u00e7al\u0131\u015fma vizesi,<\/strong> Pakistan\u2019 da bir i\u015f bulunup \u00e7al\u0131\u015f\u0131lmas\u0131 istenilen durumlarda \u00fclkeye yasal yollarla seyahat etmeden \u00f6nce Pakistan Konsolosluklar\u0131n ba\u015fvurularak al\u0131nan uzun s\u00fcreli bir vize t\u00fcr\u00fcd\u00fcr. Pakistan \u00e7al\u0131\u015fma vizesi ba\u015fvurusunda bulunabilme i\u00e7in ilk olarak Pakistan\u2019da bir i\u015f bulunmas\u0131 ve oradan bir davet mektubunun al\u0131nmas\u0131 gerekmektedir. Davet mektubu da al\u0131nd\u0131ktan sonra Pakistan Konsolosluklar\u0131na bireysel ba\u015fvuru yaparak ya da vize dan\u0131\u015fman\u0131 firmalar\u0131n arac\u0131l\u0131\u011f\u0131 ile ba\u015fvuru yaparak vize ba\u015fvurusu sa\u011flanabilir. \u00c7al\u0131\u015fma vizesine ba\u015fvuruda bulunmadan \u00f6nce a\u015fa\u011f\u0131da belirtilen evraklar haz\u0131rlanmal\u0131d\u0131r;<\/span><\/p>\n<ul>\n<li><span style=\"font-family: Roboto; font-size: 14px;\">10 y\u0131ldan eski olmayan ve ge\u00e7erlili\u011fi uzun s\u00fcre devam eden pasaport.<\/span><\/li>\n<li><span style=\"font-family: Roboto; font-size: 14px;\">2 tane biyometrik olarak \u00e7ekilmi\u015f foto\u011fraf<\/span><\/li>\n<li><span style=\"font-family: Roboto; font-size: 14px;\">N\u00fcfus c\u00fczdan\u0131 fotokopisi<\/span><\/li>\n<li><span style=\"font-family: Roboto; font-size: 14px;\">\u0130\u015f bulunan kurum taraf\u0131ndan g\u00f6nderilen davetiye.<\/span><\/li>\n<li><span style=\"font-family: Roboto; font-size: 14px;\">\u0130ngilizce olarak haz\u0131rlanan vize talep dilek\u00e7esi<\/span><\/li>\n<li><span style=\"font-family: Roboto; font-size: 14px;\">Bankalardan son 3 aya ait olarak haz\u0131rlanm\u0131\u015f hesap \u00f6zetlerinin bilgisini i\u00e7eren dok\u00fcmanlar.<\/span><\/li>\n<\/ul>\n<h2><span style=\"font-family: Roboto; font-size: 27px;\"><strong>Pakistan \u00c7al\u0131\u015fma Vizesi Nereden Al\u0131n\u0131r?<\/strong><\/span><\/h2>\n<p><span style=\"font-family: Roboto; font-size: 14px;\">Pakistan \u00e7al\u0131\u015fma vizesi, <strong>Pakistan\u2019 ta \u00e7al\u0131\u015fmak<\/strong> istenmesi ve buna istinaden i\u015f bulunmas\u0131 durumunda Pakistan\u2019 a seyahat etmeden \u00f6nce al\u0131nmas\u0131 gereken bir vizedir. Bu vizeye ba\u015fvuruda bulunmadan \u00f6nce Pakistan\u2019 da bulunan kurumdan \u00fclkeye davet edildi\u011fini belirten bir davet mektubu al\u0131nmal\u0131d\u0131r. Bu davet mektubu uluslararas\u0131 evrak niteli\u011finde olup resmi bir dille yaz\u0131lm\u0131\u015f olmal\u0131 ve T\u00fcrkiye\u2019 ye g\u00f6nderilmeden \u00f6nce Pakistan Ticaret Odas\u0131 taraf\u0131ndan onay\u0131 al\u0131narak g\u00f6nderilmelidir.<\/span><\/p>\n<p><span style=\"font-family: Roboto; font-size: 14px;\"><strong>Pakistan \u00e7al\u0131\u015fma vizesi ba\u015fvurular\u0131<\/strong> Pakistan\u2019 n\u0131n T\u00fcrkiye\u2019 de bulunan resmi temsilciliklerinden yap\u0131labilmektedir. \u00c7al\u0131\u015fma vizesine ba\u015fvuruda bulunurken Pakistan Ankara B\u00fcy\u00fckel\u00e7ili\u011fi ile ya da Pakistan \u0130stanbul Konsoloslu\u011fu ile irtibata ge\u00e7ilmesi gerekmektedir. Ba\u015fvuru i\u015flemleri bireysel olarak yap\u0131labildi\u011fi gibi bu konuda hizmet veren vize dan\u0131\u015fman\u0131 firmalar\u0131n arac\u0131l\u0131\u011f\u0131 ile de sa\u011flanabilir.<\/span><\/p>\n<p><span style=\"font-family: Roboto; font-size: 14px;\">Pakistan \u00e7al\u0131\u015fma vizesine ba\u015fvuruda bulunmadan \u00f6nce Pakistan\u2019 dan davet mektubunun gelmesi beklenmeli ve istenilen di\u011fer vize evraklar\u0131 tamamlanmal\u0131d\u0131r. T\u00fcm evraklar haz\u0131rland\u0131\u011f\u0131nda \u00e7al\u0131\u015fma vizesi ba\u015fvurusu yap\u0131labilir.<\/span><\/p>\n<h2><span style=\"font-family: Roboto; font-size: 27px;\"><strong>Pakistan \u00c7al\u0131\u015fma Vizesi Ka\u00e7 G\u00fcnde \u00c7\u0131kar?<\/strong><\/span><\/h2>\n<p><span style=\"font-family: Roboto; font-size: 14px;\">Pakistan \u00e7al\u0131\u015fma vizesi, Pakistan\u2019 da bir i\u015f bulunup orada \u00e7al\u0131\u015fmak istenilmesi gereken durumlarda ba\u015fvuruda bulunulmas\u0131 gereken bir vize t\u00fcr\u00fcd\u00fcr. \u00c7al\u0131\u015fma vizesi uzun s\u00fcreli bir vize olup bu vize i\u00e7in T\u00fcrkiye Cumhuriyeti vatanda\u015flar\u0131na verilen bir muafiyet yoktur. Pakistan i\u00e7in istenilen di\u011fer vize t\u00fcrleri gibi bu vizenin de seyahat \u00f6ncesinde al\u0131nma zorunlulu\u011fu vard\u0131r.<\/span><\/p>\n<p><span style=\"font-family: Roboto; font-size: 14px;\">Pakistan \u00e7al\u0131\u015fma vizesi ba\u015fvurular\u0131 Pakistan\u2019 n\u0131n T\u00fcrkiye\u2019 de bulunan resmi temsilcilikleri olan Pakistan Ankara B\u00fcy\u00fckel\u00e7ili\u011fi ile ya da Pakistan \u0130stanbul Konsoloslu\u011fundan yap\u0131labildi\u011fi gibi yetkili vize dan\u0131\u015fman\u0131 firmalar\u0131n arac\u0131l\u0131\u011f\u0131 ile de sa\u011flanabilir. \u00c7al\u0131\u015fma vizesine ba\u015fvuruda bulunmadan \u00f6nce Pakistan\u2019 da i\u015f bulunan kurumdan bir davet mektubu al\u0131nmal\u0131 ve bu davet mektubu ile birlikte istenilen di\u011fer vize evraklar\u0131 haz\u0131rlanarak vize ba\u015fvurusu yap\u0131lmal\u0131d\u0131r. Konsoloslu\u011fa ve B\u00fcy\u00fckel\u00e7ili\u011fe vize ba\u015fvurusunda bulunmadan \u00f6nce randevu al\u0131nmal\u0131 ve randevuya g\u00f6re gidilmelidir. Pakistan \u00e7al\u0131\u015fma vizesi 3-5 i\u015f g\u00fcn\u00fc aras\u0131nda sonu\u00e7lan\u0131p buna g\u00f6re bilgilendirilmesi yap\u0131lmaktad\u0131r.<\/span><\/p>\n<p><span style=\"font-family: Roboto; font-size: 24px;\"><strong>Pakistan \u00c7al\u0131\u015fma Vizesi Ba\u015fvurusu<\/strong><\/span><\/p>\n<p><span style=\"font-family: Roboto; font-size: 14px;\">Pakistan \u00e7al\u0131\u015fma vizesi, Pakistan\u2019 da bir i\u015f bulunmas\u0131 halinde \u00fclkeye gidip \u00e7al\u0131\u015f\u0131labilmesi i\u00e7in al\u0131nmas\u0131 gereken bir vize t\u00fcr\u00fcd\u00fcr. Pakistan \u00e7al\u0131\u015fma vizesi uzun s\u00fcreli bir vize olarak da kabul edilmektedir. \u00c7al\u0131\u015fma vizesi ba\u015fvurular\u0131 Pakistan\u2019 \u0131n T\u00fcrkiye\u2019 de bulunan resmi temsilcilikleri olan <strong>Pakistan Ankara B\u00fcy\u00fckel\u00e7ili\u011fi<\/strong> ile ya da Pakistan \u0130stanbul Konsoloslu\u011fundan yap\u0131labildi\u011fi gibi yetkili vize dan\u0131\u015fman\u0131 firmalar\u0131n arac\u0131l\u0131\u011f\u0131 ile de sa\u011flanabilir. Vize dan\u0131\u015fman\u0131 firmalar \u00e7al\u0131\u015fma vizesine ba\u015fvuru i\u015flemlerinde, istenilen evraklar\u0131n haz\u0131rlanmas\u0131nda ve vize randevusunun al\u0131nmas\u0131 konular\u0131nda hizmet vermektedirler. Vize ba\u015fvurusunda bulunmadan \u00f6nce <strong>Pakistan\u2019 da i\u015f<\/strong> bulunan kurumdan bir davet mektubu al\u0131nmal\u0131 ve bu davet mektubu ile birlikte istenilen di\u011fer vize evraklar\u0131 haz\u0131rlanarak vize ba\u015fvurusu yap\u0131lmal\u0131d\u0131r. \u00c7al\u0131\u015fma vizesi ba\u015fvurular\u0131 ortalama olarak 3 \u2013 5 i\u015f g\u00fcn\u00fc aras\u0131nda sonu\u00e7lan\u0131p konsoloslu\u011fun yo\u011funlu\u011funa ve resmi tatillerin olmas\u0131na g\u00f6re sonu\u00e7lanma s\u00fcresinde uzamalar g\u00f6r\u00fclebilir.<\/span><\/p>\n","protected":false},"excerpt":{"rendered":"<p>Pakistan \u00c7al\u0131\u015fma Vizesi \u0130\u015flemleri Pakistan\u2019da i\u015f bulmu\u015f ya da serbest \u00e7al\u0131\u015fmak isteyen T\u00fcrk vatanda\u015flar\u0131, Pakistan \u00e7al\u0131\u015fma vizesi almal\u0131d\u0131r. Pakistan \u00e7al\u0131\u015fma vizesi ba\u015fvurular\u0131 Pakistan Ankara B\u00fcy\u00fckel\u00e7ili\u011fi ve Pakistan \u0130stanbul Ba\u015fkonsoloslu\u011fu\u2019na yap\u0131lmal\u0131d\u0131r. Pakistan \u00e7al\u0131\u015fma vizesi ba\u015fvurusunda bulunacak olan ki\u015filerin, ba\u015fvuruyu \u015fahsen yapmas\u0131na gerek bulunmamaktad\u0131r. Ba\u015fvurular acenteler ve yerine atad\u0131\u011f\u0131n\u0131z vekil taraf\u0131ndan da yap\u0131labilmektedir. Ancak Pakistan temsilcili\u011fi ba\u015fvuru<\/p>\n","protected":false},"author":1,"featured_media":0,"parent":0,"menu_order":0,"comment_status":"closed","ping_status":"closed","template":"","meta":{"footnotes":""},"class_list":["post-394","page","type-page","status-publish","hentry"],"yoast_head":"<!-- This site is optimized with the Yoast SEO plugin v24.0 - https:\/\/yoast.com\/wordpress\/plugins\/seo\/ -->\n<title>Pakistan \u00c7al\u0131\u015fma Vizesi - Pakistan Vize \u0130\u015flemi - MyVize<\/title>\n<meta name=\"description\" content=\"Pakistan \u00c7al\u0131\u015fma Vizesi \u0130\u015flemleri Nelerdir? Pakistan \u00c7al\u0131\u015fma Vizesi \u0130\u015flemleri Nas\u0131l Yap\u0131l\u0131r? Pakistan \u00c7al\u0131\u015fma Vizesi Nas\u0131l Al\u0131n\u0131r?\" \/>\n<meta name=\"robots\" content=\"index, follow, max-snippet:-1, max-image-preview:large, max-video-preview:-1\" \/>\n<link rel=\"canonical\" href=\"https:\/\/www.myvize.com.tr\/pakistan\/pakistan-calisma-vizesi\/\" \/>\n<meta property=\"og:locale\" content=\"tr_TR\" \/>\n<meta property=\"og:type\" content=\"article\" \/>\n<meta property=\"og:title\" content=\"Pakistan \u00c7al\u0131\u015fma Vizesi - Pakistan Vize \u0130\u015flemi - MyVize\" \/>\n<meta property=\"og:description\" content=\"Pakistan \u00c7al\u0131\u015fma Vizesi \u0130\u015flemleri Nelerdir? Pakistan \u00c7al\u0131\u015fma Vizesi \u0130\u015flemleri Nas\u0131l Yap\u0131l\u0131r? Pakistan \u00c7al\u0131\u015fma Vizesi Nas\u0131l Al\u0131n\u0131r?\" \/>\n<meta property=\"og:url\" content=\"https:\/\/www.myvize.com.tr\/pakistan\/pakistan-calisma-vizesi\/\" \/>\n<meta property=\"og:site_name\" content=\"Pakistan Vizesi\" \/>\n<meta property=\"article:modified_time\" content=\"2022-08-24T09:10:11+00:00\" \/>\n<meta property=\"og:image\" content=\"https:\/\/www.myvize.com.tr\/pakistan\/wp-content\/uploads\/2021\/10\/27.jpg\" \/>\n<meta name=\"twitter:card\" content=\"summary_large_image\" \/>\n<meta name=\"twitter:label1\" content=\"Tahmini okuma s\u00fcresi\" \/>\n\t<meta name=\"twitter:data1\" content=\"4 dakika\" \/>\n<script type=\"application\/ld+json\" class=\"yoast-schema-graph\">{\"@context\":\"https:\/\/schema.org\",\"@graph\":[{\"@type\":\"WebPage\",\"@id\":\"https:\/\/www.myvize.com.tr\/pakistan\/pakistan-calisma-vizesi\/\",\"url\":\"https:\/\/www.myvize.com.tr\/pakistan\/pakistan-calisma-vizesi\/\",\"name\":\"Pakistan \u00c7al\u0131\u015fma Vizesi - Pakistan Vize \u0130\u015flemi - MyVize\",\"isPartOf\":{\"@id\":\"https:\/\/www.myvize.com.tr\/pakistan\/#website\"},\"primaryImageOfPage\":{\"@id\":\"https:\/\/www.myvize.com.tr\/pakistan\/pakistan-calisma-vizesi\/#primaryimage\"},\"image\":{\"@id\":\"https:\/\/www.myvize.com.tr\/pakistan\/pakistan-calisma-vizesi\/#primaryimage\"},\"thumbnailUrl\":\"https:\/\/www.myvize.com.tr\/pakistan\/wp-content\/uploads\/2021\/10\/27.jpg\",\"datePublished\":\"2021-09-27T07:51:28+00:00\",\"dateModified\":\"2022-08-24T09:10:11+00:00\",\"description\":\"Pakistan \u00c7al\u0131\u015fma Vizesi \u0130\u015flemleri Nelerdir? Pakistan \u00c7al\u0131\u015fma Vizesi \u0130\u015flemleri Nas\u0131l Yap\u0131l\u0131r? Pakistan \u00c7al\u0131\u015fma Vizesi Nas\u0131l Al\u0131n\u0131r?\",\"breadcrumb\":{\"@id\":\"https:\/\/www.myvize.com.tr\/pakistan\/pakistan-calisma-vizesi\/#breadcrumb\"},\"inLanguage\":\"tr\",\"potentialAction\":[{\"@type\":\"ReadAction\",\"target\":[\"https:\/\/www.myvize.com.tr\/pakistan\/pakistan-calisma-vizesi\/\"]}]},{\"@type\":\"ImageObject\",\"inLanguage\":\"tr\",\"@id\":\"https:\/\/www.myvize.com.tr\/pakistan\/pakistan-calisma-vizesi\/#primaryimage\",\"url\":\"https:\/\/www.myvize.com.tr\/pakistan\/wp-content\/uploads\/2021\/10\/27.jpg\",\"contentUrl\":\"https:\/\/www.myvize.com.tr\/pakistan\/wp-content\/uploads\/2021\/10\/27.jpg\",\"width\":800,\"height\":500,\"caption\":\"Pakistan \u00c7al\u0131\u015fma Vizesi\"},{\"@type\":\"BreadcrumbList\",\"@id\":\"https:\/\/www.myvize.com.tr\/pakistan\/pakistan-calisma-vizesi\/#breadcrumb\",\"itemListElement\":[{\"@type\":\"ListItem\",\"position\":1,\"name\":\"Anasayfa\",\"item\":\"https:\/\/www.myvize.com.tr\/pakistan\/\"},{\"@type\":\"ListItem\",\"position\":2,\"name\":\"Pakistan \u00c7al\u0131\u015fma Vizesi\"}]},{\"@type\":\"WebSite\",\"@id\":\"https:\/\/www.myvize.com.tr\/pakistan\/#website\",\"url\":\"https:\/\/www.myvize.com.tr\/pakistan\/\",\"name\":\"Pakistan Vizesi\",\"description\":\"\",\"potentialAction\":[{\"@type\":\"SearchAction\",\"target\":{\"@type\":\"EntryPoint\",\"urlTemplate\":\"https:\/\/www.myvize.com.tr\/pakistan\/?s={search_term_string}\"},\"query-input\":{\"@type\":\"PropertyValueSpecification\",\"valueRequired\":true,\"valueName\":\"search_term_string\"}}],\"inLanguage\":\"tr\"}]}<\/script>\n<!-- \/ Yoast SEO plugin. -->","yoast_head_json":{"title":"Pakistan \u00c7al\u0131\u015fma Vizesi - Pakistan Vize \u0130\u015flemi - MyVize","description":"Pakistan \u00c7al\u0131\u015fma Vizesi \u0130\u015flemleri Nelerdir? Pakistan \u00c7al\u0131\u015fma Vizesi \u0130\u015flemleri Nas\u0131l Yap\u0131l\u0131r? Pakistan \u00c7al\u0131\u015fma Vizesi Nas\u0131l Al\u0131n\u0131r?","robots":{"index":"index","follow":"follow","max-snippet":"max-snippet:-1","max-image-preview":"max-image-preview:large","max-video-preview":"max-video-preview:-1"},"canonical":"https:\/\/www.myvize.com.tr\/pakistan\/pakistan-calisma-vizesi\/","og_locale":"tr_TR","og_type":"article","og_title":"Pakistan \u00c7al\u0131\u015fma Vizesi - Pakistan Vize \u0130\u015flemi - MyVize","og_description":"Pakistan \u00c7al\u0131\u015fma Vizesi \u0130\u015flemleri Nelerdir? Pakistan \u00c7al\u0131\u015fma Vizesi \u0130\u015flemleri Nas\u0131l Yap\u0131l\u0131r? Pakistan \u00c7al\u0131\u015fma Vizesi Nas\u0131l Al\u0131n\u0131r?","og_url":"https:\/\/www.myvize.com.tr\/pakistan\/pakistan-calisma-vizesi\/","og_site_name":"Pakistan Vizesi","article_modified_time":"2022-08-24T09:10:11+00:00","og_image":[{"url":"https:\/\/www.myvize.com.tr\/pakistan\/wp-content\/uploads\/2021\/10\/27.jpg","type":"","width":"","height":""}],"twitter_card":"summary_large_image","twitter_misc":{"Tahmini okuma s\u00fcresi":"4 dakika"},"schema":{"@context":"https:\/\/schema.org","@graph":[{"@type":"WebPage","@id":"https:\/\/www.myvize.com.tr\/pakistan\/pakistan-calisma-vizesi\/","url":"https:\/\/www.myvize.com.tr\/pakistan\/pakistan-calisma-vizesi\/","name":"Pakistan \u00c7al\u0131\u015fma Vizesi - Pakistan Vize \u0130\u015flemi - MyVize","isPartOf":{"@id":"https:\/\/www.myvize.com.tr\/pakistan\/#website"},"primaryImageOfPage":{"@id":"https:\/\/www.myvize.com.tr\/pakistan\/pakistan-calisma-vizesi\/#primaryimage"},"image":{"@id":"https:\/\/www.myvize.com.tr\/pakistan\/pakistan-calisma-vizesi\/#primaryimage"},"thumbnailUrl":"https:\/\/www.myvize.com.tr\/pakistan\/wp-content\/uploads\/2021\/10\/27.jpg","datePublished":"2021-09-27T07:51:28+00:00","dateModified":"2022-08-24T09:10:11+00:00","description":"Pakistan \u00c7al\u0131\u015fma Vizesi \u0130\u015flemleri Nelerdir? Pakistan \u00c7al\u0131\u015fma Vizesi \u0130\u015flemleri Nas\u0131l Yap\u0131l\u0131r? Pakistan \u00c7al\u0131\u015fma Vizesi Nas\u0131l Al\u0131n\u0131r?","breadcrumb":{"@id":"https:\/\/www.myvize.com.tr\/pakistan\/pakistan-calisma-vizesi\/#breadcrumb"},"inLanguage":"tr","potentialAction":[{"@type":"ReadAction","target":["https:\/\/www.myvize.com.tr\/pakistan\/pakistan-calisma-vizesi\/"]}]},{"@type":"ImageObject","inLanguage":"tr","@id":"https:\/\/www.myvize.com.tr\/pakistan\/pakistan-calisma-vizesi\/#primaryimage","url":"https:\/\/www.myvize.com.tr\/pakistan\/wp-content\/uploads\/2021\/10\/27.jpg","contentUrl":"https:\/\/www.myvize.com.tr\/pakistan\/wp-content\/uploads\/2021\/10\/27.jpg","width":800,"height":500,"caption":"Pakistan \u00c7al\u0131\u015fma Vizesi"},{"@type":"BreadcrumbList","@id":"https:\/\/www.myvize.com.tr\/pakistan\/pakistan-calisma-vizesi\/#breadcrumb","itemListElement":[{"@type":"ListItem","position":1,"name":"Anasayfa","item":"https:\/\/www.myvize.com.tr\/pakistan\/"},{"@type":"ListItem","position":2,"name":"Pakistan \u00c7al\u0131\u015fma Vizesi"}]},{"@type":"WebSite","@id":"https:\/\/www.myvize.com.tr\/pakistan\/#website","url":"https:\/\/www.myvize.com.tr\/pakistan\/","name":"Pakistan Vizesi","description":"","potentialAction":[{"@type":"SearchAction","target":{"@type":"EntryPoint","urlTemplate":"https:\/\/www.myvize.com.tr\/pakistan\/?s={search_term_string}"},"query-input":{"@type":"PropertyValueSpecification","valueRequired":true,"valueName":"search_term_string"}}],"inLanguage":"tr"}]}},"_links":{"self":[{"href":"https:\/\/www.myvize.com.tr\/pakistan\/wp-json\/wp\/v2\/pages\/394","targetHints":{"allow":["GET"]}}],"collection":[{"href":"https:\/\/www.myvize.com.tr\/pakistan\/wp-json\/wp\/v2\/pages"}],"about":[{"href":"https:\/\/www.myvize.com.tr\/pakistan\/wp-json\/wp\/v2\/types\/page"}],"author":[{"embeddable":true,"href":"https:\/\/www.myvize.com.tr\/pakistan\/wp-json\/wp\/v2\/users\/1"}],"replies":[{"embeddable":true,"href":"https:\/\/www.myvize.com.tr\/pakistan\/wp-json\/wp\/v2\/comments?post=394"}],"version-history":[{"count":5,"href":"https:\/\/www.myvize.com.tr\/pakistan\/wp-json\/wp\/v2\/pages\/394\/revisions"}],"predecessor-version":[{"id":677,"href":"https:\/\/www.myvize.com.tr\/pakistan\/wp-json\/wp\/v2\/pages\/394\/revisions\/677"}],"wp:attachment":[{"href":"https:\/\/www.myvize.com.tr\/pakistan\/wp-json\/wp\/v2\/media?parent=394"}],"curies":[{"name":"wp","href":"https:\/\/api.w.org\/{rel}","templated":true}]}}