{"id":6,"date":"2020-11-30T08:45:13","date_gmt":"2020-11-30T05:45:13","guid":{"rendered":"https:\/\/www.myvize.com.tr\/pakistan\/?page_id=6"},"modified":"2022-10-26T16:50:36","modified_gmt":"2022-10-26T13:50:36","slug":"pakistan-2","status":"publish","type":"page","link":"https:\/\/www.myvize.com.tr\/pakistan\/","title":{"rendered":"PAK\u0130STAN"},"content":{"rendered":"<h2><span style=\"color: #000000;\"><strong><span style=\"font-family: Roboto; font-size: 27px;\">Pakistan Vizesi T\u00fcrleri<\/span><\/strong><\/span><\/h2>\n<p><span style=\"font-family: Roboto; font-size: 14px; color: #000000;\">\u0130slam Cumhuriyetleri aras\u0131nda bulunan Pakistan \u00fclkemiz i\u00e7in \u00f6nemli bir yurtd\u0131\u015f\u0131 merkezidir. Diplomatik ili\u015fkilerin iki \u00fclke aras\u0131nda yo\u011fun olmas\u0131, turistik, ticari ya da aile ziyareti gibi faaliyetlerde b\u00f6lgesel hareketlili\u011fe sahne olmaktad\u0131r.<\/span><\/p>\n<p><span style=\"font-family: Roboto; font-size: 14px; color: #000000;\"><strong>Pakistan vizesi,\u00a0<\/strong>T\u00fcrkiye Cumhuriyeti vatanda\u015flar\u0131na \u00fclkede serbest\u00e7e dola\u015f\u0131m hakk\u0131 tan\u0131r. Pakistan\u2019 a farkl\u0131 ama\u00e7lar i\u00e7in d\u00fczenlenecek seyahatlerde farkl\u0131 t\u00fcr vizeler al\u0131nmaktad\u0131r. Pakistan\u2019 a yap\u0131lacak her t\u00fcr ziyaret i\u00e7in bordo pasaport sahipleri vize almakla y\u00fck\u00fcml\u00fcd\u00fcr. Gri, ye\u015fil ve siyah pasaport sahipleri i\u00e7in vizede belirli bir ko\u015fulda vize muafiyeti vard\u0131r. Bu durumdaki T.C vatanda\u015flar\u0131, 180 g\u00fcn i\u00e7inde 90 g\u00fcn\u00fc a\u015fmamas\u0131 kayd\u0131yla Pakistan ziyaretlerini vizesiz ger\u00e7ekle\u015ftirebilir.<\/span><\/p>\n<p><span style=\"font-family: Roboto; font-size: 14px; color: #000000;\"><strong>Pakistan vizesi k\u0131sa s\u00fcreli<\/strong>\u00a0ya da uzun s\u00fcreli yani ulusal \u00f6zellik ta\u015f\u0131yabilir.\u00a0<strong>K\u0131sa s\u00fcreli Pakistan vizesi,\u00a0<\/strong>180 g\u00fcnl\u00fck zaman periyodunda en \u00e7ok 90 g\u00fcnl\u00fck ziyaret hakk\u0131 verir. 90 g\u00fcn\u00fc a\u015facak ziyaretler i\u00e7in uzun s\u00fcreli vize almak gerekir.<\/span><\/p>\n<p><span style=\"font-family: Roboto; font-size: 14px; color: #000000;\">Genel olarak\u00a0<strong>Pakistan vize t\u00fcrleri\u00a0<\/strong>\u015funlard\u0131r:<\/span><\/p>\n<ul>\n<li><span style=\"color: #2acec2;\"><strong><a style=\"color: #2acec2;\" href=\"https:\/\/www.myvize.com.tr\/pakistan\/vize-islemleri\/pakistan-ticari-vize\/\" target=\"_blank\" rel=\"noopener\"><span style=\"font-family: Roboto; font-size: 14px;\">Pakistan ticari vizesi<\/span><\/a><\/strong><\/span><\/li>\n<li><span style=\"font-family: Roboto; font-size: 14px; color: #000000;\"><strong>Pakistan turistik vize<\/strong><\/span><\/li>\n<li><span style=\"font-family: Roboto; font-size: 14px; color: #000000;\"><strong>Pakistan aile ya da arkada\u015f ziyareti vizesi<\/strong><\/span><\/li>\n<li><span style=\"font-family: Roboto; font-size: 14px; color: #000000;\"><strong>Pakistan k\u00fclt\u00fcrel ya da bilimsel faaliyetlere kat\u0131l\u0131m i\u00e7in vize<\/strong><\/span><\/li>\n<li><span style=\"font-family: Roboto; font-size: 14px; color: #000000;\"><strong>Pakistan k\u0131sa s\u00fcreli \u00f6\u011frenci ya da staj vizesi<\/strong><\/span><\/li>\n<li><span style=\"font-family: Roboto; font-size: 14px; color: #000000;\"><strong>Pakistan transit vize<\/strong><\/span><\/li>\n<\/ul>\n<h2><span style=\"color: #000000;\"><strong><span style=\"font-family: Roboto; font-size: 27px;\">Pakistan Turistik Vize<\/span><\/strong><\/span><\/h2>\n<p><span style=\"font-family: Roboto; font-size: 14px; color: #000000;\">Pakistan\u2019 \u0131 turistik faaliyet i\u00e7in ziyaret edecek olan bordo pasaport hamilleri vize almak zorundad\u0131r.\u00a0<strong>Pakistan turistik vizesi tek giri\u015fli<\/strong>\u00a0ve en \u00e7ok 30 g\u00fcnl\u00fck bir vize t\u00fcr\u00fcd\u00fcr. Vizenin ge\u00e7erlilik s\u00fcreci 90 g\u00fcn yani 3 ay oldu\u011fundan ziyaret, vizenin onay tarihi itibariyle 90 g\u00fcn i\u00e7inde ger\u00e7ekle\u015ftirilmelidir.\u00a0<\/span><\/p>\n<p><span style=\"font-family: Roboto; font-size: 14px; color: #000000;\">Pakistan\u2019 da ger\u00e7ekle\u015ftirilecek k\u00fclt\u00fcrel gezi ya da turistik faaliyetlerde \u00fclkeye giri\u015f hakk\u0131,\u00a0<strong>Pakistan turistik vizesi<\/strong>\u00a0ile sa\u011flanmaktad\u0131r. T\u00fcrkiye Cumhuriyeti vatanda\u015flar\u0131 i\u00e7in kap\u0131da vize uygulamas\u0131 olmad\u0131\u011f\u0131ndan vize al\u0131nmal\u0131d\u0131r. Vize ba\u015fvurular\u0131nda akredite kurumlar arac\u0131 yap\u0131labilmekte, \u015fahsen m\u00fcracaat gereklili\u011fi olmamaktad\u0131r. Pakitan\u2019 a yap\u0131lacak seyahatin u\u00e7u\u015f rezervasyonlar\u0131 ile \u00fclkede kal\u0131nacak otele ait rezervasyonlar, ba\u015fvuruda g\u00f6sterilmelidir.<\/span><\/p>\n<p><span style=\"font-family: Roboto; font-size: 14px; color: #000000;\"><strong>Pakistan turistik vizesi,<\/strong>\u00a0konsolosluklara \u015fahsen m\u00fcracaatla yap\u0131labildi\u011fi gibi posta ya da online kanallarla akredite ba\u015fvuru merkezleri arac\u0131l\u0131\u011f\u0131 ile de ger\u00e7ekle\u015ftirilir. \u00a0Pakistan\u2019 a turistik faaliyet amac\u0131yla al\u0131nan vize, ba\u015fka bir seyahat gerek\u00e7esi i\u00e7in kullan\u0131lamamaktad\u0131r.<\/span><\/p>\n<h2><span style=\"color: #000000;\"><strong><span style=\"font-family: Roboto; font-size: 27px;\">Pakistan Ticari Vize<\/span><\/strong><\/span><\/h2>\n<p><span style=\"font-family: Roboto; font-size: 14px; color: #000000;\">Pakistan, T\u00fcrkiye ile siyasal ili\u015fkileri hareketli bir b\u00f6lgedir. Bu durum, ticari ili\u015fkilere de yans\u0131m\u0131\u015ft\u0131r Bu nedenle \u00fclkemiz vatanda\u015flar\u0131ndan<strong>\u00a0Pakistan ticari vize ba\u015fvurular\u0131\u00a0<\/strong>s\u0131kl\u0131kla gelmektedir.<\/span><\/p>\n<p><span style=\"font-family: Roboto; font-size: 14px; color: #000000;\"><strong>Pakistan ticari vize,<\/strong>\u00a0Pakistan\u2019 da ticari faaliyette bulunacak ki\u015filere verilmektedir. \u00dclkede yap\u0131lacak i\u015f g\u00f6r\u00fc\u015fmeleri ya da ticari etklinliklere kat\u0131l\u0131m sa\u011flamak amac\u0131yla da ticari vize al\u0131nabilmektedir.\u00a0<strong>Pakistan i\u015f vizesi,\u00a0<\/strong>akredite ba\u015fvuru merkezleri arac\u0131l\u0131\u011f\u0131 ile online olarak da ba\u015fvuru yap\u0131labilen bir vize t\u00fcr\u00fcd\u00fcr.<\/span><\/p>\n<p><span style=\"font-family: Roboto; font-size: 14px; color: #000000;\">\u00a0Vize, \u00fclkede farkl\u0131 bir seyahat amac\u0131 ile kullan\u0131lamamaktad\u0131r. Pakistan ticari vize ba\u015fvurular\u0131nda\u00a0 \u00fclkede anla\u015f\u0131lan firman\u0131n davet mektubunun olmas\u0131, en \u00f6nemli ko\u015fuldur. Pakistan\u2019 da faaliyetlerini y\u00fcr\u00fcten firmadan g\u00f6nderilecek davet yaz\u0131s\u0131 olmadan vize ba\u015fvurusu kabul edilmemektedir.<\/span><\/p>\n<p><span style=\"font-family: Roboto; font-size: 14px; color: #000000;\"><strong>Pakistan ticari vize<\/strong>, i\u015f seyahati yapmak isteyenler ile \u015firket sahipleri ya da \u015firket \u00e7al\u0131\u015fanlar\u0131 i\u00e7in \u00e7\u0131kart\u0131lmaktad\u0131r. Ayr\u0131ca bu vize, tek veya iki \u00a0giri\u015fli olabilece\u011fi gibi \u00e7ok giri\u015fli ve bir y\u0131ll\u0131kta talep edilebilir.<\/span><\/p>\n<h2><span style=\"color: #000000;\"><strong><span style=\"font-family: Roboto; font-size: 27px;\">Pakistan Transit Vize<\/span><\/strong><\/span><\/h2>\n<p><span style=\"font-family: Roboto; font-size: 14px; color: #000000;\"><strong>Pakistan transit vizesi,<\/strong>\u00a0aktarmal\u0131 u\u00e7u\u015flarda Pakistan s\u0131n\u0131rlar\u0131 i\u00e7inde 24 saati ge\u00e7ecek bi\u00e7imde kal\u0131naca\u011f\u0131 durumlarda al\u0131nmal\u0131d\u0131r. Pakistan, s\u0131n\u0131rlar\u0131 i\u00e7inde yap\u0131lacak aktarmal\u0131 ge\u00e7i\u015flerde 24 saate kadar transit vize olmadan \u00fclkesine giri\u015f izni vermektedir. \u00a0<strong>Pakistan transit vize<\/strong>, aktarmal\u0131 seyahatlerde havaliman\u0131ndan \u00e7\u0131k\u0131\u015f yapmak i\u00e7in de zorunludur.<\/span><\/p>\n<p><span style=\"font-family: Roboto; font-size: 14px; color: #000000;\"><strong>Pakistan transit vize ba\u015fvurular\u0131<\/strong>\u00a0eksiksiz bir evrak dosyas\u0131 ile akredite ba\u015fvuru merkezlerine online yap\u0131labilmektedir.\u00a0<strong>Pakistan transit vize evraklar\u0131<\/strong> genel olarak \u015fu \u015fekildedir:<\/span><\/p>\n<ul>\n<li><span style=\"font-family: Roboto; font-size: 14px; color: #000000;\">Seyahatin d\u00f6n\u00fc\u015f tarihi baz al\u0131nd\u0131\u011f\u0131nda 3 ay daha ge\u00e7erli pasaport,<\/span><\/li>\n<li><span style=\"font-family: Roboto; font-size: 14px; color: #000000;\">Kimlik,<\/span><\/li>\n<li><span style=\"font-family: Roboto; font-size: 14px; color: #000000;\">Pakistan konsoloslu\u011funa yaz\u0131lm\u0131\u015f resmi\u00a0<strong>Pakistan transit vize talep dilek\u00e7esi<\/strong><\/span><\/li>\n<li><span style=\"font-family: Roboto; font-size: 14px; color: #000000;\">Seyahat sa\u011fl\u0131k sigortas\u0131,<\/span><\/li>\n<li><span style=\"font-family: Roboto; font-size: 14px; color: #000000;\">Ba\u015fvuru sahibinin son \u00fc\u00e7 ayl\u0131k maa\u015f bordrolar\u0131,<\/span><\/li>\n<li><span style=\"font-family: Roboto; font-size: 14px; color: #000000;\">\u015eirket ad\u0131na gidiliyorsa \u00e7al\u0131\u015fan\u0131n ya da \u015firket sahibinin ba\u011fl\u0131 oldu\u011fu \u015firketin belgeleri,<\/span><\/li>\n<li><span style=\"font-family: Roboto; font-size: 14px; color: #000000;\">Tam tekmil n\u00fcfus kayd\u0131 \u00f6rne\u011fi<\/span><\/li>\n<li><span style=\"font-family: Roboto; font-size: 14px; color: #000000;\">Ba\u015fvuru sahibinin SGK hizmet d\u00f6k\u00fcm\u00fc ve i\u015fe giri\u015f bildirgesi ile banka hesap d\u00f6k\u00fcm\u00fc<\/span><\/li>\n<li><span style=\"font-family: Roboto; font-size: 14px; color: #000000;\">\u0130ki tane biyometrik foto\u011fraf<\/span><\/li>\n<\/ul>\n<h3><span style=\"font-family: Roboto; font-size: 24px; color: #000000;\"><strong>Pakistan Vizesi \u0130\u00e7in Gerekli Evraklar<\/strong><\/span><\/h3>\n<p><span style=\"font-family: Roboto; font-size: 14px; color: #000000;\"><strong>Pakistan vize<\/strong> i\u00e7in gerekli belgeler yapacak oldu\u011funuz seyahat i\u00e7eri\u011fine g\u00f6re de\u011fi\u015fiklik g\u00f6stermektedir. <strong>Pakistan turistik vize<\/strong>, Pakistan ticari vizesi, Pakistan \u00e7al\u0131\u015fma vize,<strong><a style=\"color: #000000;\" href=\"https:\/\/www.myvize.com.tr\/pakistan\/vize-islemleri\/pakistan-aile-ziyareti-vizesi\/\" target=\"_blank\" rel=\"noopener\"><span style=\"color: #2acec2;\"> Pakistan aile ziyareti vizesi<\/span> <\/a><\/strong>farkl\u0131 kapsamda olan Pakistan vizesi t\u00fcrleridir. Pakistan Konsoloslu\u011fu\u2019ndan veya Konsoloslu\u011funun yetkilendirmi\u015f oldu\u011fu vize merkezinden <strong>Pakistan vize<\/strong> i\u00e7in gerekli belgelerin g\u00fcncel hallerini \u00f6\u011frenebilir ve vize ba\u015fvurusu i\u015fleminde bulunabilirsiniz.<\/span><\/p>\n<p><span style=\"font-family: Roboto; font-size: 14px; color: #000000;\">1. <strong><a style=\"color: #000000;\" href=\"https:\/\/www.myvize.com.tr\/pakistan\/vize-islemleri\/pakistan-vize-basvuru-formu\/\" target=\"_blank\" rel=\"noopener\">Pakistan Vize Ba\u015fvuru Formu<\/a><\/strong>: Pakistan vize ba\u015fvuru formunu, Pakistan Konsoloslu\u011fu taraf\u0131ndan haz\u0131rlanm\u0131\u015f olan, ba\u015fvuru sahibi hakk\u0131nda Konsoloslu\u011fun bilgi edinmesini sa\u011flamaktad\u0131r.<strong> Pakistan vizesi ba\u015fvuru form<\/strong>, eksiksiz ve ger\u00e7e\u011fe uygun \u015fekilde gere\u011fince doldurmas\u0131 gerekir ve vize ba\u015fvuru belgeleri aras\u0131nda bulundurmas\u0131 zorunludur.<\/span><br \/>\n<span style=\"font-family: Roboto; font-size: 14px; color: #000000;\">2. Pasaport: <strong>Pakistan vizesi<\/strong> ba\u015fvurusunda vize etiketi i\u015flenebilmesi i\u00e7in orijinal pasaport kullan\u0131lmas\u0131 gerekmektedir.<\/span><br \/>\n<span style=\"font-family: Roboto; font-size: 14px; color: #000000;\">3. Foto\u011fraf: Pakistan vizesinde gerekli olan foto\u011fraf\u0131n pasaportta yer alan foto\u011fraf\u0131n ebad\u0131nda olmas\u0131 ve 2 foto\u011fraftan biri vize ba\u015fvuru formunun \u00fcst\u00fcne yap\u0131\u015ft\u0131r\u0131lmas\u0131 gereklidir.<\/span><br \/>\n<span style=\"font-family: Roboto; font-size: 14px; color: #000000;\">4. Pakistan Vize Davetiyesi: Pakistan ticari ama\u00e7la g\u00f6r\u00fc\u015fme yapacak \u015firket taraf\u0131ndan haz\u0131rlan\u0131lacak <strong>Pakistan ticari vizesi<\/strong> davetiyesiyse Pakistan Ticaret Odas\u0131 tavsiye mektubu onay\u0131n\u0131 i\u00e7erir.<\/span><br \/>\n<span style=\"font-family: Roboto; font-size: 14px; color: #000000;\">5. U\u00e7ak bilet rezervasyonu: Pakistan seyahati yap\u0131laca\u011f\u0131 tarihi i\u00e7eren u\u00e7ak biletleri rezervasyonunun gerekli belgeler aras\u0131nda olmas\u0131 gerekmektedir.<\/span><\/p>\n<p><img decoding=\"async\" src=\"https:\/\/www.myvize.com.tr\/pakistan\/wp-content\/uploads\/2021\/10\/1.jpg\" \/><\/p>\n","protected":false},"excerpt":{"rendered":"<p>Pakistan Vizesi T\u00fcrleri \u0130slam Cumhuriyetleri aras\u0131nda bulunan Pakistan \u00fclkemiz i\u00e7in \u00f6nemli bir yurtd\u0131\u015f\u0131 merkezidir. Diplomatik ili\u015fkilerin iki \u00fclke aras\u0131nda yo\u011fun olmas\u0131, turistik, ticari ya da aile ziyareti gibi faaliyetlerde b\u00f6lgesel hareketlili\u011fe sahne olmaktad\u0131r. Pakistan vizesi,\u00a0T\u00fcrkiye Cumhuriyeti vatanda\u015flar\u0131na \u00fclkede serbest\u00e7e dola\u015f\u0131m hakk\u0131 tan\u0131r. Pakistan\u2019 a farkl\u0131 ama\u00e7lar i\u00e7in d\u00fczenlenecek seyahatlerde farkl\u0131 t\u00fcr vizeler al\u0131nmaktad\u0131r. Pakistan\u2019 a<\/p>\n","protected":false},"author":1,"featured_media":0,"parent":0,"menu_order":0,"comment_status":"closed","ping_status":"closed","template":"","meta":{"footnotes":""},"class_list":["post-6","page","type-page","status-publish","hentry"],"yoast_head":"<!-- This site is optimized with the Yoast SEO plugin v24.0 - https:\/\/yoast.com\/wordpress\/plugins\/seo\/ -->\n<title>Pakistan Vizesi - Pakistan Vize Ba\u015fvurusu - MyVize<\/title>\n<meta name=\"description\" content=\"Pakistan vizesi evraklar\u0131 i\u00e7in hemen t\u0131klay\u0131n. Pakistan vizesi nas\u0131l al\u0131n\u0131r? Pakistan vize randevusu. Pakistan vize i\u015flemi.\" \/>\n<meta name=\"robots\" content=\"index, follow, max-snippet:-1, max-image-preview:large, max-video-preview:-1\" \/>\n<link rel=\"canonical\" href=\"https:\/\/www.myvize.com.tr\/pakistan\/\" \/>\n<meta property=\"og:locale\" content=\"tr_TR\" \/>\n<meta property=\"og:type\" content=\"article\" \/>\n<meta property=\"og:title\" content=\"Pakistan Vizesi - Pakistan Vize Ba\u015fvurusu - MyVize\" \/>\n<meta property=\"og:description\" content=\"Pakistan vizesi evraklar\u0131 i\u00e7in hemen t\u0131klay\u0131n. Pakistan vizesi nas\u0131l al\u0131n\u0131r? Pakistan vize randevusu. Pakistan vize i\u015flemi.\" \/>\n<meta property=\"og:url\" content=\"https:\/\/www.myvize.com.tr\/pakistan\/\" \/>\n<meta property=\"og:site_name\" content=\"Pakistan Vizesi\" \/>\n<meta property=\"article:modified_time\" content=\"2022-10-26T13:50:36+00:00\" \/>\n<meta property=\"og:image\" content=\"https:\/\/www.myvize.com.tr\/pakistan\/wp-content\/uploads\/2021\/10\/1.jpg\" \/>\n<meta name=\"twitter:card\" content=\"summary_large_image\" \/>\n<meta name=\"twitter:label1\" content=\"Tahmini okuma s\u00fcresi\" \/>\n\t<meta name=\"twitter:data1\" content=\"4 dakika\" \/>\n<script type=\"application\/ld+json\" class=\"yoast-schema-graph\">{\"@context\":\"https:\/\/schema.org\",\"@graph\":[{\"@type\":\"WebPage\",\"@id\":\"https:\/\/www.myvize.com.tr\/pakistan\/\",\"url\":\"https:\/\/www.myvize.com.tr\/pakistan\/\",\"name\":\"Pakistan Vizesi - Pakistan Vize Ba\u015fvurusu - MyVize\",\"isPartOf\":{\"@id\":\"https:\/\/www.myvize.com.tr\/pakistan\/#website\"},\"primaryImageOfPage\":{\"@id\":\"https:\/\/www.myvize.com.tr\/pakistan\/#primaryimage\"},\"image\":{\"@id\":\"https:\/\/www.myvize.com.tr\/pakistan\/#primaryimage\"},\"thumbnailUrl\":\"https:\/\/www.myvize.com.tr\/pakistan\/wp-content\/uploads\/2021\/10\/1.jpg\",\"datePublished\":\"2020-11-30T05:45:13+00:00\",\"dateModified\":\"2022-10-26T13:50:36+00:00\",\"description\":\"Pakistan vizesi evraklar\u0131 i\u00e7in hemen t\u0131klay\u0131n. Pakistan vizesi nas\u0131l al\u0131n\u0131r? Pakistan vize randevusu. Pakistan vize i\u015flemi.\",\"breadcrumb\":{\"@id\":\"https:\/\/www.myvize.com.tr\/pakistan\/#breadcrumb\"},\"inLanguage\":\"tr\",\"potentialAction\":[{\"@type\":\"ReadAction\",\"target\":[\"https:\/\/www.myvize.com.tr\/pakistan\/\"]}]},{\"@type\":\"ImageObject\",\"inLanguage\":\"tr\",\"@id\":\"https:\/\/www.myvize.com.tr\/pakistan\/#primaryimage\",\"url\":\"https:\/\/www.myvize.com.tr\/pakistan\/wp-content\/uploads\/2021\/10\/1.jpg\",\"contentUrl\":\"https:\/\/www.myvize.com.tr\/pakistan\/wp-content\/uploads\/2021\/10\/1.jpg\",\"width\":800,\"height\":500,\"caption\":\"Pakistan Ana Sayfa\"},{\"@type\":\"BreadcrumbList\",\"@id\":\"https:\/\/www.myvize.com.tr\/pakistan\/#breadcrumb\",\"itemListElement\":[{\"@type\":\"ListItem\",\"position\":1,\"name\":\"Anasayfa\",\"item\":\"https:\/\/www.myvize.com.tr\/pakistan\/\"},{\"@type\":\"ListItem\",\"position\":2,\"name\":\"PAK\u0130STAN\"}]},{\"@type\":\"WebSite\",\"@id\":\"https:\/\/www.myvize.com.tr\/pakistan\/#website\",\"url\":\"https:\/\/www.myvize.com.tr\/pakistan\/\",\"name\":\"Pakistan Vizesi\",\"description\":\"\",\"potentialAction\":[{\"@type\":\"SearchAction\",\"target\":{\"@type\":\"EntryPoint\",\"urlTemplate\":\"https:\/\/www.myvize.com.tr\/pakistan\/?s={search_term_string}\"},\"query-input\":{\"@type\":\"PropertyValueSpecification\",\"valueRequired\":true,\"valueName\":\"search_term_string\"}}],\"inLanguage\":\"tr\"}]}<\/script>\n<!-- \/ Yoast SEO plugin. -->","yoast_head_json":{"title":"Pakistan Vizesi - Pakistan Vize Ba\u015fvurusu - MyVize","description":"Pakistan vizesi evraklar\u0131 i\u00e7in hemen t\u0131klay\u0131n. Pakistan vizesi nas\u0131l al\u0131n\u0131r? Pakistan vize randevusu. Pakistan vize i\u015flemi.","robots":{"index":"index","follow":"follow","max-snippet":"max-snippet:-1","max-image-preview":"max-image-preview:large","max-video-preview":"max-video-preview:-1"},"canonical":"https:\/\/www.myvize.com.tr\/pakistan\/","og_locale":"tr_TR","og_type":"article","og_title":"Pakistan Vizesi - Pakistan Vize Ba\u015fvurusu - MyVize","og_description":"Pakistan vizesi evraklar\u0131 i\u00e7in hemen t\u0131klay\u0131n. Pakistan vizesi nas\u0131l al\u0131n\u0131r? Pakistan vize randevusu. Pakistan vize i\u015flemi.","og_url":"https:\/\/www.myvize.com.tr\/pakistan\/","og_site_name":"Pakistan Vizesi","article_modified_time":"2022-10-26T13:50:36+00:00","og_image":[{"url":"https:\/\/www.myvize.com.tr\/pakistan\/wp-content\/uploads\/2021\/10\/1.jpg","type":"","width":"","height":""}],"twitter_card":"summary_large_image","twitter_misc":{"Tahmini okuma s\u00fcresi":"4 dakika"},"schema":{"@context":"https:\/\/schema.org","@graph":[{"@type":"WebPage","@id":"https:\/\/www.myvize.com.tr\/pakistan\/","url":"https:\/\/www.myvize.com.tr\/pakistan\/","name":"Pakistan Vizesi - Pakistan Vize Ba\u015fvurusu - MyVize","isPartOf":{"@id":"https:\/\/www.myvize.com.tr\/pakistan\/#website"},"primaryImageOfPage":{"@id":"https:\/\/www.myvize.com.tr\/pakistan\/#primaryimage"},"image":{"@id":"https:\/\/www.myvize.com.tr\/pakistan\/#primaryimage"},"thumbnailUrl":"https:\/\/www.myvize.com.tr\/pakistan\/wp-content\/uploads\/2021\/10\/1.jpg","datePublished":"2020-11-30T05:45:13+00:00","dateModified":"2022-10-26T13:50:36+00:00","description":"Pakistan vizesi evraklar\u0131 i\u00e7in hemen t\u0131klay\u0131n. Pakistan vizesi nas\u0131l al\u0131n\u0131r? Pakistan vize randevusu. Pakistan vize i\u015flemi.","breadcrumb":{"@id":"https:\/\/www.myvize.com.tr\/pakistan\/#breadcrumb"},"inLanguage":"tr","potentialAction":[{"@type":"ReadAction","target":["https:\/\/www.myvize.com.tr\/pakistan\/"]}]},{"@type":"ImageObject","inLanguage":"tr","@id":"https:\/\/www.myvize.com.tr\/pakistan\/#primaryimage","url":"https:\/\/www.myvize.com.tr\/pakistan\/wp-content\/uploads\/2021\/10\/1.jpg","contentUrl":"https:\/\/www.myvize.com.tr\/pakistan\/wp-content\/uploads\/2021\/10\/1.jpg","width":800,"height":500,"caption":"Pakistan Ana Sayfa"},{"@type":"BreadcrumbList","@id":"https:\/\/www.myvize.com.tr\/pakistan\/#breadcrumb","itemListElement":[{"@type":"ListItem","position":1,"name":"Anasayfa","item":"https:\/\/www.myvize.com.tr\/pakistan\/"},{"@type":"ListItem","position":2,"name":"PAK\u0130STAN"}]},{"@type":"WebSite","@id":"https:\/\/www.myvize.com.tr\/pakistan\/#website","url":"https:\/\/www.myvize.com.tr\/pakistan\/","name":"Pakistan Vizesi","description":"","potentialAction":[{"@type":"SearchAction","target":{"@type":"EntryPoint","urlTemplate":"https:\/\/www.myvize.com.tr\/pakistan\/?s={search_term_string}"},"query-input":{"@type":"PropertyValueSpecification","valueRequired":true,"valueName":"search_term_string"}}],"inLanguage":"tr"}]}},"_links":{"self":[{"href":"https:\/\/www.myvize.com.tr\/pakistan\/wp-json\/wp\/v2\/pages\/6","targetHints":{"allow":["GET"]}}],"collection":[{"href":"https:\/\/www.myvize.com.tr\/pakistan\/wp-json\/wp\/v2\/pages"}],"about":[{"href":"https:\/\/www.myvize.com.tr\/pakistan\/wp-json\/wp\/v2\/types\/page"}],"author":[{"embeddable":true,"href":"https:\/\/www.myvize.com.tr\/pakistan\/wp-json\/wp\/v2\/users\/1"}],"replies":[{"embeddable":true,"href":"https:\/\/www.myvize.com.tr\/pakistan\/wp-json\/wp\/v2\/comments?post=6"}],"version-history":[{"count":15,"href":"https:\/\/www.myvize.com.tr\/pakistan\/wp-json\/wp\/v2\/pages\/6\/revisions"}],"predecessor-version":[{"id":695,"href":"https:\/\/www.myvize.com.tr\/pakistan\/wp-json\/wp\/v2\/pages\/6\/revisions\/695"}],"wp:attachment":[{"href":"https:\/\/www.myvize.com.tr\/pakistan\/wp-json\/wp\/v2\/media?parent=6"}],"curies":[{"name":"wp","href":"https:\/\/api.w.org\/{rel}","templated":true}]}}