{"id":92,"date":"2020-11-30T13:07:02","date_gmt":"2020-11-30T10:07:02","guid":{"rendered":"https:\/\/www.myvize.com.tr\/pakistan\/?page_id=92"},"modified":"2022-08-24T13:41:16","modified_gmt":"2022-08-24T10:41:16","slug":"pakistan-konsolosluk-islemleri","status":"publish","type":"page","link":"https:\/\/www.myvize.com.tr\/pakistan\/konsolosluklar\/pakistan-konsolosluk-islemleri\/","title":{"rendered":"Pakistan Konsolosluk \u0130\u015flemleri"},"content":{"rendered":"<h2><strong><span style=\"font-size: 27px; font-family: Roboto;\">Pakistan Konsolosluk \u0130\u015flemleri Hakk\u0131nda<\/span><\/strong><\/h2>\n<p><span style=\"font-family: Roboto; font-size: 14px;\"><strong>Pakistan Konsolosluk i\u015flemleri<\/strong>, Pakistan B\u00fcy\u00fckel\u00e7ili\u011fi\u2019nin ve konsolosluklar\u0131n\u0131n \u2018\u2019konsolosluk b\u00f6l\u00fcm\u00fc\u2019\u2019 ile yap\u0131lmaktad\u0131r. Pakistan\u2019\u0131n T\u00fcrkiye\u2019de Pakistan B\u00fcy\u00fckel\u00e7ili\u011fi,<strong> Pakistan Ba\u015fkonsoloslu\u011fu<\/strong> ve Pakistan Fahri Konsolosluklar\u0131 bulunmaktad\u0131r. Pakistan vatanda\u015flar\u0131na, Pakistan konsolosluk hizmeti ve Pakistan noter hizmeti vermektedir. Ayr\u0131ca B\u00fcy\u00fckel\u00e7ilik Pakistan vergi y\u00fck\u00fcml\u00fcl\u00fc\u011f\u00fc olan Pakistan vatanda\u015flar\u0131ndan Pakistan ad\u0131na vergi toplamaktad\u0131r.<\/span><\/p>\n<p><span style=\"font-family: Roboto; font-size: 14px;\">Pakistan\u2019a seyahat etmek isteyen T\u00fcrk vatanda\u015flar\u0131 ve<strong> T\u00fcrkiye\u2019de oturum izni<\/strong> olan \u00fc\u00e7\u00fcnc\u00fc \u00fclke vatanda\u015flar\u0131na da vize hizmeti vermektedir. <strong>Pakistan Fahri konsolosluklar\u0131na<\/strong> diplomatik yetki verilmemi\u015ftir. Pakistan ve T\u00fcrkiye kanunlar\u0131na ve uluslararas\u0131 hukuka ba\u011fl\u0131 olarak Pakistan \u00e7\u0131karlar\u0131n\u0131 korumaktad\u0131r.<\/span><\/p>\n<p><span style=\"font-family: Roboto; font-size: 14px;\"><strong>Pakistan Konsolosluk i\u015flemler<\/strong> a\u015fa\u011f\u0131da verilmi\u015ftir;<\/span><\/p>\n<ul>\n<li><span style=\"font-family: Roboto; font-size: 14px;\">Pakistan vatanda\u015flar\u0131n\u0131n do\u011fum ve \u00f6l\u00fcm kay\u0131t i\u015flemleri,<\/span><\/li>\n<li><span style=\"font-family: Roboto; font-size: 14px;\">Pakistan vatanda\u015flar\u0131n\u0131n evlilik ve bo\u015fanma i\u015flemleri,<\/span><\/li>\n<li><span style=\"font-family: Roboto; font-size: 14px;\">Pakistan vatanda\u015flar\u0131n\u0131n pasaport, kimlik, ruhsat i\u015flemleri,<\/span><\/li>\n<li><span style=\"font-family: Roboto; font-size: 14px;\">Pakistan vatanda\u015flar\u0131n\u0131n noterlik i\u015flemleri,<\/span><\/li>\n<li><span style=\"font-family: Roboto; font-size: 14px;\">Pakistan vatanda\u015flar\u0131n\u0131n sa\u011fl\u0131k, e\u011fitim ve adli i\u015flemleri,<\/span><\/li>\n<li><span style=\"font-family: Roboto; font-size: 14px;\"><strong>Pakistan vatanda\u015flar\u0131n\u0131n<\/strong> vergi i\u015flemleri,<\/span><\/li>\n<li><span style=\"font-family: Roboto; font-size: 14px;\">Pakistan vatanda\u015flar\u0131n\u0131n askerlik i\u015flemleri,<\/span><\/li>\n<li><span style=\"font-family: Roboto; font-size: 14px;\">Pakistan vatanda\u015flar\u0131n\u0131n n\u00fcfus i\u015flemleri,<\/span><\/li>\n<li><span style=\"font-family: Roboto; font-size: 14px;\">Pakistan\u2019ya seyahat etmek isteyen ki\u015filerin vize i\u015flemler,<\/span><\/li>\n<li><span style=\"font-family: Roboto; font-size: 14px;\">T\u00fcrkiye Cumhuriyeti vatanda\u015flar\u0131n\u0131n Pakistan vatanda\u015fl\u0131\u011f\u0131na ge\u00e7i\u015f i\u015flemleri,<\/span><\/li>\n<li><span style=\"font-family: Roboto; font-size: 14px;\">T\u00fcrkiye\u2019de bulunan yabanc\u0131 \u00fclkelerin vatanda\u015flar\u0131n\u0131n <span style=\"color: #2acec2;\"><strong><a style=\"color: #2acec2;\" href=\"https:\/\/www.myvize.com.tr\/pakistan\/vize-islemleri\/pakistan-vizesi\/\" target=\"_blank\" rel=\"noopener\">Pakistan vizesi<\/a><\/strong><\/span>, oturum izni ve \u00e7al\u0131\u015fma izni i\u015flemleri<\/span><\/li>\n<li><span style=\"font-family: Roboto; font-size: 14px;\">T\u00fcrkiye\u2019de ticaret eden Pakistan vatanda\u015flar\u0131na destek olmaktad\u0131r.<\/span><\/li>\n<\/ul>\n<h2><span style=\"font-family: Roboto; font-size: 27px;\"><strong>Pakistan Konsolosluk Departmanlar\u0131<\/strong><\/span><\/h2>\n<p><span style=\"font-family: Roboto; font-size: 14px;\"><strong>Pakistan Konsoloslu\u011fu<\/strong> Pakistan\u2019 \u0131n T\u00fcrkiye\u2019 de bulunan \u00fclkesi taraf\u0131ndan yetkilendirilen resmi temsilciliklerinden biri ger\u00e7ekle\u015ftirdi\u011fi \u00e7al\u0131\u015fmalarla genel hatlar\u0131yla \u00fclkesine ve T\u00fcrkiye\u2019 de oturum izni bulunan Pakistan vatanda\u015flar\u0131na hizmet etmeyi hedeflemektedir. Konsolosluk olarak yetkisi dahilinde verdi\u011fi hizmetler ile T\u00fcrkiye ve Pakistan aras\u0131nda ikili ili\u015fkilerin belirli bir seviyede ilerlemesine yard\u0131mc\u0131 olur.<\/span><\/p>\n<p><span style=\"font-family: Roboto; font-size: 14px;\">Pakistan Konsoloslu\u011fu bir y\u00f6netime ba\u011fl\u0131 olarak birden fazla departmanda hizmet vermektedir. Bu \u015fekilde de yapt\u0131\u011f\u0131 \u00e7al\u0131\u015fmalar\u0131n aksamadan ilerlemesini sa\u011flar.<\/span><\/p>\n<p><strong><span style=\"font-family: Roboto; font-size: 14px;\">Pakistan Konsoloslu\u011fu Departmanlar\u0131;<\/span><\/strong><\/p>\n<ul>\n<li><span style=\"font-family: Roboto; font-size: 14px;\">Y\u00f6netim B\u00f6l\u00fcm\u00fc; T\u00fcrkiye\u2019 de ya\u015fanan i\u00e7 ve d\u0131\u015f politik geli\u015fmeleri takip ederek ya\u015fanan geli\u015fmeler konusunda haz\u0131rlad\u0131\u011f\u0131 raporlarla \u00fclkesini bilgilendirir.<\/span><\/li>\n<li><span style=\"font-family: Roboto; font-size: 14px;\">Ekonomi B\u00f6l\u00fcm\u00fc; T\u00fcrkiye\u2019 nin ekonomisi takip eder ve \u00fclkesine bu konuda raporlar sunar, Pakistan ad\u0131na T\u00fcrkiye\u2019 de yeni yat\u0131r\u0131m alanlar\u0131 i\u00e7in ara\u015ft\u0131rmalar yapar.<\/span><\/li>\n<li><span style=\"font-family: Roboto; font-size: 14px;\">K\u00fclt\u00fcr B\u00f6l\u00fcm\u00fc; Pakistan k\u00fclt\u00fcr\u00fcn\u00fcn T\u00fcrkiye\u2019 de tan\u0131t\u0131lmas\u0131na ve genel merkezi Pakistan\u2019 da bulunan k\u00fclt\u00fcrel faaliyetler yapan kurumlara yapt\u0131\u011f\u0131 organizasyonlarla destek verir.<\/span><\/li>\n<li><span style=\"font-family: Roboto; font-size: 14px;\">Bas\u0131n ve Halkla \u0130li\u015fkiler B\u00f6l\u00fcm\u00fc; T\u00fcrk medyas\u0131nda \u00fclkesiyle ilgili haberleri takip edip gerekli de\u011ferlendirmelerini yaparak \u00fclkesine rapor eder.<\/span><\/li>\n<li><span style=\"font-family: Roboto; font-size: 14px;\">Konsolosluk, Vize ve Pasaport B\u00f6l\u00fcm\u00fc; Pakistan\u2019 a seyahat etmek isteyen T\u00fcrk vatanda\u015flar\u0131n\u0131n vize talepleri ile T\u00fcrkiye\u2019 de oturum izni bulunan Pakistan vatanda\u015flar\u0131n\u0131n gerekli resmi i\u015flemlerini yapar.<\/span><\/li>\n<\/ul>\n<h2><strong><span style=\"font-family: Roboto; font-size: 27px;\">Pakistan Konsolosluklar\u0131nda Hangi \u0130\u015flemler Yap\u0131l\u0131r?<\/span><\/strong><\/h2>\n<p><span style=\"font-family: Roboto; font-size: 14px;\">Pakistan Konsoloslu\u011fu Pakistan\u2019 \u0131n T\u00fcrkiye\u2019 de bulunan en yetkili resmi temsilciliklerinden biri olup yapt\u0131\u011f\u0131 \u00e7al\u0131\u015fmalar ile \u00fclkesine ve T\u00fcrkiye\u2019 de ya\u015fayan Pakistan vatanda\u015flar\u0131na hizmet etmeyi ama\u00e7lamaktad\u0131r.<\/span><\/p>\n<p><span style=\"font-family: Roboto; font-size: 14px;\">Pakistan Konsoloslu\u011fu kendi i\u00e7erisinde y\u00f6netimsel a\u00e7\u0131dan ayr\u0131ld\u0131\u011f\u0131 b\u00f6l\u00fcmlerle bir\u00e7ok konuda kendi \u00fclke vatanda\u015flar\u0131na ve T\u00fcrkiye Cumhuriyeti vatanda\u015flar\u0131na hizmet vermektedir. Konsolosluk b\u00fcnyesinde yer alan konsolosluk b\u00f6l\u00fcm\u00fc T\u00fcrkiye\u2019 de ya\u015fam\u0131n\u0131 s\u00fcrd\u00fcren Pakistan vatanda\u015flar\u0131na hizmet vermektedir. Bu ki\u015filerin \u00fclkeleri ile ilgili olan t\u00fcm resmi evrak i\u015flemleri, do\u011fum \u2013 \u00f6l\u00fcm evraklar\u0131n\u0131n haz\u0131rlanmas\u0131, evlenme ve bo\u015fanma ile ilgili yeni evraklar\u0131n d\u00fczenlenmesi, pasaport yenileme i\u015flemlerinde Pakistan Konsolosluklar\u0131ndan hizmet al\u0131rlar. Konsoloslu\u011fa ait vize b\u00f6l\u00fcm\u00fc ise T\u00fcrkiye Cumhuriyeti vatanda\u015flar\u0131 ve T\u00fcrkiye\u2019 de ya\u015fayan farkl\u0131 \u00fclke vatanda\u015flar\u0131 vize ba\u015fvurular\u0131, Pakistan\u2019 a yasal yollar ile giri\u015f yap\u0131lmas\u0131 i\u00e7in gerekli olan t\u00fcm ba\u015fvurularda yard\u0131mc\u0131 olur. Konsolosluk i\u00e7erisinde yer alan ticari b\u00f6l\u00fcmde ise Pakistan\u2019 \u0131n T\u00fcrkiye\u2019 de yapabilece\u011fi yeni yat\u0131r\u0131mlar \u00fczerine \u00fclkesinin yarar\u0131n\u0131 d\u00fc\u015f\u00fcnerek yeni kanallar\u0131 \u00fczerine \u00e7al\u0131\u015fmalarda bulunur.<\/span><\/p>\n<h2><span style=\"font-family: Roboto; font-size: 27px;\"><strong>Pakistan Konsoloslu\u011fu Vize \u0130\u015flemleri<\/strong><\/span><\/h2>\n<p><span style=\"font-family: Roboto; font-size: 14px;\"><strong>Pakistan Konsoloslu\u011fu vize b\u00f6l\u00fcm\u00fc<\/strong> T\u00fcrkiye\u2019 den Pakistan\u2019 a yap\u0131lmas\u0131 planlanan seyahatlerin \u00f6ncesinde vize ba\u015fvurular\u0131nda bulunarak vizelerin al\u0131nmas\u0131nda yard\u0131mc\u0131 olmaktad\u0131r. Pakistan \u00fclkesinin T\u00fcrkiye Cumhuriyeti vatanda\u015flar\u0131na uygulad\u0131\u011f\u0131 bir vize prosed\u00fcr\u00fc yoktur ve bu sebeple her<strong> Pakistan seyahati<\/strong> \u00f6ncesinde vize al\u0131nmas\u0131 zorunlu tutulmu\u015ftur. Pakistan vize ba\u015fvurular\u0131 bireysel ya da vize dan\u0131\u015fman\u0131 firma arac\u0131l\u0131\u011f\u0131yla da yap\u0131labilmektedir.<\/span><\/p>\n<p><span style=\"font-family: Roboto; font-size: 14px;\">Pakistan Konsoloslu\u011fu\u2019 nun vize b\u00f6l\u00fcm\u00fc hafta i\u00e7i hafta i\u00e7i Pazartesi ve Cuma g\u00fcnleri aras\u0131nda 09:00 \u2013 13:00 saatleri aras\u0131nda hizmet vermektedir. Vize b\u00f6l\u00fcm\u00fc, \u00e7al\u0131\u015ft\u0131\u011f\u0131 g\u00fcnlerde ve mesai saatlerinde gelen vize ba\u015fvurular\u0131n incelenmesini, al\u0131nan vize randevular\u0131n\u0131n g\u00f6r\u00fc\u015fmelerinin yap\u0131lmas\u0131n\u0131 ve oturum izni ya da \u00e7al\u0131\u015fma izni gibi uzun s\u00fcreli olarak yap\u0131lacak konaklamalarda gerekli olan vize ba\u015fvurular\u0131n\u0131 kabul eder.<\/span><\/p>\n<p><span style=\"font-family: Roboto; font-size: 14px;\">Pakistan Konsoloslu\u011fu\u2019 nun vize b\u00f6l\u00fcm\u00fc konsoloslu\u011fun en yo\u011fun olarak \u00e7al\u0131\u015fan birimidir ve g\u00f6r\u00fc\u015fmeden \u00f6nce vize dan\u0131\u015fman\u0131 firma ya da gerekli prosed\u00fcrlerle randevu talebinde bulunularak ziyaret edilmesi gerekmektedir.<\/span><\/p>\n<h3><span style=\"font-family: Roboto; font-size: 24px;\"><strong>Pakistan Konsoloslu\u011fu Pasaport \u0130\u015flemleri<\/strong><\/span><\/h3>\n<p><span style=\"font-family: Roboto; font-size: 14px;\"><strong>Pakistan Konsoloslu\u011fu pasaport i\u015flemleri<\/strong>, konsoloslu\u011fun b\u00fcnyesinde bulunan konsolosluk departman\u0131nda yap\u0131lmaktad\u0131r. Konsolosluk departman\u0131 T\u00fcrkiye\u2019 de ya\u015fayan Pakistan vatanda\u015flar\u0131na hizmet vermektedir.<\/span><\/p>\n<p><span style=\"font-family: Roboto; font-size: 14px;\">T\u00fcrkiye\u2019 de ya\u015fayan Pakistan \u0130slam Cumhuriyeti vatanda\u015flar\u0131 pasaportlar\u0131n\u0131n yenilenmesi gereken hallerde ya da kaybettiklerinde ba\u015fvuruda bulunmalar\u0131 gereken resmi makam Pakistan Konsoloslu\u011funda konsolosluk b\u00f6l\u00fcm\u00fcd\u00fcr. Konsolosluk b\u00f6l\u00fcm\u00fcnde yap\u0131lacak i\u015flemlerin \u00f6ncesinde randevu talep edilmesi gerekmektedir. Randevu tarihine g\u00f6re konsoloslu\u011fa gelerek pasaport talebini iletip haz\u0131rlanan yeni pasaportlar\u0131n\u0131 alabilirler.<\/span><\/p>\n<p><span style=\"font-family: Roboto; font-size: 14px;\">Pakistan Konsoloslu\u011fu T\u00fcrkiye\u2019 de ya\u015fayan Pakistan vatanda\u015flar\u0131na verdi\u011fi hizmetler sadece pasaport i\u015flemlerini kapsamamaktad\u0131r. Kimlik yenileme, ikamet adresi de\u011fi\u015fikli\u011fi, yap\u0131lan evliliklerin kayda al\u0131nmas\u0131, yeni do\u011fan bebeklerin kayd\u0131n\u0131n yap\u0131lmas\u0131, bebeklere pasaport \u00e7\u0131kart\u0131lmas\u0131, kendi vatanda\u015flar\u0131ndan birinin cenazesi oldu\u011funda \u00f6l\u00fcm kayd\u0131n\u0131n yap\u0131lmas\u0131 ve aile ile irtibatta olarak cenazenin naklinin sa\u011flanmas\u0131 ve di\u011fer i\u015flemlerinin yap\u0131lmas\u0131, Pakistan\u2019 a ait olan vergi borcu takiplerinin yap\u0131lmas\u0131 ve \u00f6demelerin tahsil edilmesi, T\u00fcrkiye\u2019 de ya\u015famlar\u0131n\u0131n s\u00fcrd\u00fcren Pakistanl\u0131lar\u0131n ki\u015fisel haklar\u0131n\u0131n korunmas\u0131 konusunda hizmet al\u0131rlar.<\/span><\/p>\n","protected":false},"excerpt":{"rendered":"<p>Pakistan Konsolosluk \u0130\u015flemleri Hakk\u0131nda Pakistan Konsolosluk i\u015flemleri, Pakistan B\u00fcy\u00fckel\u00e7ili\u011fi\u2019nin ve konsolosluklar\u0131n\u0131n \u2018\u2019konsolosluk b\u00f6l\u00fcm\u00fc\u2019\u2019 ile yap\u0131lmaktad\u0131r. Pakistan\u2019\u0131n T\u00fcrkiye\u2019de Pakistan B\u00fcy\u00fckel\u00e7ili\u011fi, Pakistan Ba\u015fkonsoloslu\u011fu ve Pakistan Fahri Konsolosluklar\u0131 bulunmaktad\u0131r. Pakistan vatanda\u015flar\u0131na, Pakistan konsolosluk hizmeti ve Pakistan noter hizmeti vermektedir. Ayr\u0131ca B\u00fcy\u00fckel\u00e7ilik Pakistan vergi y\u00fck\u00fcml\u00fcl\u00fc\u011f\u00fc olan Pakistan vatanda\u015flar\u0131ndan Pakistan ad\u0131na vergi toplamaktad\u0131r. Pakistan\u2019a seyahat etmek isteyen T\u00fcrk vatanda\u015flar\u0131 ve<\/p>\n","protected":false},"author":1,"featured_media":0,"parent":69,"menu_order":0,"comment_status":"open","ping_status":"closed","template":"","meta":{"footnotes":""},"class_list":["post-92","page","type-page","status-publish","hentry"],"yoast_head":"<!-- This site is optimized with the Yoast SEO plugin v24.0 - https:\/\/yoast.com\/wordpress\/plugins\/seo\/ -->\n<title>Pakistan Konsolosluk \u0130\u015flemleri - Pakistan Vize - MyVize<\/title>\n<meta name=\"description\" content=\"Pakistan konsolosluk i\u015flemleri gerekli evraklar g\u00fcncel olarak verilmektedir. Pakistan konsolosluk i\u015flemleri gerekli \u015fartlar.\" \/>\n<meta name=\"robots\" content=\"index, follow, max-snippet:-1, max-image-preview:large, max-video-preview:-1\" \/>\n<link rel=\"canonical\" href=\"https:\/\/www.myvize.com.tr\/pakistan\/konsolosluklar\/pakistan-konsolosluk-islemleri\/\" \/>\n<meta property=\"og:locale\" content=\"tr_TR\" \/>\n<meta property=\"og:type\" content=\"article\" \/>\n<meta property=\"og:title\" content=\"Pakistan Konsolosluk \u0130\u015flemleri - Pakistan Vize - MyVize\" \/>\n<meta property=\"og:description\" content=\"Pakistan konsolosluk i\u015flemleri gerekli evraklar g\u00fcncel olarak verilmektedir. Pakistan konsolosluk i\u015flemleri gerekli \u015fartlar.\" \/>\n<meta property=\"og:url\" content=\"https:\/\/www.myvize.com.tr\/pakistan\/konsolosluklar\/pakistan-konsolosluk-islemleri\/\" \/>\n<meta property=\"og:site_name\" content=\"Pakistan Vizesi\" \/>\n<meta property=\"article:modified_time\" content=\"2022-08-24T10:41:16+00:00\" \/>\n<meta name=\"twitter:card\" content=\"summary_large_image\" \/>\n<meta name=\"twitter:label1\" content=\"Tahmini okuma s\u00fcresi\" \/>\n\t<meta name=\"twitter:data1\" content=\"4 dakika\" \/>\n<script type=\"application\/ld+json\" class=\"yoast-schema-graph\">{\"@context\":\"https:\/\/schema.org\",\"@graph\":[{\"@type\":\"WebPage\",\"@id\":\"https:\/\/www.myvize.com.tr\/pakistan\/konsolosluklar\/pakistan-konsolosluk-islemleri\/\",\"url\":\"https:\/\/www.myvize.com.tr\/pakistan\/konsolosluklar\/pakistan-konsolosluk-islemleri\/\",\"name\":\"Pakistan Konsolosluk \u0130\u015flemleri - Pakistan Vize - MyVize\",\"isPartOf\":{\"@id\":\"https:\/\/www.myvize.com.tr\/pakistan\/#website\"},\"datePublished\":\"2020-11-30T10:07:02+00:00\",\"dateModified\":\"2022-08-24T10:41:16+00:00\",\"description\":\"Pakistan konsolosluk i\u015flemleri gerekli evraklar g\u00fcncel olarak verilmektedir. Pakistan konsolosluk i\u015flemleri gerekli \u015fartlar.\",\"breadcrumb\":{\"@id\":\"https:\/\/www.myvize.com.tr\/pakistan\/konsolosluklar\/pakistan-konsolosluk-islemleri\/#breadcrumb\"},\"inLanguage\":\"tr\",\"potentialAction\":[{\"@type\":\"ReadAction\",\"target\":[\"https:\/\/www.myvize.com.tr\/pakistan\/konsolosluklar\/pakistan-konsolosluk-islemleri\/\"]}]},{\"@type\":\"BreadcrumbList\",\"@id\":\"https:\/\/www.myvize.com.tr\/pakistan\/konsolosluklar\/pakistan-konsolosluk-islemleri\/#breadcrumb\",\"itemListElement\":[{\"@type\":\"ListItem\",\"position\":1,\"name\":\"Anasayfa\",\"item\":\"https:\/\/www.myvize.com.tr\/pakistan\/\"},{\"@type\":\"ListItem\",\"position\":2,\"name\":\"KONSOLOSLUKLAR\",\"item\":\"https:\/\/www.myvize.com.tr\/pakistan\/konsolosluklar\/\"},{\"@type\":\"ListItem\",\"position\":3,\"name\":\"Pakistan Konsolosluk \u0130\u015flemleri\"}]},{\"@type\":\"WebSite\",\"@id\":\"https:\/\/www.myvize.com.tr\/pakistan\/#website\",\"url\":\"https:\/\/www.myvize.com.tr\/pakistan\/\",\"name\":\"Pakistan Vizesi\",\"description\":\"\",\"potentialAction\":[{\"@type\":\"SearchAction\",\"target\":{\"@type\":\"EntryPoint\",\"urlTemplate\":\"https:\/\/www.myvize.com.tr\/pakistan\/?s={search_term_string}\"},\"query-input\":{\"@type\":\"PropertyValueSpecification\",\"valueRequired\":true,\"valueName\":\"search_term_string\"}}],\"inLanguage\":\"tr\"}]}<\/script>\n<!-- \/ Yoast SEO plugin. -->","yoast_head_json":{"title":"Pakistan Konsolosluk \u0130\u015flemleri - Pakistan Vize - MyVize","description":"Pakistan konsolosluk i\u015flemleri gerekli evraklar g\u00fcncel olarak verilmektedir. Pakistan konsolosluk i\u015flemleri gerekli \u015fartlar.","robots":{"index":"index","follow":"follow","max-snippet":"max-snippet:-1","max-image-preview":"max-image-preview:large","max-video-preview":"max-video-preview:-1"},"canonical":"https:\/\/www.myvize.com.tr\/pakistan\/konsolosluklar\/pakistan-konsolosluk-islemleri\/","og_locale":"tr_TR","og_type":"article","og_title":"Pakistan Konsolosluk \u0130\u015flemleri - Pakistan Vize - MyVize","og_description":"Pakistan konsolosluk i\u015flemleri gerekli evraklar g\u00fcncel olarak verilmektedir. Pakistan konsolosluk i\u015flemleri gerekli \u015fartlar.","og_url":"https:\/\/www.myvize.com.tr\/pakistan\/konsolosluklar\/pakistan-konsolosluk-islemleri\/","og_site_name":"Pakistan Vizesi","article_modified_time":"2022-08-24T10:41:16+00:00","twitter_card":"summary_large_image","twitter_misc":{"Tahmini okuma s\u00fcresi":"4 dakika"},"schema":{"@context":"https:\/\/schema.org","@graph":[{"@type":"WebPage","@id":"https:\/\/www.myvize.com.tr\/pakistan\/konsolosluklar\/pakistan-konsolosluk-islemleri\/","url":"https:\/\/www.myvize.com.tr\/pakistan\/konsolosluklar\/pakistan-konsolosluk-islemleri\/","name":"Pakistan Konsolosluk \u0130\u015flemleri - Pakistan Vize - MyVize","isPartOf":{"@id":"https:\/\/www.myvize.com.tr\/pakistan\/#website"},"datePublished":"2020-11-30T10:07:02+00:00","dateModified":"2022-08-24T10:41:16+00:00","description":"Pakistan konsolosluk i\u015flemleri gerekli evraklar g\u00fcncel olarak verilmektedir. Pakistan konsolosluk i\u015flemleri gerekli \u015fartlar.","breadcrumb":{"@id":"https:\/\/www.myvize.com.tr\/pakistan\/konsolosluklar\/pakistan-konsolosluk-islemleri\/#breadcrumb"},"inLanguage":"tr","potentialAction":[{"@type":"ReadAction","target":["https:\/\/www.myvize.com.tr\/pakistan\/konsolosluklar\/pakistan-konsolosluk-islemleri\/"]}]},{"@type":"BreadcrumbList","@id":"https:\/\/www.myvize.com.tr\/pakistan\/konsolosluklar\/pakistan-konsolosluk-islemleri\/#breadcrumb","itemListElement":[{"@type":"ListItem","position":1,"name":"Anasayfa","item":"https:\/\/www.myvize.com.tr\/pakistan\/"},{"@type":"ListItem","position":2,"name":"KONSOLOSLUKLAR","item":"https:\/\/www.myvize.com.tr\/pakistan\/konsolosluklar\/"},{"@type":"ListItem","position":3,"name":"Pakistan Konsolosluk \u0130\u015flemleri"}]},{"@type":"WebSite","@id":"https:\/\/www.myvize.com.tr\/pakistan\/#website","url":"https:\/\/www.myvize.com.tr\/pakistan\/","name":"Pakistan Vizesi","description":"","potentialAction":[{"@type":"SearchAction","target":{"@type":"EntryPoint","urlTemplate":"https:\/\/www.myvize.com.tr\/pakistan\/?s={search_term_string}"},"query-input":{"@type":"PropertyValueSpecification","valueRequired":true,"valueName":"search_term_string"}}],"inLanguage":"tr"}]}},"_links":{"self":[{"href":"https:\/\/www.myvize.com.tr\/pakistan\/wp-json\/wp\/v2\/pages\/92","targetHints":{"allow":["GET"]}}],"collection":[{"href":"https:\/\/www.myvize.com.tr\/pakistan\/wp-json\/wp\/v2\/pages"}],"about":[{"href":"https:\/\/www.myvize.com.tr\/pakistan\/wp-json\/wp\/v2\/types\/page"}],"author":[{"embeddable":true,"href":"https:\/\/www.myvize.com.tr\/pakistan\/wp-json\/wp\/v2\/users\/1"}],"replies":[{"embeddable":true,"href":"https:\/\/www.myvize.com.tr\/pakistan\/wp-json\/wp\/v2\/comments?post=92"}],"version-history":[{"count":6,"href":"https:\/\/www.myvize.com.tr\/pakistan\/wp-json\/wp\/v2\/pages\/92\/revisions"}],"predecessor-version":[{"id":683,"href":"https:\/\/www.myvize.com.tr\/pakistan\/wp-json\/wp\/v2\/pages\/92\/revisions\/683"}],"up":[{"embeddable":true,"href":"https:\/\/www.myvize.com.tr\/pakistan\/wp-json\/wp\/v2\/pages\/69"}],"wp:attachment":[{"href":"https:\/\/www.myvize.com.tr\/pakistan\/wp-json\/wp\/v2\/media?parent=92"}],"curies":[{"name":"wp","href":"https:\/\/api.w.org\/{rel}","templated":true}]}}