{"id":186,"date":"2020-12-28T18:07:11","date_gmt":"2020-12-28T15:07:11","guid":{"rendered":"https:\/\/www.myvize.com.tr\/polonya\/?page_id=186"},"modified":"2022-08-20T12:41:11","modified_gmt":"2022-08-20T09:41:11","slug":"polonya-vatandasiyla-evli-olanlar","status":"publish","type":"page","link":"https:\/\/www.myvize.com.tr\/polonya\/vatandaslik\/polonya-vatandasiyla-evli-olanlar\/","title":{"rendered":"Polonya Vatanda\u015f\u0131yla Evli Olanlar"},"content":{"rendered":"<h2><span style=\"font-family: Roboto; font-size: 27px;\"><strong>Polonya Vatanda\u015f\u0131yla Evli Olanlar Hakk\u0131nda<\/strong><\/span><\/h2>\n<p><span style=\"font-family: Roboto; font-size: 14px;\"><strong>Polonya Vatanda\u015f\u0131yla evli olanlar <span style=\"color: #2acec2;\"><a style=\"color: #2acec2;\" href=\"https:\/\/www.myvize.com.tr\/polonya\/vize-islemleri\/\" target=\"_blank\" rel=\"noopener\">vize i\u015flemleri<\/a><\/span><\/strong> i\u00e7in k\u0131sa bir prosed\u00fcr\u00fc yerine getirmeleri gerekir. <span style=\"color: #2acec2;\"><strong><a style=\"color: #2acec2;\" href=\"https:\/\/www.myvize.com.tr\/polonya\/vatandaslik\/\" target=\"_blank\" rel=\"noopener\">Vatanda\u015fl\u0131k<\/a><\/strong><\/span> almak i\u00e7in ki\u015filerin \u00f6ncelikle 18 ya\u015f\u0131ndan b\u00fcy\u00fck olmalar\u0131 gerekir. Ayn\u0131 zaman da 5 y\u0131l boyunca aral\u0131ks\u0131z olarak ikamet etmek gerekir. Bunun yan\u0131 s\u0131ra en az 3 dil biliyor olmas\u0131 gerekir. En az 1.5 senede orada \u00e7al\u0131\u015f\u0131yor olmak gerekir. Toplumsal uyumu g\u00f6stermeniz i\u00e7in orta\u00f6\u011fretim belgesi veya b\u00f6lgenin uyum kursu ya da 400 saatlik bir <strong>meslek e\u011fitim belgesi<\/strong> ile bu durumun ispatlanmas\u0131 gerekir. Ancak<strong> Polonyal\u0131 biriyle evli olan<\/strong> ki\u015filer i\u00e7in bu i\u015flemler \u00e7ok daha kolay olur. Ki\u015finin yaln\u0131zca toplumsal uyumunu ispatlamas\u0131 yeterli olur. Ki\u015fiden 10 y\u0131l boyunca \u00fclkede ikamet etmesi ve \u00fclke dillerinden yaln\u0131zca birinin bilinmesi gerekir. \u00c7al\u0131\u015fma \u015fart\u0131 \u00f6zellikle<strong> uzun s\u00fcreli vatanda\u015fl\u0131k<\/strong> almak isteyenler i\u00e7in aranan bir \u00f6zelliktir. \u00dclkenin dilini bilmek, toplumsal uyumun ispat edilmesi gibi durumlarda olumlu alg\u0131 yaratanlar\u0131n vatanda\u015fl\u0131k alma durumlar\u0131 daha kolay olur. Bu sayede rahat bir \u015fekilde gerekli olan vatanda\u015fl\u0131k da al\u0131nm\u0131\u015f olur.\u00a0<\/span><\/p>\n<h2><span style=\"font-family: Roboto; font-size: 27px;\"><strong>Polonya Vatanda\u015f\u0131yla Evli Olanlar \u0130\u00e7in Vatanda\u015fl\u0131k<\/strong><\/span><\/h2>\n<p><span style=\"font-family: Roboto; font-size: 14px;\">T\u00fcrkiye de ya\u015famakta olan bir T\u00fcrk vatanda\u015f\u0131ysan\u0131z ve evlenmek istedi\u011finiz ya da evlendiginiz ki\u015fi polonya vatanda\u015f\u0131 ise ve siz <strong>Polonya&#8217;da ya\u015famak<\/strong> istiyorsan\u0131z ve bu konu hakk\u0131nda bilgi almak istiyorsan\u0131z do\u011fru yerdesiniz \u00e7\u00fcnk\u00fc size t\u00fcm detaylar\u0131 ile Polonya vatanda\u015f\u0131 ile evlenince vatanda\u015fl\u0131k al\u0131n\u0131r m\u0131 ? Nas\u0131l al\u0131n\u0131r ? Nerden al\u0131n\u0131r ? Gibi pek \u00e7ok soruyu cevaplayacag\u0131z.<\/span><br \/>\n<span style=\"font-family: Roboto; font-size: 14px;\">\u00d6ncelikle bir <strong>Polonya vatanda\u015f\u0131 ile evlenmek<\/strong> istiyorsan\u0131z nikah\u0131n\u0131z konsoloslukta k\u0131y\u0131lmal\u0131. Sonras\u0131nda polonya&#8217;ya gitmek istedi\u011finize dair konsolosluktan vize randevusu al\u0131rs\u0131n\u0131z. Vize isteminiz onayland\u0131\u011f\u0131 takdirde Polonya&#8217;ya gidersiniz gitti\u011finiz takdirde vatanda\u015fl\u0131k istemini iletirseniz size toplamda 5 y\u0131l olacak \u015fekilde Polonya da uzun s\u00fcreli \u00e7\u0131k\u0131\u015f yapma!an\u0131z gerektigini ve 3 y\u0131l boyunca evli kalman\u0131z gerekti\u011fi belirtilir.<\/span><br \/>\n<span style=\"font-family: Roboto; font-size: 14px;\">3 y\u0131l evli olmak kayd\u0131 ile 5 y\u0131l boyunca uzun s\u00fcreli \u00e7\u0131k\u0131\u015f yapmaman\u0131z halinde Polonya devleti vatanda\u015f\u0131 olmaya hak kazanm\u0131\u015f istedi\u011finiz zaman Polonya T\u00fcrkiye aras\u0131nda seyahat etme hakk\u0131na sahip olursunuz.<\/span><\/p>\n<h2><span style=\"font-family: Roboto; font-size: 27px;\"><strong>Polonya Vatanda\u015f\u0131yla Evli Olanlar \u0130\u00e7in Vatanda\u015fl\u0131k Nas\u0131l Al\u0131n\u0131r?<\/strong><\/span><\/h2>\n<p><span style=\"font-family: Roboto; font-size: 14px;\"><strong>Polonya devleti vatanda\u015f\u0131<\/strong> ile evlendiyseniz ve vatanda\u015fl\u0131k nas\u0131l al\u0131n\u0131r? Merak ediyorsan\u0131z detayl\u0131 bir \u015fekilde a\u00e7\u0131klayaca\u011f\u0131z.<\/span><br \/>\n<span style=\"font-family: Roboto; font-size: 14px;\">Polonya vatanda\u015f\u0131 ile evlendiyseniz ve evllilik belgeniz bulunuyorsa ve Polonya da ikamet ediyorsan\u0131z ancak vatanda\u015fl\u0131k almak istiyorsan\u0131z yapman\u0131z gerekenler pek de zor de\u011fildir.<\/span><br \/>\n<span style=\"font-family: Roboto; font-size: 14px;\">\u00d6ncelikle vatanda\u015fl\u0131k i\u00e7in gerekli olan belgeleri bir araya getirmelisiniz belgelerin tam ve eksiksiz bir \u015fekilde olmas\u0131 gerekmektedir. Polonya da\u00a0 ya\u015f\u0131yorsan\u0131z veya Polonya&#8217;da ikamet edece\u011finiz konutun bulundu\u011fu il i\u00e7erisindeki en yak\u0131n belediyeye vatanda\u015fl\u0131k i\u00e7in m\u00fcracaat etmeniz gerekmektedir.<\/span><br \/>\n<span style=\"font-family: Roboto; font-size: 14px;\">Vatanda\u015fl\u0131k almak i\u00e7in yapman\u0131z gerekenler bu kadarla s\u0131n\u0131r l\u0131 de\u011fildir \u00e7\u00fcnk\u00fc evlili\u011finizin yanl\u0131zca vatanda\u015fl\u0131k almak i\u00e7in planlam\u0131\u015f bir kurmaca olmad\u0131\u011f\u0131n\u0131 kan\u0131tlam\u0131\u015f gerekiyor \u00e7\u00fcnk\u00fc g\u00fcn\u00fcm\u00fczde vatanda\u015fl\u0131k almak amac\u0131 ile evlilikler oluyor ve \u00fclkeler bu konuda dikkat ediyor. Peki kan\u0131tlamaktan kas\u0131t nedir?<\/span><br \/>\n<span style=\"font-family: Roboto; font-size: 14px;\">Mesela nas\u0131l evlenme karar\u0131 al\u0131nd\u0131\u011f\u0131 nerede tan\u0131t\u0131ld\u0131\u011f\u0131 ya da neden<strong> Polonya&#8217;da ya\u015famak<\/strong> istedi\u011finiz gibi sorular size y\u00f6netilir bu sorulara ikna edici cevaplar vermeniz gerekmektedir.<\/span><\/p>\n<h2><span style=\"font-family: Roboto; font-size: 27px;\"><strong>Polonya Vatanda\u015f\u0131yla Evli Olanlar \u0130\u00e7in Vatanda\u015fl\u0131k Ba\u015fvurusu<\/strong><\/span><\/h2>\n<p><span style=\"font-family: Roboto; font-size: 14px;\">Polonya D\u00fcnyadaki bir\u00e7ok \u00fclke gibi T\u00fcrk vatanda\u015flar\u0131n\u0131 gri ye\u015fil ya da siyah pasaport sahibi de\u011filse vizesiz kabul etmez. Bu sebeple vize almak gerekir ancak bir Polonya vatanda\u015f\u0131 ile evli olanlar\u0131 kabul eder mi ya da onlara vatanda\u015fl\u0131k verir mi? Bu soruya internet sitelerinde bir\u00e7ok cevap bulabilirsiniz ancak hangisi do\u011fru anlayamazs\u0131n\u0131z. Polonya vatanda\u015f\u0131 ile evliyseniz ve Polonya&#8217;da ya\u015famak istiyorsan\u0131z bunun i\u00e7in belli \u015fartlar bulunuyor. Mesela belgeler tam bir \u015fekilde olmal\u0131 eksik ve sahte z takdirde vatanda\u015fl\u0131k isteminiz red edilir ve vatanda\u015fl\u0131k belgesi alamazs\u0131n\u0131z bu gibi pek \u00e7ok \u015fart bulunuyor. E\u011fer <strong>Polonya da ikamet<\/strong> ediyorsan\u0131z ve vatanda\u015fl\u0131k belgesi almak istiyorsan\u0131z\u00a0<\/span><br \/>\n<span style=\"font-family: Roboto; font-size: 14px;\">\u0130kamet etti\u011finiz yere en yak\u0131n belediye binas\u0131na giderek vatanda\u015fl\u0131k belgesi i\u00e7in istemde bulunman\u0131z gerekmektedir.<\/span><br \/>\n<span style=\"font-family: Roboto; font-size: 14px;\">Belediye yetkilileri uygun g\u00f6rd\u00fc\u011f\u00fc takdirde ise 3 y\u0131l evli totalde 5 y\u0131l olacak \u015fekilde Polonya da ikamet ederseniz vatanda\u015fl\u0131k alm\u0131\u015f oluyorsunuz.<\/span><\/p>\n<h2><span style=\"font-family: Roboto; font-size: 27px;\"><strong>Polonya Vatanda\u015f\u0131yla Evli Olanlar \u0130\u00e7in Vatanda\u015fl\u0131k \u015eartlar\u0131<\/strong><\/span><\/h2>\n<p><span style=\"font-family: Roboto; font-size: 14px;\">Polonya vatanda\u015f\u0131yla evlenince kimse vatanda\u015fl\u0131k kazanamaz bunun i\u00e7in bir tak\u0131m kurumlara m\u00fcracaat edip \u00e7e\u015fitli belgeleri sunmas\u0131 ve benzeri \u015fartlar bulunuyor. Peki Polonya vatanda\u015f\u0131 olmak i\u00e7in hangi \u015fartlar\u0131 yerine getirmeniz ne yapmam\u0131z gerekiyor gibi pek \u00e7ok sorunun cevab\u0131n\u0131 bulmak i\u00e7in bireyler ara\u015ft\u0131r\u0131yor peki \u015fartlar nedir ?<\/span><\/p>\n<p><span style=\"font-family: Roboto; font-size: 14px;\">\u2022Kendi mill\u00ee kanununa, vatans\u0131z ise Polonya kanunlar\u0131na g\u00f6re ergin ve ay\u0131rt etme g\u00fcc\u00fcne sahip olmak.<\/span><br \/>\n<span style=\"font-family: Roboto; font-size: 14px;\">\u2022Ba\u015fvuru tarihinden geriye do\u011fru Polonya&#8217;da kesintisiz be\u015f y\u0131l ikamet etmek.<\/span><br \/>\n<span style=\"font-family: Roboto; font-size: 14px;\">\u2022Polonya&#8217;ya yerle\u015fmeye neden karar verdi\u011fini ikna edici olacak \u015fekilde a\u00e7\u0131klamak.<\/span><br \/>\n<span style=\"font-family: Roboto; font-size: 14px;\">\u2022Bula\u015f\u0131c\u0131 hastal\u0131k yani Polonya vatanda\u015flar\u0131na zarar verecek hastal\u0131k olmamal\u0131.<\/span><br \/>\n<span style=\"font-family: Roboto; font-size: 14px;\">\u2022\u0130yi sayg\u0131l\u0131 topluma kar\u015f\u0131 zarar\u0131 olmayan bir insannolmak.<\/span><br \/>\n<span style=\"font-family: Roboto; font-size: 14px;\">\u2022Yeteri Polonya&#8217;da etkin kullan\u0131lan dillerden birini\u00a0 bilmek ve konu\u015fabilmek.<\/span><br \/>\n<span style=\"font-family: Roboto; font-size: 14px;\">\u2022Polonya da kendisinin ve bakmakla y\u00fck\u00fcml\u00fc oldu\u011fu kimselerin ge\u00e7imini sa\u011flayacak maddi imkanlara\u00a0 gelire veya mesle\u011fe sahip olmak.<\/span><br \/>\n<span style=\"font-family: Roboto; font-size: 14px;\">\u2022Polonya\u00a0 g\u00fcvenlik ve kamu d\u00fczeni bak\u0131m\u0131ndan engel te\u015fkil edecek bir hali sab\u0131ka kayd\u0131 bulunmamak.<\/span><\/p>\n<p><img decoding=\"async\" src=\"https:\/\/www.myvize.com.tr\/polonya\/wp-content\/uploads\/2021\/10\/53.jpg\" \/>\/&gt;<\/p>\n","protected":false},"excerpt":{"rendered":"<p>Polonya Vatanda\u015f\u0131yla Evli Olanlar Hakk\u0131nda Polonya Vatanda\u015f\u0131yla evli olanlar vize i\u015flemleri i\u00e7in k\u0131sa bir prosed\u00fcr\u00fc yerine getirmeleri gerekir. Vatanda\u015fl\u0131k almak i\u00e7in ki\u015filerin \u00f6ncelikle 18 ya\u015f\u0131ndan b\u00fcy\u00fck olmalar\u0131 gerekir. Ayn\u0131 zaman da 5 y\u0131l boyunca aral\u0131ks\u0131z olarak ikamet etmek gerekir. Bunun yan\u0131 s\u0131ra en az 3 dil biliyor olmas\u0131 gerekir. En az 1.5 senede orada \u00e7al\u0131\u015f\u0131yor<\/p>\n","protected":false},"author":1,"featured_media":0,"parent":164,"menu_order":0,"comment_status":"open","ping_status":"closed","template":"","meta":{"footnotes":""},"class_list":["post-186","page","type-page","status-publish","hentry"],"yoast_head":"<!-- This site is optimized with the Yoast SEO plugin v24.0 - https:\/\/yoast.com\/wordpress\/plugins\/seo\/ -->\n<title>Polonya Vatanda\u015f\u0131yla Evli Olanlar \u0130\u00e7in \u015eartlar - MyVize<\/title>\n<meta name=\"description\" content=\"Polonya vatanda\u015f\u0131yla evli olanlar i\u00e7in evrak listesi ve gerekli \u015fartlar. Polonya vatanda\u015f\u0131yla evli olanlar i\u00e7in i\u015flem s\u00fcreci nas\u0131l olur?\" \/>\n<meta name=\"robots\" content=\"index, follow, max-snippet:-1, max-image-preview:large, max-video-preview:-1\" \/>\n<link rel=\"canonical\" href=\"https:\/\/www.myvize.com.tr\/polonya\/vatandaslik\/polonya-vatandasiyla-evli-olanlar\/\" \/>\n<meta property=\"og:locale\" content=\"tr_TR\" \/>\n<meta property=\"og:type\" content=\"article\" \/>\n<meta property=\"og:title\" content=\"Polonya Vatanda\u015f\u0131yla Evli Olanlar \u0130\u00e7in \u015eartlar - MyVize\" \/>\n<meta property=\"og:description\" content=\"Polonya vatanda\u015f\u0131yla evli olanlar i\u00e7in evrak listesi ve gerekli \u015fartlar. Polonya vatanda\u015f\u0131yla evli olanlar i\u00e7in i\u015flem s\u00fcreci nas\u0131l olur?\" \/>\n<meta property=\"og:url\" content=\"https:\/\/www.myvize.com.tr\/polonya\/vatandaslik\/polonya-vatandasiyla-evli-olanlar\/\" \/>\n<meta property=\"og:site_name\" content=\"Polonya Vizesi &amp; Polonya Vize \u0130\u015flemleri\" \/>\n<meta property=\"article:modified_time\" content=\"2022-08-20T09:41:11+00:00\" \/>\n<meta property=\"og:image\" content=\"https:\/\/www.myvize.com.tr\/polonya\/wp-content\/uploads\/2021\/10\/53.jpg\" \/>\n<meta name=\"twitter:card\" content=\"summary_large_image\" \/>\n<meta name=\"twitter:label1\" content=\"Tahmini okuma s\u00fcresi\" \/>\n\t<meta name=\"twitter:data1\" content=\"4 dakika\" \/>\n<script type=\"application\/ld+json\" class=\"yoast-schema-graph\">{\"@context\":\"https:\/\/schema.org\",\"@graph\":[{\"@type\":\"WebPage\",\"@id\":\"https:\/\/www.myvize.com.tr\/polonya\/vatandaslik\/polonya-vatandasiyla-evli-olanlar\/\",\"url\":\"https:\/\/www.myvize.com.tr\/polonya\/vatandaslik\/polonya-vatandasiyla-evli-olanlar\/\",\"name\":\"Polonya Vatanda\u015f\u0131yla Evli Olanlar \u0130\u00e7in \u015eartlar - MyVize\",\"isPartOf\":{\"@id\":\"https:\/\/www.myvize.com.tr\/polonya\/#website\"},\"primaryImageOfPage\":{\"@id\":\"https:\/\/www.myvize.com.tr\/polonya\/vatandaslik\/polonya-vatandasiyla-evli-olanlar\/#primaryimage\"},\"image\":{\"@id\":\"https:\/\/www.myvize.com.tr\/polonya\/vatandaslik\/polonya-vatandasiyla-evli-olanlar\/#primaryimage\"},\"thumbnailUrl\":\"https:\/\/www.myvize.com.tr\/polonya\/wp-content\/uploads\/2021\/10\/53.jpg\",\"datePublished\":\"2020-12-28T15:07:11+00:00\",\"dateModified\":\"2022-08-20T09:41:11+00:00\",\"description\":\"Polonya vatanda\u015f\u0131yla evli olanlar i\u00e7in evrak listesi ve gerekli \u015fartlar. Polonya vatanda\u015f\u0131yla evli olanlar i\u00e7in i\u015flem s\u00fcreci nas\u0131l olur?\",\"breadcrumb\":{\"@id\":\"https:\/\/www.myvize.com.tr\/polonya\/vatandaslik\/polonya-vatandasiyla-evli-olanlar\/#breadcrumb\"},\"inLanguage\":\"tr\",\"potentialAction\":[{\"@type\":\"ReadAction\",\"target\":[\"https:\/\/www.myvize.com.tr\/polonya\/vatandaslik\/polonya-vatandasiyla-evli-olanlar\/\"]}]},{\"@type\":\"ImageObject\",\"inLanguage\":\"tr\",\"@id\":\"https:\/\/www.myvize.com.tr\/polonya\/vatandaslik\/polonya-vatandasiyla-evli-olanlar\/#primaryimage\",\"url\":\"https:\/\/www.myvize.com.tr\/polonya\/wp-content\/uploads\/2021\/10\/53.jpg\",\"contentUrl\":\"https:\/\/www.myvize.com.tr\/polonya\/wp-content\/uploads\/2021\/10\/53.jpg\",\"width\":800,\"height\":500,\"caption\":\"Polonya Vatanda\u015f\u0131yla Evli Olanlar\"},{\"@type\":\"BreadcrumbList\",\"@id\":\"https:\/\/www.myvize.com.tr\/polonya\/vatandaslik\/polonya-vatandasiyla-evli-olanlar\/#breadcrumb\",\"itemListElement\":[{\"@type\":\"ListItem\",\"position\":1,\"name\":\"Anasayfa\",\"item\":\"https:\/\/www.myvize.com.tr\/polonya\/\"},{\"@type\":\"ListItem\",\"position\":2,\"name\":\"VATANDA\u015eLIK\",\"item\":\"https:\/\/www.myvize.com.tr\/polonya\/vatandaslik\/\"},{\"@type\":\"ListItem\",\"position\":3,\"name\":\"Polonya Vatanda\u015f\u0131yla Evli Olanlar\"}]},{\"@type\":\"WebSite\",\"@id\":\"https:\/\/www.myvize.com.tr\/polonya\/#website\",\"url\":\"https:\/\/www.myvize.com.tr\/polonya\/\",\"name\":\"Polonya Vizesi &amp; Polonya Vize \u0130\u015flemleri\",\"description\":\"\",\"potentialAction\":[{\"@type\":\"SearchAction\",\"target\":{\"@type\":\"EntryPoint\",\"urlTemplate\":\"https:\/\/www.myvize.com.tr\/polonya\/?s={search_term_string}\"},\"query-input\":{\"@type\":\"PropertyValueSpecification\",\"valueRequired\":true,\"valueName\":\"search_term_string\"}}],\"inLanguage\":\"tr\"}]}<\/script>\n<!-- \/ Yoast SEO plugin. -->","yoast_head_json":{"title":"Polonya Vatanda\u015f\u0131yla Evli Olanlar \u0130\u00e7in \u015eartlar - MyVize","description":"Polonya vatanda\u015f\u0131yla evli olanlar i\u00e7in evrak listesi ve gerekli \u015fartlar. Polonya vatanda\u015f\u0131yla evli olanlar i\u00e7in i\u015flem s\u00fcreci nas\u0131l olur?","robots":{"index":"index","follow":"follow","max-snippet":"max-snippet:-1","max-image-preview":"max-image-preview:large","max-video-preview":"max-video-preview:-1"},"canonical":"https:\/\/www.myvize.com.tr\/polonya\/vatandaslik\/polonya-vatandasiyla-evli-olanlar\/","og_locale":"tr_TR","og_type":"article","og_title":"Polonya Vatanda\u015f\u0131yla Evli Olanlar \u0130\u00e7in \u015eartlar - MyVize","og_description":"Polonya vatanda\u015f\u0131yla evli olanlar i\u00e7in evrak listesi ve gerekli \u015fartlar. Polonya vatanda\u015f\u0131yla evli olanlar i\u00e7in i\u015flem s\u00fcreci nas\u0131l olur?","og_url":"https:\/\/www.myvize.com.tr\/polonya\/vatandaslik\/polonya-vatandasiyla-evli-olanlar\/","og_site_name":"Polonya Vizesi &amp; Polonya Vize \u0130\u015flemleri","article_modified_time":"2022-08-20T09:41:11+00:00","og_image":[{"url":"https:\/\/www.myvize.com.tr\/polonya\/wp-content\/uploads\/2021\/10\/53.jpg","type":"","width":"","height":""}],"twitter_card":"summary_large_image","twitter_misc":{"Tahmini okuma s\u00fcresi":"4 dakika"},"schema":{"@context":"https:\/\/schema.org","@graph":[{"@type":"WebPage","@id":"https:\/\/www.myvize.com.tr\/polonya\/vatandaslik\/polonya-vatandasiyla-evli-olanlar\/","url":"https:\/\/www.myvize.com.tr\/polonya\/vatandaslik\/polonya-vatandasiyla-evli-olanlar\/","name":"Polonya Vatanda\u015f\u0131yla Evli Olanlar \u0130\u00e7in \u015eartlar - MyVize","isPartOf":{"@id":"https:\/\/www.myvize.com.tr\/polonya\/#website"},"primaryImageOfPage":{"@id":"https:\/\/www.myvize.com.tr\/polonya\/vatandaslik\/polonya-vatandasiyla-evli-olanlar\/#primaryimage"},"image":{"@id":"https:\/\/www.myvize.com.tr\/polonya\/vatandaslik\/polonya-vatandasiyla-evli-olanlar\/#primaryimage"},"thumbnailUrl":"https:\/\/www.myvize.com.tr\/polonya\/wp-content\/uploads\/2021\/10\/53.jpg","datePublished":"2020-12-28T15:07:11+00:00","dateModified":"2022-08-20T09:41:11+00:00","description":"Polonya vatanda\u015f\u0131yla evli olanlar i\u00e7in evrak listesi ve gerekli \u015fartlar. Polonya vatanda\u015f\u0131yla evli olanlar i\u00e7in i\u015flem s\u00fcreci nas\u0131l olur?","breadcrumb":{"@id":"https:\/\/www.myvize.com.tr\/polonya\/vatandaslik\/polonya-vatandasiyla-evli-olanlar\/#breadcrumb"},"inLanguage":"tr","potentialAction":[{"@type":"ReadAction","target":["https:\/\/www.myvize.com.tr\/polonya\/vatandaslik\/polonya-vatandasiyla-evli-olanlar\/"]}]},{"@type":"ImageObject","inLanguage":"tr","@id":"https:\/\/www.myvize.com.tr\/polonya\/vatandaslik\/polonya-vatandasiyla-evli-olanlar\/#primaryimage","url":"https:\/\/www.myvize.com.tr\/polonya\/wp-content\/uploads\/2021\/10\/53.jpg","contentUrl":"https:\/\/www.myvize.com.tr\/polonya\/wp-content\/uploads\/2021\/10\/53.jpg","width":800,"height":500,"caption":"Polonya Vatanda\u015f\u0131yla Evli Olanlar"},{"@type":"BreadcrumbList","@id":"https:\/\/www.myvize.com.tr\/polonya\/vatandaslik\/polonya-vatandasiyla-evli-olanlar\/#breadcrumb","itemListElement":[{"@type":"ListItem","position":1,"name":"Anasayfa","item":"https:\/\/www.myvize.com.tr\/polonya\/"},{"@type":"ListItem","position":2,"name":"VATANDA\u015eLIK","item":"https:\/\/www.myvize.com.tr\/polonya\/vatandaslik\/"},{"@type":"ListItem","position":3,"name":"Polonya Vatanda\u015f\u0131yla Evli Olanlar"}]},{"@type":"WebSite","@id":"https:\/\/www.myvize.com.tr\/polonya\/#website","url":"https:\/\/www.myvize.com.tr\/polonya\/","name":"Polonya Vizesi &amp; Polonya Vize \u0130\u015flemleri","description":"","potentialAction":[{"@type":"SearchAction","target":{"@type":"EntryPoint","urlTemplate":"https:\/\/www.myvize.com.tr\/polonya\/?s={search_term_string}"},"query-input":{"@type":"PropertyValueSpecification","valueRequired":true,"valueName":"search_term_string"}}],"inLanguage":"tr"}]}},"_links":{"self":[{"href":"https:\/\/www.myvize.com.tr\/polonya\/wp-json\/wp\/v2\/pages\/186","targetHints":{"allow":["GET"]}}],"collection":[{"href":"https:\/\/www.myvize.com.tr\/polonya\/wp-json\/wp\/v2\/pages"}],"about":[{"href":"https:\/\/www.myvize.com.tr\/polonya\/wp-json\/wp\/v2\/types\/page"}],"author":[{"embeddable":true,"href":"https:\/\/www.myvize.com.tr\/polonya\/wp-json\/wp\/v2\/users\/1"}],"replies":[{"embeddable":true,"href":"https:\/\/www.myvize.com.tr\/polonya\/wp-json\/wp\/v2\/comments?post=186"}],"version-history":[{"count":5,"href":"https:\/\/www.myvize.com.tr\/polonya\/wp-json\/wp\/v2\/pages\/186\/revisions"}],"predecessor-version":[{"id":1034,"href":"https:\/\/www.myvize.com.tr\/polonya\/wp-json\/wp\/v2\/pages\/186\/revisions\/1034"}],"up":[{"embeddable":true,"href":"https:\/\/www.myvize.com.tr\/polonya\/wp-json\/wp\/v2\/pages\/164"}],"wp:attachment":[{"href":"https:\/\/www.myvize.com.tr\/polonya\/wp-json\/wp\/v2\/media?parent=186"}],"curies":[{"name":"wp","href":"https:\/\/api.w.org\/{rel}","templated":true}]}}