{"id":241,"date":"2020-12-28T18:14:36","date_gmt":"2020-12-28T15:14:36","guid":{"rendered":"https:\/\/www.myvize.com.tr\/polonya\/?page_id=241"},"modified":"2022-04-27T14:19:22","modified_gmt":"2022-04-27T11:19:22","slug":"edirne","status":"publish","type":"page","link":"https:\/\/www.myvize.com.tr\/polonya\/subelerimiz\/edirne\/","title":{"rendered":"Polonya Vizesi , Edirne"},"content":{"rendered":"<h2><span style=\"font-family: Roboto; font-size: 27px;\"><strong>Edirne Polonya Vize Ba\u015fvurusu<\/strong><\/span><\/h2>\n<p><span style=\"font-family: Roboto; font-size: 14px;\">Edirne ve \u00e7evresinde bulunan ve Polonya\u2019ya seyahat etmek isteyen T\u00fcrk vatanda\u015flar\u0131 <strong>Polonya vize ba\u015fvurusu<\/strong> yapmal\u0131d\u0131r. Edirne ve \u00e7evresinde ikamet eden T\u00fcrk vatanda\u015flar\u0131<strong> Polonya vize ba\u015fvurular\u0131n\u0131<\/strong> Polonya &#8216;n\u0131n T\u00fcrkiye&#8217;deki diplomatik temsilciliklerine\u00a0ya da <strong>Polonya Edirne vize ba\u015fvuru<\/strong> merkezine yapmal\u0131d\u0131r.<\/span><\/p>\n<p><span style=\"font-family: Roboto; font-size: 14px;\">Polonya\u2019ya k\u0131sa s\u00fcreli olarak seyahat edecek olan ki\u015filer <span style=\"color: #2acec2;\"><strong><a style=\"color: #2acec2;\" href=\"https:\/\/www.myvize.com.tr\/polonya\/vize-islemleri\/polonya-schengen-vizesi\/\" target=\"_blank\" rel=\"noopener\">Polonya Schengen vizesi<\/a><\/strong><\/span> almal\u0131d\u0131r. K\u0131sa s\u00fcreli Polonya vizesi alacak olan ki\u015filer ise ba\u015fvurular\u0131n\u0131 <strong>Polonya vize ba\u015fvuru<\/strong> merkezine yapmal\u0131d\u0131r. Polonya Konsoloslu\u011fu\u2019nun Edirne ve \u00e7evresinde g\u00f6revlendirdi\u011fi vize ba\u015fvuru merkezi <strong>VFS Global<\/strong> isimli \u015firkettir. <strong>Edirne Polonya vize ba\u015fvurusu<\/strong> yapacak olan i\u015filer vize ba\u015fvurular\u0131n\u0131 bu \u015firket ile yapmal\u0131d\u0131r. Ba\u015fvuru esnas\u0131nda bizzat Edirne vize ba\u015fvuru merkezinde bulunarak biyometrik veri verilmelidir.<\/span><\/p>\n<p><span style=\"font-family: Roboto; font-size: 14px;\">Edirne ve \u00e7evresinde bulunan ve <strong>Polonya ulusal vizesi<\/strong> alacak olan T\u00fcrk vatanda\u015flar\u0131 vize ba\u015fvurular\u0131n\u0131 Polonya Ankara B\u00fcy\u00fckel\u00e7ili\u011fi\u2019ne veya \u0130stanbul Ba\u015fkonsoloslu\u011fu&#8217;na yapmal\u0131d\u0131r.<\/span><\/p>\n<p><span style=\"font-family: Roboto; font-size: 14px;\"><strong>Edirne Polonya vize<\/strong> ba\u015fvurusu yapacak olan ki\u015filerin, istedi\u011fi vize ba\u015fvurusu i\u00e7in gerekli olan evraklar\u0131 haz\u0131rlamas\u0131 ve Edirne vize ba\u015fvuru merkezinden<span style=\"color: #2acec2;\"><strong><a style=\"color: #2acec2;\" href=\"https:\/\/www.myvize.com.tr\/polonya\/vize-islemleri\/polonya-vize-randevusu\/\" target=\"_blank\" rel=\"noopener\"> Polonya vize randevusu<\/a><\/strong><\/span> almas\u0131 gerekmektedir. Edirne vize ba\u015fvuru merkezine randevu tarihinde gerekli olan belgeleri teslim etmesi gerekmektedir. <strong>Edirne Polonya vize ba\u015fvurusu<\/strong> yapacak ki\u015filerin randevu tarihinde gerekli belgeleri teslim etmesi gerekmektedir.<\/span><\/p>\n","protected":false},"excerpt":{"rendered":"<p>Edirne Polonya Vize Ba\u015fvurusu Edirne ve \u00e7evresinde bulunan ve Polonya\u2019ya seyahat etmek isteyen T\u00fcrk vatanda\u015flar\u0131 Polonya vize ba\u015fvurusu yapmal\u0131d\u0131r. Edirne ve \u00e7evresinde ikamet eden T\u00fcrk vatanda\u015flar\u0131 Polonya vize ba\u015fvurular\u0131n\u0131 Polonya &#8216;n\u0131n T\u00fcrkiye&#8217;deki diplomatik temsilciliklerine\u00a0ya da Polonya Edirne vize ba\u015fvuru merkezine yapmal\u0131d\u0131r. Polonya\u2019ya k\u0131sa s\u00fcreli olarak seyahat edecek olan ki\u015filer Polonya Schengen vizesi almal\u0131d\u0131r. K\u0131sa s\u00fcreli<\/p>\n","protected":false},"author":1,"featured_media":0,"parent":173,"menu_order":0,"comment_status":"open","ping_status":"closed","template":"","meta":{"footnotes":""},"class_list":["post-241","page","type-page","status-publish","hentry"],"yoast_head":"<!-- This site is optimized with the Yoast SEO plugin v24.0 - https:\/\/yoast.com\/wordpress\/plugins\/seo\/ -->\n<title>Polonya Vize Ba\u015fvuru Merkezi Edirne - MyVize<\/title>\n<meta name=\"description\" content=\"Polonya vizesi Edirne ofisimiz, hangi \u00fclkeye seyahat etmek isterseniz gerekli b\u00fct\u00fcn bilgilere ula\u015fabilirsiniz: 0850 346 84 93\" \/>\n<meta name=\"robots\" content=\"index, follow, max-snippet:-1, max-image-preview:large, max-video-preview:-1\" \/>\n<link rel=\"canonical\" href=\"https:\/\/www.myvize.com.tr\/polonya\/subelerimiz\/edirne\/\" \/>\n<meta property=\"og:locale\" content=\"tr_TR\" \/>\n<meta property=\"og:type\" content=\"article\" \/>\n<meta property=\"og:title\" content=\"Polonya Vize Ba\u015fvuru Merkezi Edirne - MyVize\" \/>\n<meta property=\"og:description\" content=\"Polonya vizesi Edirne ofisimiz, hangi \u00fclkeye seyahat etmek isterseniz gerekli b\u00fct\u00fcn bilgilere ula\u015fabilirsiniz: 0850 346 84 93\" \/>\n<meta property=\"og:url\" content=\"https:\/\/www.myvize.com.tr\/polonya\/subelerimiz\/edirne\/\" \/>\n<meta property=\"og:site_name\" content=\"Polonya Vizesi &amp; Polonya Vize \u0130\u015flemleri\" \/>\n<meta property=\"article:modified_time\" content=\"2022-04-27T11:19:22+00:00\" \/>\n<meta name=\"twitter:card\" content=\"summary_large_image\" \/>\n<meta name=\"twitter:label1\" content=\"Tahmini okuma s\u00fcresi\" \/>\n\t<meta name=\"twitter:data1\" content=\"1 dakika\" \/>\n<script type=\"application\/ld+json\" class=\"yoast-schema-graph\">{\"@context\":\"https:\/\/schema.org\",\"@graph\":[{\"@type\":\"WebPage\",\"@id\":\"https:\/\/www.myvize.com.tr\/polonya\/subelerimiz\/edirne\/\",\"url\":\"https:\/\/www.myvize.com.tr\/polonya\/subelerimiz\/edirne\/\",\"name\":\"Polonya Vize Ba\u015fvuru Merkezi Edirne - MyVize\",\"isPartOf\":{\"@id\":\"https:\/\/www.myvize.com.tr\/polonya\/#website\"},\"datePublished\":\"2020-12-28T15:14:36+00:00\",\"dateModified\":\"2022-04-27T11:19:22+00:00\",\"description\":\"Polonya vizesi Edirne ofisimiz, hangi \u00fclkeye seyahat etmek isterseniz gerekli b\u00fct\u00fcn bilgilere ula\u015fabilirsiniz: 0850 346 84 93\",\"breadcrumb\":{\"@id\":\"https:\/\/www.myvize.com.tr\/polonya\/subelerimiz\/edirne\/#breadcrumb\"},\"inLanguage\":\"tr\",\"potentialAction\":[{\"@type\":\"ReadAction\",\"target\":[\"https:\/\/www.myvize.com.tr\/polonya\/subelerimiz\/edirne\/\"]}]},{\"@type\":\"BreadcrumbList\",\"@id\":\"https:\/\/www.myvize.com.tr\/polonya\/subelerimiz\/edirne\/#breadcrumb\",\"itemListElement\":[{\"@type\":\"ListItem\",\"position\":1,\"name\":\"Anasayfa\",\"item\":\"https:\/\/www.myvize.com.tr\/polonya\/\"},{\"@type\":\"ListItem\",\"position\":2,\"name\":\"\u015eUBELER\u0130M\u0130Z\",\"item\":\"https:\/\/www.myvize.com.tr\/polonya\/subelerimiz\/\"},{\"@type\":\"ListItem\",\"position\":3,\"name\":\"Polonya Vizesi , Edirne\"}]},{\"@type\":\"WebSite\",\"@id\":\"https:\/\/www.myvize.com.tr\/polonya\/#website\",\"url\":\"https:\/\/www.myvize.com.tr\/polonya\/\",\"name\":\"Polonya Vizesi &amp; Polonya Vize \u0130\u015flemleri\",\"description\":\"\",\"potentialAction\":[{\"@type\":\"SearchAction\",\"target\":{\"@type\":\"EntryPoint\",\"urlTemplate\":\"https:\/\/www.myvize.com.tr\/polonya\/?s={search_term_string}\"},\"query-input\":{\"@type\":\"PropertyValueSpecification\",\"valueRequired\":true,\"valueName\":\"search_term_string\"}}],\"inLanguage\":\"tr\"}]}<\/script>\n<!-- \/ Yoast SEO plugin. -->","yoast_head_json":{"title":"Polonya Vize Ba\u015fvuru Merkezi Edirne - MyVize","description":"Polonya vizesi Edirne ofisimiz, hangi \u00fclkeye seyahat etmek isterseniz gerekli b\u00fct\u00fcn bilgilere ula\u015fabilirsiniz: 0850 346 84 93","robots":{"index":"index","follow":"follow","max-snippet":"max-snippet:-1","max-image-preview":"max-image-preview:large","max-video-preview":"max-video-preview:-1"},"canonical":"https:\/\/www.myvize.com.tr\/polonya\/subelerimiz\/edirne\/","og_locale":"tr_TR","og_type":"article","og_title":"Polonya Vize Ba\u015fvuru Merkezi Edirne - MyVize","og_description":"Polonya vizesi Edirne ofisimiz, hangi \u00fclkeye seyahat etmek isterseniz gerekli b\u00fct\u00fcn bilgilere ula\u015fabilirsiniz: 0850 346 84 93","og_url":"https:\/\/www.myvize.com.tr\/polonya\/subelerimiz\/edirne\/","og_site_name":"Polonya Vizesi &amp; Polonya Vize \u0130\u015flemleri","article_modified_time":"2022-04-27T11:19:22+00:00","twitter_card":"summary_large_image","twitter_misc":{"Tahmini okuma s\u00fcresi":"1 dakika"},"schema":{"@context":"https:\/\/schema.org","@graph":[{"@type":"WebPage","@id":"https:\/\/www.myvize.com.tr\/polonya\/subelerimiz\/edirne\/","url":"https:\/\/www.myvize.com.tr\/polonya\/subelerimiz\/edirne\/","name":"Polonya Vize Ba\u015fvuru Merkezi Edirne - MyVize","isPartOf":{"@id":"https:\/\/www.myvize.com.tr\/polonya\/#website"},"datePublished":"2020-12-28T15:14:36+00:00","dateModified":"2022-04-27T11:19:22+00:00","description":"Polonya vizesi Edirne ofisimiz, hangi \u00fclkeye seyahat etmek isterseniz gerekli b\u00fct\u00fcn bilgilere ula\u015fabilirsiniz: 0850 346 84 93","breadcrumb":{"@id":"https:\/\/www.myvize.com.tr\/polonya\/subelerimiz\/edirne\/#breadcrumb"},"inLanguage":"tr","potentialAction":[{"@type":"ReadAction","target":["https:\/\/www.myvize.com.tr\/polonya\/subelerimiz\/edirne\/"]}]},{"@type":"BreadcrumbList","@id":"https:\/\/www.myvize.com.tr\/polonya\/subelerimiz\/edirne\/#breadcrumb","itemListElement":[{"@type":"ListItem","position":1,"name":"Anasayfa","item":"https:\/\/www.myvize.com.tr\/polonya\/"},{"@type":"ListItem","position":2,"name":"\u015eUBELER\u0130M\u0130Z","item":"https:\/\/www.myvize.com.tr\/polonya\/subelerimiz\/"},{"@type":"ListItem","position":3,"name":"Polonya Vizesi , Edirne"}]},{"@type":"WebSite","@id":"https:\/\/www.myvize.com.tr\/polonya\/#website","url":"https:\/\/www.myvize.com.tr\/polonya\/","name":"Polonya Vizesi &amp; Polonya Vize \u0130\u015flemleri","description":"","potentialAction":[{"@type":"SearchAction","target":{"@type":"EntryPoint","urlTemplate":"https:\/\/www.myvize.com.tr\/polonya\/?s={search_term_string}"},"query-input":{"@type":"PropertyValueSpecification","valueRequired":true,"valueName":"search_term_string"}}],"inLanguage":"tr"}]}},"_links":{"self":[{"href":"https:\/\/www.myvize.com.tr\/polonya\/wp-json\/wp\/v2\/pages\/241","targetHints":{"allow":["GET"]}}],"collection":[{"href":"https:\/\/www.myvize.com.tr\/polonya\/wp-json\/wp\/v2\/pages"}],"about":[{"href":"https:\/\/www.myvize.com.tr\/polonya\/wp-json\/wp\/v2\/types\/page"}],"author":[{"embeddable":true,"href":"https:\/\/www.myvize.com.tr\/polonya\/wp-json\/wp\/v2\/users\/1"}],"replies":[{"embeddable":true,"href":"https:\/\/www.myvize.com.tr\/polonya\/wp-json\/wp\/v2\/comments?post=241"}],"version-history":[{"count":5,"href":"https:\/\/www.myvize.com.tr\/polonya\/wp-json\/wp\/v2\/pages\/241\/revisions"}],"predecessor-version":[{"id":978,"href":"https:\/\/www.myvize.com.tr\/polonya\/wp-json\/wp\/v2\/pages\/241\/revisions\/978"}],"up":[{"embeddable":true,"href":"https:\/\/www.myvize.com.tr\/polonya\/wp-json\/wp\/v2\/pages\/173"}],"wp:attachment":[{"href":"https:\/\/www.myvize.com.tr\/polonya\/wp-json\/wp\/v2\/media?parent=241"}],"curies":[{"name":"wp","href":"https:\/\/api.w.org\/{rel}","templated":true}]}}