{"id":82,"date":"2020-11-30T13:04:43","date_gmt":"2020-11-30T10:04:43","guid":{"rendered":"https:\/\/www.myvize.com.tr\/polonya\/?page_id=82"},"modified":"2022-04-27T13:35:15","modified_gmt":"2022-04-27T10:35:15","slug":"bursa-fahri-konsoloslugu","status":"publish","type":"page","link":"https:\/\/www.myvize.com.tr\/polonya\/konsolosluklar\/bursa-fahri-konsoloslugu\/","title":{"rendered":"Polonya Bursa Konsoloslu\u011fu"},"content":{"rendered":"<h2><span style=\"font-family: Roboto; font-size: 27px;\"><strong>Polonya Bursa Fahri Konsoloslu\u011fu\u00a0<\/strong><\/span><\/h2>\n<p><span style=\"font-family: Roboto; font-size: 14px;\"><strong>Bursa Fahri Konsoloslu\u011fu\u00a0<\/strong>i\u015flemleri i\u00e7in sizlere yard\u0131mc\u0131 olacak dan\u0131\u015fmanlar bulunur. Bu dan\u0131\u015fmanlar sayesinde i\u015flemlerinizi daha kolay bir \u015fekilde yerine getirme imkan\u0131na sahip olursunuz. Ancak vize ba\u015fvurunuzun kabul edilmesi ve i\u015fleme al\u0131nmas\u0131 i\u00e7in \u00f6ncelikle ba\u015fvuru \u00fccretinin \u00f6denmesi gerekir. \u00dccretin i\u00e7erisinde bir\u00e7ok durumu kapsayan \u00fccretler bulunur. Vize harc\u0131n\u0131n yat\u0131r\u0131lmas\u0131 ve makbuzun da iletilmesi durumunda<strong> vize i\u015flemlerine<\/strong> ba\u015flanm\u0131\u015f olur. Vizenin t\u00fcr\u00fcne ve ayn\u0131 zamanda kal\u0131nacak olan g\u00fcne g\u00f6re de \u00f6denecek olan \u00fccrette de\u011fi\u015fiklikler meydana gelir. Vize i\u015flemlerinin yap\u0131labilmesi i\u00e7in randevunun al\u0131nmas\u0131 gerekir. \u00c7\u00fcnk\u00fc ba\u015fvuru i\u015flemleri randevu sistemine g\u00f6re yap\u0131l\u0131r. Yetkililer ile ileti\u015fime ge\u00e7erek size en uygun zamana randevu al\u0131narak planlama i\u015flemi yerine getirilir. <span style=\"color: #2acec2;\"><strong><a style=\"color: #2acec2;\" href=\"https:\/\/www.myvize.com.tr\/polonya\/vize-islemleri\/\" target=\"_blank\" rel=\"noopener\">Polonya vize i\u015flemleri<\/a><\/strong><\/span> i\u00e7in<strong> parmak izi verme<\/strong> zorunlulu\u011fu vard\u0131r. Parmak izinin al\u0131nmas\u0131 i\u015fleminin ard\u0131ndan ise gerekli olan evraklar\u0131n konsoloslu\u011fa teslim edilmesi i\u015flemi yap\u0131l\u0131r. Bundan sonra geride kalan b\u00fct\u00fcn i\u015flemler ise konsoloslukta bulunan yetkili ki\u015filer taraf\u0131ndan yerine getirilir. 7 i\u015f g\u00fcn\u00fc i\u00e7erisinde de herhangi bir cevap gelmi\u015f olur. Sizde ona g\u00f6re i\u015flemlerinizi ger\u00e7ekle\u015ftirebilirsiniz.\u00a0<\/span><\/p>\n<p><span style=\"font-family: Roboto; font-size: 14px;\"><img decoding=\"async\" src=\"https:\/\/www.myvize.com.tr\/polonya\/wp-content\/uploads\/2021\/10\/37.jpg\" \/><\/span><\/p>\n<h2><span style=\"font-family: Roboto; font-size: 27px;\"><strong>Polonya Bursa Fahri Konsolosu Kimdir?<\/strong><\/span><\/h2>\n<p><span style=\"font-family: Roboto; font-size: 14px;\">2014 y\u0131l\u0131ndan beri <strong>Polonya Bursa Fahri Konsolosluk<\/strong> g\u00f6revini, Fatma Durmaz Y\u0131lbirlik y\u00fcr\u00fctmektedir. Y\u0131lbirlik, 1960 do\u011fumludur. Uluda\u011f \u00dcniversitesi \u0130\u015fletme B\u00f6l\u00fcm\u00fc mezunudur. \u0130\u015f hayat\u0131na ailenin bir \u00fcyesi olarak Durmazlar Makine\u2019de ba\u015flam\u0131\u015ft\u0131r, zaman i\u00e7inde fabrikan\u0131n de\u011fi\u015fik y\u00f6netim kademelerinde g\u00f6rev alm\u0131\u015ft\u0131r. Halen de Durmazlar Makine ve Durmazlar Holding A.\u015e. YK Ba\u015fkan Yard\u0131mc\u0131l\u0131\u011f\u0131 g\u00f6revini y\u00fcr\u00fctmektedir. Durmazlar Makine, bug\u00fcn 82 \u00fclkeye ihracat yapan, 1000 \u00e7al\u0131\u015fan\u0131 olan bir firmad\u0131r. Durmazlar Makine bug\u00fcn 30 bin m2 alan \u00fczerinde, otomotiv, beyaz e\u015fya, \u0131s\u0131tma-so\u011futma, tekstil, in\u015faat ve elektronik sanayilerine makineler \u00fcretmektedir.<\/span><\/p>\n<p><span style=\"font-family: Roboto; font-size: 14px;\">BOS\u0130AD, BUS\u0130AD, TEGEV,\u2019de y\u00f6netim kurulu \u00fcyelikleri yapm\u0131\u015ft\u0131r. 2010 y\u0131l\u0131ndan beri Bursa K\u00fclt\u00fcr Sanat ve Turizm Vakf\u0131 Y\u00f6netim Kurulu Ba\u015fkanl\u0131\u011f\u0131, 2014 y\u0131l\u0131ndan beri de Polonya Cumhuriyeti Bursa Fahri Konsoloslu\u011fu\u00a0g\u00f6revini ba\u015far\u0131yla y\u00fcr\u00fctmektedir. Fatma Durmaz \u00a0Bursa &#8211; The Ultimate Guide adl\u0131 kitab\u0131n\u0131 2021 y\u0131l\u0131nda \u00e7\u0131karm\u0131\u015ft\u0131r.<\/span><\/p>\n<h2><span style=\"font-family: Roboto; font-size: 27px;\"><strong>Polonya Bursa Fahri Konsoloslu\u011fu Vize \u0130\u015flemleri<\/strong><\/span><\/h2>\n<p><span style=\"font-family: Roboto; font-size: 14px;\">Fahri Konsolosluklar, vize ba\u015fvurusunda ki\u015fisel veri kapsam\u0131nda olan y\u00fcz ve parmak izi tarama konusunda devletimiz taraf\u0131ndan yetkilendirilmi\u015flerdir. 12 ya\u015f\u0131ndan k\u00fc\u00e7\u00fckler ile Resmi davetler nedeniyle \u00fclkeye giri\u015f yapacak ki\u015filerden ve yanlar\u0131ndaki e\u015flerinden parmak izi al\u0131nmaz. Al\u0131nacak olan parmak izleri, Ulusal Bilgi Sistemi\u2019nde kullan\u0131lmas\u0131 ve depolanmas\u0131 i\u00e7in aktar\u0131lacakt\u0131r.<\/span><\/p>\n<p><span style=\"font-family: Roboto; font-size: 14px;\">Vize sahiplerinin seyahat tarihlerini de i\u00e7ine alan bir seyahat sa\u011fl\u0131k sigortas\u0131na sahip olmalar\u0131 gereklidir. Ve <strong>Polonya vize ba\u015fvuru<\/strong> s\u0131ras\u0131nda, seyahat boyunca kendi seyahat masraflar\u0131n\u0131 kar\u015f\u0131layabiliyor olma durumlar\u0131n\u0131 belgelemeleri gerekecektir. Pasaportun ge\u00e7erlilik s\u00fcresi, seyahat s\u00fcresi biti\u015f tarihinden itibaren 3 ayl\u0131k bir s\u00fcre i\u00e7in olmal\u0131d\u0131r, bu husus pasaport tipi fark etmeksizin istenmektedir.<\/span><\/p>\n<p><span style=\"font-family: Roboto; font-size: 14px;\">Vize talebinizin reddi,\u00a0<strong>Polonya Bursa Fahri Konsoloslu\u011fu<\/strong>\u00a0taraf\u0131ndan verilmemektedir. Fahri Konsolosluk; yaln\u0131zca kendisine Ba\u015fkonsolosluk veya Ankara B\u00fcy\u00fckel\u00e7ili\u011fi taraf\u0131ndan bildirilen ret gerek\u00e7esini bildirmekle y\u00fck\u00fcml\u00fcd\u00fcr. Polpnya Devleti\u2019nin kamu sa\u011fl\u0131\u011f\u0131, kamu g\u00fcvencesi veya devlet savunmas\u0131 a\u00e7\u0131s\u0131ndan riskli g\u00f6r\u00fclen bir vize ba\u015fvurusu, direkt Ba\u015fkonsolos taraf\u0131ndan ret edilmektedir. Verilen ret karar\u0131n\u0131n kald\u0131r\u0131lmas\u0131na y\u00f6nelik talebiniz i\u00e7in D\u0131\u015fi\u015fleri Bakanl\u0131\u011f\u0131\u2019na m\u00fcracaat edilmelidir.<\/span><\/p>\n<h2><span style=\"font-family: Roboto; font-size: 27px;\"><strong>Polonya Bursa Fahri Konsoloslu\u011fu Vize Ba\u015fvurusu<\/strong><\/span><\/h2>\n<p><span style=\"font-family: Roboto; font-size: 14px;\">Fahri konsolosluklar, temsili olarak kurulmu\u015ftur; vize i\u015flemleri hususunda son karar mercii de\u011fildir. Ancak vize ba\u015fvurular\u0131n\u0131 kabul etmesi yetkileri d\u00e2hilindedir; ayr\u0131ca fahri konsolosluklardan vize i\u015flemleri ile ilgili g\u00fcncel bilgileri alabilirsiniz. Vize ba\u015fvurular\u0131n\u0131 sonu\u00e7land\u0131rma ve karar verme mercii Polonya \u0130stanbul Ba\u015fkonsoloslu\u011fu ve Polonya Ankara B\u00fcy\u00fckel\u00e7ili\u011fi\u2019nde bulunmaktad\u0131r.<\/span><\/p>\n<p><span style=\"font-family: Roboto; font-size: 14px;\">8 Mart 2021 tarihinden sonra, <span style=\"color: #2acec2;\"><strong><a style=\"color: #2acec2;\" href=\"https:\/\/www.myvize.com.tr\/polonya\/konsolosluklar\/polonya-istanbul-fahri-konsoloslugu\/\" target=\"_blank\" rel=\"noopener\">Polonya \u0130stanbul Ba\u015fkonsoloslu\u011fu<\/a><\/strong><\/span> ve Polonya Ankara B\u00fcy\u00fckel\u00e7ili\u011fi\u00a0g\u00f6rev verdikleri yetki s\u0131n\u0131rlar\u0131nda de\u011fi\u015fikli\u011fe gitmi\u015flerdir. Bu tarihten sonra T\u00fcrkiye\u2019nin baz\u0131 illerine hizmet vermek \u00fczere fahri konsolosluklar devreye girmi\u015ftir. Polonya Bursa Fahri Konsoloslu\u011fu\u2019nun yetki b\u00f6lgesi; Bursa, Bilecik, Bal\u0131kesir, Sakarya, Kocaeli, K\u00fctahya ve \u00c7anakkale il ve il\u00e7elerinde ik\u00e2met eden T\u00fcrk ve Polonya as\u0131ll\u0131 vatanda\u015flard\u0131r.<\/span><\/p>\n<p><span style=\"font-family: Roboto; font-size: 14px;\">Polonya Cumhuriyeti\u2019nde g\u00f6revli olmak \u00fczere vize ba\u015fvurusunda bulunacak sa\u011fl\u0131k personeli de (hekim, ebe, ilk yard\u0131m uzman\u0131, di\u015f hekimi, hem\u015fir, hem\u015fire) Polonya Fahri Konsolosluklar\u0131\u2019na ba\u015fvuruda bulunarak vize i\u015flemlerini yapt\u0131rabileceklerdir.<\/span><\/p>\n<h3><span style=\"font-family: Roboto; font-size: 24px;\"><strong>Polonya Bursa Fahri Konsoloslu\u011fu Vize Randevusu<\/strong><\/span><\/h3>\n<p><span style=\"font-family: Roboto; font-size: 14px;\">Fahri Konsolosluk, Nil\u00fcfer\u2019dedir. Toplu ta\u015f\u0131ma (otob\u00fcs) ile gitmek isterseniz,\u00a0B\/43,\u00a0B\/9,\u00a035\/E-2,\u00a06\/E\u00a0hatlar\u0131n\u0131 kullanabilirsiniz. Osmangazi Atat\u00fcrk Heykeli, Mollafenari, Ulu Camii, Pareto Cafe dura\u011f\u0131ndan kalk\u0131\u015f yapan metro hatlar\u0131 ile de Polonya Bursa Fahri Konsoloslu\u011fu\u2019na kolayl\u0131kla gidebilirsiniz.<\/span><\/p>\n<p><span style=\"font-family: Roboto; font-size: 14px;\"><strong>Polonya vize i\u015flemleri<\/strong> yerine getirilirken t\u00fcm evraklar\u0131n usul\u00fcne uygun, \u015fekil \u015fartlar\u0131 yerine getirilerek, eksiksiz haz\u0131rlanmas\u0131 gerekmektedir. \u0130stenilen vize t\u00fcr\u00fcne uygun evraklar\u0131n haz\u0131rlanmas\u0131 gereklidir. Bu nedenle\u00a0<strong>Polonya Bursa Fahri Konsoloslu\u011fu,<\/strong>\u00a0evraklar\u0131n\u0131zda eksiklik varsa veya d\u00fczeltmeniz gereken hususlar var ise size bildirecektir. Polpnya Bursa Fahri Konsoloslu\u011fu\u2019na gidip vize ba\u015fvuru evrak\u0131n\u0131 doldurdu\u011funuzda, size gerekli evraklar\u0131n yaz\u0131l\u0131 oldu\u011fu bir liste vereceklerdir. Bir sonraki verecekleri randevu tarihine kadar bu evraklar\u0131 eksiksiz haz\u0131rlay\u0131p,\u00a0<strong>Polonya vize randevu<\/strong>\u00a0saatinde Fahri Konsolosluk binas\u0131nda haz\u0131r bulunup, evraklar\u0131 teslim etmeniz gerekecektir. Ayr\u0131ca, sahte ba\u015fvurular\u0131n olmamas\u0131, \u015f\u00fcpheli durumlar\u0131n \u00f6n\u00fcne ge\u00e7mek i\u00e7in sizinle k\u0131sa bir g\u00f6r\u00fc\u015fme de yap\u0131labilmektedir. Polonya vize ba\u015fvurular\u0131, genellikle 7 g\u00fcn i\u00e7erisinde sonu\u00e7land\u0131r\u0131lmaktad\u0131r. Vize i\u015flemlerini seyahat ba\u015flang\u0131c\u0131ndan en ge\u00e7 1 ay \u00f6nce ba\u015flatman\u0131z tavsiye edilmektedir; en az\u0131ndan ilave evrak istenildi\u011finde ya da evraklar\u0131n\u0131zdan birinde d\u00fczeltme talep edildi\u011finde, d\u00fczeltme yapman\u0131z i\u00e7in yeterli zaman\u0131n\u0131z olacakt\u0131r.<\/span><\/p>\n<p><span style=\"font-family: Roboto; font-size: 14px;\">Polonya seyahatinizin s\u00fcresi alaca\u011f\u0131n\u0131z vize t\u00fcr\u00fcn\u00fc de\u011fi\u015ftirecektir. Schengen B\u00f6lgesi i\u00e7ine d\u00e2hil olan Polonya\u2019ya seyahatiniz 90 g\u00fcn\u00fc ge\u00e7meyecek ise, al\u0131nacak vize t\u00fcr\u00fc <span style=\"color: #000000;\"><strong>\u2018Schengen vizesi\u2019 <\/strong><\/span>olmal\u0131d\u0131r. T\u00fcm Schengen veya di\u011fer \u00fclkelere seyahatlerde oldu\u011fu gibi, diplomatik, hizmete mahsus pasaport sahipleri, 90 g\u00fcnden az s\u00fcren seyahatleri i\u00e7in vizeden muaf olacaklard\u0131r. \u00a0<\/span><\/p>\n<p>&nbsp;<\/p>\n","protected":false},"excerpt":{"rendered":"<p>Polonya Bursa Fahri Konsoloslu\u011fu\u00a0 Bursa Fahri Konsoloslu\u011fu\u00a0i\u015flemleri i\u00e7in sizlere yard\u0131mc\u0131 olacak dan\u0131\u015fmanlar bulunur. Bu dan\u0131\u015fmanlar sayesinde i\u015flemlerinizi daha kolay bir \u015fekilde yerine getirme imkan\u0131na sahip olursunuz. Ancak vize ba\u015fvurunuzun kabul edilmesi ve i\u015fleme al\u0131nmas\u0131 i\u00e7in \u00f6ncelikle ba\u015fvuru \u00fccretinin \u00f6denmesi gerekir. \u00dccretin i\u00e7erisinde bir\u00e7ok durumu kapsayan \u00fccretler bulunur. Vize harc\u0131n\u0131n yat\u0131r\u0131lmas\u0131 ve makbuzun da iletilmesi durumunda<\/p>\n","protected":false},"author":1,"featured_media":0,"parent":69,"menu_order":0,"comment_status":"open","ping_status":"closed","template":"","meta":{"footnotes":""},"class_list":["post-82","page","type-page","status-publish","hentry"],"yoast_head":"<!-- This site is optimized with the Yoast SEO plugin v24.0 - https:\/\/yoast.com\/wordpress\/plugins\/seo\/ -->\n<title>Polonya Bursa Konsoloslu\u011fu Vize \u0130\u015flemleri - MyVize<\/title>\n<meta name=\"description\" content=\"Polonya Bursa Fahri Konsoloslu\u011fu \u00e7al\u0131\u015fma saatleri. Polonya Bursa Fahri Konsoloslu\u011fu ula\u015f\u0131m, ileti\u015fim bilgileri ve faaliyet alan\u0131.\" \/>\n<meta name=\"robots\" content=\"index, follow, max-snippet:-1, max-image-preview:large, max-video-preview:-1\" \/>\n<link rel=\"canonical\" href=\"https:\/\/www.myvize.com.tr\/polonya\/konsolosluklar\/bursa-fahri-konsoloslugu\/\" \/>\n<meta property=\"og:locale\" content=\"tr_TR\" \/>\n<meta property=\"og:type\" content=\"article\" \/>\n<meta property=\"og:title\" content=\"Polonya Bursa Konsoloslu\u011fu Vize \u0130\u015flemleri - MyVize\" \/>\n<meta property=\"og:description\" content=\"Polonya Bursa Fahri Konsoloslu\u011fu \u00e7al\u0131\u015fma saatleri. Polonya Bursa Fahri Konsoloslu\u011fu ula\u015f\u0131m, ileti\u015fim bilgileri ve faaliyet alan\u0131.\" \/>\n<meta property=\"og:url\" content=\"https:\/\/www.myvize.com.tr\/polonya\/konsolosluklar\/bursa-fahri-konsoloslugu\/\" \/>\n<meta property=\"og:site_name\" content=\"Polonya Vizesi &amp; Polonya Vize \u0130\u015flemleri\" \/>\n<meta property=\"article:modified_time\" content=\"2022-04-27T10:35:15+00:00\" \/>\n<meta property=\"og:image\" content=\"https:\/\/www.myvize.com.tr\/polonya\/wp-content\/uploads\/2021\/10\/37.jpg\" \/>\n<meta name=\"twitter:card\" content=\"summary_large_image\" \/>\n<meta name=\"twitter:label1\" content=\"Tahmini okuma s\u00fcresi\" \/>\n\t<meta name=\"twitter:data1\" content=\"4 dakika\" \/>\n<script type=\"application\/ld+json\" class=\"yoast-schema-graph\">{\"@context\":\"https:\/\/schema.org\",\"@graph\":[{\"@type\":\"WebPage\",\"@id\":\"https:\/\/www.myvize.com.tr\/polonya\/konsolosluklar\/bursa-fahri-konsoloslugu\/\",\"url\":\"https:\/\/www.myvize.com.tr\/polonya\/konsolosluklar\/bursa-fahri-konsoloslugu\/\",\"name\":\"Polonya Bursa Konsoloslu\u011fu Vize \u0130\u015flemleri - MyVize\",\"isPartOf\":{\"@id\":\"https:\/\/www.myvize.com.tr\/polonya\/#website\"},\"primaryImageOfPage\":{\"@id\":\"https:\/\/www.myvize.com.tr\/polonya\/konsolosluklar\/bursa-fahri-konsoloslugu\/#primaryimage\"},\"image\":{\"@id\":\"https:\/\/www.myvize.com.tr\/polonya\/konsolosluklar\/bursa-fahri-konsoloslugu\/#primaryimage\"},\"thumbnailUrl\":\"https:\/\/www.myvize.com.tr\/polonya\/wp-content\/uploads\/2021\/10\/37.jpg\",\"datePublished\":\"2020-11-30T10:04:43+00:00\",\"dateModified\":\"2022-04-27T10:35:15+00:00\",\"description\":\"Polonya Bursa Fahri Konsoloslu\u011fu \u00e7al\u0131\u015fma saatleri. Polonya Bursa Fahri Konsoloslu\u011fu ula\u015f\u0131m, ileti\u015fim bilgileri ve faaliyet alan\u0131.\",\"breadcrumb\":{\"@id\":\"https:\/\/www.myvize.com.tr\/polonya\/konsolosluklar\/bursa-fahri-konsoloslugu\/#breadcrumb\"},\"inLanguage\":\"tr\",\"potentialAction\":[{\"@type\":\"ReadAction\",\"target\":[\"https:\/\/www.myvize.com.tr\/polonya\/konsolosluklar\/bursa-fahri-konsoloslugu\/\"]}]},{\"@type\":\"ImageObject\",\"inLanguage\":\"tr\",\"@id\":\"https:\/\/www.myvize.com.tr\/polonya\/konsolosluklar\/bursa-fahri-konsoloslugu\/#primaryimage\",\"url\":\"https:\/\/www.myvize.com.tr\/polonya\/wp-content\/uploads\/2021\/10\/37.jpg\",\"contentUrl\":\"https:\/\/www.myvize.com.tr\/polonya\/wp-content\/uploads\/2021\/10\/37.jpg\",\"width\":800,\"height\":500,\"caption\":\"Polonya Bursa Fahri Konsoloslu\u011fu\"},{\"@type\":\"BreadcrumbList\",\"@id\":\"https:\/\/www.myvize.com.tr\/polonya\/konsolosluklar\/bursa-fahri-konsoloslugu\/#breadcrumb\",\"itemListElement\":[{\"@type\":\"ListItem\",\"position\":1,\"name\":\"Anasayfa\",\"item\":\"https:\/\/www.myvize.com.tr\/polonya\/\"},{\"@type\":\"ListItem\",\"position\":2,\"name\":\"KONSOLOSLUKLAR\",\"item\":\"https:\/\/www.myvize.com.tr\/polonya\/konsolosluklar\/\"},{\"@type\":\"ListItem\",\"position\":3,\"name\":\"Polonya Bursa Konsoloslu\u011fu\"}]},{\"@type\":\"WebSite\",\"@id\":\"https:\/\/www.myvize.com.tr\/polonya\/#website\",\"url\":\"https:\/\/www.myvize.com.tr\/polonya\/\",\"name\":\"Polonya Vizesi &amp; Polonya Vize \u0130\u015flemleri\",\"description\":\"\",\"potentialAction\":[{\"@type\":\"SearchAction\",\"target\":{\"@type\":\"EntryPoint\",\"urlTemplate\":\"https:\/\/www.myvize.com.tr\/polonya\/?s={search_term_string}\"},\"query-input\":{\"@type\":\"PropertyValueSpecification\",\"valueRequired\":true,\"valueName\":\"search_term_string\"}}],\"inLanguage\":\"tr\"}]}<\/script>\n<!-- \/ Yoast SEO plugin. -->","yoast_head_json":{"title":"Polonya Bursa Konsoloslu\u011fu Vize \u0130\u015flemleri - MyVize","description":"Polonya Bursa Fahri Konsoloslu\u011fu \u00e7al\u0131\u015fma saatleri. Polonya Bursa Fahri Konsoloslu\u011fu ula\u015f\u0131m, ileti\u015fim bilgileri ve faaliyet alan\u0131.","robots":{"index":"index","follow":"follow","max-snippet":"max-snippet:-1","max-image-preview":"max-image-preview:large","max-video-preview":"max-video-preview:-1"},"canonical":"https:\/\/www.myvize.com.tr\/polonya\/konsolosluklar\/bursa-fahri-konsoloslugu\/","og_locale":"tr_TR","og_type":"article","og_title":"Polonya Bursa Konsoloslu\u011fu Vize \u0130\u015flemleri - MyVize","og_description":"Polonya Bursa Fahri Konsoloslu\u011fu \u00e7al\u0131\u015fma saatleri. Polonya Bursa Fahri Konsoloslu\u011fu ula\u015f\u0131m, ileti\u015fim bilgileri ve faaliyet alan\u0131.","og_url":"https:\/\/www.myvize.com.tr\/polonya\/konsolosluklar\/bursa-fahri-konsoloslugu\/","og_site_name":"Polonya Vizesi &amp; Polonya Vize \u0130\u015flemleri","article_modified_time":"2022-04-27T10:35:15+00:00","og_image":[{"url":"https:\/\/www.myvize.com.tr\/polonya\/wp-content\/uploads\/2021\/10\/37.jpg","type":"","width":"","height":""}],"twitter_card":"summary_large_image","twitter_misc":{"Tahmini okuma s\u00fcresi":"4 dakika"},"schema":{"@context":"https:\/\/schema.org","@graph":[{"@type":"WebPage","@id":"https:\/\/www.myvize.com.tr\/polonya\/konsolosluklar\/bursa-fahri-konsoloslugu\/","url":"https:\/\/www.myvize.com.tr\/polonya\/konsolosluklar\/bursa-fahri-konsoloslugu\/","name":"Polonya Bursa Konsoloslu\u011fu Vize \u0130\u015flemleri - MyVize","isPartOf":{"@id":"https:\/\/www.myvize.com.tr\/polonya\/#website"},"primaryImageOfPage":{"@id":"https:\/\/www.myvize.com.tr\/polonya\/konsolosluklar\/bursa-fahri-konsoloslugu\/#primaryimage"},"image":{"@id":"https:\/\/www.myvize.com.tr\/polonya\/konsolosluklar\/bursa-fahri-konsoloslugu\/#primaryimage"},"thumbnailUrl":"https:\/\/www.myvize.com.tr\/polonya\/wp-content\/uploads\/2021\/10\/37.jpg","datePublished":"2020-11-30T10:04:43+00:00","dateModified":"2022-04-27T10:35:15+00:00","description":"Polonya Bursa Fahri Konsoloslu\u011fu \u00e7al\u0131\u015fma saatleri. Polonya Bursa Fahri Konsoloslu\u011fu ula\u015f\u0131m, ileti\u015fim bilgileri ve faaliyet alan\u0131.","breadcrumb":{"@id":"https:\/\/www.myvize.com.tr\/polonya\/konsolosluklar\/bursa-fahri-konsoloslugu\/#breadcrumb"},"inLanguage":"tr","potentialAction":[{"@type":"ReadAction","target":["https:\/\/www.myvize.com.tr\/polonya\/konsolosluklar\/bursa-fahri-konsoloslugu\/"]}]},{"@type":"ImageObject","inLanguage":"tr","@id":"https:\/\/www.myvize.com.tr\/polonya\/konsolosluklar\/bursa-fahri-konsoloslugu\/#primaryimage","url":"https:\/\/www.myvize.com.tr\/polonya\/wp-content\/uploads\/2021\/10\/37.jpg","contentUrl":"https:\/\/www.myvize.com.tr\/polonya\/wp-content\/uploads\/2021\/10\/37.jpg","width":800,"height":500,"caption":"Polonya Bursa Fahri Konsoloslu\u011fu"},{"@type":"BreadcrumbList","@id":"https:\/\/www.myvize.com.tr\/polonya\/konsolosluklar\/bursa-fahri-konsoloslugu\/#breadcrumb","itemListElement":[{"@type":"ListItem","position":1,"name":"Anasayfa","item":"https:\/\/www.myvize.com.tr\/polonya\/"},{"@type":"ListItem","position":2,"name":"KONSOLOSLUKLAR","item":"https:\/\/www.myvize.com.tr\/polonya\/konsolosluklar\/"},{"@type":"ListItem","position":3,"name":"Polonya Bursa Konsoloslu\u011fu"}]},{"@type":"WebSite","@id":"https:\/\/www.myvize.com.tr\/polonya\/#website","url":"https:\/\/www.myvize.com.tr\/polonya\/","name":"Polonya Vizesi &amp; Polonya Vize \u0130\u015flemleri","description":"","potentialAction":[{"@type":"SearchAction","target":{"@type":"EntryPoint","urlTemplate":"https:\/\/www.myvize.com.tr\/polonya\/?s={search_term_string}"},"query-input":{"@type":"PropertyValueSpecification","valueRequired":true,"valueName":"search_term_string"}}],"inLanguage":"tr"}]}},"_links":{"self":[{"href":"https:\/\/www.myvize.com.tr\/polonya\/wp-json\/wp\/v2\/pages\/82","targetHints":{"allow":["GET"]}}],"collection":[{"href":"https:\/\/www.myvize.com.tr\/polonya\/wp-json\/wp\/v2\/pages"}],"about":[{"href":"https:\/\/www.myvize.com.tr\/polonya\/wp-json\/wp\/v2\/types\/page"}],"author":[{"embeddable":true,"href":"https:\/\/www.myvize.com.tr\/polonya\/wp-json\/wp\/v2\/users\/1"}],"replies":[{"embeddable":true,"href":"https:\/\/www.myvize.com.tr\/polonya\/wp-json\/wp\/v2\/comments?post=82"}],"version-history":[{"count":6,"href":"https:\/\/www.myvize.com.tr\/polonya\/wp-json\/wp\/v2\/pages\/82\/revisions"}],"predecessor-version":[{"id":955,"href":"https:\/\/www.myvize.com.tr\/polonya\/wp-json\/wp\/v2\/pages\/82\/revisions\/955"}],"up":[{"embeddable":true,"href":"https:\/\/www.myvize.com.tr\/polonya\/wp-json\/wp\/v2\/pages\/69"}],"wp:attachment":[{"href":"https:\/\/www.myvize.com.tr\/polonya\/wp-json\/wp\/v2\/media?parent=82"}],"curies":[{"name":"wp","href":"https:\/\/api.w.org\/{rel}","templated":true}]}}